-- Table structure for table `ec_products_translations`
--

CREATE TABLE `ec_products_translations` (
  `lang_code` varchar(191) COLLATE utf8mb4_unicode_ci NOT NULL,
  `ec_products_id` bigint UNSIGNED NOT NULL,
  `name` varchar(191) COLLATE utf8mb4_unicode_ci DEFAULT NULL,
  `description` text COLLATE utf8mb4_unicode_ci,
  `content` text COLLATE utf8mb4_unicode_ci
) ENGINE=InnoDB DEFAULT CHARSET=utf8mb4 COLLATE=utf8mb4_unicode_ci;

-- --------------------------------------------------------

--
-- Table structure for table `ec_product_attributes`
--

CREATE TABLE `ec_product_attributes` (
  `id` bigint UNSIGNED NOT NULL,
  `attribute_set_id` bigint UNSIGNED NOT NULL,
  `title` varchar(120) COLLATE utf8mb4_unicode_ci NOT NULL,
  `slug` varchar(120) COLLATE utf8mb4_unicode_ci DEFAULT NULL,
  `color` varchar(120) COLLATE utf8mb4_unicode_ci DEFAULT NULL,
  `image` varchar(191) COLLATE utf8mb4_unicode_ci DEFAULT NULL,
  `is_default` tinyint UNSIGNED NOT NULL DEFAULT '0',
  `order` tinyint UNSIGNED NOT NULL DEFAULT '0',
  `created_at` timestamp NULL DEFAULT NULL,
  `updated_at` timestamp NULL DEFAULT NULL
) ENGINE=InnoDB DEFAULT CHARSET=utf8mb4 COLLATE=utf8mb4_unicode_ci;

--
-- Dumping data for table `ec_product_attributes`
--

INSERT INTO `ec_product_attributes` (`id`, `attribute_set_id`, `title`, `slug`, `color`, `image`, `is_default`, `order`, `created_at`, `updated_at`) VALUES
(21, 5, '4', '4', '', '', 1, 0, '2025-11-06 07:10:50', '2025-11-06 07:10:50'),
(22, 5, '4.5', '45', '', '', 0, 1, '2025-11-06 07:10:50', '2025-11-06 07:10:50'),
(23, 5, '5', '5', '', '', 0, 2, '2025-11-06 07:10:50', '2025-11-06 07:10:50'),
(24, 5, '5.5', '55', '', '', 0, 3, '2025-11-06 07:11:48', '2025-11-06 07:11:48'),
(25, 5, '6', '6', '', '', 0, 4, '2025-11-06 07:11:48', '2025-11-06 07:11:48'),
(26, 5, '6.5', '65', '', '', 0, 5, '2025-11-06 07:11:48', '2025-11-06 07:11:48'),
(27, 5, '7', '7', '', '', 0, 6, '2025-11-06 07:11:48', '2025-11-06 07:11:48'),
(28, 5, '7.5', '75-1', '', '', 0, 7, '2025-11-06 07:11:48', '2025-11-29 09:11:41'),
(29, 5, '8', '8', '', '', 0, 8, '2025-11-06 07:11:49', '2025-11-06 07:11:49'),
(30, 5, '8.5', '85', '', '', 0, 9, '2025-11-06 07:11:49', '2025-11-06 07:11:49'),
(31, 5, '9', '9', '', '', 0, 10, '2025-11-06 07:11:49', '2025-11-06 07:11:49'),
(32, 5, '9.5', '95', '', '', 0, 11, '2025-11-06 07:11:49', '2025-11-06 07:11:49'),
(33, 5, '10', '10', '', '', 0, 12, '2025-11-06 07:12:18', '2025-11-06 07:12:18'),
(34, 6, '0', '1764407515', '', '', 1, 0, '2025-11-06 07:15:58', '2025-11-29 09:11:55'),
(35, 6, '8', '8-1', '', '', 0, 1, '2025-11-06 07:15:58', '2025-11-06 07:15:58'),
(36, 6, '8.5', '85-1', '', '', 0, 2, '2025-11-06 07:15:58', '2025-11-06 07:15:58'),
(37, 6, '9', '9-1', '', '', 0, 3, '2025-11-06 07:15:58', '2025-11-06 07:15:58'),
(38, 6, '9.5', '95-1', '', '', 0, 4, '2025-11-06 07:15:58', '2025-11-06 07:15:58'),
(39, 6, '10', '10-1', '', '', 0, 5, '2025-11-06 07:15:59', '2025-11-06 07:15:59'),
(40, 6, '10.5', '105', '', '', 0, 6, '2025-11-06 07:15:59', '2025-12-07 20:51:46'),
(41, 6, '11', '11', '', '', 0, 7, '2025-11-06 07:15:59', '2025-11-06 07:15:59'),
(42, 6, '11.5', '115', '', '', 0, 8, '2025-11-06 07:15:59', '2025-11-06 07:15:59'),
(43, 6, '12', '12', '', '', 0, 9, '2025-11-06 07:15:59', '2025-11-06 07:15:59'),
(44, 6, '12.5', '125', '', '', 0, 10, '2025-11-06 07:15:59', '2025-12-07 05:17:51'),
(45, 6, '13', '13', '', '', 0, 11, '2025-11-06 07:15:59', '2025-11-06 07:15:59'),
(46, 6, '13.5', '135', '', '', 0, 12, '2025-11-06 07:15:59', '2025-12-07 05:14:15'),
(47, 6, '14', '14', '', '', 0, 13, '2025-11-06 07:15:59', '2025-11-06 07:15:59'),
(48, 6, '14.5', '145', '', '', 0, 14, '2025-11-06 07:15:59', '2025-11-06 07:15:59'),
(49, 6, '15', '15', '', '', 0, 15, '2025-11-06 07:16:00', '2025-11-06 07:16:00'),
(50, 6, '15.5', '155', '', '', 0, 16, '2025-11-06 07:16:00', '2025-11-06 07:16:00'),
(51, 7, '8', '8-2', '', '', 1, 0, '2025-11-06 07:18:00', '2025-11-06 07:18:00'),
(52, 7, '10', '10-2', '', '', 0, 1, '2025-11-06 07:18:00', '2025-11-06 07:18:00'),
(53, 7, '12', '12-1', '', '', 0, 2, '2025-11-06 07:18:00', '2025-11-06 07:18:00'),
(54, 7, '13', '13', '', '', 0, 3, '2025-11-06 07:18:00', '2025-12-07 05:44:24'),
(55, 7, '14', '14', '', '', 0, 4, '2025-11-06 07:18:01', '2025-12-07 05:48:08'),
(56, 7, '15', '15', '', '', 0, 5, '2025-11-06 07:18:01', '2025-12-07 20:51:46'),
(57, 7, '16', '16', '', '', 0, 6, '2025-11-06 07:18:01', '2025-12-08 05:33:50'),
(58, 7, '16.5', '165', '', '', 0, 7, '2025-11-06 07:18:01', '2025-11-06 07:18:01'),
(59, 7, '17', '17', '', '', 0, 8, '2025-11-06 07:18:01', '2025-12-07 21:02:39'),
(60, 7, '17.5', '175', '', '', 0, 9, '2025-11-06 07:18:01', '2025-12-07 04:51:06'),
(61, 7, '18', '18', '', '', 0, 10, '2025-11-06 07:18:01', '2025-12-09 10:46:01'),
(62, 7, '19', '19', '', '', 0, 11, '2025-11-06 07:18:01', '2025-12-09 14:49:18'),
(63, 7, '19.5', '195', '', '', 0, 12, '2025-11-06 07:18:01', '2025-12-07 04:50:52'),
(64, 7, '20', '20', '', '', 0, 13, '2025-11-06 07:18:01', '2025-12-07 20:56:14'),
(65, 8, '11R22.5', '11r225', '', '', 1, 0, '2025-11-06 07:32:00', '2025-11-06 07:32:00'),
(66, 8, '255/70R22.5', '25570r225', '', '', 0, 1, '2025-11-06 07:32:00', '2025-12-07 04:50:39'),
(67, 8, '155R13', '155r13', '', '', 0, 2, '2025-11-06 07:32:00', '2025-11-06 07:32:00'),
(68, 8, '195/60R15', '19560r15', '', '', 0, 3, '2025-11-06 07:32:00', '2025-12-07 05:51:52'),
(69, 8, '235/65R16', '23565r16', '', '', 0, 4, '2025-11-06 07:32:00', '2025-12-07 05:10:22'),
(70, 8, '185/85R16', '18585r16', '', '', 0, 5, '2025-11-06 07:32:00', '2025-11-06 07:32:00'),
(71, 8, '245/45R18', '24545r18', '', '', 0, 6, '2025-11-06 07:32:01', '2025-12-09 10:46:01'),
(72, 8, '195/85R15', '19585r15', '', '', 0, 7, '2025-11-06 07:32:01', '2025-11-06 07:32:01'),
(73, 8, '265/65R17', '26565r17', '', '', 0, 8, '2025-11-06 07:32:01', '2025-12-07 20:50:22'),
(74, 8, '31/10.5R15', '31105r15', '', '', 0, 9, '2025-11-06 07:32:01', '2025-11-06 07:32:01'),
(75, 8, '245/75R16', '24575r16', '', '', 0, 10, '2025-11-06 07:32:01', '2025-11-29 03:25:37'),
(77, 8, '265/75R16', '26575r16', '', '', 0, 11, '2025-11-06 07:32:01', '2025-12-07 20:50:07'),
(78, 8, '265/60R18 ', '26560r18', '', '', 0, 12, '2025-11-06 07:32:01', '2025-11-06 11:23:06'),
(79, 8, '285/75R16', '28575r16', '', '', 0, 13, '2025-11-06 07:32:01', '2025-11-06 11:23:06'),
(80, 8, '265/70R17', '26570r17', '', '', 0, 14, '2025-11-06 07:32:01', '2025-12-07 20:50:42'),
(81, 8, '32/11.5R15', '32115r15', '', '', 0, 15, '2025-11-06 07:32:01', '2025-11-06 11:23:06'),
(82, 8, '33/12.5R15', '33125r15', '', '', 0, 16, '2025-11-06 07:32:02', '2025-11-06 11:23:06'),
(83, 8, '125/122', '125122', '', '', 0, 17, '2025-11-06 07:32:02', '2025-11-06 11:23:06'),
(84, 8, '305/70R16', '30570r16', '', '', 0, 18, '2025-11-06 07:32:02', '2025-11-06 11:23:07'),
(85, 8, '275/65R18', '27565r18', '', '', 0, 19, '2025-11-06 07:32:02', '2025-11-06 11:23:07'),
(86, 8, '265/50R20', '26550r20', '', '', 0, 20, '2025-11-06 07:32:02', '2025-12-07 20:56:14'),
(87, 8, '35/12.5R18', '35125r18', '', '', 0, 21, '2025-11-06 07:32:02', '2025-11-06 11:23:07'),
(88, 8, '285/70R17', '28570r17', '', '', 0, 22, '2025-11-06 07:32:02', '2025-11-06 11:23:07'),
(89, 8, '33/12.5R20', '33125r20', '', '', 0, 23, '2025-11-06 07:32:02', '2025-11-06 11:23:07'),
(90, 8, '275/55R20', '27555r20', '', '', 0, 24, '2025-11-06 07:32:02', '2025-11-06 11:23:07'),
(91, 8, '295/70R17', '29570r17', '', '', 0, 25, '2025-11-06 07:32:02', '2025-11-06 11:23:07'),
(92, 8, '305/55R20', '30555r20', '', '', 0, 26, '2025-11-06 07:32:02', '2025-11-06 11:23:07'),
(93, 8, '215/50R17', '21550r17', '', '', 0, 27, '2025-11-06 07:34:43', '2025-12-07 19:14:01'),
(94, 8, '245/40R17', '24540r17', '', '', 0, 28, '2025-11-06 07:34:43', '2025-12-07 21:02:39'),
(95, 8, '265/65R18', '26565r18', '', '', 0, 29, '2025-11-06 07:34:43', '2025-11-06 11:23:08'),
(96, 9, '115/113', '115113', '', '', 1, 0, '2025-11-06 08:22:32', '2025-12-07 05:10:22'),
(97, 9, '111/109', '111109', '', '', 0, 1, '2025-11-06 08:22:32', '2025-12-07 05:15:51'),
(98, 9, '100', '100', '', '', 0, 2, '2025-11-06 08:22:32', '2025-12-09 10:46:01'),
(99, 9, '113/111', '113111', '', '', 0, 3, '2025-11-06 08:22:32', '2025-11-06 08:22:32'),
(100, 9, '120/117', '120117', '', '', 0, 4, '2025-11-06 08:22:32', '2025-12-07 05:14:39'),
(101, 9, '109', '109', '', '', 0, 5, '2025-11-06 08:22:32', '2025-12-07 20:51:46'),
(102, 9, '120/116', '120116', '', '', 0, 6, '2025-11-06 08:22:32', '2025-11-29 03:25:37'),
(104, 9, '111', '111', '', '', 0, 7, '2025-11-06 08:22:32', '2025-12-07 20:56:14'),
(105, 9, '123/120', '123120', '', '', 0, 8, '2025-11-06 08:22:32', '2025-12-07 05:17:18'),
(106, 9, '119/116', '119116', '', '', 0, 9, '2025-11-06 08:22:32', '2025-12-06 08:28:57'),
(107, 9, '126/123', '126123', '', '', 0, 10, '2025-11-06 08:22:33', '2025-12-07 20:51:19'),
(108, 9, '113', '113', '', '', 0, 11, '2025-11-06 08:22:33', '2025-11-06 11:18:12'),
(109, 9, '108', '108', '', '', 0, 12, '2025-11-06 08:22:33', '2025-12-07 05:38:16'),
(110, 9, '125/122', '125122', '', '', 0, 13, '2025-11-06 08:22:33', '2025-12-07 05:17:33'),
(111, 9, '118/115', '118115', '', '', 0, 14, '2025-11-06 08:22:33', '2025-12-07 05:12:20'),
(112, 9, '123/120', '123120-1', '', '', 0, 15, '2025-11-06 08:22:33', '2025-11-06 11:18:12'),
(113, 9, '84', '84', '', '', 0, 16, '2025-11-06 08:22:33', '2025-12-07 05:55:08'),
(114, 9, '89', '89', '', '', 0, 17, '2025-11-06 08:22:33', '2025-12-07 05:53:25'),
(115, 9, '93', '93', '', '', 0, 18, '2025-11-06 08:22:33', '2025-12-07 19:12:30'),
(116, 9, '99', '99', '', '', 0, 19, '2025-11-06 08:22:33', '2025-12-07 21:02:24'),
(117, 10, 'Q', 'q', '', '', 1, 0, '2025-11-06 08:33:29', '2025-12-07 20:51:46'),
(118, 10, 'Q XL', 'q-xl', '', '', 0, 1, '2025-11-06 08:33:29', '2025-11-06 08:33:29'),
(119, 10, 'V XL', 'v-xl', '', '', 0, 2, '2025-11-06 08:33:29', '2025-12-08 05:33:50'),
(120, 10, 'L', 'l', '', '', 0, 3, '2025-11-06 08:33:29', '2025-12-07 19:06:38'),
(121, 10, 'R', 'r', '', '', 0, 4, '2025-11-06 08:33:29', '2025-12-07 09:13:44'),
(122, 10, 'T', 't', '', '', 0, 5, '2025-11-06 08:33:29', '2025-12-07 20:50:57'),
(123, 10, 'T XL', 't-xl', '', '', 0, 6, '2025-11-06 08:33:29', '2025-11-06 08:33:29'),
(124, 10, 'H', 'h', '', '', 0, 7, '2025-11-06 08:33:29', '2025-12-07 21:03:40'),
(125, 10, 'V', 'v', '', '', 0, 8, '2025-11-06 08:33:30', '2025-12-07 20:56:27'),
(126, 10, 'R', 'r-1', '', '', 0, 9, '2025-11-06 08:33:30', '2025-11-06 08:33:30'),
(127, 10, 'W XL', 'w-xl', '', '', 0, 10, '2025-11-06 08:33:30', '2025-12-07 20:54:47'),
(128, 10, 'Y', 'y', '', '', 0, 11, '2025-11-06 08:33:30', '2025-12-07 21:01:47'),
(129, 10, 'H XL', 'h-xl', '', '', 0, 12, '2025-11-06 08:33:30', '2025-12-07 20:44:30'),
(130, 10, 'S XL', 's-xl', '', '', 0, 13, '2025-11-06 08:33:30', '2025-12-07 20:49:53'),
(131, 10, 'N', 'n', '', '', 0, 14, '2025-11-06 08:33:30', '2025-12-07 05:04:55'),
(132, 10, 'Y XL', 'y-xl', '', '', 0, 15, '2025-11-06 08:33:30', '2025-12-09 14:47:06'),
(133, 10, 'W XL', 'w-xl', '', '', 0, 16, '2025-11-06 08:33:30', '2025-12-09 10:46:01'),
(134, 11, 'CF350', 'cf350', '', '', 1, 0, '2025-11-06 08:58:08', '2025-12-07 05:16:14'),
(135, 11, 'CF710', 'cf710', '', '', 0, 1, '2025-11-06 08:58:09', '2025-11-06 08:58:09'),
(136, 11, 'CF3000 M/T', 'cf3000-mt', '', '', 0, 2, '2025-11-06 08:58:09', '2025-12-07 05:12:34'),
(137, 11, 'CF3000 M/T LT', 'cf3000-mt-lt', '', '', 0, 3, '2025-11-06 08:58:09', '2025-11-06 08:58:09'),
(138, 11, 'CF3000', 'cf3000', '', '', 0, 4, '2025-11-06 08:58:09', '2025-11-06 08:58:09'),
(139, 11, 'CF3300', 'cf3300', '', '', 0, 5, '2025-11-06 08:58:09', '2025-11-06 08:58:09'),
(140, 11, 'CF3300 LT', 'cf3300-lt', '', '', 0, 6, '2025-11-06 08:58:09', '2025-11-06 08:58:09'),
(141, 11, 'CF9000 R/T', 'cf9000-rt', '', '', 0, 7, '2025-11-06 08:58:09', '2025-12-07 05:18:47'),
(142, 11, 'CF3300 M/T', 'cf3300-mt', '', '', 0, 8, '2025-11-06 08:58:09', '2025-12-07 05:15:07'),
(143, 11, 'L-GRIP 66', 'l-grip-66', '', '', 0, 9, '2025-11-06 08:58:09', '2025-11-06 08:58:09'),
(144, 11, 'L-GRIP 55', 'l-grip-55', '', '', 0, 10, '2025-11-06 08:58:09', '2025-11-06 08:58:09'),
(145, 11, 'DH03', 'dh03', '', '', 0, 11, '2025-11-06 08:58:09', '2025-12-09 10:46:01'),
(146, 11, 'ROCK 525', 'rock-525', '', '', 0, 12, '2025-11-06 08:58:10', '2025-11-06 08:58:10'),
(147, 11, 'THUNDER U09', 'thunder-u09', '', '', 0, 13, '2025-11-06 08:58:10', '2025-11-06 08:58:10'),
(148, 11, 'DURAMAX 28', 'duramax-28', '', '', 0, 14, '2025-11-06 08:58:10', '2025-11-06 08:58:10'),
(149, 11, 'DH02', 'dh02', '', '', 0, 15, '2025-11-06 08:58:10', '2025-11-06 08:58:10'),
(150, 11, 'L-ZEAL 56', 'l-zeal-56', '', '', 0, 16, '2025-11-06 08:58:10', '2025-11-06 08:58:10'),
(151, 11, 'L-POWER 28', 'l-power-28', '', '', 0, 17, '2025-11-06 08:58:10', '2025-11-06 08:58:10'),
(152, 11, 'DU01', 'du01', '', '', 0, 18, '2025-11-06 08:58:10', '2025-12-07 19:14:01'),
(153, 11, 'DLO1', 'dlo1', '', '', 0, 19, '2025-11-06 08:58:10', '2025-11-06 08:58:55'),
(154, 11, 'L-STRONG 36', 'l-strong-36', '', '', 0, 20, '2025-11-06 08:58:10', '2025-11-06 08:58:10'),
(155, 11, 'L-POWER 28', 'l-power-28-1', '', '', 0, 21, '2025-11-06 08:58:10', '2025-11-06 08:58:10'),
(156, 11, 'HU901', 'hu901', '', '', 0, 22, '2025-11-06 08:58:10', '2025-11-06 08:58:10'),
(157, 11, 'WRANGLER TRIPLEMAX', 'wrangler-triplemax', '', '', 0, 23, '2025-11-06 08:58:10', '2025-11-06 08:58:10'),
(158, 11, 'ROCK 525', 'rock-525-1', '', '', 0, 24, '2025-11-06 08:58:11', '2025-11-06 08:58:11'),
(159, 11, 'POWERCITY 79', 'powercity-79', '', '', 0, 25, '2025-11-06 08:58:11', '2025-11-06 08:58:11'),
(160, 11, 'DL01 C', 'dl01-c', '', '', 0, 26, '2025-11-06 08:58:11', '2025-11-06 08:58:11'),
(161, 11, 'DSS02', 'dss02', '', '', 0, 27, '2025-11-06 08:58:11', '2025-12-07 19:10:22'),
(162, 11, 'ROCKBLADE A/T', 'rockblade-at', '', '', 0, 28, '2025-11-06 08:58:11', '2025-11-06 08:58:11'),
(163, 11, 'POWERCITY 77', 'powercity-77', '', '', 0, 29, '2025-11-06 08:58:11', '2025-11-06 08:58:11'),
(164, 11, 'W01 LT', 'w01-lt', '', '', 0, 30, '2025-11-06 08:58:11', '2025-11-06 08:58:11'),
(165, 11, 'TERRAMAX LSR1 A/T', 'terramax-lsr1-at', '', '', 0, 31, '2025-11-06 08:58:56', '2025-11-06 09:14:52'),
(167, 11, 'INTEGRITY', 'integrity', '', '', 0, 32, '2025-11-06 08:58:56', '2025-11-06 10:47:51'),
(168, 11, 'T01 LT', 't01-lt', '', '', 0, 33, '2025-11-06 09:14:52', '2025-11-06 10:47:51'),
(169, 11, 'T01 C', 't01-c', '', '', 0, 34, '2025-11-06 09:14:52', '2025-11-06 10:47:51'),
(170, 11, 'T01 M/T', 't01-mt', '', '', 0, 35, '2025-11-06 09:14:52', '2025-11-06 10:47:51'),
(171, 11, 'HD757', 'hd757', '', '', 0, 36, '2025-11-06 09:14:52', '2025-11-06 10:47:52'),
(172, 11, 'HD158', 'hd158', '', '', 0, 37, '2025-11-06 09:14:53', '2025-11-06 10:47:52'),
(173, 11, 'HD909', 'hd909', '', '', 0, 39, '2025-11-06 09:14:53', '2025-11-06 10:47:52'),
(174, 6, '65', '65', '', '', 0, 17, '2025-11-06 09:16:01', '2025-12-07 20:50:22'),
(176, 13, 'No', 'no', '', '', 1, 0, '2025-11-06 09:18:10', '2025-11-06 09:18:10'),
(177, 13, 'Yes', 'yes', '', '', 0, 1, '2025-11-06 09:18:10', '2025-11-06 09:18:10'),
(178, 5, '235', '235', '', '', 0, 13, '2025-11-06 09:19:09', '2025-12-09 14:49:18'),
(179, 11, 'NFERA RU1', 'nfera-ru1', '', '', 0, 38, '2025-11-06 09:44:50', '2025-11-06 10:47:52'),
(180, 11, 'NBLUE HD PLUS', 'nblue-hd-plus', '', '', 0, 40, '2025-11-06 09:44:51', '2025-11-06 10:47:52'),
(181, 11, 'NFERA SU1', 'nfera-su1', '', '', 0, 41, '2025-11-06 09:44:51', '2025-11-06 10:47:52'),
(182, 11, 'ROADIAN GTX', 'roadian-gtx', '', '', 0, 42, '2025-11-06 09:44:51', '2025-11-06 10:47:52'),
(183, 11, 'ROADIAN A/T PRO', 'roadian-at-pro', '', '', 0, 43, '2025-11-06 09:44:51', '2025-11-06 10:47:52'),
(184, 11, 'HU905', 'hu905', '', '', 0, 44, '2025-11-06 09:44:51', '2025-11-06 10:47:52'),
(186, 11, 'EAGLE F1 ASYMMETRIC 3 ROF', 'eagle-f1-asymmetric-3-rof', '', '', 0, 45, '2025-11-06 09:44:51', '2025-11-07 04:34:24'),
(187, 11, 'WRANGLER DURATRAC', 'wrangler-duratrac', '', '', 0, 46, '2025-11-06 09:44:51', '2025-11-29 03:25:37'),
(188, 11, 'DL01', 'dl01', '', '', 0, 47, '2025-11-06 09:44:51', '2025-12-07 05:25:39'),
(189, 11, 'DH01', 'dh01', '', '', 0, 48, '2025-11-06 09:44:51', '2025-12-07 09:12:35'),
(190, 11, 'DSU02', 'dsu02', '', '', 0, 49, '2025-11-06 09:44:52', '2025-12-07 19:13:00'),
(192, 11, 'T01', 't01', '', '', 0, 50, '2025-11-06 09:44:52', '2025-11-07 04:34:24'),
(197, 5, '265', '265', '', '', 0, 14, '2025-11-06 09:50:27', '2025-12-07 20:56:14'),
(198, 5, '195', '195', '', '', 0, 15, '2025-11-06 09:50:27', '2025-12-07 05:54:48'),
(199, 5, '245', '245', '', '', 0, 16, '2025-11-06 09:50:27', '2025-12-09 10:46:01'),
(200, 5, '185', '185', '', '', 0, 17, '2025-11-06 09:50:27', '2025-12-08 05:33:50'),
(201, 5, '30', '30', '', '', 0, 18, '2025-11-06 09:50:27', '2025-11-06 09:50:27'),
(202, 5, '215', '215', '', '', 0, 19, '2025-11-06 09:50:27', '2025-12-07 21:03:40'),
(203, 5, '225', '225', '', '', 0, 20, '2025-11-06 09:50:27', '2025-12-07 20:56:27'),
(204, 5, '205', '205', '', '', 0, 21, '2025-11-06 09:50:27', '2025-12-07 06:03:59'),
(206, 5, '175', '175', '', '', 0, 22, '2025-11-06 09:50:27', '2025-12-07 05:47:30'),
(207, 5, '155', '155', '', '', 0, 23, '2025-11-06 09:50:28', '2025-12-07 05:25:39'),
(208, 5, '11', '11-1', '', '', 0, 24, '2025-11-06 09:50:28', '2025-11-06 12:55:09'),
(209, 5, '305', '305', '', '', 0, 25, '2025-11-06 09:50:28', '2025-12-07 05:17:33'),
(210, 5, '315', '315', '', '', 0, 26, '2025-11-06 09:50:28', '2025-12-07 05:39:14'),
(211, 5, '255', '255', '', '', 0, 27, '2025-11-06 09:50:28', '2025-12-07 21:01:47'),
(212, 5, '33', '33', '', '', 0, 28, '2025-11-06 09:50:28', '2025-11-06 12:55:09'),
(213, 6, '35', '35', '', '', 0, 18, '2025-11-06 09:55:17', '2025-12-09 14:49:18'),
(214, 6, '50', '50', '', '', 0, 19, '2025-11-06 09:55:17', '2025-12-07 20:56:14'),
(215, 6, '30', '30', '', '', 0, 20, '2025-11-06 09:55:17', '2025-12-07 19:12:46'),
(216, 6, '60', '60', '', '', 0, 21, '2025-11-06 09:55:17', '2025-12-07 21:03:40'),
(217, 6, '55', '55', '', '', 0, 22, '2025-11-06 09:55:18', '2025-12-08 05:33:50'),
(218, 6, '45', '45', '', '', 0, 23, '2025-11-06 09:55:18', '2025-12-09 10:46:01'),
(219, 6, '70', '70', '', '', 0, 24, '2025-11-06 09:55:18', '2025-11-06 09:55:18'),
(220, 6, '75', '75', '', '', 0, 25, '2025-11-06 09:55:18', '2025-12-07 20:51:19'),
(221, 6, '85', '85', '', '', 0, 26, '2025-11-06 09:55:18', '2025-12-07 05:24:38'),
(222, 6, '40', '40', '', '', 0, 27, '2025-11-06 09:55:18', '2025-12-07 21:02:39'),
(223, 7, '22.5', '225-1', '', '', 0, 14, '2025-11-06 09:57:02', '2025-11-06 09:57:02'),
(224, 7, '22', '22', '', '', 0, 15, '2025-11-06 09:57:02', '2025-12-07 05:39:02'),
(225, 9, '85', '85-3', '', '', 0, 20, '2025-11-06 10:07:16', '2025-11-06 11:18:13'),
(226, 9, '104', '104', '', '', 0, 21, '2025-11-06 10:07:16', '2025-12-07 05:34:33'),
(227, 9, '91', '91', '', '', 0, 22, '2025-11-06 10:07:16', '2025-12-09 14:49:18'),
(228, 9, '94', '94', '', '', 0, 23, '2025-11-06 10:07:17', '2025-12-07 20:54:33'),
(229, 9, '97', '97', '', '', 0, 24, '2025-11-06 10:07:17', '2025-12-07 19:12:46'),
(230, 9, '102', '102', '', '', 0, 25, '2025-11-06 10:07:17', '2025-12-07 20:35:32'),
(231, 9, '112', '112', '', '', 0, 26, '2025-11-06 10:07:17', '2025-12-07 20:50:22'),
(232, 9, '108', '108-1', '', '', 0, 27, '2025-11-06 10:07:17', '2025-11-06 11:18:13'),
(233, 9, '73', '73', '', '', 0, 28, '2025-11-06 10:07:17', '2025-11-06 11:18:13'),
(234, 9, '86', '86', '', '', 0, 29, '2025-11-06 10:07:17', '2025-12-07 05:45:48'),
(235, 9, '82', '82', '', '', 0, 30, '2025-11-06 10:07:17', '2025-12-07 05:50:22'),
(236, 9, '88', '88', '', '', 0, 31, '2025-11-06 10:07:17', '2025-12-07 05:57:37'),
(237, 9, '87', '87', '', '', 0, 32, '2025-11-06 10:07:17', '2025-12-08 05:33:50'),
(238, 9, '81', '81', '', '', 0, 33, '2025-11-06 10:07:17', '2025-11-06 11:18:14'),
(239, 9, '103', '103', '', '', 0, 34, '2025-11-06 10:07:18', '2025-12-07 20:55:56'),
(240, 9, '110', '110', '', '', 0, 35, '2025-11-06 10:07:18', '2025-12-07 20:43:24'),
(241, 9, '96', '96', '', '', 0, 36, '2025-11-06 10:07:18', '2025-12-07 06:03:59'),
(242, 9, '90/88', '9088', '', '', 0, 37, '2025-11-06 10:07:18', '2025-12-07 05:25:39'),
(243, 9, '98', '98', '', '', 0, 38, '2025-11-06 10:07:18', '2025-12-07 20:56:27'),
(244, 9, '110/108', '110108', '', '', 0, 39, '2025-11-06 10:07:18', '2025-11-06 11:18:14'),
(245, 9, '100/97', '10097', '', '', 0, 40, '2025-11-06 10:07:18', '2025-12-07 05:01:12'),
(246, 9, '114/112', '114112', '', '', 0, 41, '2025-11-06 10:07:18', '2025-12-07 05:24:38'),
(247, 9, '95', '95', '', '', 0, 42, '2025-11-06 10:07:18', '2025-12-07 21:03:40'),
(248, 8, '245/45R20', '24545r20', '', '', 0, 30, '2025-11-06 11:45:57', '2025-12-07 20:54:47'),
(249, 8, '30/9.5R15', '3095r15', '', '', 0, 31, '2025-11-06 11:54:13', '2025-11-06 11:54:13'),
(250, 8, '175/65R14', '17565r14', '', '', 0, 32, '2025-11-06 12:43:29', '2025-11-06 12:43:29'),
(251, 8, '205/55R16', '20555r16', '', '', 0, 33, '2025-11-06 12:50:57', '2025-11-06 12:50:57'),
(252, 8, '195/55R16', '19555r16', '', '', 0, 34, '2025-11-06 12:56:31', '2025-12-07 05:50:37'),
(253, 8, '205/50R17', '20550r17', '', '', 0, 35, '2025-11-06 13:00:51', '2025-12-07 05:59:20'),
(254, 8, '215/60R16', '21560r16', '', '', 0, 36, '2025-11-06 13:07:46', '2025-12-07 21:03:40'),
(255, 8, '215/55R17', '21555r17', '', '', 0, 37, '2025-11-06 13:10:39', '2025-12-07 05:23:54'),
(256, 8, '215/65R17', '21565r17', '', '', 0, 38, '2025-11-06 13:24:24', '2025-11-06 13:24:24'),
(257, 8, '205/70R15', '20570r15', '', '', 0, 39, '2025-11-07 04:15:49', '2025-12-07 05:24:13'),
(259, 19, 'Yes', 'yes-1', '', '', 1, 0, '2025-11-27 10:32:01', '2025-11-27 10:32:01'),
(260, 19, 'No', 'no-1', '', '', 0, 1, '2025-11-27 10:32:01', '2025-11-27 10:32:01'),
(261, 20, 'Yes', 'yes-2', '', '', 1, 0, '2025-11-27 10:32:24', '2025-11-27 10:32:24'),
(262, 20, 'No', 'no-2', '', '', 0, 1, '2025-11-27 10:32:24', '2025-11-27 10:32:24'),
(263, 8, '275/70R22.5', '27570r225', NULL, NULL, 0, 0, '2025-11-30 18:56:16', '2025-12-02 15:38:55'),
(264, 5, '275', '275', NULL, NULL, 0, 0, '2025-11-30 18:56:16', '2025-12-07 19:12:46'),
(265, 6, '70', '70', NULL, NULL, 0, 0, '2025-11-30 18:56:16', '2025-12-07 20:51:32'),
(266, 7, '22.5', '225', NULL, NULL, 0, 0, '2025-11-30 18:56:16', '2025-12-07 19:06:38'),
(267, 9, '148/145', '148145', NULL, NULL, 0, 0, '2025-11-30 18:56:16', '2025-12-02 15:38:56'),
(268, 10, 'M', 'm', NULL, NULL, 0, 0, '2025-11-30 18:56:16', '2025-12-07 04:51:06'),
(269, 11, 'AA112', 'aa112', NULL, NULL, 0, 0, '2025-11-30 18:56:16', '2025-12-07 03:53:53'),
(270, 9, '140/137', '140137', NULL, NULL, 0, 0, '2025-12-01 16:31:08', '2025-12-07 04:50:39'),
(271, 8, '225/70R19.5', '22570r195', NULL, NULL, 0, 0, '2025-12-01 16:31:08', '2025-12-07 04:50:52'),
(272, 9, '128/126', '128126', NULL, NULL, 0, 0, '2025-12-01 16:31:08', '2025-12-07 04:50:52'),
(273, 8, '265/70R19.5', '26570r195', NULL, NULL, 0, 0, '2025-12-01 16:31:08', '2025-12-07 03:53:53'),
(274, 9, '143/141', '143141', NULL, NULL, 0, 0, '2025-12-01 16:31:08', '2025-12-07 03:53:53'),
(275, 10, 'J', 'j', NULL, NULL, 0, 0, '2025-12-01 16:31:08', '2025-12-07 03:53:53'),
(276, 10, 'K', 'k', NULL, NULL, 0, 0, '2025-12-01 16:31:08', '2025-12-01 16:31:08'),
(277, 11, 'AD675', 'ad675', NULL, NULL, 0, 0, '2025-12-01 16:31:08', '2025-12-01 16:31:08'),
(278, 11, 'AD683', 'ad683', NULL, NULL, 0, 0, '2025-12-01 16:31:08', '2025-12-01 16:31:08'),
(279, 8, '9.5R17.5', '95r175', NULL, NULL, 0, 0, '2025-12-01 16:31:08', '2025-12-01 16:31:08'),
(280, 9, '143/141', '143141-1', NULL, NULL, 0, 0, '2025-12-01 16:31:08', '2025-12-01 16:31:08'),
(281, 10, 'J', 'j-1', NULL, NULL, 0, 0, '2025-12-01 16:31:08', '2025-12-01 16:31:08'),
(282, 11, 'AD686', 'ad686', NULL, NULL, 0, 0, '2025-12-01 16:31:08', '2025-12-01 16:31:08'),
(283, 8, '255/70R18LT', '25570r18lt', NULL, NULL, 0, 0, '2025-12-01 16:31:08', '2025-12-07 04:43:34'),
(284, 9, '117/114', '117114', NULL, NULL, 0, 0, '2025-12-01 16:31:08', '2025-12-07 05:04:36'),
(285, 11, 'AK3 A/T', 'ak3-at', NULL, NULL, 0, 0, '2025-12-01 16:31:09', '2025-12-07 04:44:37'),
(286, 8, '275/55R20LT', '27555r20lt', NULL, NULL, 0, 0, '2025-12-01 16:31:09', '2025-12-07 05:14:39'),
(287, 9, '115/112', '115112', NULL, NULL, 0, 0, '2025-12-01 16:31:09', '2025-12-07 05:14:52'),
(288, 11, 'AK3 A/T', 'ak3-at-1', NULL, NULL, 0, 0, '2025-12-01 16:31:09', '2025-12-01 16:31:09'),
(289, 8, '215/75R15LT', '21575r15lt', NULL, NULL, 0, 0, '2025-12-01 16:31:09', '2025-12-07 05:01:11'),
(290, 11, 'AK3 A/T', 'ak3-at-2', NULL, NULL, 0, 0, '2025-12-01 16:31:09', '2025-12-01 16:31:09'),
(291, 8, '265/60R20LT', '26560r20lt', NULL, NULL, 0, 0, '2025-12-01 16:31:09', '2025-12-07 04:44:21'),
(292, 9, '121/118', '121118', NULL, NULL, 0, 0, '2025-12-01 16:31:09', '2025-12-07 20:51:32'),
(293, 11, 'AK3 A/T', 'ak3-at-3', NULL, NULL, 0, 0, '2025-12-01 16:31:09', '2025-12-01 16:31:09'),
(294, 8, '265/75R16LT', '26575r16lt', NULL, NULL, 0, 0, '2025-12-01 16:31:09', '2025-12-07 04:44:37'),
(295, 11, 'AK3 A/T', 'ak3-at-4', NULL, NULL, 0, 0, '2025-12-01 16:31:09', '2025-12-01 16:31:09'),
(296, 8, '185R14', '185r14', NULL, NULL, 0, 0, '2025-12-01 16:31:10', '2025-12-07 05:11:00'),
(297, 9, '102/100', '102100', NULL, NULL, 0, 0, '2025-12-01 16:31:10', '2025-12-07 06:01:20'),
(298, 11, 'AOSEN HR601', 'aosen-hr601', NULL, NULL, 0, 0, '2025-12-01 16:31:10', '2025-12-07 05:00:36'),
(299, 11, 'AOSEN HR701', 'aosen-hr701', NULL, NULL, 0, 0, '2025-12-01 16:31:10', '2025-12-07 05:01:12'),
(300, 8, '275/60R20', '27560r20', NULL, NULL, 0, 0, '2025-12-01 16:31:10', '2025-12-07 05:01:47'),
(301, 9, '119', '119', NULL, NULL, 0, 0, '2025-12-01 16:31:10', '2025-12-07 05:01:47'),
(302, 11, 'AOSEN HR805', 'aosen-hr805', NULL, NULL, 0, 0, '2025-12-01 16:31:10', '2025-12-07 05:01:47'),
(303, 5, '285', '285', NULL, NULL, 0, 0, '2025-12-01 16:31:10', '2025-12-07 20:51:32'),
(304, 8, '285/65R18LT', '28565r18lt', NULL, NULL, 0, 0, '2025-12-01 16:31:10', '2025-12-01 16:31:10'),
(305, 11, 'BRUTUS A/T', 'brutus-at', NULL, NULL, 0, 0, '2025-12-01 16:31:10', '2025-12-07 09:13:44'),
(306, 5, '285', '285-1', NULL, NULL, 0, 0, '2025-12-01 16:31:10', '2025-12-01 16:31:10'),
(307, 8, '285/75R16LT', '28575r16lt', NULL, NULL, 0, 0, '2025-12-01 16:31:10', '2025-12-07 20:51:19'),
(308, 11, 'BRUTUS A/T', 'brutus-at-1', NULL, NULL, 0, 0, '2025-12-01 16:31:10', '2025-12-01 16:31:10'),
(309, 5, '285', '285-2', NULL, NULL, 0, 0, '2025-12-01 16:31:11', '2025-12-01 16:31:11'),
(310, 8, '285/70R17LT', '28570r17lt', NULL, NULL, 0, 0, '2025-12-01 16:31:11', '2025-12-07 20:51:32'),
(311, 11, 'BRUTUS A/T', 'brutus-at-2', NULL, NULL, 0, 0, '2025-12-01 16:31:11', '2025-12-01 16:31:11'),
(312, 8, '305/70R16LT', '30570r16lt', NULL, NULL, 0, 0, '2025-12-01 16:31:11', '2025-12-07 05:12:20'),
(313, 9, '124/121', '124121', NULL, NULL, 0, 0, '2025-12-01 16:31:11', '2025-12-07 05:18:21'),
(314, 11, 'BRUTUS A/T', 'brutus-at-3', NULL, NULL, 0, 0, '2025-12-01 16:31:11', '2025-12-01 16:31:11'),
(315, 8, '275/65R18LT', '27565r18lt', NULL, NULL, 0, 0, '2025-12-01 16:31:11', '2025-12-01 16:31:11'),
(316, 11, 'BRUTUS A/T', 'brutus-at-4', NULL, NULL, 0, 0, '2025-12-01 16:31:11', '2025-12-01 16:31:11'),
(317, 8, '265/70R17LT', '26570r17lt', NULL, NULL, 0, 0, '2025-12-01 16:31:11', '2025-12-07 05:17:18'),
(318, 11, 'BRUTUS A/T', 'brutus-at-5', NULL, NULL, 0, 0, '2025-12-01 16:31:11', '2025-12-01 16:31:11'),
(319, 8, '265/60R18LT', '26560r18lt', NULL, NULL, 0, 0, '2025-12-01 16:31:11', '2025-12-01 16:31:11'),
(320, 11, 'BRUTUS A/T', 'brutus-at-6', NULL, NULL, 0, 0, '2025-12-01 16:31:11', '2025-12-01 16:31:11'),
(321, 8, '265/60R19LT', '26560r19lt', NULL, NULL, 0, 0, '2025-12-01 16:31:11', '2025-12-01 16:31:11'),
(322, 11, 'BRUTUS A/T', 'brutus-at-7', NULL, NULL, 0, 0, '2025-12-01 16:31:11', '2025-12-01 16:31:11'),
(323, 8, '255/55R19LT', '25555r19lt', NULL, NULL, 0, 0, '2025-12-01 16:31:12', '2025-12-01 16:31:12'),
(324, 9, '116/112', '116112', NULL, NULL, 0, 0, '2025-12-01 16:31:12', '2025-12-01 16:31:12'),
(325, 11, 'BRUTUS A/T', 'brutus-at-8', NULL, NULL, 0, 0, '2025-12-01 16:31:12', '2025-12-01 16:31:12'),
(326, 5, '285', '285-3', NULL, NULL, 0, 0, '2025-12-01 16:31:12', '2025-12-01 16:31:12'),
(327, 8, '285/75R17LT', '28575r17lt', NULL, NULL, 0, 0, '2025-12-01 16:31:12', '2025-12-01 16:31:12'),
(328, 11, 'BRUTUS A/T', 'brutus-at-9', NULL, NULL, 0, 0, '2025-12-01 16:31:12', '2025-12-01 16:31:12'),
(329, 8, '265/70R18LT', '26570r18lt', NULL, NULL, 0, 0, '2025-12-01 16:31:12', '2025-12-01 16:31:12'),
(330, 8, '315/70R17LT', '31570r17lt', NULL, NULL, 0, 0, '2025-12-01 16:31:12', '2025-12-07 05:18:34'),
(331, 8, '245/70R16LT', '24570r16lt', NULL, NULL, 0, 0, '2025-12-01 16:31:12', '2025-12-01 16:31:12'),
(332, 9, '113/110', '113110', NULL, NULL, 0, 0, '2025-12-01 16:31:13', '2025-12-01 16:31:13'),
(333, 8, '265/65R17LT', '26565r17lt', NULL, NULL, 0, 0, '2025-12-01 16:31:13', '2025-12-01 16:31:13'),
(334, 11, 'BRUTUS II A/T', 'brutus-ii-at', NULL, NULL, 0, 0, '2025-12-01 16:31:13', '2025-12-01 16:31:13'),
(335, 11, 'BRUTUS II A/T', 'brutus-ii-at-1', NULL, NULL, 0, 0, '2025-12-01 16:31:13', '2025-12-01 16:31:13'),
(336, 8, '265/70R16LT', '26570r16lt', NULL, NULL, 0, 0, '2025-12-01 16:31:13', '2025-12-07 05:04:36'),
(337, 11, 'BRUTUS II A/T', 'brutus-ii-at-2', NULL, NULL, 0, 0, '2025-12-01 16:31:13', '2025-12-01 16:31:13'),
(338, 8, '265/65R17LT', '26565r17lt-1', NULL, NULL, 0, 0, '2025-12-01 16:31:13', '2025-12-01 16:31:13'),
(339, 9, '117', '117', NULL, NULL, 0, 0, '2025-12-01 16:31:13', '2025-12-01 16:31:13'),
(340, 11, 'BRUTUS II A/T', 'brutus-ii-at-3', NULL, NULL, 0, 0, '2025-12-01 16:31:13', '2025-12-01 16:31:13'),
(341, 8, '265/65R18LT', '26565r18lt', NULL, NULL, 0, 0, '2025-12-01 16:31:13', '2025-12-01 16:31:13'),
(342, 9, '122/119', '122119', NULL, NULL, 0, 0, '2025-12-01 16:31:13', '2025-12-01 16:31:13'),
(343, 11, 'BRUTUS II A/T', 'brutus-ii-at-4', NULL, NULL, 0, 0, '2025-12-01 16:31:13', '2025-12-01 16:31:13'),
(344, 8, '245/70R16LT', '24570r16lt-1', NULL, NULL, 0, 0, '2025-12-01 16:31:13', '2025-12-01 16:31:13'),
(345, 9, '113/110', '113110-1', NULL, NULL, 0, 0, '2025-12-01 16:31:13', '2025-12-01 16:31:13'),
(346, 11, 'BRUTUS II A/T', 'brutus-ii-at-5', NULL, NULL, 0, 0, '2025-12-01 16:31:13', '2025-12-01 16:31:13'),
(347, 11, 'CARGO 4', 'cargo-4', NULL, NULL, 0, 0, '2025-12-01 16:31:14', '2025-12-07 05:10:47'),
(348, 8, '215/65R16', '21565r16', NULL, NULL, 0, 0, '2025-12-01 16:31:14', '2025-12-07 05:10:34'),
(349, 9, '109/107', '109107', NULL, NULL, 0, 0, '2025-12-01 16:31:14', '2025-12-07 05:10:34'),
(350, 11, 'CARGO 4', 'cargo-4-1', NULL, NULL, 0, 0, '2025-12-01 16:31:14', '2025-12-01 16:31:14'),
(351, 8, '195R15', '195r15', NULL, NULL, 0, 0, '2025-12-01 16:31:14', '2025-12-07 05:10:47'),
(352, 9, '106/104', '106104', NULL, NULL, 0, 0, '2025-12-01 16:31:14', '2025-12-07 05:10:47'),
(353, 11, 'CARGO+ C1', 'cargo-c1', NULL, NULL, 0, 0, '2025-12-01 16:31:14', '2025-12-07 05:11:00'),
(354, 5, '35', '35', NULL, NULL, 0, 0, '2025-12-01 16:31:15', '2025-12-07 05:17:51'),
(355, 8, '35x12.50R18LT', '35x1250r18lt', NULL, NULL, 0, 0, '2025-12-01 16:31:15', '2025-12-07 05:12:34'),
(356, 9, '123', '123', NULL, NULL, 0, 0, '2025-12-01 16:31:15', '2025-12-07 05:12:34'),
(357, 5, '35', '35-2', NULL, NULL, 0, 0, '2025-12-01 16:31:15', '2025-12-01 16:31:15'),
(358, 8, '35x13.50R17LT', '35x1350r17lt', NULL, NULL, 0, 0, '2025-12-01 16:31:15', '2025-12-07 05:13:49'),
(359, 9, '121', '121', NULL, NULL, 0, 0, '2025-12-01 16:31:15', '2025-12-07 05:13:49'),
(360, 8, '305/55R20LT', '30555r20lt', NULL, NULL, 0, 0, '2025-12-01 16:31:15', '2025-12-07 05:14:03'),
(361, 5, '37', '37', NULL, NULL, 0, 0, '2025-12-01 16:31:15', '2025-12-07 05:14:15'),
(362, 8, '37x13.50R17LT', '37x1350r17lt', NULL, NULL, 0, 0, '2025-12-01 16:31:15', '2025-12-07 05:14:15'),
(363, 9, '125', '125', NULL, NULL, 0, 0, '2025-12-01 16:31:15', '2025-12-07 05:14:15'),
(364, 8, '265/50R20LT', '26550r20lt', NULL, NULL, 0, 0, '2025-12-01 16:31:15', '2025-12-07 05:14:52'),
(365, 5, '295', '295', NULL, NULL, 0, 0, '2025-12-01 16:31:15', '2025-12-07 19:06:38'),
(366, 8, '295/70R17LT', '29570r17lt', NULL, NULL, 0, 0, '2025-12-01 16:31:15', '2025-12-07 05:15:07'),
(367, 8, '185/85R16LT', '18585r16lt', NULL, NULL, 0, 0, '2025-12-01 16:31:16', '2025-12-07 05:15:51'),
(368, 8, '205/85R16LT', '20585r16lt', NULL, NULL, 0, 0, '2025-12-01 16:31:16', '2025-12-07 05:16:14'),
(369, 9, '117/115', '117115', NULL, NULL, 0, 0, '2025-12-01 16:31:16', '2025-12-07 05:16:14'),
(370, 8, '305/70R17LT', '30570r17lt', NULL, NULL, 0, 0, '2025-12-01 16:31:16', '2025-12-07 05:17:33'),
(371, 8, '35x12.50R17LT', '35x1250r17lt', NULL, NULL, 0, 0, '2025-12-01 16:31:16', '2025-12-07 05:17:51'),
(372, 9, '128', '128', NULL, NULL, 0, 0, '2025-12-01 16:31:16', '2025-12-07 05:17:51'),
(373, 8, '285/50R20', '28550r20', NULL, NULL, 0, 0, '2025-12-01 16:31:16', '2025-12-07 05:18:07'),
(374, 9, '116', '116', NULL, NULL, 0, 0, '2025-12-01 16:31:16', '2025-12-07 20:50:07'),
(375, 8, '275/70R17LT', '27570r17lt', NULL, NULL, 0, 0, '2025-12-01 16:31:17', '2025-12-07 05:18:21'),
(376, 9, '128/125', '128125', NULL, NULL, 0, 0, '2025-12-01 16:31:17', '2025-12-07 05:18:34'),
(377, 8, '265/60R18', '26560r18', NULL, NULL, 0, 0, '2025-12-01 16:31:17', '2025-12-07 20:43:01'),
(378, 8, '215/75R17.5', '21575r175', NULL, NULL, 0, 0, '2025-12-01 16:31:17', '2025-12-01 16:31:17'),
(379, 9, '135/133', '135133', NULL, NULL, 0, 0, '2025-12-01 16:31:17', '2025-12-01 16:31:17'),
(380, 11, 'DD678', 'dd678', NULL, NULL, 0, 0, '2025-12-01 16:31:17', '2025-12-01 16:31:17'),
(381, 6, '80', '80', NULL, NULL, 0, 0, '2025-12-01 16:31:17', '2025-12-07 19:06:38'),
(382, 8, '295/80R22.5', '29580r225', NULL, NULL, 0, 0, '2025-12-01 16:31:17', '2025-12-07 19:06:38'),
(383, 9, '152/149', '152149', NULL, NULL, 0, 0, '2025-12-01 16:31:17', '2025-12-07 19:06:38'),
(384, 11, 'DD906', 'dd906', NULL, NULL, 0, 0, '2025-12-01 16:31:17', '2025-12-07 19:06:38'),
(385, 8, '215/70R16', '21570r16', NULL, NULL, 0, 0, '2025-12-01 16:31:17', '2025-12-07 09:12:35'),
(386, 8, '175/65R15', '17565r15', NULL, NULL, 0, 0, '2025-12-01 16:31:18', '2025-12-07 05:23:42'),
(387, 11, 'DH05', 'dh05', NULL, NULL, 0, 0, '2025-12-01 16:31:18', '2025-12-07 05:24:13'),
(388, 8, '195/85R16LT', '19585r16lt', NULL, NULL, 0, 0, '2025-12-01 16:31:18', '2025-12-07 05:24:38'),
(389, 5, '165', '165', NULL, NULL, 0, 0, '2025-12-01 16:31:18', '2025-12-07 05:41:41'),
(390, 8, '165R13', '165r13', NULL, NULL, 0, 0, '2025-12-01 16:31:18', '2025-12-07 05:25:10'),
(391, 9, '94/93', '9493', NULL, NULL, 0, 0, '2025-12-01 16:31:18', '2025-12-07 05:25:10'),
(392, 8, '155R13LT', '155r13lt', NULL, NULL, 0, 0, '2025-12-01 16:31:18', '2025-12-07 05:25:39'),
(393, 8, '235/55R18', '23555r18', NULL, NULL, 0, 0, '2025-12-01 16:31:19', '2025-12-07 05:34:33'),
(394, 11, 'DS01', 'ds01', NULL, NULL, 0, 0, '2025-12-01 16:31:19', '2025-12-07 05:26:01'),
(395, 8, '235/65R17', '23565r17', NULL, NULL, 0, 0, '2025-12-01 16:31:19', '2025-12-01 16:31:19'),
(396, 11, 'DS09', 'ds09', NULL, NULL, 0, 0, '2025-12-01 16:31:19', '2025-12-01 16:31:19'),
(397, 8, '235/60R18', '23560r18', NULL, NULL, 0, 0, '2025-12-01 16:31:19', '2025-12-07 19:10:22'),
(398, 9, '107', '107', NULL, NULL, 0, 0, '2025-12-01 16:31:19', '2025-12-07 20:50:57'),
(399, 8, '255/55R19', '25555r19', NULL, NULL, 0, 0, '2025-12-01 16:31:19', '2025-12-07 19:12:01'),
(400, 8, '245/45R17', '24545r17', NULL, NULL, 0, 0, '2025-12-01 16:31:19', '2025-12-07 21:02:24'),
(401, 8, '215/45R18', '21545r18', NULL, NULL, 0, 0, '2025-12-01 16:31:19', '2025-12-07 19:12:30'),
(402, 8, '275/30R20', '27530r20', NULL, NULL, 0, 0, '2025-12-01 16:31:20', '2025-12-07 19:12:46'),
(403, 8, '245/40R20', '24540r20', NULL, NULL, 0, 0, '2025-12-01 16:31:20', '2025-12-07 19:13:00'),
(404, 8, '285/45R22', '28545r22', NULL, NULL, 0, 0, '2025-12-01 16:31:20', '2025-12-01 16:31:20'),
(405, 9, '114', '114', NULL, NULL, 0, 0, '2025-12-01 16:31:20', '2025-12-01 16:31:20'),
(406, 11, 'DU05', 'du05', NULL, NULL, 0, 0, '2025-12-01 16:31:20', '2025-12-01 16:31:20'),
(407, 8, '225/65R17', '22565r17', NULL, NULL, 0, 0, '2025-12-01 16:31:20', '2025-12-07 20:35:32'),
(408, 11, 'ECOLOGY C1', 'ecology-c1', NULL, NULL, 0, 0, '2025-12-01 16:31:20', '2025-12-07 20:35:32'),
(409, 11, 'ECOSAVER ECO12', 'ecosaver-eco12', NULL, NULL, 0, 0, '2025-12-01 16:31:20', '2025-12-01 16:31:20'),
(410, 8, '235/75R17.5', '23575r175', NULL, NULL, 0, 0, '2025-12-01 16:31:20', '2025-12-01 16:31:20'),
(411, 11, 'ECOSAVER ECO12', 'ecosaver-eco12-1', NULL, NULL, 0, 0, '2025-12-01 16:31:20', '2025-12-01 16:31:20'),
(412, 11, 'ECOSAVER ECO12', 'ecosaver-eco12-2', NULL, NULL, 0, 0, '2025-12-01 16:31:21', '2025-12-01 16:31:21'),
(413, 8, '315/80R22.5', '31580r225', NULL, NULL, 0, 0, '2025-12-01 16:31:21', '2025-12-01 16:31:21'),
(414, 9, '156/153', '156153', NULL, NULL, 0, 0, '2025-12-01 16:31:21', '2025-12-01 16:31:21'),
(415, 11, 'ECOSAVER ECO66', 'ecosaver-eco66', NULL, NULL, 0, 0, '2025-12-01 16:31:21', '2025-12-01 16:31:21'),
(416, 8, '225/60R17', '22560r17', NULL, NULL, 0, 0, '2025-12-01 16:31:21', '2025-12-07 20:55:56'),
(417, 11, 'ENJOYLAND H/T RF10', 'enjoyland-ht-rf10', NULL, NULL, 0, 0, '2025-12-01 16:31:21', '2025-12-07 20:41:54'),
(418, 8, '215/60R17', '21560r17', NULL, NULL, 0, 0, '2025-12-01 16:31:21', '2025-12-07 20:42:03'),
(419, 11, 'ENJOYLAND H/T RF10', 'enjoyland-ht-rf10', NULL, NULL, 0, 0, '2025-12-01 16:31:21', '2025-12-07 20:44:30'),
(420, 8, '235/60R17', '23560r17', NULL, NULL, 0, 0, '2025-12-01 16:31:21', '2025-12-07 20:42:11'),
(421, 9, '106', '106', NULL, NULL, 0, 0, '2025-12-01 16:31:21', '2025-12-07 20:43:53'),
(422, 11, 'ENJOYLAND RF10 H/T', 'enjoyland-rf10-ht-1', NULL, NULL, 0, 0, '2025-12-01 16:31:21', '2025-12-01 16:31:21'),
(423, 8, '225/60R18', '22560r18', NULL, NULL, 0, 0, '2025-12-01 16:31:22', '2025-12-07 20:42:27'),
(424, 8, '235/65R18', '23565r18', NULL, NULL, 0, 0, '2025-12-01 16:31:22', '2025-12-07 20:42:43'),
(425, 8, '255/65R17', '25565r17', NULL, NULL, 0, 0, '2025-12-01 16:31:22', '2025-12-07 20:43:24'),
(426, 8, '245/60R18', '24560r18', NULL, NULL, 0, 0, '2025-12-01 16:31:22', '2025-12-07 20:43:38'),
(427, 9, '105', '105', NULL, NULL, 0, 0, '2025-12-01 16:31:22', '2025-12-07 20:43:38'),
(428, 8, '235/70R16', '23570r16', NULL, NULL, 0, 0, '2025-12-01 16:31:22', '2025-12-07 20:43:53'),
(429, 8, '245/65R17', '24565r17', NULL, NULL, 0, 0, '2025-12-01 16:31:23', '2025-12-07 20:44:30'),
(430, 11, 'ENJOYLAND A/T RF11', 'enjoyland-at-rf11', NULL, NULL, 0, 0, '2025-12-01 16:31:23', '2025-12-07 20:45:13'),
(431, 8, '185/55R15', '18555r15', NULL, NULL, 0, 0, '2025-12-01 16:31:23', '2025-12-07 05:45:11'),
(432, 11, 'FASTWAY C1', 'fastway-c1', NULL, NULL, 0, 0, '2025-12-01 16:31:23', '2025-12-07 05:48:08'),
(433, 8, '185/65R14', '18565r14', NULL, NULL, 0, 0, '2025-12-01 16:31:23', '2025-12-07 05:45:48'),
(434, 11, 'FASTWAY C1', 'fastway-c1-1', NULL, NULL, 0, 0, '2025-12-01 16:31:23', '2025-12-01 16:31:23'),
(435, 8, '175/70R13', '17570r13', NULL, NULL, 0, 0, '2025-12-01 16:31:23', '2025-12-07 05:44:24'),
(436, 11, 'FASTWAY C1', 'fastway-c1-2', NULL, NULL, 0, 0, '2025-12-01 16:31:23', '2025-12-01 16:31:23'),
(437, 8, '175/70R14', '17570r14', NULL, NULL, 0, 0, '2025-12-01 16:31:23', '2025-12-07 05:47:30'),
(438, 11, 'FASTWAY C1', 'fastway-c1-3', NULL, NULL, 0, 0, '2025-12-01 16:31:23', '2025-12-01 16:31:23'),
(439, 8, '185/70R14', '18570r14', NULL, NULL, 0, 0, '2025-12-01 16:31:24', '2025-12-07 05:48:08'),
(440, 8, '185/60R14', '18560r14', NULL, NULL, 0, 0, '2025-12-01 16:31:24', '2025-12-07 05:45:23'),
(441, 8, '195/65R15', '19565r15', NULL, NULL, 0, 0, '2025-12-01 16:31:24', '2025-12-07 05:54:02'),
(442, 11, 'FASTWAY C2', 'fastway-c2', NULL, NULL, 0, 0, '2025-12-01 16:31:24', '2025-12-07 05:58:12'),
(443, 8, '205/60R16', '20560r16', NULL, NULL, 0, 0, '2025-12-01 16:31:24', '2025-12-07 06:03:59'),
(444, 9, '92', '92', NULL, NULL, 0, 0, '2025-12-01 16:31:24', '2025-12-07 06:00:55'),
(445, 11, 'FASTWAY C2', 'fastway-c2-1', NULL, NULL, 0, 0, '2025-12-01 16:31:24', '2025-12-01 16:31:24'),
(446, 11, 'FASTWAY C2', 'fastway-c2-2', NULL, NULL, 0, 0, '2025-12-01 16:31:24', '2025-12-01 16:31:24'),
(447, 8, '195/50R15', '19550r15', NULL, NULL, 0, 0, '2025-12-01 16:31:24', '2025-12-07 05:50:22'),
(448, 11, 'FASTWAY C2', 'fastway-c2-3', NULL, NULL, 0, 0, '2025-12-01 16:31:24', '2025-12-01 16:31:24'),
(449, 8, '205/40R17', '20540r17', NULL, NULL, 0, 0, '2025-12-01 16:31:25', '2025-12-07 05:55:08'),
(450, 11, 'FASTWAY C2', 'fastway-c2-4', NULL, NULL, 0, 0, '2025-12-01 16:31:25', '2025-12-01 16:31:25'),
(451, 11, 'FASTWAY C2', 'fastway-c2-5', NULL, NULL, 0, 0, '2025-12-01 16:31:25', '2025-12-01 16:31:25'),
(452, 8, '185/65R15', '18565r15', NULL, NULL, 0, 0, '2025-12-01 16:31:25', '2025-12-07 05:47:48'),
(453, 11, 'FASTWAY Y1', 'fastway-y1', NULL, NULL, 0, 0, '2025-12-01 16:31:25', '2025-12-07 05:47:48'),
(454, 8, '185/60R15', '18560r15', NULL, NULL, 0, 0, '2025-12-01 16:31:25', '2025-12-07 05:46:28'),
(455, 11, 'FASTWAY Y1', 'fastway-y1-1', NULL, NULL, 0, 0, '2025-12-01 16:31:25', '2025-12-01 16:31:25'),
(456, 8, '265/70R16', '26570r16', NULL, NULL, 0, 0, '2025-12-01 16:31:25', '2025-12-07 20:49:36'),
(457, 11, 'FORZA A/T', 'forza-at', NULL, NULL, 0, 0, '2025-12-01 16:31:25', '2025-12-07 20:50:57'),
(458, 11, 'FORZA C1 A/T', 'forza-c1-at-1', NULL, NULL, 0, 0, '2025-12-01 16:31:25', '2025-12-01 16:31:25'),
(459, 9, '115', '115', NULL, NULL, 0, 0, '2025-12-01 16:31:26', '2025-12-07 20:50:42'),
(460, 8, '245/70R16', '24570r16', NULL, NULL, 0, 0, '2025-12-01 16:31:26', '2025-12-07 20:50:57'),
(461, 11, 'FORZA M/T', 'forza-mt', NULL, NULL, 0, 0, '2025-12-01 16:31:26', '2025-12-07 20:51:46'),
(462, 11, 'FORZA C1 M/T', 'forza-c1-mt-1', NULL, NULL, 0, 0, '2025-12-01 16:31:26', '2025-12-01 16:31:26'),
(463, 5, '31', '31', NULL, NULL, 0, 0, '2025-12-01 16:31:26', '2025-12-07 20:51:46'),
(464, 8, '31x10.50R15LT', '31x1050r15lt', NULL, NULL, 0, 0, '2025-12-01 16:31:26', '2025-12-07 20:51:46'),
(465, 11, 'FORZA C1 M/T', 'forza-c1-mt-2', NULL, NULL, 0, 0, '2025-12-01 16:31:26', '2025-12-01 16:31:26'),
(466, 5, '385', '385', NULL, NULL, 0, 0, '2025-12-01 16:31:27', '2025-12-01 16:31:27'),
(467, 8, '385/65R22.5', '38565r225', NULL, NULL, 0, 0, '2025-12-01 16:31:27', '2025-12-01 16:31:27'),
(468, 9, '160', '160', NULL, NULL, 0, 0, '2025-12-01 16:31:27', '2025-12-01 16:31:27'),
(469, 11, 'FT126', 'ft126', NULL, NULL, 0, 0, '2025-12-01 16:31:27', '2025-12-01 16:31:27'),
(470, 11, 'FT162', 'ft162', NULL, NULL, 0, 0, '2025-12-01 16:31:27', '2025-12-01 16:31:27'),
(471, 8, '7.00R16LT', '700r16lt', NULL, NULL, 0, 0, '2025-12-01 16:31:27', '2025-12-01 16:31:27'),
(472, 9, '115/110', '115110', NULL, NULL, 0, 0, '2025-12-01 16:31:27', '2025-12-01 16:31:27'),
(473, 11, 'GETWIN GT59', 'getwin-gt59', NULL, NULL, 0, 0, '2025-12-01 16:31:27', '2025-12-01 16:31:27'),
(474, 11, 'GOLDSHIELD HD757', 'goldshield-hd757', NULL, NULL, 0, 0, '2025-12-01 16:31:27', '2025-12-01 16:31:27'),
(475, 11, 'H04L KR26 ZETUM', 'h04l-kr26-zetum', NULL, NULL, 0, 0, '2025-12-01 16:31:27', '2025-12-07 08:36:25'),
(476, 11, 'H04L KR26 ZETUM', 'h04l-kr26-zetum-1', NULL, NULL, 0, 0, '2025-12-01 16:31:27', '2025-12-01 16:31:27'),
(477, 8, '205/65R15', '20565r15', NULL, NULL, 0, 0, '2025-12-01 16:31:28', '2025-12-07 06:02:12'),
(478, 8, '225/80R17.5', '22580r175', NULL, NULL, 0, 0, '2025-12-01 16:31:28', '2025-12-07 04:48:57'),
(479, 11, 'HAULSTAR HA109', 'haulstar-ha109', NULL, NULL, 0, 0, '2025-12-01 16:31:28', '2025-12-07 04:48:57'),
(480, 8, '215/85R16', '21585r16', NULL, NULL, 0, 0, '2025-12-01 16:31:28', '2025-12-01 16:31:28'),
(481, 9, '120/118', '120118', NULL, NULL, 0, 0, '2025-12-01 16:31:28', '2025-12-01 16:31:28'),
(482, 11, 'HAULSTAR HA115+', 'haulstar-ha115', NULL, NULL, 0, 0, '2025-12-01 16:31:28', '2025-12-01 16:31:28'),
(483, 7, '.5', '5', NULL, NULL, 0, 0, '2025-12-01 16:31:29', '2025-12-07 04:50:18'),
(484, 8, '245/70R19.5', '24570r195', NULL, NULL, 0, 0, '2025-12-01 16:31:29', '2025-12-07 04:50:18'),
(485, 9, '136/134', '136134', NULL, NULL, 0, 0, '2025-12-01 16:31:29', '2025-12-07 04:50:18'),
(486, 11, 'HAULSTAR HA615', 'haulstar-ha615', NULL, NULL, 0, 0, '2025-12-01 16:31:29', '2025-12-07 04:51:06'),
(487, 11, 'HAULSTAR HA615', 'haulstar-ha615-1', NULL, NULL, 0, 0, '2025-12-01 16:31:29', '2025-12-01 16:31:29'),
(488, 11, 'HAULSTAR HA615', 'haulstar-ha615-2', NULL, NULL, 0, 0, '2025-12-01 16:31:29', '2025-12-01 16:31:29'),
(489, 8, '205/75R17.5', '20575r175', NULL, NULL, 0, 0, '2025-12-01 16:31:29', '2025-12-07 04:51:06'),
(490, 9, '124/122', '124122', NULL, NULL, 0, 0, '2025-12-01 16:31:29', '2025-12-07 04:51:06'),
(491, 11, 'HAULSTAR HA615', 'haulstar-ha615-3', NULL, NULL, 0, 0, '2025-12-01 16:31:29', '2025-12-01 16:31:29'),
(492, 5, '8.25', '825', NULL, NULL, 0, 0, '2025-12-01 16:31:29', '2025-12-07 04:52:07'),
(493, 8, '8.25R16', '825r16', NULL, NULL, 0, 0, '2025-12-01 16:31:29', '2025-12-07 04:52:07'),
(494, 9, '132/128', '132128', NULL, NULL, 0, 0, '2025-12-01 16:31:29', '2025-12-07 04:52:07'),
(495, 11, 'HAULSTAR HA635', 'haulstar-ha635', NULL, NULL, 0, 0, '2025-12-01 16:31:29', '2025-12-07 04:52:07'),
(496, 8, '195/60R16', '19560r16', NULL, NULL, 0, 0, '2025-12-01 16:31:30', '2025-12-07 05:53:25'),
(497, 11, 'HEADWAY HH301', 'headway-hh301', NULL, NULL, 0, 0, '2025-12-01 16:31:30', '2025-12-07 05:53:25'),
(498, 8, '205/65R16', '20565r16', NULL, NULL, 0, 0, '2025-12-01 16:31:30', '2025-12-07 06:02:47'),
(499, 9, '107/105', '107105', NULL, NULL, 0, 0, '2025-12-01 16:31:30', '2025-12-07 06:02:47'),
(500, 11, 'HEADWAY HR601', 'headway-hr601', NULL, NULL, 0, 0, '2025-12-01 16:31:30', '2025-12-07 06:02:47'),
(501, 8, '195/75R16', '19575r16', NULL, NULL, 0, 0, '2025-12-01 16:31:31', '2025-12-07 05:52:36'),
(502, 9, '107/105', '107105-1', NULL, NULL, 0, 0, '2025-12-01 16:31:31', '2025-12-01 16:31:31'),
(503, 11, 'HEADWAY HR601', 'headway-hr601-1', NULL, NULL, 0, 0, '2025-12-01 16:31:31', '2025-12-01 16:31:31'),
(504, 8, '195/50R16', '19550r16', NULL, NULL, 0, 0, '2025-12-01 16:31:31', '2025-12-07 05:51:34'),
(505, 11, 'HEADWAY HU901', 'headway-hu901', NULL, NULL, 0, 0, '2025-12-01 16:31:31', '2025-12-07 21:02:24'),
(506, 8, '255/40R19', '25540r19', NULL, NULL, 0, 0, '2025-12-01 16:31:31', '2025-12-07 21:01:47'),
(507, 11, 'HEADWAY HU901', 'headway-hu901-1', NULL, NULL, 0, 0, '2025-12-01 16:31:31', '2025-12-01 16:31:31'),
(508, 8, '205/45R17', '20545r17', NULL, NULL, 0, 0, '2025-12-01 16:31:31', '2025-12-07 05:57:37'),
(509, 11, 'HEADWAY HU901', 'headway-hu901-2', NULL, NULL, 0, 0, '2025-12-01 16:31:31', '2025-12-01 16:31:31'),
(510, 11, 'HEADWAY HU901', 'headway-hu901-3', NULL, NULL, 0, 0, '2025-12-01 16:31:31', '2025-12-01 16:31:31'),
(511, 8, '225/55R19', '22555r19', NULL, NULL, 0, 0, '2025-12-01 16:31:31', '2025-12-01 16:31:31'),
(512, 11, 'HEADWAY XS01', 'headway-xs01', NULL, NULL, 0, 0, '2025-12-01 16:31:31', '2025-12-01 16:31:31'),
(513, 11, 'HORIZON HR602', 'horizon-hr602', NULL, NULL, 0, 0, '2025-12-01 16:31:32', '2025-12-01 16:31:32'),
(514, 11, 'HORIZON HU901', 'horizon-hu901', NULL, NULL, 0, 0, '2025-12-01 16:31:32', '2025-12-07 21:02:39'),
(515, 11, 'HS63', 'hs63', NULL, NULL, 0, 0, '2025-12-01 16:31:32', '2025-12-07 06:03:59'),
(516, 11, 'L-COMFORT68', 'l-comfort68', NULL, NULL, 0, 0, '2025-12-01 16:31:32', '2025-12-01 16:31:32'),
(517, 8, '215/70R15', '21570r15', NULL, NULL, 0, 0, '2025-12-01 16:31:32', '2025-12-01 16:31:32'),
(518, 11, 'L-COMFORT68', 'l-comfort68-1', NULL, NULL, 0, 0, '2025-12-01 16:31:32', '2025-12-01 16:31:32'),
(519, 11, 'L-GRIP16', 'l-grip16', NULL, NULL, 0, 0, '2025-12-01 16:31:32', '2025-12-01 16:31:32'),
(520, 11, 'L-GRIP55', 'l-grip55', NULL, NULL, 0, 0, '2025-12-01 16:31:33', '2025-12-08 05:33:50'),
(521, 11, 'L-GRIP55', 'l-grip55-1', NULL, NULL, 0, 0, '2025-12-01 16:31:33', '2025-12-01 16:31:33'),
(522, 8, '185/55R16', '18555r16', NULL, NULL, 0, 0, '2025-12-01 16:31:33', '2025-12-08 05:33:50'),
(523, 11, 'L-GRIP55', 'l-grip55-2', NULL, NULL, 0, 0, '2025-12-01 16:31:33', '2025-12-01 16:31:33'),
(524, 11, 'L-GRIP55', 'l-grip55-3', NULL, NULL, 0, 0, '2025-12-01 16:31:33', '2025-12-01 16:31:33'),
(525, 11, 'L-GRIP55', 'l-grip55-4', NULL, NULL, 0, 0, '2025-12-01 16:31:33', '2025-12-01 16:31:33'),
(526, 11, 'L-GRIP55', 'l-grip55-5', NULL, NULL, 0, 0, '2025-12-01 16:31:33', '2025-12-01 16:31:33'),
(527, 8, '165/70R14', '16570r14', NULL, NULL, 0, 0, '2025-12-01 16:31:34', '2025-12-01 16:31:34'),
(528, 11, 'L-GRIP55', 'l-grip55-6', NULL, NULL, 0, 0, '2025-12-01 16:31:34', '2025-12-01 16:31:34'),
(529, 8, '175/60R15', '17560r15', NULL, NULL, 0, 0, '2025-12-01 16:31:34', '2025-12-01 16:31:34'),
(530, 11, 'L-GRIP55', 'l-grip55-7', NULL, NULL, 0, 0, '2025-12-01 16:31:34', '2025-12-01 16:31:34'),
(531, 8, '155/65R14', '15565r14', NULL, NULL, 0, 0, '2025-12-01 16:31:34', '2025-12-01 16:31:34'),
(532, 9, '75', '75-2', NULL, NULL, 0, 0, '2025-12-01 16:31:34', '2025-12-01 16:31:34'),
(533, 11, 'L-GRIP55', 'l-grip55-8', NULL, NULL, 0, 0, '2025-12-01 16:31:34', '2025-12-01 16:31:34'),
(534, 11, 'L-GRIP55', 'l-grip55', NULL, NULL, 0, 0, '2025-12-01 16:31:34', '2025-12-06 08:25:46'),
(535, 8, '195/60R14', '19560r14', NULL, NULL, 0, 0, '2025-12-01 16:31:34', '2025-12-01 16:31:34'),
(536, 11, 'L-GRIP66', 'l-grip66-1', NULL, NULL, 0, 0, '2025-12-01 16:31:34', '2025-12-01 16:31:34'),
(537, 8, '185/60R16', '18560r16', NULL, NULL, 0, 0, '2025-12-01 16:31:34', '2025-12-01 16:31:34'),
(538, 11, 'L-GRIP66', 'l-grip66-2', NULL, NULL, 0, 0, '2025-12-01 16:31:34', '2025-12-01 16:31:34'),
(539, 8, '235/60R16', '23560r16', NULL, NULL, 0, 0, '2025-12-01 16:31:35', '2025-12-01 16:31:35'),
(540, 8, '205/50R15', '20550r15', NULL, NULL, 0, 0, '2025-12-01 16:31:35', '2025-12-06 08:24:46'),
(541, 8, '165/65R14', '16565r14', NULL, NULL, 0, 0, '2025-12-01 16:31:35', '2025-12-07 05:41:41'),
(542, 9, '79', '79', NULL, NULL, 0, 0, '2025-12-01 16:31:35', '2025-12-07 05:41:41'),
(543, 8, '215/70R16C', '21570r16c', NULL, NULL, 0, 0, '2025-12-01 16:31:36', '2025-12-07 09:11:51'),
(544, 9, '108/106', '108106', NULL, NULL, 0, 0, '2025-12-01 16:31:36', '2025-12-07 09:11:51'),
(545, 11, 'L-MAX9', 'l-max9', NULL, NULL, 0, 0, '2025-12-01 16:31:36', '2025-12-07 09:11:51'),
(546, 8, '165R14LT', '165r14lt', NULL, NULL, 0, 0, '2025-12-01 16:31:36', '2025-12-01 16:31:36'),
(547, 9, '91/90', '9190', NULL, NULL, 0, 0, '2025-12-01 16:31:36', '2025-12-01 16:31:36'),
(548, 11, 'L-POWER28', 'l-power28', NULL, NULL, 0, 0, '2025-12-01 16:31:36', '2025-12-01 16:31:36'),
(549, 8, '5.00R12LT', '500r12lt', NULL, NULL, 0, 0, '2025-12-01 16:31:36', '2025-12-01 16:31:36'),
(550, 9, '83/81', '8381', NULL, NULL, 0, 0, '2025-12-01 16:31:36', '2025-12-01 16:31:36'),
(551, 11, 'L-POWER28', 'l-power28-1', NULL, NULL, 0, 0, '2025-12-01 16:31:36', '2025-12-01 16:31:36'),
(552, 8, '165R13LT', '165r13lt', NULL, NULL, 0, 0, '2025-12-01 16:31:36', '2025-12-01 16:31:36'),
(553, 11, 'L-POWER28', 'l-power28-2', NULL, NULL, 0, 0, '2025-12-01 16:31:36', '2025-12-01 16:31:36'),
(554, 8, '155R12', '155r12', NULL, NULL, 0, 0, '2025-12-01 16:31:37', '2025-12-01 16:31:37'),
(555, 9, '88/86', '8886', NULL, NULL, 0, 0, '2025-12-01 16:31:37', '2025-12-01 16:31:37'),
(556, 11, 'L-POWER28', 'l-power28-3', NULL, NULL, 0, 0, '2025-12-01 16:31:37', '2025-12-01 16:31:37'),
(557, 8, '175R14LT', '175r14lt', NULL, NULL, 0, 0, '2025-12-01 16:31:37', '2025-12-01 16:31:37'),
(558, 9, '99/97', '9997', NULL, NULL, 0, 0, '2025-12-01 16:31:37', '2025-12-01 16:31:37'),
(559, 11, 'L-POWER28', 'l-power28-4', NULL, NULL, 0, 0, '2025-12-01 16:31:37', '2025-12-01 16:31:37'),
(560, 8, '175R13LT', '175r13lt', NULL, NULL, 0, 0, '2025-12-01 16:31:37', '2025-12-01 16:31:37'),
(561, 9, '97/95', '9795', NULL, NULL, 0, 0, '2025-12-01 16:31:37', '2025-12-01 16:31:37'),
(562, 11, 'L-POWER28', 'l-power28-5', NULL, NULL, 0, 0, '2025-12-01 16:31:37', '2025-12-01 16:31:37'),
(563, 8, '155R13C', '155r13c', NULL, NULL, 0, 0, '2025-12-01 16:31:37', '2025-12-01 16:31:37'),
(564, 11, 'L-POWER28', 'l-power28-6', NULL, NULL, 0, 0, '2025-12-01 16:31:37', '2025-12-01 16:31:37'),
(565, 8, '185/75R16C', '18575r16c', NULL, NULL, 0, 0, '2025-12-01 16:31:38', '2025-12-07 04:05:34'),
(566, 9, '104/102', '104102', NULL, NULL, 0, 0, '2025-12-01 16:31:38', '2025-12-07 05:54:48'),
(567, 11, 'L-STRONG36', 'l-strong36', NULL, NULL, 0, 0, '2025-12-01 16:31:38', '2025-12-07 04:05:34'),
(568, 8, '195/70R15C', '19570r15c', NULL, NULL, 0, 0, '2025-12-01 16:31:38', '2025-12-07 04:05:12');
INSERT INTO `ec_product_attributes` (`id`, `attribute_set_id`, `title`, `slug`, `color`, `image`, `is_default`, `order`, `created_at`, `updated_at`) VALUES
(569, 9, '104/102', '104102-1', NULL, NULL, 0, 0, '2025-12-01 16:31:38', '2025-12-01 16:31:38'),
(570, 11, 'L-STRONG36', 'l-strong36-1', NULL, NULL, 0, 0, '2025-12-01 16:31:38', '2025-12-01 16:31:38'),
(571, 8, '235/40R18', '23540r18', NULL, NULL, 0, 0, '2025-12-01 16:31:38', '2025-12-07 05:33:21'),
(572, 11, 'L-ZEAL56', 'l-zeal56', NULL, NULL, 0, 0, '2025-12-01 16:31:38', '2025-12-09 14:49:18'),
(573, 8, '235/55R19', '23555r19', NULL, NULL, 0, 0, '2025-12-01 16:31:39', '2025-12-07 04:09:27'),
(574, 11, 'L-ZEAL56', 'l-zeal56-1', NULL, NULL, 0, 0, '2025-12-01 16:31:39', '2025-12-01 16:31:39'),
(575, 8, '225/35R20', '22535r20', NULL, NULL, 0, 0, '2025-12-01 16:31:39', '2025-12-01 16:31:39'),
(576, 9, '90', '90', NULL, NULL, 0, 0, '2025-12-01 16:31:39', '2025-12-01 16:31:39'),
(577, 11, 'L-ZEAL56', 'l-zeal56-2', NULL, NULL, 0, 0, '2025-12-01 16:31:39', '2025-12-01 16:31:39'),
(578, 11, 'L-ZEAL56', 'l-zeal56-3', NULL, NULL, 0, 0, '2025-12-01 16:31:39', '2025-12-01 16:31:39'),
(579, 8, '235/35R19', '23535r19', NULL, NULL, 0, 0, '2025-12-01 16:31:39', '2025-12-09 14:49:18'),
(580, 11, 'L-ZEAL56', 'l-zeal56-4', NULL, NULL, 0, 0, '2025-12-01 16:31:39', '2025-12-01 16:31:39'),
(581, 11, 'L-ZEAL56', 'l-zeal56-5', NULL, NULL, 0, 0, '2025-12-01 16:31:39', '2025-12-01 16:31:39'),
(582, 11, 'L-ZEAL56', 'l-zeal56-6', NULL, NULL, 0, 0, '2025-12-01 16:31:39', '2025-12-01 16:31:39'),
(583, 8, '235/45R18', '23545r18', NULL, NULL, 0, 0, '2025-12-01 16:31:40', '2025-12-07 05:33:53'),
(584, 11, 'L-ZEAL56', 'l-zeal56-7', NULL, NULL, 0, 0, '2025-12-01 16:31:40', '2025-12-01 16:31:40'),
(585, 8, '235/50R19', '23550r19', NULL, NULL, 0, 0, '2025-12-01 16:31:40', '2025-12-07 05:34:19'),
(586, 11, 'L-ZEAL56', 'l-zeal56-8', NULL, NULL, 0, 0, '2025-12-01 16:31:40', '2025-12-01 16:31:40'),
(587, 8, '225/50R17', '22550r17', NULL, NULL, 0, 0, '2025-12-01 16:31:40', '2025-12-01 16:31:40'),
(588, 11, 'L-ZEAL56', 'l-zeal56-9', NULL, NULL, 0, 0, '2025-12-01 16:31:40', '2025-12-01 16:31:40'),
(589, 8, '225/50ZR18', '22550zr18', NULL, NULL, 0, 0, '2025-12-01 16:31:41', '2025-12-01 16:31:41'),
(590, 8, '245/40ZR19', '24540zr19', NULL, NULL, 0, 0, '2025-12-01 16:31:41', '2025-12-01 16:31:41'),
(591, 8, '225/45R17', '22545r17', NULL, NULL, 0, 0, '2025-12-01 16:31:41', '2025-12-07 20:54:33'),
(592, 8, '215/45R17', '21545r17', NULL, NULL, 0, 0, '2025-12-01 16:31:41', '2025-12-07 20:53:50'),
(593, 8, '225/35R19', '22535r19', NULL, NULL, 0, 0, '2025-12-01 16:31:41', '2025-12-01 16:31:41'),
(594, 8, '235/55R20', '23555r20', NULL, NULL, 0, 0, '2025-12-01 16:31:41', '2025-12-01 16:31:41'),
(595, 8, '235/30R22', '23530r22', NULL, NULL, 0, 0, '2025-12-01 16:31:42', '2025-12-01 16:31:42'),
(596, 8, '255/45ZR20', '25545zr20', NULL, NULL, 0, 0, '2025-12-01 16:31:42', '2025-12-01 16:31:42'),
(597, 8, '245/40ZR20', '24540zr20', NULL, NULL, 0, 0, '2025-12-01 16:31:42', '2025-12-01 16:31:42'),
(598, 8, '285/30R20', '28530r20', NULL, NULL, 0, 0, '2025-12-01 16:31:42', '2025-12-01 16:31:42'),
(599, 8, '275/40R19', '27540r19', NULL, NULL, 0, 0, '2025-12-01 16:31:42', '2025-12-01 16:31:42'),
(600, 8, '265/30R19', '26530r19', NULL, NULL, 0, 0, '2025-12-01 16:31:43', '2025-12-01 16:31:43'),
(601, 8, '265/40R18', '26540r18', NULL, NULL, 0, 0, '2025-12-01 16:31:43', '2025-12-01 16:31:43'),
(602, 9, '101', '101', NULL, NULL, 0, 0, '2025-12-01 16:31:43', '2025-12-07 05:34:05'),
(603, 8, '285/35R18', '28535r18', NULL, NULL, 0, 0, '2025-12-01 16:31:43', '2025-12-01 16:31:43'),
(604, 9, '101', '101-1', NULL, NULL, 0, 0, '2025-12-01 16:31:43', '2025-12-01 16:31:43'),
(605, 8, '315/35R20', '31535r20', NULL, NULL, 0, 0, '2025-12-01 16:31:43', '2025-12-05 14:25:28'),
(606, 8, '225/55R17', '22555r17', NULL, NULL, 0, 0, '2025-12-01 16:39:27', '2025-12-07 05:32:56'),
(607, 8, '275/40R20', '27540r20', NULL, NULL, 0, 0, '2025-12-01 16:39:28', '2025-12-02 10:30:38'),
(608, 8, '265/30ZR22', '26530zr22', NULL, NULL, 0, 0, '2025-12-01 16:39:28', '2025-12-01 16:39:28'),
(609, 8, '245/50R19', '24550r19', NULL, NULL, 0, 0, '2025-12-01 16:39:28', '2025-12-01 16:39:28'),
(610, 8, '245/40R18', '24540r18', NULL, NULL, 0, 0, '2025-12-01 16:39:28', '2025-12-07 05:35:21'),
(611, 8, '245/40R19', '24540r19', NULL, NULL, 0, 0, '2025-12-01 16:39:29', '2025-12-01 16:39:29'),
(612, 8, '235/50R17', '23550r17', NULL, NULL, 0, 0, '2025-12-01 16:39:29', '2025-12-01 16:39:29'),
(613, 8, '245/45R19', '24545r19', NULL, NULL, 0, 0, '2025-12-01 16:39:30', '2025-12-07 05:35:36'),
(614, 8, '265/45ZR20', '26545zr20', NULL, NULL, 0, 0, '2025-12-01 16:39:30', '2025-12-06 08:26:48'),
(615, 7, '21', '21', NULL, NULL, 0, 0, '2025-12-01 16:39:30', '2025-12-07 05:39:14'),
(616, 8, '315/40R21', '31540r21', NULL, NULL, 0, 0, '2025-12-01 16:39:30', '2025-12-07 05:39:14'),
(617, 8, '235/35R20', '23535r20', NULL, NULL, 0, 0, '2025-12-01 16:39:30', '2025-12-01 16:39:30'),
(618, 8, '255/35R20', '25535r20', NULL, NULL, 0, 0, '2025-12-01 16:39:31', '2025-12-07 05:36:08'),
(619, 8, '255/45ZR21', '25545zr21', NULL, NULL, 0, 0, '2025-12-01 16:39:31', '2025-12-07 04:09:50'),
(620, 11, 'X-MASTER EV', 'x-master-ev', NULL, NULL, 0, 0, '2025-12-01 16:39:31', '2025-12-07 04:10:58'),
(621, 11, 'MASTER EV', 'master-ev-1', NULL, NULL, 0, 0, '2025-12-01 16:39:31', '2025-12-01 16:39:31'),
(622, 8, '255/35ZR21', '25535zr21', NULL, NULL, 0, 0, '2025-12-01 16:39:31', '2025-12-07 04:10:07'),
(623, 11, 'MASTER EV', 'master-ev-2', NULL, NULL, 0, 0, '2025-12-01 16:39:31', '2025-12-01 16:39:31'),
(624, 8, '255/45ZR19', '25545zr19', NULL, NULL, 0, 0, '2025-12-01 16:39:32', '2025-12-07 04:10:23'),
(625, 8, '275/35ZR21', '27535zr21', NULL, NULL, 0, 0, '2025-12-01 16:39:32', '2025-12-07 04:10:39'),
(626, 8, '265/45ZR21', '26545zr21', NULL, NULL, 0, 0, '2025-12-01 16:39:32', '2025-12-07 04:10:58'),
(627, 11, 'NF SU1', 'nf-su1', NULL, NULL, 0, 0, '2025-12-01 16:39:32', '2025-12-01 16:39:32'),
(628, 11, 'N\'PRIZ SH91', 'npriz-sh91', NULL, NULL, 0, 0, '2025-12-01 16:39:32', '2025-12-07 21:03:40'),
(629, 9, '116/113', '116113', NULL, NULL, 0, 0, '2025-12-01 16:39:33', '2025-12-01 16:39:33'),
(630, 11, 'PENTERRA R/T', 'penterra-rt', NULL, NULL, 0, 0, '2025-12-01 16:39:33', '2025-12-06 08:28:57'),
(631, 8, '235/75R15 W', '23575r15-w', NULL, NULL, 0, 0, '2025-12-01 16:39:33', '2025-12-01 16:39:33'),
(632, 11, 'PENTERRA R/T', 'penterra-rt-1', NULL, NULL, 0, 0, '2025-12-01 16:39:33', '2025-12-01 16:39:33'),
(633, 9, '116/113', '116113-1', NULL, NULL, 0, 0, '2025-12-01 16:39:33', '2025-12-01 16:39:33'),
(634, 11, 'PENTERRA R/T', 'penterra-rt-2', NULL, NULL, 0, 0, '2025-12-01 16:39:33', '2025-12-01 16:39:33'),
(635, 8, '265/50R20 W', '26550r20-w', NULL, NULL, 0, 0, '2025-12-01 16:39:33', '2025-12-01 16:39:33'),
(636, 11, 'PENTERRA R/T', 'penterra-rt-3', NULL, NULL, 0, 0, '2025-12-01 16:39:33', '2025-12-01 16:39:33'),
(637, 8, '285/55R20LT', '28555r20lt', NULL, NULL, 0, 0, '2025-12-01 16:39:34', '2025-12-01 16:39:34'),
(638, 8, '265/70R15', '26570r15', NULL, NULL, 0, 0, '2025-12-01 16:39:35', '2025-12-01 16:39:35'),
(639, 8, '235/65R19', '23565r19', NULL, NULL, 0, 0, '2025-12-01 16:39:35', '2025-12-01 16:39:35'),
(640, 8, '285/60R18', '28560r18', NULL, NULL, 0, 0, '2025-12-01 16:39:35', '2025-12-01 16:39:35'),
(641, 11, 'PROCTX D7', 'proctx-d7', NULL, NULL, 0, 0, '2025-12-01 16:39:36', '2025-12-01 16:39:36'),
(642, 11, 'R330', 'r330', NULL, NULL, 0, 0, '2025-12-01 16:39:36', '2025-12-01 16:39:36'),
(643, 11, 'RADIAL 109', 'radial-109', NULL, NULL, 0, 0, '2025-12-01 16:39:37', '2025-12-07 05:41:41'),
(644, 8, '235/55R17', '23555r17', NULL, NULL, 0, 0, '2025-12-01 16:39:37', '2025-12-01 16:39:37'),
(645, 11, 'RADIAL F105', 'radial-f105', NULL, NULL, 0, 0, '2025-12-01 16:39:37', '2025-12-07 05:49:16'),
(646, 8, '195/45R16', '19545r16', NULL, NULL, 0, 0, '2025-12-01 16:39:37', '2025-12-07 05:49:16'),
(647, 11, 'RADIAL F105', 'radial-f105-1', NULL, NULL, 0, 0, '2025-12-01 16:39:37', '2025-12-01 16:39:37'),
(648, 11, 'ROADCRUZA RA1100 A/T', 'roadcruza-ra1100-at', NULL, NULL, 0, 0, '2025-12-01 16:39:37', '2025-12-01 16:39:37'),
(649, 11, 'ROADCRUZA RA1100 X/T', 'roadcruza-ra1100-xt', NULL, NULL, 0, 0, '2025-12-01 16:39:38', '2025-12-01 16:39:38'),
(650, 11, 'ROADCRUZA RA7000 X/T', 'roadcruza-ra7000-xt', NULL, NULL, 0, 0, '2025-12-01 16:39:38', '2025-12-01 16:39:38'),
(651, 11, 'ROADCRUZA RA7000 X/T', 'roadcruza-ra7000-xt-1', NULL, NULL, 0, 0, '2025-12-01 16:39:38', '2025-12-01 16:39:38'),
(652, 11, 'ROADCRUZA RA7000 X/T', 'roadcruza-ra7000-xt-2', NULL, NULL, 0, 0, '2025-12-01 16:39:38', '2025-12-01 16:39:38'),
(653, 11, 'ROADCRUZA RA7000 X/T', 'roadcruza-ra7000-xt-3', NULL, NULL, 0, 0, '2025-12-01 16:39:38', '2025-12-01 16:39:38'),
(654, 11, 'ROADCRUZA RA8000 R/T', 'roadcruza-ra8000-rt', NULL, NULL, 0, 0, '2025-12-01 16:39:39', '2025-12-01 16:39:39'),
(655, 8, '235/65R16LT', '23565r16lt', NULL, NULL, 0, 0, '2025-12-01 16:39:39', '2025-12-01 16:39:39'),
(656, 11, 'ROADIAN CT8', 'roadian-ct8', NULL, NULL, 0, 0, '2025-12-01 16:39:39', '2025-12-01 16:39:39'),
(657, 11, 'ROADIAN MTX', 'roadian-mtx', NULL, NULL, 0, 0, '2025-12-01 16:39:39', '2025-12-01 16:39:39'),
(658, 11, 'ROADIAN MTX', 'roadian-mtx-1', NULL, NULL, 0, 0, '2025-12-01 16:39:40', '2025-12-01 16:39:40'),
(659, 8, '33x12.50R15', '33x1250r15', NULL, NULL, 0, 0, '2025-12-01 16:39:40', '2025-12-01 16:39:40'),
(660, 8, '33x12.50R15', '33x1250r15-1', NULL, NULL, 0, 0, '2025-12-01 16:39:40', '2025-12-01 16:39:40'),
(661, 11, 'ROADIAN PRO A/T', 'roadian-pro-at', NULL, NULL, 0, 0, '2025-12-01 16:39:40', '2025-12-01 16:39:40'),
(662, 11, 'ROADIAN PRO A/T', 'roadian-pro-at-1', NULL, NULL, 0, 0, '2025-12-01 16:39:41', '2025-12-01 16:39:41'),
(663, 11, 'ROCK 727', 'rock-727', NULL, NULL, 0, 0, '2025-12-01 16:39:41', '2025-12-01 16:39:41'),
(664, 8, '235/65R16C', '23565r16c', NULL, NULL, 0, 0, '2025-12-01 16:39:41', '2025-12-01 16:39:41'),
(665, 11, 'ROCK 838C', 'rock-838c', NULL, NULL, 0, 0, '2025-12-01 16:39:41', '2025-12-01 16:39:41'),
(666, 8, '235/75R15', '23575r15', NULL, NULL, 0, 0, '2025-12-01 16:39:42', '2025-12-01 16:39:42'),
(667, 11, 'SETULA A-RACE AT01 A/T', 'setula-a-race-at01-at', NULL, NULL, 0, 0, '2025-12-01 16:39:42', '2025-12-01 16:39:42'),
(668, 11, 'SETULA A-RACE AT01 A/T', 'setula-a-race-at01-at-1', NULL, NULL, 0, 0, '2025-12-01 16:39:42', '2025-12-01 16:39:42'),
(669, 11, 'SETULA A-RACE AT08 A/T', 'setula-a-race-at08-at', NULL, NULL, 0, 0, '2025-12-01 16:39:42', '2025-12-01 16:39:42'),
(670, 8, '245/70R17', '24570r17', NULL, NULL, 0, 0, '2025-12-01 16:39:43', '2025-12-01 16:39:43'),
(671, 8, '255/70R16', '25570r16', NULL, NULL, 0, 0, '2025-12-01 16:39:43', '2025-12-01 16:39:43'),
(672, 8, '215/65R15', '21565r15', NULL, NULL, 0, 0, '2025-12-01 16:39:44', '2025-12-01 16:39:44'),
(673, 11, 'SETULA E-RACE RH01', 'setula-e-race-rh01', NULL, NULL, 0, 0, '2025-12-01 16:39:44', '2025-12-07 05:56:37'),
(674, 8, '205/50R16', '20550r16', NULL, NULL, 0, 0, '2025-12-01 16:39:44', '2025-12-07 05:56:37'),
(675, 11, 'SETULA E-RACE RH01', 'setula-e-race-rh01-1', NULL, NULL, 0, 0, '2025-12-01 16:39:44', '2025-12-01 16:39:44'),
(676, 8, '225/55R16', '22555r16', NULL, NULL, 0, 0, '2025-12-01 16:39:44', '2025-12-01 16:39:44'),
(677, 11, 'SETULA E-RACE RH01', 'setula-e-race-rh01-2', NULL, NULL, 0, 0, '2025-12-01 16:39:44', '2025-12-01 16:39:44'),
(678, 8, '205/55R15', '20555r15', NULL, NULL, 0, 0, '2025-12-01 16:39:44', '2025-12-01 16:39:44'),
(679, 11, 'SETULA E-RACE RH01', 'setula-e-race-rh01-3', NULL, NULL, 0, 0, '2025-12-01 16:39:44', '2025-12-01 16:39:44'),
(680, 11, 'SETULA E-RACE RH05', 'setula-e-race-rh05', NULL, NULL, 0, 0, '2025-12-01 16:39:45', '2025-12-07 06:01:50'),
(681, 11, 'SETULA E-RACE RH05', 'setula-e-race-rh05-1', NULL, NULL, 0, 0, '2025-12-01 16:39:45', '2025-12-01 16:39:45'),
(682, 11, 'SETULA E-RACE RH05', 'setula-e-race-rh05-2', NULL, NULL, 0, 0, '2025-12-01 16:39:45', '2025-12-01 16:39:45'),
(683, 11, 'SETULA E-RACE RH05', 'setula-e-race-rh05-3', NULL, NULL, 0, 0, '2025-12-01 16:39:45', '2025-12-01 16:39:45'),
(684, 11, 'SETULA E-RACE RH05', 'setula-e-race-rh05-4', NULL, NULL, 0, 0, '2025-12-01 16:39:45', '2025-12-01 16:39:45'),
(685, 11, 'SETULA M-RACE M/T', 'setula-m-race-mt', NULL, NULL, 0, 0, '2025-12-01 16:39:46', '2025-12-01 16:39:46'),
(686, 11, 'SETULA M-RACE M/T', 'setula-m-race-mt-1', NULL, NULL, 0, 0, '2025-12-01 16:39:46', '2025-12-01 16:39:46'),
(687, 8, '275/40R22', '27540r22', NULL, NULL, 0, 0, '2025-12-01 16:39:46', '2025-12-07 05:38:16'),
(688, 11, 'SETULA S-RACE RS01+', 'setula-s-race-rs01', NULL, NULL, 0, 0, '2025-12-01 16:39:46', '2025-12-07 05:39:14'),
(689, 8, '285/35R22', '28535r22', NULL, NULL, 0, 0, '2025-12-01 16:39:47', '2025-12-07 05:39:02'),
(690, 11, 'SETULA S-RACE RS01+', 'setula-s-race-rs01-1', NULL, NULL, 0, 0, '2025-12-01 16:39:47', '2025-12-01 16:39:47'),
(691, 11, 'SETULA S-RACE RS01+', 'setula-s-race-rs01-2', NULL, NULL, 0, 0, '2025-12-01 16:39:47', '2025-12-01 16:39:47'),
(692, 8, '275/45R20', '27545r20', NULL, NULL, 0, 0, '2025-12-01 16:39:47', '2025-12-07 05:38:30'),
(693, 8, '275/45R21', '27545r21', NULL, NULL, 0, 0, '2025-12-01 16:39:47', '2025-12-07 05:38:45'),
(694, 11, 'SETULA S-RACE RU01', 'setula-s-race-ru01', NULL, NULL, 0, 0, '2025-12-01 16:39:48', '2025-12-07 05:37:01'),
(695, 11, 'SETULA S-RACE RU01', 'setula-s-race-ru01-1', NULL, NULL, 0, 0, '2025-12-01 16:39:48', '2025-12-01 16:39:48'),
(696, 11, 'SETULA S-RACE RU01', 'setula-s-race-ru01-2', NULL, NULL, 0, 0, '2025-12-01 16:39:48', '2025-12-01 16:39:48'),
(697, 8, '245/35R20', '24535r20', NULL, NULL, 0, 0, '2025-12-01 16:39:49', '2025-12-07 05:35:06'),
(698, 8, '235/50R18', '23550r18', NULL, NULL, 0, 0, '2025-12-01 16:39:49', '2025-12-07 05:34:05'),
(699, 8, '205/45R16', '20545r16', NULL, NULL, 0, 0, '2025-12-01 16:39:49', '2025-12-07 05:29:25'),
(700, 8, '215/40R17', '21540r17', NULL, NULL, 0, 0, '2025-12-01 16:39:50', '2025-12-07 05:31:33'),
(701, 8, '205/55R17', '20555r17', NULL, NULL, 0, 0, '2025-12-01 16:39:50', '2025-12-07 05:29:51'),
(702, 8, '215/50R18', '21550r18', NULL, NULL, 0, 0, '2025-12-01 16:39:50', '2025-12-07 05:31:46'),
(703, 8, '225/45R18', '22545r18', NULL, NULL, 0, 0, '2025-12-01 16:39:50', '2025-12-07 20:54:18'),
(704, 8, '245/55R19', '24555r19', NULL, NULL, 0, 0, '2025-12-01 16:39:51', '2025-12-07 05:35:50'),
(705, 8, '215/35R18', '21535r18', NULL, NULL, 0, 0, '2025-12-01 16:39:51', '2025-12-07 05:31:19'),
(706, 8, '275/35R20', '27535r20', NULL, NULL, 0, 0, '2025-12-01 16:39:51', '2025-12-07 05:37:01'),
(707, 8, '235/40R19', '23540r19', NULL, NULL, 0, 0, '2025-12-01 16:39:52', '2025-12-07 05:33:35'),
(708, 8, '255/45R18', '25545r18', NULL, NULL, 0, 0, '2025-12-01 16:39:52', '2025-12-07 05:36:21'),
(709, 8, '215/55R18', '21555r18', NULL, NULL, 0, 0, '2025-12-01 16:39:52', '2025-12-07 05:32:01'),
(710, 8, '275/35R19', '27535r19', NULL, NULL, 0, 0, '2025-12-01 16:39:53', '2025-12-07 05:36:48'),
(711, 8, '225/40R19', '22540r19', NULL, NULL, 0, 0, '2025-12-01 16:39:53', '2025-12-07 05:32:15'),
(712, 8, '225/50R18', '22550r18', NULL, NULL, 0, 0, '2025-12-01 16:39:53', '2025-12-07 05:32:41'),
(713, 8, '245/35R18', '24535r18', NULL, NULL, 0, 0, '2025-12-01 16:39:54', '2025-12-07 05:34:51'),
(714, 8, '255/45R20', '25545r20', NULL, NULL, 0, 0, '2025-12-01 16:39:54', '2025-12-07 05:36:33'),
(715, 8, '215/75R16', '21575r16', NULL, NULL, 0, 0, '2025-12-01 16:39:54', '2025-12-01 16:39:54'),
(716, 11, 'SETULA V-RACE RF19', 'setula-v-race-rf19', NULL, NULL, 0, 0, '2025-12-01 16:39:54', '2025-12-01 16:39:54'),
(717, 8, '215/60R17C', '21560r17c', NULL, NULL, 0, 0, '2025-12-01 16:39:55', '2025-12-01 16:39:55'),
(718, 8, '215/65R16C', '21565r16c', NULL, NULL, 0, 0, '2025-12-01 16:39:55', '2025-12-07 04:14:03'),
(719, 11, 'SMARTTOUR E1', 'smarttour-e1', NULL, NULL, 0, 0, '2025-12-01 16:39:55', '2025-12-07 04:14:55'),
(720, 8, '215/70R15C', '21570r15c', NULL, NULL, 0, 0, '2025-12-01 16:39:55', '2025-12-07 04:14:34'),
(721, 11, 'SMARTTOUR E1', 'smarttour-e1-1', NULL, NULL, 0, 0, '2025-12-01 16:39:55', '2025-12-01 16:39:55'),
(722, 8, '205/65R15C', '20565r15c', NULL, NULL, 0, 0, '2025-12-01 16:39:56', '2025-12-07 04:14:55'),
(723, 11, 'SMARTTOUR E1', 'smarttour-e1-2', NULL, NULL, 0, 0, '2025-12-01 16:39:56', '2025-12-01 16:39:56'),
(724, 8, '295/45R20', '29545r20', NULL, NULL, 0, 0, '2025-12-01 16:39:56', '2025-12-01 16:39:56'),
(725, 11, 'SPEEDKING 07', 'speedking-07', NULL, NULL, 0, 0, '2025-12-01 16:39:56', '2025-12-01 16:39:56'),
(726, 8, '265/35ZR22', '26535zr22', NULL, NULL, 0, 0, '2025-12-01 16:39:57', '2025-12-01 16:39:57'),
(727, 11, 'SPEEDKING 07', 'speedking-07-1', NULL, NULL, 0, 0, '2025-12-01 16:39:57', '2025-12-01 16:39:57'),
(728, 8, '265/40R22', '26540r22', NULL, NULL, 0, 0, '2025-12-01 16:39:57', '2025-12-01 16:39:57'),
(729, 11, 'SPEEDKING 07', 'speedking-07-2', NULL, NULL, 0, 0, '2025-12-01 16:39:57', '2025-12-01 16:39:57'),
(730, 11, 'SPEEDKING 07', 'speedking-07-3', NULL, NULL, 0, 0, '2025-12-01 16:39:57', '2025-12-01 16:39:57'),
(731, 8, '285/40R22', '28540r22', NULL, NULL, 0, 0, '2025-12-01 16:39:57', '2025-12-01 16:39:57'),
(732, 11, 'SPEEDKING 07', 'speedking-07-4', NULL, NULL, 0, 0, '2025-12-01 16:39:57', '2025-12-01 16:39:57'),
(733, 11, 'SPORT+', 'sport', NULL, NULL, 0, 0, '2025-12-01 16:39:58', '2025-12-09 14:47:06'),
(734, 11, 'SPORT+ C1', 'sport-c1-1', NULL, NULL, 0, 0, '2025-12-01 16:39:58', '2025-12-01 16:39:58'),
(735, 11, 'SPORT+ C1', 'sport-c1-2', NULL, NULL, 0, 0, '2025-12-01 16:39:58', '2025-12-01 16:39:58'),
(736, 11, 'SPORT+ C1', 'sport-c1-3', NULL, NULL, 0, 0, '2025-12-01 16:39:58', '2025-12-01 16:39:58'),
(737, 11, 'SPORT+ C1', 'sport-c1-4', NULL, NULL, 0, 0, '2025-12-01 16:39:58', '2025-12-01 16:39:58'),
(738, 11, 'SPORTLINE', 'sportline', NULL, NULL, 0, 0, '2025-12-01 16:39:59', '2025-12-07 20:56:14'),
(739, 11, 'SPORTLINE C1', 'sportline-c1-1', NULL, NULL, 0, 0, '2025-12-01 16:39:59', '2025-12-01 16:39:59'),
(740, 8, '225/55R18', '22555r18', NULL, NULL, 0, 0, '2025-12-01 16:40:00', '2025-12-07 20:56:27'),
(741, 11, 'SPORTLINE', 'sportline', NULL, NULL, 0, 0, '2025-12-01 16:40:00', '2025-12-07 20:56:27'),
(742, 11, 'SPORTWAY 56', 'sportway-56', NULL, NULL, 0, 0, '2025-12-01 16:40:00', '2025-12-01 16:40:00'),
(743, 8, '33x12.50R22LT', '33x1250r22lt', NULL, NULL, 0, 0, '2025-12-01 16:40:00', '2025-12-01 16:40:00'),
(744, 8, '31x10.50R15', '31x1050r15', NULL, NULL, 0, 0, '2025-12-01 16:40:01', '2025-12-01 16:40:01'),
(745, 11, 'TERRAMAX LSR2 A/T', 'terramax-lsr2-at', NULL, NULL, 0, 0, '2025-12-01 16:40:01', '2025-12-06 08:29:48'),
(746, 9, '120', '120', NULL, NULL, 0, 0, '2025-12-01 16:40:01', '2025-12-06 08:28:12'),
(747, 10, 'S XL', 's-xl', NULL, NULL, 0, 0, '2025-12-01 16:40:01', '2025-12-01 16:40:01'),
(748, 11, 'TERRAMAX LSR2 A/T', 'terramax-lsr2-at-1', NULL, NULL, 0, 0, '2025-12-01 16:40:01', '2025-12-01 16:40:01'),
(749, 8, '255/60R18', '25560r18', NULL, NULL, 0, 0, '2025-12-01 16:40:02', '2025-12-01 16:40:02'),
(750, 8, '285/55R20', '28555r20', NULL, NULL, 0, 0, '2025-12-01 16:40:02', '2025-12-01 16:40:02'),
(751, 8, '275/65R17', '27565r17', NULL, NULL, 0, 0, '2025-12-01 16:40:03', '2025-12-01 16:40:03'),
(752, 8, '245/75R17LT', '24575r17lt', NULL, NULL, 0, 0, '2025-12-01 16:40:03', '2025-12-01 16:40:03'),
(753, 8, '305/50R20', '30550r20', NULL, NULL, 0, 0, '2025-12-01 16:40:03', '2025-12-06 08:28:12'),
(754, 8, '285/65R17', '28565r17', NULL, NULL, 0, 0, '2025-12-01 16:40:04', '2025-12-01 16:40:04'),
(755, 8, '235/40ZR19', '23540zr19', NULL, NULL, 0, 0, '2025-12-01 16:40:04', '2025-12-01 16:40:04'),
(756, 8, '255/40ZR19', '25540zr19', NULL, NULL, 0, 0, '2025-12-01 16:40:05', '2025-12-01 16:40:05'),
(757, 8, '275/35R18', '27535r18', NULL, NULL, 0, 0, '2025-12-01 16:40:05', '2025-12-01 16:40:05'),
(758, 8, '215/45R16', '21545r16', NULL, NULL, 0, 0, '2025-12-01 16:40:06', '2025-12-01 16:40:06'),
(759, 8, '255/40R18', '25540r18', NULL, NULL, 0, 0, '2025-12-01 16:40:06', '2025-12-01 16:40:06'),
(760, 8, '285/45R19', '28545r19', NULL, NULL, 0, 0, '2025-12-01 16:40:06', '2025-12-01 16:40:06'),
(761, 8, '225/50R16', '22550r16', NULL, NULL, 0, 0, '2025-12-01 16:40:07', '2025-12-01 16:40:07'),
(762, 8, '295/40R21', '29540r21', NULL, NULL, 0, 0, '2025-12-01 16:40:07', '2025-12-01 16:40:07'),
(763, 8, '265/35ZR18', '26535zr18', NULL, NULL, 0, 0, '2025-12-01 16:40:07', '2025-12-01 16:40:07'),
(764, 8, '295/35R21', '29535r21', NULL, NULL, 0, 0, '2025-12-01 16:40:08', '2025-12-01 16:40:08'),
(765, 8, '235/45R19', '23545r19', NULL, NULL, 0, 0, '2025-12-01 16:40:08', '2025-12-01 16:40:08'),
(766, 8, '33X12.50R20LT', '33x1250r20lt', NULL, NULL, 0, 0, '2025-12-01 16:40:09', '2025-12-01 16:40:09'),
(767, 11, 'TOPFORCE M/T', 'topforce-mt', NULL, NULL, 0, 0, '2025-12-01 16:40:09', '2025-12-01 16:40:09'),
(768, 11, 'TOPFORCE M/T', 'topforce-mt-1', NULL, NULL, 0, 0, '2025-12-01 16:40:09', '2025-12-01 16:40:09'),
(769, 8, '35x12.50R20LT', '35x1250r20lt', NULL, NULL, 0, 0, '2025-12-01 16:40:10', '2025-12-01 16:40:10'),
(770, 11, 'TOURWAYS 52', 'tourways-52', NULL, NULL, 0, 0, '2025-12-01 16:40:10', '2025-12-01 16:40:10'),
(771, 8, '205/70R15C', '20570r15c', NULL, NULL, 0, 0, '2025-12-01 16:40:11', '2025-12-01 16:40:11'),
(772, 11, 'TRANSPORTER RF09', 'transporter-rf09', NULL, NULL, 0, 0, '2025-12-01 16:40:11', '2025-12-01 16:40:11'),
(773, 11, 'TRANSPORTER RF09', 'transporter-rf09-1', NULL, NULL, 0, 0, '2025-12-01 16:40:11', '2025-12-01 16:40:11'),
(774, 8, '205/75R16', '20575r16', NULL, NULL, 0, 0, '2025-12-01 16:40:11', '2025-12-01 16:40:11'),
(775, 11, 'TRANSPORTER RF09', 'transporter-rf09-2', NULL, NULL, 0, 0, '2025-12-01 16:40:11', '2025-12-01 16:40:11'),
(776, 8, '225/70R15', '22570r15', NULL, NULL, 0, 0, '2025-12-01 16:40:11', '2025-12-01 16:40:11'),
(777, 9, '112/110', '112110', NULL, NULL, 0, 0, '2025-12-01 16:40:11', '2025-12-01 16:40:11'),
(778, 11, 'TRANSPORTER RF09', 'transporter-rf09-3', NULL, NULL, 0, 0, '2025-12-01 16:40:11', '2025-12-01 16:40:11'),
(779, 8, '225/65R16', '22565r16', NULL, NULL, 0, 0, '2025-12-01 16:40:11', '2025-12-01 16:40:11'),
(780, 9, '112/110', '112110-1', NULL, NULL, 0, 0, '2025-12-01 16:40:12', '2025-12-01 16:40:12'),
(781, 11, 'TRANSPORTER RF09', 'transporter-rf09-4', NULL, NULL, 0, 0, '2025-12-01 16:40:12', '2025-12-01 16:40:12'),
(782, 11, 'VANMEJOR C30 ZMAX', 'vanmejor-c30-zmax', NULL, NULL, 0, 0, '2025-12-01 16:40:12', '2025-12-07 06:01:20'),
(783, 11, 'VANMEJOR C30 ZMAX', 'vanmejor-c30-zmax-1', NULL, NULL, 0, 0, '2025-12-01 16:40:12', '2025-12-01 16:40:12'),
(784, 8, '195/65R16', '19565r16', NULL, NULL, 0, 0, '2025-12-01 16:40:13', '2025-12-07 05:54:48'),
(785, 11, 'VANMEJOR C30 ZMAX', 'vanmejor-c30-zmax-2', NULL, NULL, 0, 0, '2025-12-01 16:40:13', '2025-12-01 16:40:13'),
(786, 11, 'VANMEJOR C30 ZMAX', 'vanmejor-c30-zmax-3', NULL, NULL, 0, 0, '2025-12-01 16:40:13', '2025-12-01 16:40:13'),
(787, 11, 'VANMEJOR C30 ZMAX', 'vanmejor-c30-zmax-4', NULL, NULL, 0, 0, '2025-12-01 16:40:13', '2025-12-01 16:40:13'),
(788, 11, 'WILDPEAK AT3', 'wildpeak-at3', NULL, NULL, 0, 0, '2025-12-01 16:40:14', '2025-12-01 16:40:14'),
(789, 11, 'WILDPEAK AT3', 'wildpeak-at3-1', NULL, NULL, 0, 0, '2025-12-01 16:40:14', '2025-12-01 16:40:14'),
(790, 11, 'WILDPEAK AT3', 'wildpeak-at3-2', NULL, NULL, 0, 0, '2025-12-01 16:40:14', '2025-12-01 16:40:14'),
(791, 11, 'WILDPEAK AT3 W', 'wildpeak-at3-w', NULL, NULL, 0, 0, '2025-12-01 16:40:14', '2025-12-01 16:40:14'),
(792, 11, 'WILDPEAK AT3 W', 'wildpeak-at3-w-1', NULL, NULL, 0, 0, '2025-12-01 16:40:14', '2025-12-01 16:40:14'),
(793, 8, '245/75R16LT', '24575r16lt', NULL, NULL, 0, 0, '2025-12-01 16:40:15', '2025-12-07 05:04:55'),
(794, 9, '114/111', '114111', NULL, NULL, 0, 0, '2025-12-01 16:40:15', '2025-12-07 05:04:55'),
(795, 11, 'WILDTIGER T01 M/T', 'wildtiger-t01-mt', NULL, NULL, 0, 0, '2025-12-01 16:40:15', '2025-12-07 05:04:55'),
(796, 11, 'WILDTIGER T01 M/T', 'wildtiger-t01-mt-1', NULL, NULL, 0, 0, '2025-12-01 16:40:15', '2025-12-01 16:40:15'),
(797, 8, '315/75R16LT', '31575r16lt', NULL, NULL, 0, 0, '2025-12-01 16:40:15', '2025-12-01 16:40:15'),
(798, 9, '127/124', '127124', NULL, NULL, 0, 0, '2025-12-01 16:40:15', '2025-12-01 16:40:15'),
(799, 11, 'WILDWOLF M/T', 'wildwolf-mt', NULL, NULL, 0, 0, '2025-12-01 16:40:15', '2025-12-01 16:40:15'),
(800, 5, '32', '32', NULL, NULL, 0, 0, '2025-12-01 16:40:16', '2025-12-01 16:40:16'),
(801, 8, '32x11.50R15LT', '32x1150r15lt', NULL, NULL, 0, 0, '2025-12-01 16:40:16', '2025-12-01 16:40:16'),
(802, 11, 'WILDWOLF M/T', 'wildwolf-mt-1', NULL, NULL, 0, 0, '2025-12-01 16:40:16', '2025-12-01 16:40:16'),
(803, 10, 'P', 'p', NULL, NULL, 0, 0, '2025-12-01 16:40:16', '2025-12-01 16:40:16'),
(804, 11, 'WILDWOLF M/T', 'wildwolf-mt-2', NULL, NULL, 0, 0, '2025-12-01 16:40:16', '2025-12-01 16:40:16'),
(805, 8, '235/75R15LT', '23575r15lt', NULL, NULL, 0, 0, '2025-12-01 16:40:17', '2025-12-01 16:40:17'),
(806, 9, '104/101', '104101', NULL, NULL, 0, 0, '2025-12-01 16:40:17', '2025-12-01 16:40:17'),
(807, 8, '235/85R16LT', '23585r16lt', NULL, NULL, 0, 0, '2025-12-01 16:40:17', '2025-12-01 16:40:17'),
(808, 11, 'XSPORT F110', 'xsport-f110', NULL, NULL, 0, 0, '2025-12-01 16:40:17', '2025-12-02 10:30:38'),
(809, 8, '1', '1', NULL, NULL, 0, 0, '2025-12-01 17:35:05', '2025-12-07 08:29:08'),
(810, 5, '1', '1', NULL, NULL, 0, 0, '2025-12-01 17:35:05', '2025-12-07 08:29:08'),
(811, 6, '1', '1', NULL, NULL, 0, 0, '2025-12-01 17:35:05', '2025-12-07 08:29:08'),
(812, 7, '1', '1', NULL, NULL, 0, 0, '2025-12-01 17:35:05', '2025-12-07 08:29:08'),
(813, 9, '1', '1', NULL, NULL, 0, 0, '2025-12-01 17:35:05', '2025-12-07 08:29:08'),
(814, 10, '1', '1', NULL, NULL, 0, 0, '2025-12-01 17:35:05', '2025-12-07 08:29:08'),
(815, 11, '1', '1', NULL, NULL, 0, 0, '2025-12-01 17:35:05', '2025-12-07 08:29:08'),
(816, 14, '1', '1', NULL, NULL, 0, 0, '2025-12-01 17:35:05', '2025-12-07 08:29:08'),
(817, 15, '1', '1', NULL, NULL, 0, 0, '2025-12-01 17:35:05', '2025-12-07 08:29:08'),
(819, 8, '175/65R14', '17565r14', NULL, NULL, 0, 0, '2025-12-06 08:40:37', '2025-12-07 04:16:41'),
(820, 5, '175', '175', NULL, NULL, 0, 0, '2025-12-06 08:40:37', '2025-12-07 04:16:41'),
(821, 6, '65', '65', NULL, NULL, 0, 0, '2025-12-06 08:40:37', '2025-12-07 04:16:41'),
(822, 7, '14', '14', NULL, NULL, 0, 0, '2025-12-06 08:40:37', '2025-12-07 04:16:41'),
(823, 9, '86', '86', NULL, NULL, 0, 0, '2025-12-06 08:40:37', '2025-12-07 04:16:41'),
(824, 10, 'T XL', 't-xl', NULL, NULL, 0, 0, '2025-12-06 08:40:37', '2025-12-07 04:16:41'),
(825, 11, 'L-GRIP55', 'l-grip55', NULL, NULL, 0, 0, '2025-12-06 08:40:37', '2025-12-07 04:16:41'),
(826, 8, '185/60R15', '18560r15', NULL, NULL, 0, 0, '2025-12-06 08:42:46', '2025-12-07 04:17:09'),
(827, 5, '185', '185', NULL, NULL, 0, 0, '2025-12-06 08:42:46', '2025-12-07 04:17:09'),
(828, 6, '60', '60', NULL, NULL, 0, 0, '2025-12-06 08:42:46', '2025-12-07 04:17:09'),
(829, 7, '15', '15', NULL, NULL, 0, 0, '2025-12-06 08:42:46', '2025-12-07 04:17:09'),
(830, 9, '88', '88', NULL, NULL, 0, 0, '2025-12-06 08:42:46', '2025-12-07 04:17:09'),
(831, 10, 'H XL', 'h-xl', NULL, NULL, 0, 0, '2025-12-06 08:42:46', '2025-12-07 04:17:09'),
(832, 11, 'L-GRIP55', 'l-grip55', NULL, NULL, 0, 0, '2025-12-06 08:42:46', '2025-12-07 04:17:09'),
(833, 8, '185/65R14', '18565r14', NULL, NULL, 0, 0, '2025-12-06 08:49:35', '2025-12-07 04:17:39'),
(834, 5, '185', '185', NULL, NULL, 0, 0, '2025-12-06 08:49:35', '2025-12-07 04:17:39'),
(835, 6, '65', '65', NULL, NULL, 0, 0, '2025-12-06 08:49:35', '2025-12-07 04:17:39'),
(836, 7, '14', '14', NULL, NULL, 0, 0, '2025-12-06 08:49:35', '2025-12-07 04:17:39'),
(837, 9, '86', '86', NULL, NULL, 0, 0, '2025-12-06 08:49:35', '2025-12-07 04:17:39'),
(838, 10, 'H', 'h', NULL, NULL, 0, 0, '2025-12-06 08:49:35', '2025-12-07 04:17:39'),
(839, 11, 'L-GRIP55', 'l-grip55', NULL, NULL, 0, 0, '2025-12-06 08:49:35', '2025-12-07 04:17:39'),
(840, 8, '185/70R13', '18570r13', NULL, NULL, 0, 0, '2025-12-06 08:50:51', '2025-12-07 04:18:06'),
(841, 5, '185', '185', NULL, NULL, 0, 0, '2025-12-06 08:50:51', '2025-12-07 04:18:06'),
(842, 6, '70', '70', NULL, NULL, 0, 0, '2025-12-06 08:50:51', '2025-12-07 04:18:06'),
(843, 7, '13', '13', NULL, NULL, 0, 0, '2025-12-06 08:50:51', '2025-12-07 04:18:06'),
(844, 9, '86', '86', NULL, NULL, 0, 0, '2025-12-06 08:50:51', '2025-12-07 04:18:06'),
(845, 10, 'T', 't', NULL, NULL, 0, 0, '2025-12-06 08:50:51', '2025-12-07 04:18:06'),
(846, 11, 'L-GRIP16', 'l-grip16', NULL, NULL, 0, 0, '2025-12-06 08:50:51', '2025-12-07 04:18:06'),
(847, 8, '195/45R16', '19545r16', NULL, NULL, 0, 0, '2025-12-06 08:52:18', '2025-12-07 04:18:38'),
(848, 5, '195', '195', NULL, NULL, 0, 0, '2025-12-06 08:52:18', '2025-12-07 04:18:38'),
(849, 6, '45', '45', NULL, NULL, 0, 0, '2025-12-06 08:52:18', '2025-12-07 04:18:38'),
(850, 7, '16', '16', NULL, NULL, 0, 0, '2025-12-06 08:52:18', '2025-12-07 04:18:38'),
(851, 9, '84', '84', NULL, NULL, 0, 0, '2025-12-06 08:52:19', '2025-12-07 04:18:38'),
(852, 10, 'W XL', 'w-xl', NULL, NULL, 0, 0, '2025-12-06 08:52:19', '2025-12-07 04:18:38'),
(853, 11, 'L-ZEAL56', 'l-zeal56', NULL, NULL, 0, 0, '2025-12-06 08:52:19', '2025-12-07 04:18:38'),
(854, 8, '195/50R16', '19550r16', NULL, NULL, 0, 0, '2025-12-06 08:53:32', '2025-12-07 04:19:24'),
(855, 5, '195', '195', NULL, NULL, 0, 0, '2025-12-06 08:53:32', '2025-12-07 04:19:24'),
(856, 6, '50', '50', NULL, NULL, 0, 0, '2025-12-06 08:53:32', '2025-12-07 04:19:24'),
(857, 7, '16', '16', NULL, NULL, 0, 0, '2025-12-06 08:53:32', '2025-12-07 04:19:24'),
(858, 9, '88', '88', NULL, NULL, 0, 0, '2025-12-06 08:53:32', '2025-12-07 04:19:24'),
(859, 10, 'V XL', 'v-xl', NULL, NULL, 0, 0, '2025-12-06 08:53:32', '2025-12-07 04:19:24'),
(860, 11, 'L-GRIP55', 'l-grip55', NULL, NULL, 0, 0, '2025-12-06 08:53:32', '2025-12-07 04:19:24'),
(861, 8, '195/50R16', '19550r16', NULL, NULL, 0, 0, '2025-12-06 08:54:34', '2025-12-07 04:19:00'),
(862, 5, '195', '195', NULL, NULL, 0, 0, '2025-12-06 08:54:34', '2025-12-07 04:19:00'),
(863, 6, '50', '50', NULL, NULL, 0, 0, '2025-12-06 08:54:34', '2025-12-07 04:19:01'),
(864, 7, '16', '16', NULL, NULL, 0, 0, '2025-12-06 08:54:34', '2025-12-07 04:19:01'),
(865, 9, '84', '84', NULL, NULL, 0, 0, '2025-12-06 08:54:34', '2025-12-07 04:19:01'),
(866, 10, 'V', 'v', NULL, NULL, 0, 0, '2025-12-06 08:54:34', '2025-12-07 04:19:01'),
(867, 11, 'L-ZEAL56', 'l-zeal56', NULL, NULL, 0, 0, '2025-12-06 08:54:34', '2025-12-07 04:19:01'),
(868, 8, '195/55R15', '19555r15', NULL, NULL, 0, 0, '2025-12-06 09:02:18', '2025-12-07 04:19:51'),
(869, 5, '195', '195', NULL, NULL, 0, 0, '2025-12-06 09:02:18', '2025-12-07 04:19:51'),
(870, 6, '55', '55', NULL, NULL, 0, 0, '2025-12-06 09:02:18', '2025-12-07 04:19:51'),
(871, 7, '15', '15', NULL, NULL, 0, 0, '2025-12-06 09:02:18', '2025-12-07 04:19:51'),
(872, 9, '85', '85', NULL, NULL, 0, 0, '2025-12-06 09:02:18', '2025-12-07 04:19:51'),
(873, 10, 'V', 'v', NULL, NULL, 0, 0, '2025-12-06 09:02:18', '2025-12-07 04:19:51'),
(874, 11, 'L-GRIP55', 'l-grip55', NULL, NULL, 0, 0, '2025-12-06 09:02:18', '2025-12-07 04:19:51'),
(875, 8, '195R14C', '195r14c', NULL, NULL, 0, 0, '2025-12-06 09:04:24', '2025-12-07 04:20:12'),
(876, 5, '195', '195', NULL, NULL, 0, 0, '2025-12-06 09:04:25', '2025-12-07 04:20:12'),
(877, 7, '14', '14', NULL, NULL, 0, 0, '2025-12-06 09:04:25', '2025-12-07 04:20:12'),
(878, 9, '106/104', '106104', NULL, NULL, 0, 0, '2025-12-06 09:04:25', '2025-12-07 04:20:12'),
(879, 10, 'R', 'r', NULL, NULL, 0, 0, '2025-12-06 09:04:25', '2025-12-07 04:20:12'),
(880, 11, 'SMARTTOUR E1', 'smarttour-e1', NULL, NULL, 0, 0, '2025-12-06 09:04:25', '2025-12-07 04:20:12'),
(881, 8, '195R15C', '195r15c', NULL, NULL, 0, 0, '2025-12-06 09:06:00', '2025-12-07 04:20:32'),
(882, 5, '195', '195', NULL, NULL, 0, 0, '2025-12-06 09:06:00', '2025-12-07 04:20:32'),
(883, 7, '15', '15', NULL, NULL, 0, 0, '2025-12-06 09:06:00', '2025-12-07 04:20:32'),
(884, 9, '106/104', '106104', NULL, NULL, 0, 0, '2025-12-06 09:06:00', '2025-12-07 04:20:32'),
(885, 10, 'R', 'r', NULL, NULL, 0, 0, '2025-12-06 09:06:00', '2025-12-07 04:20:32'),
(886, 11, 'SMARTTOUR E1', 'smarttour-e1', NULL, NULL, 0, 0, '2025-12-06 09:06:00', '2025-12-07 04:20:32'),
(887, 8, '205/55ZR16', '20555zr16', NULL, NULL, 0, 0, '2025-12-06 09:08:03', '2025-12-07 04:20:58'),
(888, 5, '205', '205', NULL, NULL, 0, 0, '2025-12-06 09:08:03', '2025-12-07 04:20:58'),
(889, 6, '55', '55', NULL, NULL, 0, 0, '2025-12-06 09:08:03', '2025-12-07 04:20:58'),
(890, 7, '16', '16', NULL, NULL, 0, 0, '2025-12-06 09:08:03', '2025-12-07 04:20:58'),
(891, 9, '94', '94', NULL, NULL, 0, 0, '2025-12-06 09:08:03', '2025-12-07 04:20:58'),
(892, 10, 'W XL', 'w-xl', NULL, NULL, 0, 0, '2025-12-06 09:08:03', '2025-12-07 04:20:58'),
(893, 11, 'L-GRIP55', 'l-grip55', NULL, NULL, 0, 0, '2025-12-06 09:08:03', '2025-12-07 04:20:58'),
(894, 8, '205/70R14', '20570r14', NULL, NULL, 0, 0, '2025-12-06 09:09:12', '2025-12-07 04:21:35'),
(895, 5, '205', '205', NULL, NULL, 0, 0, '2025-12-06 09:09:12', '2025-12-07 04:21:35'),
(896, 6, '70', '70', NULL, NULL, 0, 0, '2025-12-06 09:09:12', '2025-12-07 04:21:35'),
(897, 7, '14', '14', NULL, NULL, 0, 0, '2025-12-06 09:09:12', '2025-12-07 04:21:35'),
(898, 9, '95', '95', NULL, NULL, 0, 0, '2025-12-06 09:09:12', '2025-12-07 04:21:35'),
(899, 10, 'H', 'h', NULL, NULL, 0, 0, '2025-12-06 09:09:12', '2025-12-07 04:21:35'),
(900, 11, 'L-GRIP66', 'l-grip66', NULL, NULL, 0, 0, '2025-12-06 09:09:12', '2025-12-07 04:21:35'),
(901, 8, '215/45R18', '21545r18', NULL, NULL, 0, 0, '2025-12-06 09:10:37', '2025-12-07 04:21:56'),
(902, 5, '215', '215', NULL, NULL, 0, 0, '2025-12-06 09:10:37', '2025-12-07 04:21:56'),
(903, 6, '45', '45', NULL, NULL, 0, 0, '2025-12-06 09:10:37', '2025-12-07 04:21:56'),
(904, 7, '18', '18', NULL, NULL, 0, 0, '2025-12-06 09:10:37', '2025-12-07 04:21:56'),
(905, 9, '93', '93', NULL, NULL, 0, 0, '2025-12-06 09:10:37', '2025-12-07 04:21:56'),
(906, 10, 'W XL', 'w-xl', NULL, NULL, 0, 0, '2025-12-06 09:10:37', '2025-12-07 04:21:56'),
(907, 11, 'L-ZEAL56', 'l-zeal56', NULL, NULL, 0, 0, '2025-12-06 09:10:37', '2025-12-07 04:21:56'),
(908, 8, '215/50R17', '21550r17', NULL, NULL, 0, 0, '2025-12-06 09:11:33', '2025-12-07 04:22:17'),
(909, 5, '215', '215', NULL, NULL, 0, 0, '2025-12-06 09:11:33', '2025-12-07 04:22:17'),
(910, 6, '50', '50', NULL, NULL, 0, 0, '2025-12-06 09:11:33', '2025-12-07 04:22:17'),
(911, 7, '17', '17', NULL, NULL, 0, 0, '2025-12-06 09:11:33', '2025-12-07 04:22:17'),
(912, 9, '95', '95', NULL, NULL, 0, 0, '2025-12-06 09:11:33', '2025-12-07 04:22:17'),
(913, 10, 'W XL', 'w-xl', NULL, NULL, 0, 0, '2025-12-06 09:11:33', '2025-12-07 04:22:17'),
(914, 11, 'L-ZEAL56', 'l-zeal56', NULL, NULL, 0, 0, '2025-12-06 09:11:33', '2025-12-07 04:22:17'),
(915, 8, '215/55R18', '21555r18', NULL, NULL, 0, 0, '2025-12-06 09:12:33', '2025-12-07 04:22:39'),
(916, 5, '215', '215', NULL, NULL, 0, 0, '2025-12-06 09:12:33', '2025-12-07 04:22:39'),
(917, 6, '55', '55', NULL, NULL, 0, 0, '2025-12-06 09:12:33', '2025-12-07 04:22:39'),
(918, 7, '18', '18', NULL, NULL, 0, 0, '2025-12-06 09:12:33', '2025-12-07 04:22:39'),
(919, 9, '99', '99', NULL, NULL, 0, 0, '2025-12-06 09:12:33', '2025-12-07 04:22:39'),
(920, 10, 'W XL', 'w-xl', NULL, NULL, 0, 0, '2025-12-06 09:12:33', '2025-12-07 04:22:39'),
(921, 11, 'L-ZEAL56', 'l-zeal56', NULL, NULL, 0, 0, '2025-12-06 09:12:33', '2025-12-07 04:22:39'),
(922, 8, '215/70R16C', '21570r16c', NULL, NULL, 0, 0, '2025-12-06 09:14:22', '2025-12-07 04:23:34'),
(923, 5, '215', '215', NULL, NULL, 0, 0, '2025-12-06 09:14:22', '2025-12-07 04:23:34'),
(924, 6, '70', '70', NULL, NULL, 0, 0, '2025-12-06 09:14:22', '2025-12-07 04:23:34'),
(925, 7, '16', '16', NULL, NULL, 0, 0, '2025-12-06 09:14:22', '2025-12-07 04:23:34'),
(926, 9, '108/106', '108106', NULL, NULL, 0, 0, '2025-12-06 09:14:22', '2025-12-07 04:23:34'),
(927, 10, 'R', 'r', NULL, NULL, 0, 0, '2025-12-06 09:14:22', '2025-12-07 04:23:34'),
(928, 11, 'L-MAX9', 'l-max9', NULL, NULL, 0, 0, '2025-12-06 09:14:23', '2025-12-07 04:23:34'),
(929, 8, '225/40ZR19', '22540zr19', NULL, NULL, 0, 0, '2025-12-06 09:15:18', '2025-12-07 04:22:58'),
(930, 5, '225', '225', NULL, NULL, 0, 0, '2025-12-06 09:15:18', '2025-12-07 04:22:58'),
(931, 6, '40', '40', NULL, NULL, 0, 0, '2025-12-06 09:15:18', '2025-12-07 04:22:58'),
(932, 7, '19', '19', NULL, NULL, 0, 0, '2025-12-06 09:15:18', '2025-12-07 04:22:58'),
(933, 9, '93', '93', NULL, NULL, 0, 0, '2025-12-06 09:15:18', '2025-12-07 04:22:58'),
(934, 10, 'W XL', 'w-xl', NULL, NULL, 0, 0, '2025-12-06 09:15:18', '2025-12-07 04:22:58'),
(935, 11, 'L-ZEAL56', 'l-zeal56', NULL, NULL, 0, 0, '2025-12-06 09:15:18', '2025-12-07 04:22:58'),
(936, 8, '225/45ZR19', '22545zr19', NULL, NULL, 0, 0, '2025-12-06 09:16:37', '2025-12-07 04:24:00'),
(937, 5, '225', '225', NULL, NULL, 0, 0, '2025-12-06 09:16:37', '2025-12-07 04:24:00'),
(938, 6, '45', '45', NULL, NULL, 0, 0, '2025-12-06 09:16:37', '2025-12-07 04:24:00'),
(939, 7, '19', '19', NULL, NULL, 0, 0, '2025-12-06 09:16:37', '2025-12-07 04:24:00'),
(940, 9, '96', '96', NULL, NULL, 0, 0, '2025-12-06 09:16:37', '2025-12-07 04:24:00'),
(941, 10, 'W XL', 'w-xl', NULL, NULL, 0, 0, '2025-12-06 09:16:37', '2025-12-07 04:24:00'),
(942, 11, 'THUNDER U09', 'thunder-u09', NULL, NULL, 0, 0, '2025-12-06 09:16:37', '2025-12-07 04:24:00'),
(943, 8, '225/45ZRF18', '22545zrf18', NULL, NULL, 0, 0, '2025-12-06 09:19:09', '2025-12-07 04:24:21'),
(944, 5, '225', '225', NULL, NULL, 0, 0, '2025-12-06 09:19:09', '2025-12-07 04:24:21'),
(945, 6, '45', '45', NULL, NULL, 0, 0, '2025-12-06 09:19:09', '2025-12-07 04:24:21'),
(946, 7, '18', '18', NULL, NULL, 0, 0, '2025-12-06 09:19:09', '2025-12-07 04:24:21'),
(947, 9, '95', '95', NULL, NULL, 0, 0, '2025-12-06 09:19:09', '2025-12-07 04:24:21'),
(948, 10, 'W XL RF', 'w-xl-rf', NULL, NULL, 0, 0, '2025-12-06 09:19:09', '2025-12-07 04:24:21'),
(949, 11, 'L-ZEAL56', 'l-zeal56', NULL, NULL, 0, 0, '2025-12-06 09:19:09', '2025-12-07 04:24:21'),
(950, 8, '225/55R17', '22555r17', NULL, NULL, 0, 0, '2025-12-06 09:20:03', '2025-12-07 04:24:49'),
(951, 5, '225', '225', NULL, NULL, 0, 0, '2025-12-06 09:20:03', '2025-12-07 04:24:49'),
(952, 6, '55', '55', NULL, NULL, 0, 0, '2025-12-06 09:20:03', '2025-12-07 04:24:49'),
(953, 7, '17', '17', NULL, NULL, 0, 0, '2025-12-06 09:20:03', '2025-12-07 04:24:49'),
(954, 9, '101', '101', NULL, NULL, 0, 0, '2025-12-06 09:20:03', '2025-12-07 04:24:49'),
(955, 10, 'W XL', 'w-xl', NULL, NULL, 0, 0, '2025-12-06 09:20:03', '2025-12-07 04:24:49'),
(956, 11, 'L-ZEAL56', 'l-zeal56', NULL, NULL, 0, 0, '2025-12-06 09:20:03', '2025-12-07 04:24:49'),
(957, 8, '225/60R18', '22560r18', NULL, NULL, 0, 0, '2025-12-06 09:20:58', '2025-12-07 04:27:54'),
(958, 5, '225', '225', NULL, NULL, 0, 0, '2025-12-06 09:20:58', '2025-12-07 04:27:54'),
(959, 6, '60', '60', NULL, NULL, 0, 0, '2025-12-06 09:20:58', '2025-12-07 04:27:54'),
(960, 7, '18', '18', NULL, NULL, 0, 0, '2025-12-06 09:20:58', '2025-12-07 04:27:55'),
(961, 9, '104', '104', NULL, NULL, 0, 0, '2025-12-06 09:20:58', '2025-12-07 04:27:55'),
(962, 10, 'H XL', 'h-xl', NULL, NULL, 0, 0, '2025-12-06 09:20:58', '2025-12-07 04:27:55'),
(963, 11, 'POWERCITY 79', 'powercity-79', NULL, NULL, 0, 0, '2025-12-06 09:20:58', '2025-12-07 04:27:55'),
(964, 8, '225/65R16C', '22565r16c', NULL, NULL, 0, 0, '2025-12-06 09:21:59', '2025-12-07 04:28:17'),
(965, 5, '225', '225', NULL, NULL, 0, 0, '2025-12-06 09:21:59', '2025-12-07 04:28:17'),
(966, 6, '65', '65', NULL, NULL, 0, 0, '2025-12-06 09:21:59', '2025-12-07 04:28:17'),
(967, 7, '16', '16', NULL, NULL, 0, 0, '2025-12-06 09:21:59', '2025-12-07 04:28:17'),
(968, 9, '112/110', '112110', NULL, NULL, 0, 0, '2025-12-06 09:21:59', '2025-12-07 04:28:17'),
(969, 10, 'R', 'r', NULL, NULL, 0, 0, '2025-12-06 09:21:59', '2025-12-07 04:28:17'),
(970, 11, 'SMARTTOUR E1', 'smarttour-e1', NULL, NULL, 0, 0, '2025-12-06 09:21:59', '2025-12-07 04:28:17'),
(971, 8, '235/45R17', '23545r17', NULL, NULL, 0, 0, '2025-12-06 09:22:58', '2025-12-07 04:25:12'),
(972, 5, '235', '235', NULL, NULL, 0, 0, '2025-12-06 09:22:58', '2025-12-07 04:25:12'),
(973, 6, '45', '45', NULL, NULL, 0, 0, '2025-12-06 09:22:58', '2025-12-07 04:25:12'),
(974, 7, '17', '17', NULL, NULL, 0, 0, '2025-12-06 09:22:58', '2025-12-07 04:25:12'),
(975, 9, '97', '97', NULL, NULL, 0, 0, '2025-12-06 09:22:58', '2025-12-07 04:25:12'),
(976, 10, 'W XL', 'w-xl', NULL, NULL, 0, 0, '2025-12-06 09:22:58', '2025-12-07 04:25:12'),
(977, 11, 'L-ZEAL56', 'l-zeal56', NULL, NULL, 0, 0, '2025-12-06 09:22:58', '2025-12-07 04:25:12'),
(978, 8, '235/50R18', '23550r18', NULL, NULL, 0, 0, '2025-12-06 09:23:47', '2025-12-07 04:25:28'),
(979, 5, '235', '235', NULL, NULL, 0, 0, '2025-12-06 09:23:47', '2025-12-07 04:25:28'),
(980, 6, '50', '50', NULL, NULL, 0, 0, '2025-12-06 09:23:47', '2025-12-07 04:25:28'),
(981, 7, '18', '18', NULL, NULL, 0, 0, '2025-12-06 09:23:47', '2025-12-07 04:25:28'),
(982, 9, '97', '97', NULL, NULL, 0, 0, '2025-12-06 09:23:47', '2025-12-07 04:25:28'),
(983, 10, 'V', 'v', NULL, NULL, 0, 0, '2025-12-06 09:23:47', '2025-12-07 04:25:28'),
(984, 11, 'L-ZEAL56', 'l-zeal56', NULL, NULL, 0, 0, '2025-12-06 09:23:47', '2025-12-07 04:25:28'),
(985, 8, '235/55R18', '23555r18', NULL, NULL, 0, 0, '2025-12-06 09:25:17', '2025-12-07 04:25:48'),
(986, 5, '235', '235', NULL, NULL, 0, 0, '2025-12-06 09:25:17', '2025-12-07 04:25:48'),
(987, 6, '55', '55', NULL, NULL, 0, 0, '2025-12-06 09:25:17', '2025-12-07 04:25:48'),
(988, 7, '18', '18', NULL, NULL, 0, 0, '2025-12-06 09:25:17', '2025-12-07 04:25:48'),
(989, 9, '104', '104', NULL, NULL, 0, 0, '2025-12-06 09:25:17', '2025-12-07 04:25:49'),
(990, 10, 'V XL', 'v-xl', NULL, NULL, 0, 0, '2025-12-06 09:25:17', '2025-12-07 04:25:49'),
(991, 11, 'L-ZEAL56', 'l-zeal56', NULL, NULL, 0, 0, '2025-12-06 09:25:17', '2025-12-07 04:25:49'),
(992, 8, '235/60R16', '23560r16', NULL, NULL, 0, 0, '2025-12-06 09:37:37', '2025-12-07 04:28:47'),
(993, 5, '235', '235', NULL, NULL, 0, 0, '2025-12-06 09:37:37', '2025-12-07 04:28:47'),
(994, 6, '60', '60', NULL, NULL, 0, 0, '2025-12-06 09:37:37', '2025-12-07 04:28:47'),
(995, 7, '16', '16', NULL, NULL, 0, 0, '2025-12-06 09:37:37', '2025-12-07 04:28:47'),
(996, 9, '100', '100', NULL, NULL, 0, 0, '2025-12-06 09:37:37', '2025-12-07 04:28:47'),
(997, 10, 'H', 'h', NULL, NULL, 0, 0, '2025-12-06 09:37:37', '2025-12-07 04:28:47'),
(998, 11, 'L-COMFORT68', 'l-comfort68', NULL, NULL, 0, 0, '2025-12-06 09:37:37', '2025-12-07 04:28:47'),
(999, 8, '245/35R19', '24535r19', NULL, NULL, 0, 0, '2025-12-06 09:38:28', '2025-12-07 21:05:08'),
(1000, 5, '245', '245', NULL, NULL, 0, 0, '2025-12-06 09:38:28', '2025-12-07 21:05:08'),
(1001, 6, '35', '35', NULL, NULL, 0, 0, '2025-12-06 09:38:28', '2025-12-07 21:05:08'),
(1002, 7, '19', '19', NULL, NULL, 0, 0, '2025-12-06 09:38:28', '2025-12-07 21:05:08'),
(1003, 9, '93', '93', NULL, NULL, 0, 0, '2025-12-06 09:38:28', '2025-12-07 21:05:08'),
(1004, 10, 'W XL', 'w-xl', NULL, NULL, 0, 0, '2025-12-06 09:38:28', '2025-12-07 21:05:08'),
(1005, 11, 'L-ZEAL56', 'l-zeal56', NULL, NULL, 0, 0, '2025-12-06 09:38:29', '2025-12-07 21:05:08'),
(1006, 8, '245/40R18', '24540r18', NULL, NULL, 0, 0, '2025-12-06 09:39:21', '2025-12-07 04:26:24'),
(1007, 5, '245', '245', NULL, NULL, 0, 0, '2025-12-06 09:39:21', '2025-12-07 04:26:24'),
(1008, 6, '40', '40', NULL, NULL, 0, 0, '2025-12-06 09:39:21', '2025-12-07 04:26:24'),
(1009, 7, '18', '18', NULL, NULL, 0, 0, '2025-12-06 09:39:21', '2025-12-07 04:26:24'),
(1010, 9, '97', '97', NULL, NULL, 0, 0, '2025-12-06 09:39:21', '2025-12-07 04:26:24'),
(1011, 10, 'W XL', 'w-xl', NULL, NULL, 0, 0, '2025-12-06 09:39:21', '2025-12-07 04:26:24'),
(1012, 11, 'L-ZEAL56', 'l-zeal56', NULL, NULL, 0, 0, '2025-12-06 09:39:21', '2025-12-07 04:26:25'),
(1013, 8, '245/50ZR20', '24550zr20', NULL, NULL, 0, 0, '2025-12-06 09:41:16', '2025-12-07 04:26:42'),
(1014, 5, '245', '245', NULL, NULL, 0, 0, '2025-12-06 09:41:16', '2025-12-07 04:26:42'),
(1015, 6, '50', '50', NULL, NULL, 0, 0, '2025-12-06 09:41:16', '2025-12-07 04:26:42'),
(1016, 7, '20', '20', NULL, NULL, 0, 0, '2025-12-06 09:41:16', '2025-12-07 04:26:42'),
(1017, 9, '105', '105', NULL, NULL, 0, 0, '2025-12-06 09:41:16', '2025-12-07 04:26:42'),
(1018, 10, 'W XL', 'w-xl', NULL, NULL, 0, 0, '2025-12-06 09:41:16', '2025-12-07 04:26:42'),
(1019, 11, 'L-ZEAL56', 'l-zeal56', NULL, NULL, 0, 0, '2025-12-06 09:41:16', '2025-12-07 04:26:42'),
(1020, 8, '255/35R19', '25535r19', NULL, NULL, 0, 0, '2025-12-06 09:42:10', '2025-12-07 04:29:12'),
(1021, 5, '255', '255', NULL, NULL, 0, 0, '2025-12-06 09:42:10', '2025-12-07 04:29:12'),
(1022, 6, '35', '35', NULL, NULL, 0, 0, '2025-12-06 09:42:10', '2025-12-07 04:29:12'),
(1023, 7, '19', '19', NULL, NULL, 0, 0, '2025-12-06 09:42:10', '2025-12-07 04:29:12'),
(1024, 9, '96', '96', NULL, NULL, 0, 0, '2025-12-06 09:42:10', '2025-12-07 04:29:12'),
(1025, 10, 'W XL', 'w-xl', NULL, NULL, 0, 0, '2025-12-06 09:42:10', '2025-12-07 04:29:12'),
(1026, 11, 'L-ZEAL56', 'l-zeal56', NULL, NULL, 0, 0, '2025-12-06 09:42:10', '2025-12-07 04:29:12'),
(1027, 8, '255/35ZR18', '25535zr18', NULL, NULL, 0, 0, '2025-12-06 09:43:01', '2025-12-07 04:29:29'),
(1028, 5, '255', '255', NULL, NULL, 0, 0, '2025-12-06 09:43:01', '2025-12-07 04:29:29'),
(1029, 6, '35', '35', NULL, NULL, 0, 0, '2025-12-06 09:43:01', '2025-12-07 04:29:29'),
(1030, 7, '18', '18', NULL, NULL, 0, 0, '2025-12-06 09:43:01', '2025-12-07 04:29:29'),
(1031, 9, '94', '94', NULL, NULL, 0, 0, '2025-12-06 09:43:01', '2025-12-07 04:29:29'),
(1032, 10, 'W XL', 'w-xl', NULL, NULL, 0, 0, '2025-12-06 09:43:01', '2025-12-07 04:29:30'),
(1033, 11, 'L-ZEAL56', 'l-zeal56', NULL, NULL, 0, 0, '2025-12-06 09:43:01', '2025-12-07 04:29:30'),
(1034, 8, '255/35ZRF19', '25535zrf19', NULL, NULL, 0, 0, '2025-12-06 09:44:19', '2025-12-07 02:19:45'),
(1035, 5, '255', '255', NULL, NULL, 0, 0, '2025-12-06 09:44:19', '2025-12-07 02:19:45'),
(1036, 6, '35', '35', NULL, NULL, 0, 0, '2025-12-06 09:44:19', '2025-12-07 02:19:45'),
(1037, 7, '19', '19', NULL, NULL, 0, 0, '2025-12-06 09:44:19', '2025-12-07 02:19:45'),
(1038, 9, '96', '96', NULL, NULL, 0, 0, '2025-12-06 09:44:19', '2025-12-07 02:19:45'),
(1039, 10, 'W XL RF', 'w-xl-rf', NULL, NULL, 0, 0, '2025-12-06 09:44:19', '2025-12-07 02:19:45'),
(1040, 11, 'L-ZEAL56', 'l-zeal56', NULL, NULL, 0, 0, '2025-12-06 09:44:19', '2025-12-07 02:19:45'),
(1041, 8, '265/60R18 W', '26560r18-w', NULL, NULL, 0, 0, '2025-12-06 09:45:43', '2025-12-07 04:31:02'),
(1042, 5, '265', '265', NULL, NULL, 0, 0, '2025-12-06 09:45:43', '2025-12-07 04:31:02'),
(1043, 6, '60', '60', NULL, NULL, 0, 0, '2025-12-06 09:45:43', '2025-12-07 04:31:02'),
(1044, 7, '18', '18', NULL, NULL, 0, 0, '2025-12-06 09:45:43', '2025-12-07 04:31:02'),
(1045, 9, '114', '114', NULL, NULL, 0, 0, '2025-12-06 09:45:43', '2025-12-07 04:31:02'),
(1046, 10, 'Q XL', 'q-xl', NULL, NULL, 0, 0, '2025-12-06 09:45:43', '2025-12-07 04:31:02'),
(1047, 11, 'PENTERRA R/T', 'penterra-rt', NULL, NULL, 0, 0, '2025-12-06 09:45:43', '2025-12-07 04:31:02'),
(1048, 8, '265/65R17 W', '26565r17-w', NULL, NULL, 0, 0, '2025-12-06 09:46:39', '2025-12-07 04:31:40'),
(1049, 5, '265', '265', NULL, NULL, 0, 0, '2025-12-06 09:46:39', '2025-12-07 04:31:40'),
(1050, 6, '65', '65', NULL, NULL, 0, 0, '2025-12-06 09:46:39', '2025-12-07 04:31:40'),
(1051, 7, '17', '17', NULL, NULL, 0, 0, '2025-12-06 09:46:39', '2025-12-07 04:31:40'),
(1052, 9, '116', '116', NULL, NULL, 0, 0, '2025-12-06 09:46:39', '2025-12-07 04:31:40'),
(1053, 10, 'Q XL', 'q-xl', NULL, NULL, 0, 0, '2025-12-06 09:46:39', '2025-12-07 04:31:40'),
(1054, 11, 'PENTERRA R/T', 'penterra-rt', NULL, NULL, 0, 0, '2025-12-06 09:46:39', '2025-12-07 04:31:40'),
(1055, 8, '265/70R16', '26570r16', NULL, NULL, 0, 0, '2025-12-06 09:47:42', '2025-12-07 04:32:19'),
(1056, 5, '265', '265', NULL, NULL, 0, 0, '2025-12-06 09:47:42', '2025-12-07 04:32:19'),
(1057, 6, '70', '70', NULL, NULL, 0, 0, '2025-12-06 09:47:42', '2025-12-07 04:32:19'),
(1058, 7, '16', '16', NULL, NULL, 0, 0, '2025-12-06 09:47:42', '2025-12-07 04:32:19'),
(1059, 9, '112', '112', NULL, NULL, 0, 0, '2025-12-06 09:47:42', '2025-12-07 04:32:19'),
(1060, 10, 'T', 't', NULL, NULL, 0, 0, '2025-12-06 09:47:42', '2025-12-07 04:32:19'),
(1061, 11, 'TERRAMAX LSR2 A/T', 'terramax-lsr2-at', NULL, NULL, 0, 0, '2025-12-06 09:47:42', '2025-12-07 04:32:19'),
(1062, 8, '275/40ZR20', '27540zr20', NULL, NULL, 0, 0, '2025-12-06 09:48:33', '2025-12-07 04:29:49'),
(1063, 5, '275', '275', NULL, NULL, 0, 0, '2025-12-06 09:48:33', '2025-12-07 04:29:49'),
(1064, 6, '40', '40', NULL, NULL, 0, 0, '2025-12-06 09:48:33', '2025-12-07 04:29:49'),
(1065, 7, '20', '20', NULL, NULL, 0, 0, '2025-12-06 09:48:33', '2025-12-07 04:29:49'),
(1066, 9, '106', '106', NULL, NULL, 0, 0, '2025-12-06 09:48:33', '2025-12-07 04:29:49'),
(1067, 10, 'W XL', 'w-xl', NULL, NULL, 0, 0, '2025-12-06 09:48:33', '2025-12-07 04:29:49'),
(1068, 11, 'L-ZEAL56', 'l-zeal56', NULL, NULL, 0, 0, '2025-12-06 09:48:33', '2025-12-07 04:29:49'),
(1069, 8, '275/45R20', '27545r20', NULL, NULL, 0, 0, '2025-12-06 09:49:23', '2025-12-07 04:30:10'),
(1070, 5, '275', '275', NULL, NULL, 0, 0, '2025-12-06 09:49:23', '2025-12-07 04:30:10'),
(1071, 6, '45', '45', NULL, NULL, 0, 0, '2025-12-06 09:49:23', '2025-12-07 04:30:10'),
(1072, 7, '20', '20', NULL, NULL, 0, 0, '2025-12-06 09:49:23', '2025-12-07 04:30:10'),
(1073, 9, '110', '110', NULL, NULL, 0, 0, '2025-12-06 09:49:23', '2025-12-07 04:30:10'),
(1074, 10, 'V XL', 'v-xl', NULL, NULL, 0, 0, '2025-12-06 09:49:23', '2025-12-07 04:30:10'),
(1075, 11, 'L-ZEAL56', 'l-zeal56', NULL, NULL, 0, 0, '2025-12-06 09:49:23', '2025-12-07 04:30:10'),
(1076, 8, '315/35ZR20', '31535zr20', NULL, NULL, 0, 0, '2025-12-06 09:50:17', '2025-12-07 04:30:27'),
(1077, 5, '315', '315', NULL, NULL, 0, 0, '2025-12-06 09:50:17', '2025-12-07 04:30:27'),
(1078, 6, '35', '35', NULL, NULL, 0, 0, '2025-12-06 09:50:17', '2025-12-07 04:30:27'),
(1079, 7, '20', '20', NULL, NULL, 0, 0, '2025-12-06 09:50:17', '2025-12-07 04:30:27'),
(1080, 9, '110', '110', NULL, NULL, 0, 0, '2025-12-06 09:50:17', '2025-12-07 04:30:27'),
(1081, 10, 'W XL', 'w-xl', NULL, NULL, 0, 0, '2025-12-06 09:50:17', '2025-12-07 04:30:27'),
(1082, 11, 'L-ZEAL56', 'l-zeal56', NULL, NULL, 0, 0, '2025-12-06 09:50:17', '2025-12-07 04:30:27'),
(1083, 8, '31x10.50R15LT W', '31x1050r15lt-w', NULL, NULL, 0, 0, '2025-12-06 09:53:13', '2025-12-07 04:32:44'),
(1084, 5, '31', '31', NULL, NULL, 0, 0, '2025-12-06 09:53:13', '2025-12-07 04:32:44'),
(1085, 6, '10.5', '105', NULL, NULL, 0, 0, '2025-12-06 09:53:13', '2025-12-07 04:32:44'),
(1086, 7, '15', '15', NULL, NULL, 0, 0, '2025-12-06 09:53:13', '2025-12-07 04:32:44'),
(1087, 9, '109', '109', NULL, NULL, 0, 0, '2025-12-06 09:53:13', '2025-12-07 04:32:44'),
(1088, 10, 'S', 's', NULL, NULL, 0, 0, '2025-12-06 09:53:13', '2025-12-07 04:32:44'),
(1089, 11, 'TERRAMAX LSR2 A/T', 'terramax-lsr2-at', NULL, NULL, 0, 0, '2025-12-06 09:53:13', '2025-12-07 04:32:44'),
(1090, 8, '11R22.5', '11r225', NULL, NULL, 0, 0, '2025-12-06 09:55:48', '2025-12-07 04:33:32'),
(1091, 5, '11', '11', NULL, NULL, 0, 0, '2025-12-06 09:55:48', '2025-12-07 04:33:33'),
(1092, 7, '22.5', '225', NULL, NULL, 0, 0, '2025-12-06 09:55:48', '2025-12-07 04:33:33');
INSERT INTO `ec_product_attributes` (`id`, `attribute_set_id`, `title`, `slug`, `color`, `image`, `is_default`, `order`, `created_at`, `updated_at`) VALUES
(1093, 9, '148/145', '148145', NULL, NULL, 0, 0, '2025-12-06 09:55:48', '2025-12-07 04:33:33'),
(1094, 10, 'M', 'm', NULL, NULL, 0, 0, '2025-12-06 09:55:48', '2025-12-07 04:33:33'),
(1095, 11, 'AD123', 'ad123', NULL, NULL, 0, 0, '2025-12-06 09:55:48', '2025-12-07 04:33:33'),
(1096, 8, '11R22.5', '11r225', NULL, NULL, 0, 0, '2025-12-06 09:56:50', '2025-12-07 04:33:59'),
(1097, 5, '11', '11', NULL, NULL, 0, 0, '2025-12-06 09:56:50', '2025-12-07 04:33:59'),
(1098, 7, '22.5', '225', NULL, NULL, 0, 0, '2025-12-06 09:56:50', '2025-12-07 04:33:59'),
(1099, 9, '148/145', '148145', NULL, NULL, 0, 0, '2025-12-06 09:56:50', '2025-12-07 04:33:59'),
(1100, 10, 'M', 'm', NULL, NULL, 0, 0, '2025-12-06 09:56:50', '2025-12-07 04:33:59'),
(1101, 11, 'FT126', 'ft126', NULL, NULL, 0, 0, '2025-12-06 09:56:50', '2025-12-07 04:33:59'),
(1102, 8, '215/75R17.5', '21575r175', NULL, NULL, 0, 0, '2025-12-06 09:58:12', '2025-12-07 04:34:22'),
(1103, 5, '215', '215', NULL, NULL, 0, 0, '2025-12-06 09:58:12', '2025-12-07 04:34:22'),
(1104, 6, '75', '75', NULL, NULL, 0, 0, '2025-12-06 09:58:12', '2025-12-07 04:34:22'),
(1105, 7, '17.5', '175', NULL, NULL, 0, 0, '2025-12-06 09:58:12', '2025-12-07 04:34:22'),
(1106, 9, '135/133', '135133', NULL, NULL, 0, 0, '2025-12-06 09:58:12', '2025-12-07 04:34:22'),
(1107, 10, 'J', 'j', NULL, NULL, 0, 0, '2025-12-06 09:58:12', '2025-12-07 04:34:22'),
(1108, 11, 'AA112', 'aa112', NULL, NULL, 0, 0, '2025-12-06 09:58:12', '2025-12-07 04:34:22'),
(1109, 8, '235/75R17.5', '23575r175', NULL, NULL, 0, 0, '2025-12-06 09:59:11', '2025-12-07 04:34:41'),
(1110, 5, '235', '235', NULL, NULL, 0, 0, '2025-12-06 09:59:11', '2025-12-07 04:34:41'),
(1111, 6, '75', '75', NULL, NULL, 0, 0, '2025-12-06 09:59:11', '2025-12-07 04:34:41'),
(1112, 7, '17.5', '175', NULL, NULL, 0, 0, '2025-12-06 09:59:11', '2025-12-07 04:34:41'),
(1113, 9, '143/141', '143141', NULL, NULL, 0, 0, '2025-12-06 09:59:11', '2025-12-07 04:34:41'),
(1114, 10, 'J', 'j', NULL, NULL, 0, 0, '2025-12-06 09:59:11', '2025-12-07 04:34:41'),
(1115, 11, 'AA112', 'aa112', NULL, NULL, 0, 0, '2025-12-06 09:59:11', '2025-12-07 04:34:41'),
(1116, 8, '235/75R17.5', '23575r175', NULL, NULL, 0, 0, '2025-12-06 09:59:59', '2025-12-07 04:35:14'),
(1117, 5, '235', '235', NULL, NULL, 0, 0, '2025-12-06 09:59:59', '2025-12-07 04:35:14'),
(1118, 6, '75', '75', NULL, NULL, 0, 0, '2025-12-06 09:59:59', '2025-12-07 04:35:14'),
(1119, 7, '17.5', '175', NULL, NULL, 0, 0, '2025-12-06 09:59:59', '2025-12-07 04:35:14'),
(1120, 9, '143/141', '143141', NULL, NULL, 0, 0, '2025-12-06 09:59:59', '2025-12-07 04:35:14'),
(1121, 10, 'J', 'j', NULL, NULL, 0, 0, '2025-12-06 09:59:59', '2025-12-07 04:35:14'),
(1122, 11, 'DD678', 'dd678', NULL, NULL, 0, 0, '2025-12-06 09:59:59', '2025-12-07 04:35:14'),
(1123, 8, '265/70R19.5', '26570r195', NULL, NULL, 0, 0, '2025-12-06 10:00:50', '2025-12-07 04:36:08'),
(1124, 5, '265', '265', NULL, NULL, 0, 0, '2025-12-06 10:00:50', '2025-12-07 04:36:08'),
(1125, 6, '70', '70', NULL, NULL, 0, 0, '2025-12-06 10:00:50', '2025-12-07 04:36:08'),
(1126, 7, '19.5', '195', NULL, NULL, 0, 0, '2025-12-06 10:00:50', '2025-12-07 04:36:08'),
(1127, 9, '143/141', '143141', NULL, NULL, 0, 0, '2025-12-06 10:00:50', '2025-12-07 04:36:08'),
(1128, 10, 'J', 'j', NULL, NULL, 0, 0, '2025-12-06 10:00:50', '2025-12-07 04:36:08'),
(1129, 11, 'DD678', 'dd678', NULL, NULL, 0, 0, '2025-12-06 10:00:50', '2025-12-07 04:36:08'),
(1130, 8, '295/80R22.5', '29580r225', NULL, NULL, 0, 0, '2025-12-06 10:01:41', '2025-12-07 04:36:31'),
(1131, 5, '295', '295', NULL, NULL, 0, 0, '2025-12-06 10:01:41', '2025-12-07 04:36:31'),
(1132, 6, '80', '80', NULL, NULL, 0, 0, '2025-12-06 10:01:41', '2025-12-07 04:36:31'),
(1133, 7, '22.5', '225', NULL, NULL, 0, 0, '2025-12-06 10:01:41', '2025-12-07 04:36:31'),
(1134, 9, '152/149', '152149', NULL, NULL, 0, 0, '2025-12-06 10:01:41', '2025-12-07 04:36:31'),
(1135, 10, 'M', 'm', NULL, NULL, 0, 0, '2025-12-06 10:01:41', '2025-12-07 04:36:31'),
(1136, 11, 'FT167', 'ft167', NULL, NULL, 0, 0, '2025-12-06 10:01:41', '2025-12-07 04:36:31'),
(1137, 8, '315/35R20', '31535r20-1', NULL, NULL, 0, 0, '2025-12-06 18:28:39', '2025-12-06 18:28:39'),
(1138, 5, '265', '265-5', NULL, NULL, 0, 0, '2025-12-06 18:28:39', '2025-12-06 18:28:39'),
(1139, 6, '35', '35-8', NULL, NULL, 0, 0, '2025-12-06 18:28:39', '2025-12-06 18:28:39'),
(1140, 7, '16', '16-9', NULL, NULL, 0, 0, '2025-12-06 18:28:39', '2025-12-06 18:28:39'),
(1141, 9, '86', '86-4', NULL, NULL, 0, 0, '2025-12-06 18:28:39', '2025-12-06 18:28:39'),
(1142, 10, 'W XL', 'w-xl-16', NULL, NULL, 0, 0, '2025-12-06 18:28:40', '2025-12-06 18:28:40'),
(1143, 11, 'L-ZEAL56', 'l-zeal56-28', NULL, NULL, 0, 0, '2025-12-06 18:28:40', '2025-12-06 18:28:40');

-- --------------------------------------------------------

--
-- Table structure for table `ec_product_attributes_translations`
--

CREATE TABLE `ec_product_attributes_translations` (
  `lang_code` varchar(191) COLLATE utf8mb4_unicode_ci NOT NULL,
  `ec_product_attributes_id` bigint UNSIGNED NOT NULL,
  `title` varchar(191) COLLATE utf8mb4_unicode_ci DEFAULT NULL
) ENGINE=InnoDB DEFAULT CHARSET=utf8mb4 COLLATE=utf8mb4_unicode_ci;

-- --------------------------------------------------------

--
-- Table structure for table `ec_product_attribute_sets`
--

CREATE TABLE `ec_product_attribute_sets` (
  `id` bigint UNSIGNED NOT NULL,
  `title` varchar(120) COLLATE utf8mb4_unicode_ci NOT NULL,
  `slug` varchar(120) COLLATE utf8mb4_unicode_ci DEFAULT NULL,
  `display_layout` varchar(191) COLLATE utf8mb4_unicode_ci NOT NULL DEFAULT 'swatch_dropdown',
  `display_attributes_layout` varchar(191) COLLATE utf8mb4_unicode_ci DEFAULT NULL,
  `is_searchable` tinyint UNSIGNED NOT NULL DEFAULT '1',
  `is_comparable` tinyint UNSIGNED NOT NULL DEFAULT '1',
  `is_use_in_product_listing` tinyint UNSIGNED NOT NULL DEFAULT '0',
  `status` varchar(60) COLLATE utf8mb4_unicode_ci NOT NULL DEFAULT 'published',
  `order` tinyint UNSIGNED NOT NULL DEFAULT '0',
  `created_at` timestamp NULL DEFAULT NULL,
  `updated_at` timestamp NULL DEFAULT NULL,
  `use_image_from_product_variation` tinyint UNSIGNED NOT NULL DEFAULT '0'
) ENGINE=InnoDB DEFAULT CHARSET=utf8mb4 COLLATE=utf8mb4_unicode_ci;

--
-- Dumping data for table `ec_product_attribute_sets`
--

INSERT INTO `ec_product_attribute_sets` (`id`, `title`, `slug`, `display_layout`, `display_attributes_layout`, `is_searchable`, `is_comparable`, `is_use_in_product_listing`, `status`, `order`, `created_at`, `updated_at`, `use_image_from_product_variation`) VALUES
(5, 'Width', 'width', 'dropdown', 'text', 1, 1, 1, 'published', 1, '2025-11-06 07:10:50', '2025-11-29 09:11:41', 1),
(6, 'Profile', 'profile', 'dropdown', 'text', 1, 1, 1, 'published', 2, '2025-11-06 07:15:58', '2025-11-29 09:11:55', 0),
(7, 'Diameter', 'diameter', 'dropdown', 'text', 1, 1, 1, 'published', 3, '2025-11-06 07:18:00', '2025-11-29 09:12:11', 0),
(8, 'Size', 'size', 'dropdown', 'text', 0, 0, 0, 'published', 0, '2025-11-06 07:32:00', '2025-11-28 05:42:34', 0),
(9, 'Load Rating', 'load-rating', 'dropdown', 'text', 0, 0, 0, 'published', 4, '2025-11-06 08:22:31', '2025-11-29 09:12:33', 0),
(10, 'Speed Rating', 'speed-rating', 'dropdown', 'text', 0, 0, 0, 'published', 5, '2025-11-06 08:33:29', '2025-11-29 09:12:57', 0),
(11, 'Pattern', 'pattern', 'dropdown', 'text', 0, 0, 0, 'published', 6, '2025-11-06 08:58:08', '2025-11-29 09:13:13', 0),
(13, 'Runflat', 'runflat', 'dropdown', 'dropdown', 1, 1, 1, 'published', 9, '2025-11-06 09:18:10', '2025-11-29 09:14:23', 0),
(14, 'Length', 'length', 'dropdown', 'text', 0, 0, 0, 'published', 10, '2025-11-06 09:36:46', '2025-11-29 09:14:35', 0),
(15, 'Height', 'height', 'dropdown', 'text', 0, 0, 0, 'published', 11, '2025-11-06 09:37:03', '2025-11-29 09:14:45', 0),
(19, 'IsWinterTire', 'iswintertire', 'dropdown', 'dropdown', 0, 0, 0, 'published', 7, '2025-11-27 10:32:01', '2025-11-29 09:13:44', 0),
(20, 'IsAllWeaterTire', 'isallweatertire', 'dropdown', 'dropdown', 0, 0, 0, 'published', 8, '2025-11-27 10:32:24', '2025-11-29 09:13:59', 0);

-- --------------------------------------------------------

--
-- Table structure for table `ec_product_attribute_sets_translations`
--

CREATE TABLE `ec_product_attribute_sets_translations` (
  `lang_code` varchar(191) COLLATE utf8mb4_unicode_ci NOT NULL,
  `ec_product_attribute_sets_id` bigint UNSIGNED NOT NULL,
  `title` varchar(191) COLLATE utf8mb4_unicode_ci DEFAULT NULL
) ENGINE=InnoDB DEFAULT CHARSET=utf8mb4 COLLATE=utf8mb4_unicode_ci;

-- --------------------------------------------------------

--
-- Table structure for table `ec_product_categories`
--

CREATE TABLE `ec_product_categories` (
  `id` bigint UNSIGNED NOT NULL,
  `name` varchar(191) COLLATE utf8mb4_unicode_ci NOT NULL,
  `parent_id` bigint UNSIGNED NOT NULL DEFAULT '0',
  `description` mediumtext COLLATE utf8mb4_unicode_ci,
  `status` varchar(60) COLLATE utf8mb4_unicode_ci NOT NULL DEFAULT 'published',
  `order` int UNSIGNED NOT NULL DEFAULT '0',
  `image` varchar(191) COLLATE utf8mb4_unicode_ci DEFAULT NULL,
  `is_featured` tinyint UNSIGNED NOT NULL DEFAULT '0',
  `created_at` timestamp NULL DEFAULT NULL,
  `updated_at` timestamp NULL DEFAULT NULL,
  `icon` varchar(191) COLLATE utf8mb4_unicode_ci DEFAULT NULL,
  `icon_image` varchar(191) COLLATE utf8mb4_unicode_ci DEFAULT NULL
) ENGINE=InnoDB DEFAULT CHARSET=utf8mb4 COLLATE=utf8mb4_unicode_ci;

--
-- Dumping data for table `ec_product_categories`
--

INSERT INTO `ec_product_categories` (`id`, `name`, `parent_id`, `description`, `status`, `order`, `image`, `is_featured`, `created_at`, `updated_at`, `icon`, `icon_image`) VALUES
(24, 'TYRES - PASSENGER', 0, NULL, 'published', 1, NULL, 0, '2025-11-29 10:27:12', '2025-12-01 12:26:55', NULL, NULL),
(25, 'TYRES - TRUCK', 0, NULL, 'published', 2, NULL, 0, '2025-11-29 10:27:57', '2025-12-01 12:26:44', NULL, NULL),
(26, 'TYRES - RV & 4WD', 0, NULL, 'published', 3, NULL, 0, '2025-11-29 10:28:08', '2025-12-01 12:27:15', NULL, NULL),
(27, 'TYRES - LIGHT TRUCK', 0, NULL, 'published', 4, NULL, 0, '2025-11-29 10:28:31', '2025-12-01 12:27:42', NULL, NULL),
(28, 'TYRES - UHP', 0, NULL, 'published', 5, NULL, 0, '2025-11-29 10:28:36', '2025-12-01 12:27:26', NULL, NULL);

-- --------------------------------------------------------

--
-- Table structure for table `ec_product_categories_translations`
--

CREATE TABLE `ec_product_categories_translations` (
  `lang_code` varchar(191) COLLATE utf8mb4_unicode_ci NOT NULL,
  `ec_product_categories_id` bigint UNSIGNED NOT NULL,
  `name` varchar(191) COLLATE utf8mb4_unicode_ci DEFAULT NULL,
  `description` mediumtext COLLATE utf8mb4_unicode_ci
) ENGINE=InnoDB DEFAULT CHARSET=utf8mb4 COLLATE=utf8mb4_unicode_ci;

-- --------------------------------------------------------

--
-- Table structure for table `ec_product_categorizables`
--

CREATE TABLE `ec_product_categorizables` (
  `category_id` bigint UNSIGNED NOT NULL,
  `reference_id` bigint UNSIGNED NOT NULL,
  `reference_type` varchar(120) COLLATE utf8mb4_unicode_ci NOT NULL
) ENGINE=InnoDB DEFAULT CHARSET=utf8mb4 COLLATE=utf8mb4_unicode_ci;

-- --------------------------------------------------------

--
-- Table structure for table `ec_product_category_product`
--

CREATE TABLE `ec_product_category_product` (
  `category_id` bigint UNSIGNED NOT NULL,
  `product_id` bigint UNSIGNED NOT NULL
) ENGINE=InnoDB DEFAULT CHARSET=utf8mb4 COLLATE=utf8mb4_unicode_ci;

--
-- Dumping data for table `ec_product_category_product`
--

INSERT INTO `ec_product_category_product` (`category_id`, `product_id`) VALUES
(24, 15),
(24, 17),
(24, 19),
(24, 23),
(24, 33),
(24, 35),
(24, 57),
(24, 63),
(24, 123),
(24, 127),
(24, 129),
(24, 131),
(24, 139),
(24, 143),
(24, 145),
(24, 153),
(24, 155),
(24, 157),
(24, 159),
(24, 169),
(24, 179),
(24, 193),
(24, 195),
(24, 197),
(24, 199),
(24, 201),
(24, 203),
(24, 205),
(24, 207),
(24, 209),
(24, 211),
(24, 213),
(24, 215),
(24, 217),
(24, 219),
(24, 247),
(24, 249),
(24, 251),
(24, 253),
(24, 255),
(24, 257),
(24, 273),
(24, 279),
(24, 291),
(24, 293),
(24, 295),
(24, 297),
(24, 299),
(24, 301),
(24, 303),
(24, 305),
(24, 307),
(24, 309),
(24, 311),
(24, 313),
(24, 315),
(24, 317),
(24, 319),
(24, 321),
(24, 323),
(24, 325),
(24, 327),
(24, 329),
(24, 331),
(24, 333),
(24, 335),
(24, 353),
(24, 355),
(24, 357),
(24, 361),
(24, 367),
(24, 369),
(24, 371),
(24, 373),
(24, 377),
(24, 379),
(24, 381),
(24, 385),
(24, 393),
(24, 395),
(24, 441),
(24, 443),
(24, 459),
(24, 461),
(24, 479),
(24, 487),
(24, 493),
(24, 495),
(24, 499),
(24, 501),
(24, 503),
(24, 505),
(24, 563),
(24, 565),
(24, 567),
(24, 569),
(24, 571),
(24, 573),
(24, 575),
(24, 577),
(24, 579),
(24, 595),
(24, 609),
(24, 611),
(24, 613),
(24, 621),
(24, 631),
(24, 639),
(24, 641),
(24, 645),
(24, 653),
(24, 683),
(24, 705),
(24, 713),
(24, 717),
(24, 735),
(24, 747),
(24, 769),
(24, 773),
(24, 819),
(24, 823),
(24, 825),
(24, 827),
(24, 829),
(24, 831),
(24, 833),
(24, 835),
(24, 837),
(24, 843),
(24, 845),
(24, 847),
(24, 849),
(24, 851),
(24, 855),
(24, 857),
(24, 859),
(24, 861),
(24, 863),
(24, 867),
(24, 869),
(24, 871),
(24, 873),
(24, 875),
(24, 877),
(24, 879),
(24, 881),
(24, 883),
(24, 885),
(24, 887),
(24, 889),
(24, 891),
(24, 893),
(24, 895),
(24, 897),
(25, 1),
(25, 3),
(25, 5),
(25, 7),
(25, 9),
(25, 11),
(25, 13),
(25, 121),
(25, 167),
(25, 239),
(25, 241),
(25, 245),
(25, 259),
(25, 265),
(25, 901),
(25, 903),
(26, 21),
(26, 31),
(26, 37),
(26, 39),
(26, 41),
(26, 43),
(26, 45),
(26, 47),
(26, 49),
(26, 51),
(26, 53),
(26, 55),
(26, 59),
(26, 61),
(26, 65),
(26, 67),
(26, 69),
(26, 79),
(26, 81),
(26, 83),
(26, 85),
(26, 87),
(26, 89),
(26, 91),
(26, 93),
(26, 95),
(26, 97),
(26, 103),
(26, 105),
(26, 107),
(26, 109),
(26, 111),
(26, 113),
(26, 115),
(26, 117),
(26, 141),
(26, 171),
(26, 173),
(26, 175),
(26, 177),
(26, 189),
(26, 191),
(26, 221),
(26, 223),
(26, 225),
(26, 227),
(26, 231),
(26, 233),
(26, 235),
(26, 237),
(26, 365),
(26, 403),
(26, 429),
(26, 463),
(26, 465),
(26, 467),
(26, 469),
(26, 471),
(26, 473),
(26, 475),
(26, 477),
(26, 481),
(26, 483),
(26, 485),
(26, 489),
(26, 491),
(26, 497),
(26, 507),
(26, 509),
(26, 511),
(26, 513),
(26, 515),
(26, 517),
(26, 519),
(26, 521),
(26, 523),
(26, 527),
(26, 529),
(26, 531),
(26, 533),
(26, 535),
(26, 537),
(26, 541),
(26, 545),
(26, 547),
(26, 549),
(26, 551),
(26, 553),
(26, 555),
(26, 557),
(26, 559),
(26, 561),
(26, 581),
(26, 583),
(26, 691),
(26, 693),
(26, 695),
(26, 697),
(26, 699),
(26, 701),
(26, 703),
(26, 707),
(26, 709),
(26, 711),
(26, 715),
(26, 719),
(26, 721),
(26, 739),
(26, 757),
(26, 759),
(26, 761),
(26, 763),
(26, 765),
(26, 767),
(26, 791),
(26, 793),
(26, 795),
(26, 797),
(26, 799),
(26, 805),
(26, 807),
(26, 809),
(26, 811),
(26, 813),
(26, 815),
(26, 817),
(27, 25),
(27, 27),
(27, 71),
(27, 73),
(27, 75),
(27, 77),
(27, 99),
(27, 101),
(27, 119),
(27, 133),
(27, 135),
(27, 137),
(27, 161),
(27, 163),
(27, 165),
(27, 229),
(27, 243),
(27, 261),
(27, 263),
(27, 267),
(27, 269),
(27, 271),
(27, 275),
(27, 277),
(27, 289),
(27, 337),
(27, 339),
(27, 341),
(27, 343),
(27, 345),
(27, 347),
(27, 349),
(27, 351),
(27, 525),
(27, 543),
(27, 649),
(27, 651),
(27, 655),
(27, 657),
(27, 659),
(27, 771),
(27, 775),
(27, 777),
(27, 779),
(27, 781),
(27, 783),
(27, 785),
(27, 787),
(27, 789),
(27, 801),
(27, 803),
(27, 839),
(27, 841),
(27, 853),
(27, 865),
(27, 899),
(27, 905),
(27, 907),
(27, 909),
(27, 911),
(27, 913),
(28, 29),
(28, 125),
(28, 147),
(28, 149),
(28, 151),
(28, 181),
(28, 185),
(28, 187),
(28, 281),
(28, 283),
(28, 285),
(28, 287),
(28, 359),
(28, 363),
(28, 375),
(28, 383),
(28, 387),
(28, 389),
(28, 391),
(28, 397),
(28, 399),
(28, 401),
(28, 405),
(28, 407),
(28, 409),
(28, 411),
(28, 413),
(28, 415),
(28, 417),
(28, 419),
(28, 421),
(28, 423),
(28, 425),
(28, 427),
(28, 431),
(28, 433),
(28, 435),
(28, 437),
(28, 439),
(28, 445),
(28, 447),
(28, 449),
(28, 451),
(28, 453),
(28, 455),
(28, 457),
(28, 539),
(28, 585),
(28, 587),
(28, 589),
(28, 591),
(28, 593),
(28, 597),
(28, 599),
(28, 601),
(28, 603),
(28, 605),
(28, 607),
(28, 615),
(28, 617),
(28, 619),
(28, 623),
(28, 625),
(28, 627),
(28, 629),
(28, 633),
(28, 635),
(28, 637),
(28, 643),
(28, 647),
(28, 661),
(28, 663),
(28, 665),
(28, 667),
(28, 669),
(28, 671),
(28, 673),
(28, 675),
(28, 677),
(28, 679),
(28, 681),
(28, 685),
(28, 687),
(28, 689),
(28, 723),
(28, 725),
(28, 727),
(28, 729),
(28, 731),
(28, 733),
(28, 737),
(28, 741),
(28, 743),
(28, 745),
(28, 749),
(28, 751),
(28, 753),
(28, 755),
(28, 821),
(28, 859);

-- --------------------------------------------------------

--
-- Table structure for table `ec_product_collections`
--

CREATE TABLE `ec_product_collections` (
  `id` bigint UNSIGNED NOT NULL,
  `name` varchar(191) COLLATE utf8mb4_unicode_ci NOT NULL,
  `slug` varchar(191) COLLATE utf8mb4_unicode_ci NOT NULL,
  `description` varchar(400) COLLATE utf8mb4_unicode_ci DEFAULT NULL,
  `image` varchar(191) COLLATE utf8mb4_unicode_ci DEFAULT NULL,
  `status` varchar(60) COLLATE utf8mb4_unicode_ci NOT NULL DEFAULT 'published',
  `created_at` timestamp NULL DEFAULT NULL,
  `updated_at` timestamp NULL DEFAULT NULL,
  `is_featured` tinyint UNSIGNED NOT NULL DEFAULT '0'
) ENGINE=InnoDB DEFAULT CHARSET=utf8mb4 COLLATE=utf8mb4_unicode_ci;

--
-- Dumping data for table `ec_product_collections`
--

INSERT INTO `ec_product_collections` (`id`, `name`, `slug`, `description`, `image`, `status`, `created_at`, `updated_at`, `is_featured`) VALUES
(1, 'New Arrival', 'new-arrival', NULL, NULL, 'published', '2025-05-03 11:18:38', '2025-05-03 11:18:38', 0),
(2, 'Best Sellers', 'best-sellers', NULL, NULL, 'published', '2025-05-03 11:18:38', '2025-05-03 11:18:38', 0),
(3, 'Special Offer', 'special-offer', NULL, NULL, 'published', '2025-05-03 11:18:38', '2025-05-03 11:18:38', 0);

-- --------------------------------------------------------

--
-- Table structure for table `ec_product_collections_translations`
--

CREATE TABLE `ec_product_collections_translations` (
  `lang_code` varchar(191) COLLATE utf8mb4_unicode_ci NOT NULL,
  `ec_product_collections_id` bigint UNSIGNED NOT NULL,
  `name` varchar(191) COLLATE utf8mb4_unicode_ci DEFAULT NULL,
  `description` varchar(400) COLLATE utf8mb4_unicode_ci DEFAULT NULL
) ENGINE=InnoDB DEFAULT CHARSET=utf8mb4 COLLATE=utf8mb4_unicode_ci;

-- --------------------------------------------------------

--
-- Table structure for table `ec_product_collection_products`
--

CREATE TABLE `ec_product_collection_products` (
  `product_collection_id` bigint UNSIGNED NOT NULL,
  `product_id` bigint UNSIGNED NOT NULL
) ENGINE=InnoDB DEFAULT CHARSET=utf8mb4 COLLATE=utf8mb4_unicode_ci;

-- --------------------------------------------------------

--
-- Table structure for table `ec_product_cross_sale_relations`
--

CREATE TABLE `ec_product_cross_sale_relations` (
  `from_product_id` bigint UNSIGNED NOT NULL,
  `to_product_id` bigint UNSIGNED NOT NULL,
  `is_variant` tinyint(1) NOT NULL DEFAULT '0',
  `price` decimal(15,2) DEFAULT '0.00',
  `price_type` varchar(191) COLLATE utf8mb4_unicode_ci NOT NULL DEFAULT 'fixed',
  `apply_to_all_variations` tinyint(1) NOT NULL DEFAULT '1'
) ENGINE=InnoDB DEFAULT CHARSET=utf8mb4 COLLATE=utf8mb4_unicode_ci;

-- --------------------------------------------------------

--
-- Table structure for table `ec_product_files`
--

CREATE TABLE `ec_product_files` (
  `id` bigint UNSIGNED NOT NULL,
  `product_id` bigint UNSIGNED DEFAULT NULL,
  `url` varchar(400) COLLATE utf8mb4_unicode_ci DEFAULT NULL,
  `extras` mediumtext COLLATE utf8mb4_unicode_ci,
  `created_at` timestamp NULL DEFAULT NULL,
  `updated_at` timestamp NULL DEFAULT NULL
) ENGINE=InnoDB DEFAULT CHARSET=utf8mb4 COLLATE=utf8mb4_unicode_ci;

-- --------------------------------------------------------

--
-- Table structure for table `ec_product_labels`
--

CREATE TABLE `ec_product_labels` (
  `id` bigint UNSIGNED NOT NULL,
  `name` varchar(191) COLLATE utf8mb4_unicode_ci NOT NULL,
  `color` varchar(120) COLLATE utf8mb4_unicode_ci DEFAULT NULL,
  `status` varchar(60) COLLATE utf8mb4_unicode_ci NOT NULL DEFAULT 'published',
  `created_at` timestamp NULL DEFAULT NULL,
  `updated_at` timestamp NULL DEFAULT NULL,
  `text_color` varchar(120) COLLATE utf8mb4_unicode_ci DEFAULT NULL
) ENGINE=InnoDB DEFAULT CHARSET=utf8mb4 COLLATE=utf8mb4_unicode_ci;

-- --------------------------------------------------------

--
-- Table structure for table `ec_product_labels_translations`
--

CREATE TABLE `ec_product_labels_translations` (
  `lang_code` varchar(191) COLLATE utf8mb4_unicode_ci NOT NULL,
  `ec_product_labels_id` bigint UNSIGNED NOT NULL,
  `name` varchar(191) COLLATE utf8mb4_unicode_ci DEFAULT NULL,
  `description` varchar(400) COLLATE utf8mb4_unicode_ci DEFAULT NULL
) ENGINE=InnoDB DEFAULT CHARSET=utf8mb4 COLLATE=utf8mb4_unicode_ci;

-- --------------------------------------------------------

--
-- Table structure for table `ec_product_label_products`
--

CREATE TABLE `ec_product_label_products` (
  `product_label_id` bigint UNSIGNED NOT NULL,
  `product_id` bigint UNSIGNED NOT NULL
) ENGINE=InnoDB DEFAULT CHARSET=utf8mb4 COLLATE=utf8mb4_unicode_ci;

-- --------------------------------------------------------

--
-- Table structure for table `ec_product_related_relations`
--

CREATE TABLE `ec_product_related_relations` (
  `from_product_id` bigint UNSIGNED NOT NULL,
  `to_product_id` bigint UNSIGNED NOT NULL
) ENGINE=InnoDB DEFAULT CHARSET=utf8mb4 COLLATE=utf8mb4_unicode_ci;

--
-- Dumping data for table `ec_product_related_relations`
--

INSERT INTO `ec_product_related_relations` (`from_product_id`, `to_product_id`) VALUES
(65, 1),
(239, 235),
(239, 237),
(241, 237),
(241, 239),
(243, 235),
(243, 239);

-- --------------------------------------------------------

--
-- Table structure for table `ec_product_specification_attribute`
--

CREATE TABLE `ec_product_specification_attribute` (
  `product_id` bigint UNSIGNED NOT NULL,
  `attribute_id` bigint UNSIGNED NOT NULL,
  `value` text COLLATE utf8mb4_unicode_ci,
  `hidden` tinyint(1) NOT NULL DEFAULT '0',
  `order` tinyint NOT NULL DEFAULT '0'
) ENGINE=InnoDB DEFAULT CHARSET=utf8mb4 COLLATE=utf8mb4_unicode_ci;

-- --------------------------------------------------------

--
-- Table structure for table `ec_product_stock`
--

CREATE TABLE `ec_product_stock` (
  `id` bigint UNSIGNED NOT NULL,
  `product_id` bigint UNSIGNED DEFAULT NULL,
  `reference_type` varchar(191) COLLATE utf8mb4_unicode_ci DEFAULT NULL,
  `reference_id` bigint UNSIGNED DEFAULT NULL,
  `inqty` decimal(8,2) DEFAULT '0.00',
  `outqty` decimal(8,2) DEFAULT '0.00',
  `price` decimal(30,2) DEFAULT NULL,
  `remark` varchar(191) COLLATE utf8mb4_unicode_ci DEFAULT NULL,
  `created_by` bigint UNSIGNED DEFAULT NULL,
  `created_ip` varchar(20) COLLATE utf8mb4_unicode_ci DEFAULT NULL,
  `updated_by` bigint UNSIGNED DEFAULT NULL,
  `updated_ip` varchar(20) COLLATE utf8mb4_unicode_ci DEFAULT NULL,
  `created_at` timestamp NULL DEFAULT NULL,
  `updated_at` timestamp NULL DEFAULT NULL
) ENGINE=InnoDB DEFAULT CHARSET=utf8mb4 COLLATE=utf8mb4_unicode_ci;

--
-- Dumping data for table `ec_product_stock`
--

INSERT INTO `ec_product_stock` (`id`, `product_id`, `reference_type`, `reference_id`, `inqty`, `outqty`, `price`, `remark`, `created_by`, `created_ip`, `updated_by`, `updated_ip`, `created_at`, `updated_at`) VALUES
(1, 1, 'OPENING_STOCK', 1, 40.00, 0.00, 214.00, 'Opening Stock: OS-0001/2025-26', 1, '103.68.95.166', NULL, NULL, '2025-12-01 17:00:15', '2025-12-01 17:00:15'),
(2, 3, 'OPENING_STOCK', 1, 38.00, 0.00, 190.00, 'Opening Stock: OS-0001/2025-26', 1, '103.68.95.166', NULL, NULL, '2025-12-01 17:00:15', '2025-12-01 17:00:15'),
(3, 5, 'OPENING_STOCK', 1, 19.00, 0.00, 160.00, 'Opening Stock: OS-0001/2025-26', 1, '103.68.95.166', NULL, NULL, '2025-12-01 17:00:15', '2025-12-01 17:00:15'),
(4, 7, 'OPENING_STOCK', 1, 3.00, 0.00, 175.00, 'Opening Stock: OS-0001/2025-26', 1, '103.68.95.166', NULL, NULL, '2025-12-01 17:00:15', '2025-12-01 17:00:15'),
(5, 9, 'OPENING_STOCK', 1, 80.00, 0.00, 249.00, 'Opening Stock: OS-0001/2025-26', 1, '103.68.95.166', NULL, NULL, '2025-12-01 17:00:15', '2025-12-01 17:00:15'),
(6, 11, 'OPENING_STOCK', 1, 147.00, 0.00, 238.00, 'Opening Stock: OS-0001/2025-26', 1, '103.68.95.166', NULL, NULL, '2025-12-01 17:00:15', '2025-12-01 17:00:15'),
(7, 13, 'OPENING_STOCK', 1, 7.00, 0.00, 165.00, 'Opening Stock: OS-0001/2025-26', 1, '103.68.95.166', NULL, NULL, '2025-12-01 17:00:15', '2025-12-01 17:00:15'),
(8, 15, 'OPENING_STOCK', 1, 11.00, 0.00, 110.00, 'Opening Stock: OS-0001/2025-26', 1, '103.68.95.166', NULL, NULL, '2025-12-01 17:00:15', '2025-12-01 17:00:15'),
(9, 17, 'OPENING_STOCK', 1, 4.00, 0.00, 155.00, 'Opening Stock: OS-0001/2025-26', 1, '103.68.95.166', NULL, NULL, '2025-12-01 17:00:15', '2025-12-01 17:00:15'),
(10, 19, 'OPENING_STOCK', 1, 2.00, 0.00, 90.00, 'Opening Stock: OS-0001/2025-26', 1, '103.68.95.166', NULL, NULL, '2025-12-01 17:00:15', '2025-12-01 17:00:15'),
(11, 21, 'OPENING_STOCK', 1, 1.00, 0.00, 125.00, 'Opening Stock: OS-0001/2025-26', 1, '103.68.95.166', NULL, NULL, '2025-12-01 17:00:15', '2025-12-01 17:00:15'),
(12, 23, 'OPENING_STOCK', 1, 1.00, 0.00, 120.00, 'Opening Stock: OS-0001/2025-26', 1, '103.68.95.166', NULL, NULL, '2025-12-01 17:00:15', '2025-12-01 17:00:15'),
(13, 25, 'OPENING_STOCK', 1, 95.00, 0.00, 60.00, 'Opening Stock: OS-0001/2025-26', 1, '103.68.95.166', NULL, NULL, '2025-12-01 17:00:15', '2025-12-01 17:00:15'),
(14, 27, 'OPENING_STOCK', 1, 8.00, 0.00, 95.00, 'Opening Stock: OS-0001/2025-26', 1, '103.68.95.166', NULL, NULL, '2025-12-01 17:00:15', '2025-12-01 17:00:15'),
(15, 29, 'OPENING_STOCK', 1, 8.00, 0.00, 130.00, 'Opening Stock: OS-0001/2025-26', 1, '103.68.95.166', NULL, NULL, '2025-12-01 17:00:15', '2025-12-01 17:00:15'),
(16, 31, 'OPENING_STOCK', 1, 30.00, 0.00, 200.00, 'Opening Stock: OS-0001/2025-26', 1, '103.68.95.166', NULL, NULL, '2025-12-01 17:00:15', '2025-12-01 17:00:15'),
(17, 33, 'OPENING_STOCK', 1, 25.00, 0.00, 195.00, 'Opening Stock: OS-0001/2025-26', 1, '103.68.95.166', NULL, NULL, '2025-12-01 17:00:15', '2025-12-01 17:00:15'),
(18, 35, 'OPENING_STOCK', 1, 24.00, 0.00, 195.00, 'Opening Stock: OS-0001/2025-26', 1, '103.68.95.166', NULL, NULL, '2025-12-01 17:00:15', '2025-12-01 17:00:15'),
(19, 37, 'OPENING_STOCK', 1, 23.00, 0.00, 220.00, 'Opening Stock: OS-0001/2025-26', 1, '103.68.95.166', NULL, NULL, '2025-12-01 17:00:15', '2025-12-01 17:00:15'),
(20, 39, 'OPENING_STOCK', 1, 20.00, 0.00, 185.00, 'Opening Stock: OS-0001/2025-26', 1, '103.68.95.166', NULL, NULL, '2025-12-01 17:00:15', '2025-12-01 17:00:15'),
(21, 41, 'OPENING_STOCK', 1, 16.00, 0.00, 190.00, 'Opening Stock: OS-0001/2025-26', 1, '103.68.95.166', NULL, NULL, '2025-12-01 17:00:15', '2025-12-01 17:00:15'),
(22, 43, 'OPENING_STOCK', 1, 12.00, 0.00, 175.00, 'Opening Stock: OS-0001/2025-26', 1, '103.68.95.166', NULL, NULL, '2025-12-01 17:00:15', '2025-12-01 17:00:15'),
(23, 45, 'OPENING_STOCK', 1, 11.00, 0.00, 190.00, 'Opening Stock: OS-0001/2025-26', 1, '103.68.95.166', NULL, NULL, '2025-12-01 17:00:15', '2025-12-01 17:00:15'),
(24, 47, 'OPENING_STOCK', 1, 9.00, 0.00, 160.00, 'Opening Stock: OS-0001/2025-26', 1, '103.68.95.166', NULL, NULL, '2025-12-01 17:00:15', '2025-12-01 17:00:15'),
(25, 49, 'OPENING_STOCK', 1, 8.00, 0.00, 220.00, 'Opening Stock: OS-0001/2025-26', 1, '103.68.95.166', NULL, NULL, '2025-12-01 17:00:15', '2025-12-01 17:00:15'),
(26, 51, 'OPENING_STOCK', 1, 6.00, 0.00, 180.00, 'Opening Stock: OS-0001/2025-26', 1, '103.68.95.166', NULL, NULL, '2025-12-01 17:00:15', '2025-12-01 17:00:15'),
(27, 53, 'OPENING_STOCK', 1, 4.00, 0.00, 230.00, 'Opening Stock: OS-0001/2025-26', 1, '103.68.95.166', NULL, NULL, '2025-12-01 17:00:15', '2025-12-01 17:00:15'),
(28, 55, 'OPENING_STOCK', 1, 1.00, 0.00, 150.00, 'Opening Stock: OS-0001/2025-26', 1, '103.68.95.166', NULL, NULL, '2025-12-01 17:00:15', '2025-12-01 17:00:15'),
(29, 57, 'OPENING_STOCK', 1, 1.00, 0.00, 175.00, 'Opening Stock: OS-0001/2025-26', 1, '103.68.95.166', NULL, NULL, '2025-12-01 17:00:15', '2025-12-01 17:00:15'),
(30, 59, 'OPENING_STOCK', 1, 72.00, 0.00, 185.00, 'Opening Stock: OS-0001/2025-26', 1, '103.68.95.166', NULL, NULL, '2025-12-01 17:00:15', '2025-12-01 17:00:15'),
(31, 61, 'OPENING_STOCK', 1, 71.00, 0.00, 185.00, 'Opening Stock: OS-0001/2025-26', 1, '103.68.95.166', NULL, NULL, '2025-12-01 17:00:15', '2025-12-01 17:00:15'),
(32, 63, 'OPENING_STOCK', 1, 70.00, 0.00, 175.00, 'Opening Stock: OS-0001/2025-26', 1, '103.68.95.166', NULL, NULL, '2025-12-01 17:00:15', '2025-12-01 17:00:15'),
(33, 65, 'OPENING_STOCK', 1, 61.00, 0.00, 185.00, 'Opening Stock: OS-0001/2025-26', 1, '103.68.95.166', NULL, NULL, '2025-12-01 17:00:15', '2025-12-01 17:00:15'),
(34, 67, 'OPENING_STOCK', 1, 30.00, 0.00, 190.00, 'Opening Stock: OS-0001/2025-26', 1, '103.68.95.166', NULL, NULL, '2025-12-01 17:00:15', '2025-12-01 17:00:15'),
(35, 69, 'OPENING_STOCK', 1, 14.00, 0.00, 160.00, 'Opening Stock: OS-0001/2025-26', 1, '103.68.95.166', NULL, NULL, '2025-12-01 17:00:15', '2025-12-01 17:00:15'),
(36, 71, 'OPENING_STOCK', 1, 39.00, 0.00, 90.00, 'Opening Stock: OS-0001/2025-26', 1, '103.68.95.166', NULL, NULL, '2025-12-01 17:00:15', '2025-12-01 17:00:15'),
(37, 73, 'OPENING_STOCK', 1, 20.00, 0.00, 80.00, 'Opening Stock: OS-0001/2025-26', 1, '103.68.95.166', NULL, NULL, '2025-12-01 17:00:15', '2025-12-01 17:00:15'),
(38, 75, 'OPENING_STOCK', 1, 17.00, 0.00, 70.00, 'Opening Stock: OS-0001/2025-26', 1, '103.68.95.166', NULL, NULL, '2025-12-01 17:00:15', '2025-12-01 17:00:15'),
(39, 77, 'OPENING_STOCK', 1, 21.00, 0.00, 65.00, 'Opening Stock: OS-0001/2025-26', 1, '103.68.95.166', NULL, NULL, '2025-12-01 17:00:15', '2025-12-01 17:00:15'),
(40, 79, 'OPENING_STOCK', 1, 4.00, 0.00, 195.00, 'Opening Stock: OS-0001/2025-26', 1, '103.68.95.166', NULL, NULL, '2025-12-01 17:00:15', '2025-12-01 17:00:15'),
(41, 81, 'OPENING_STOCK', 1, 4.00, 0.00, 210.00, 'Opening Stock: OS-0001/2025-26', 1, '103.68.95.166', NULL, NULL, '2025-12-01 17:00:15', '2025-12-01 17:00:15'),
(42, 83, 'OPENING_STOCK', 1, 3.00, 0.00, 160.00, 'Opening Stock: OS-0001/2025-26', 1, '103.68.95.166', NULL, NULL, '2025-12-01 17:00:15', '2025-12-01 17:00:15'),
(43, 85, 'OPENING_STOCK', 1, 16.00, 0.00, 265.00, 'Opening Stock: OS-0001/2025-26', 1, '103.68.95.166', NULL, NULL, '2025-12-01 17:00:15', '2025-12-01 17:00:15'),
(44, 87, 'OPENING_STOCK', 1, 9.00, 0.00, 230.00, 'Opening Stock: OS-0001/2025-26', 1, '103.68.95.166', NULL, NULL, '2025-12-01 17:00:15', '2025-12-01 17:00:15'),
(45, 89, 'OPENING_STOCK', 1, 8.00, 0.00, 350.00, 'Opening Stock: OS-0001/2025-26', 1, '103.68.95.166', NULL, NULL, '2025-12-01 17:00:15', '2025-12-01 17:00:15'),
(46, 91, 'OPENING_STOCK', 1, 8.00, 0.00, 185.00, 'Opening Stock: OS-0001/2025-26', 1, '103.68.95.166', NULL, NULL, '2025-12-01 17:00:15', '2025-12-01 17:00:15'),
(47, 93, 'OPENING_STOCK', 1, 5.00, 0.00, 195.00, 'Opening Stock: OS-0001/2025-26', 1, '103.68.95.166', NULL, NULL, '2025-12-01 17:00:15', '2025-12-01 17:00:15'),
(48, 95, 'OPENING_STOCK', 1, 4.00, 0.00, 190.00, 'Opening Stock: OS-0001/2025-26', 1, '103.68.95.166', NULL, NULL, '2025-12-01 17:00:15', '2025-12-01 17:00:15'),
(49, 97, 'OPENING_STOCK', 1, 4.00, 0.00, 245.00, 'Opening Stock: OS-0001/2025-26', 1, '103.68.95.166', NULL, NULL, '2025-12-01 17:00:15', '2025-12-01 17:00:15'),
(50, 99, 'OPENING_STOCK', 1, 6.00, 0.00, 120.00, 'Opening Stock: OS-0001/2025-26', 1, '103.68.95.166', NULL, NULL, '2025-12-01 17:00:15', '2025-12-01 17:00:15'),
(51, 101, 'OPENING_STOCK', 1, 6.00, 0.00, 130.00, 'Opening Stock: OS-0001/2025-26', 1, '103.68.95.166', NULL, NULL, '2025-12-01 17:00:15', '2025-12-01 17:00:15'),
(52, 103, 'OPENING_STOCK', 1, 46.00, 0.00, 215.00, 'Opening Stock: OS-0001/2025-26', 1, '103.68.95.166', NULL, NULL, '2025-12-01 17:00:15', '2025-12-01 17:00:15'),
(53, 105, 'OPENING_STOCK', 1, 28.00, 0.00, 200.00, 'Opening Stock: OS-0001/2025-26', 1, '103.68.95.166', NULL, NULL, '2025-12-01 17:00:15', '2025-12-01 17:00:15'),
(54, 107, 'OPENING_STOCK', 1, 19.00, 0.00, 275.00, 'Opening Stock: OS-0001/2025-26', 1, '103.68.95.166', NULL, NULL, '2025-12-01 17:00:15', '2025-12-01 17:00:15'),
(55, 109, 'OPENING_STOCK', 1, 14.00, 0.00, 275.00, 'Opening Stock: OS-0001/2025-26', 1, '103.68.95.166', NULL, NULL, '2025-12-01 17:00:15', '2025-12-01 17:00:15'),
(56, 111, 'OPENING_STOCK', 1, 8.00, 0.00, 190.00, 'Opening Stock: OS-0001/2025-26', 1, '103.68.95.166', NULL, NULL, '2025-12-01 17:00:15', '2025-12-01 17:00:15'),
(57, 113, 'OPENING_STOCK', 1, 4.00, 0.00, 220.00, 'Opening Stock: OS-0001/2025-26', 1, '103.68.95.166', NULL, NULL, '2025-12-01 17:00:15', '2025-12-01 17:00:15'),
(58, 115, 'OPENING_STOCK', 1, 4.00, 0.00, 290.00, 'Opening Stock: OS-0001/2025-26', 1, '103.68.95.166', NULL, NULL, '2025-12-01 17:00:15', '2025-12-01 17:00:15'),
(59, 117, 'OPENING_STOCK', 1, 4.00, 0.00, 160.00, 'Opening Stock: OS-0001/2025-26', 1, '103.68.95.166', NULL, NULL, '2025-12-01 17:00:15', '2025-12-01 17:00:15'),
(60, 119, 'OPENING_STOCK', 1, 36.00, 0.00, 140.00, 'Opening Stock: OS-0001/2025-26', 1, '103.68.95.166', NULL, NULL, '2025-12-01 17:00:15', '2025-12-01 17:00:15'),
(61, 121, 'OPENING_STOCK', 1, 2.00, 0.00, 250.00, 'Opening Stock: OS-0001/2025-26', 1, '103.68.95.166', NULL, NULL, '2025-12-01 17:00:15', '2025-12-01 17:00:15'),
(62, 123, 'OPENING_STOCK', 1, 36.00, 0.00, 80.00, 'Opening Stock: OS-0001/2025-26', 1, '103.68.95.166', NULL, NULL, '2025-12-01 17:00:15', '2025-12-01 17:00:15'),
(63, 125, 'OPENING_STOCK', 1, 45.00, 0.00, 80.00, 'Opening Stock: OS-0001/2025-26', 1, '103.68.95.166', NULL, NULL, '2025-12-01 17:00:15', '2025-12-01 17:00:15'),
(64, 127, 'OPENING_STOCK', 1, 18.00, 0.00, 50.00, 'Opening Stock: OS-0001/2025-26', 1, '103.68.95.166', NULL, NULL, '2025-12-01 17:00:15', '2025-12-01 17:00:15'),
(65, 129, 'OPENING_STOCK', 1, 3.00, 0.00, 70.00, 'Opening Stock: OS-0001/2025-26', 1, '103.68.95.166', NULL, NULL, '2025-12-01 17:00:15', '2025-12-01 17:00:15'),
(66, 131, 'OPENING_STOCK', 1, 14.00, 0.00, 60.00, 'Opening Stock: OS-0001/2025-26', 1, '103.68.95.166', NULL, NULL, '2025-12-01 17:00:15', '2025-12-01 17:00:15'),
(67, 133, 'OPENING_STOCK', 1, 228.00, 0.00, 115.00, 'Opening Stock: OS-0001/2025-26', 1, '103.68.95.166', NULL, NULL, '2025-12-01 17:00:15', '2025-12-01 17:00:15'),
(68, 135, 'OPENING_STOCK', 1, 74.00, 0.00, 60.00, 'Opening Stock: OS-0001/2025-26', 1, '103.68.95.166', NULL, NULL, '2025-12-01 17:00:15', '2025-12-01 17:00:15'),
(69, 137, 'OPENING_STOCK', 1, 16.00, 0.00, 55.00, 'Opening Stock: OS-0001/2025-26', 1, '103.68.95.166', NULL, NULL, '2025-12-01 17:00:15', '2025-12-01 17:00:15'),
(70, 139, 'OPENING_STOCK', 1, 34.00, 0.00, 80.00, 'Opening Stock: OS-0001/2025-26', 1, '103.68.95.166', NULL, NULL, '2025-12-01 17:00:15', '2025-12-01 17:00:15'),
(71, 141, 'OPENING_STOCK', 1, 2.00, 0.00, 85.00, 'Opening Stock: OS-0001/2025-26', 1, '103.68.95.166', NULL, NULL, '2025-12-01 17:00:15', '2025-12-01 17:00:15'),
(72, 143, 'OPENING_STOCK', 1, 32.00, 0.00, 85.00, 'Opening Stock: OS-0001/2025-26', 1, '103.68.95.166', NULL, NULL, '2025-12-01 17:00:15', '2025-12-01 17:00:15'),
(73, 145, 'OPENING_STOCK', 1, 16.00, 0.00, 105.00, 'Opening Stock: OS-0001/2025-26', 1, '103.68.95.166', NULL, NULL, '2025-12-01 17:00:15', '2025-12-01 17:00:15'),
(74, 147, 'OPENING_STOCK', 1, 14.00, 0.00, 85.00, 'Opening Stock: OS-0001/2025-26', 1, '103.68.95.166', NULL, NULL, '2025-12-01 17:00:15', '2025-12-01 17:00:15'),
(75, 149, 'OPENING_STOCK', 1, 8.00, 0.00, 70.00, 'Opening Stock: OS-0001/2025-26', 1, '103.68.95.166', NULL, NULL, '2025-12-01 17:00:15', '2025-12-01 17:00:15'),
(76, 151, 'OPENING_STOCK', 1, 5.00, 0.00, 100.00, 'Opening Stock: OS-0001/2025-26', 1, '103.68.95.166', NULL, NULL, '2025-12-01 17:00:15', '2025-12-01 17:00:15'),
(77, 153, 'OPENING_STOCK', 1, 4.00, 0.00, 90.00, 'Opening Stock: OS-0001/2025-26', 1, '103.68.95.166', NULL, NULL, '2025-12-01 17:00:15', '2025-12-01 17:00:15'),
(78, 155, 'OPENING_STOCK', 1, 2.00, 0.00, 70.00, 'Opening Stock: OS-0001/2025-26', 1, '103.68.95.166', NULL, NULL, '2025-12-01 17:00:15', '2025-12-01 17:00:15'),
(79, 157, 'OPENING_STOCK', 1, 2.00, 0.00, 85.00, 'Opening Stock: OS-0001/2025-26', 1, '103.68.95.166', NULL, NULL, '2025-12-01 17:00:15', '2025-12-01 17:00:15'),
(80, 159, 'OPENING_STOCK', 1, 79.00, 0.00, 80.00, 'Opening Stock: OS-0001/2025-26', 1, '103.68.95.166', NULL, NULL, '2025-12-01 17:00:15', '2025-12-01 17:00:15'),
(81, 161, 'OPENING_STOCK', 1, 27.00, 0.00, 135.00, 'Opening Stock: OS-0001/2025-26', 1, '103.68.95.166', NULL, NULL, '2025-12-01 17:00:15', '2025-12-01 17:00:15'),
(82, 163, 'OPENING_STOCK', 1, 2.00, 0.00, 160.00, 'Opening Stock: OS-0001/2025-26', 1, '103.68.95.166', NULL, NULL, '2025-12-01 17:00:15', '2025-12-01 17:00:15'),
(83, 165, 'OPENING_STOCK', 1, 2.00, 0.00, 210.00, 'Opening Stock: OS-0001/2025-26', 1, '103.68.95.166', NULL, NULL, '2025-12-01 17:00:15', '2025-12-01 17:00:15'),
(84, 167, 'OPENING_STOCK', 1, 7.00, 0.00, 250.00, 'Opening Stock: OS-0001/2025-26', 1, '103.68.95.166', NULL, NULL, '2025-12-01 17:00:15', '2025-12-01 17:00:15'),
(85, 169, 'OPENING_STOCK', 1, 78.00, 0.00, 80.00, 'Opening Stock: OS-0001/2025-26', 1, '103.68.95.166', NULL, NULL, '2025-12-01 17:00:15', '2025-12-01 17:00:15'),
(86, 171, 'OPENING_STOCK', 1, 76.00, 0.00, 70.00, 'Opening Stock: OS-0001/2025-26', 1, '103.68.95.166', NULL, NULL, '2025-12-01 17:00:15', '2025-12-01 17:00:15'),
(87, 173, 'OPENING_STOCK', 1, 47.00, 0.00, 75.00, 'Opening Stock: OS-0001/2025-26', 1, '103.68.95.166', NULL, NULL, '2025-12-01 17:00:15', '2025-12-01 17:00:15'),
(88, 175, 'OPENING_STOCK', 1, 45.00, 0.00, 85.00, 'Opening Stock: OS-0001/2025-26', 1, '103.68.95.166', NULL, NULL, '2025-12-01 17:00:15', '2025-12-01 17:00:15'),
(89, 177, 'OPENING_STOCK', 1, 34.00, 0.00, 95.00, 'Opening Stock: OS-0001/2025-26', 1, '103.68.95.166', NULL, NULL, '2025-12-01 17:00:15', '2025-12-01 17:00:15'),
(90, 179, 'OPENING_STOCK', 1, 7.00, 0.00, 105.00, 'Opening Stock: OS-0001/2025-26', 1, '103.68.95.166', NULL, NULL, '2025-12-01 17:00:15', '2025-12-01 17:00:15'),
(91, 181, 'OPENING_STOCK', 1, 6.00, 0.00, 110.00, 'Opening Stock: OS-0001/2025-26', 1, '103.68.95.166', NULL, NULL, '2025-12-01 17:00:15', '2025-12-01 17:00:15'),
(93, 185, 'OPENING_STOCK', 1, 2.00, 0.00, 85.00, 'Opening Stock: OS-0001/2025-26', 1, '103.68.95.166', NULL, NULL, '2025-12-01 17:00:15', '2025-12-01 17:00:15'),
(94, 187, 'OPENING_STOCK', 1, 1.00, 0.00, 95.00, 'Opening Stock: OS-0001/2025-26', 1, '103.68.95.166', NULL, NULL, '2025-12-01 17:00:15', '2025-12-01 17:00:15'),
(95, 189, 'OPENING_STOCK', 1, 1.00, 0.00, 90.00, 'Opening Stock: OS-0001/2025-26', 1, '103.68.95.166', NULL, NULL, '2025-12-01 17:00:15', '2025-12-01 17:00:15'),
(96, 191, 'OPENING_STOCK', 1, 4.00, 0.00, 115.00, 'Opening Stock: OS-0001/2025-26', 1, '103.68.95.166', NULL, NULL, '2025-12-01 17:00:15', '2025-12-01 17:00:15'),
(97, 193, 'OPENING_STOCK', 1, 82.00, 0.00, 50.00, 'Opening Stock: OS-0001/2025-26', 1, '103.68.95.166', NULL, NULL, '2025-12-01 17:00:15', '2025-12-01 17:00:15'),
(98, 195, 'OPENING_STOCK', 1, 32.00, 0.00, 50.00, 'Opening Stock: OS-0001/2025-26', 1, '103.68.95.166', NULL, NULL, '2025-12-01 17:00:15', '2025-12-01 17:00:15'),
(99, 197, 'OPENING_STOCK', 1, 26.00, 0.00, 45.00, 'Opening Stock: OS-0001/2025-26', 1, '103.68.95.166', NULL, NULL, '2025-12-01 17:00:15', '2025-12-01 17:00:15'),
(100, 199, 'OPENING_STOCK', 1, 21.00, 0.00, 45.00, 'Opening Stock: OS-0001/2025-26', 1, '103.68.95.166', NULL, NULL, '2025-12-01 17:00:15', '2025-12-01 17:00:15'),
(101, 201, 'OPENING_STOCK', 1, 18.00, 0.00, 50.00, 'Opening Stock: OS-0001/2025-26', 1, '103.68.95.166', NULL, NULL, '2025-12-01 17:00:15', '2025-12-01 17:00:15'),
(102, 203, 'OPENING_STOCK', 1, 6.00, 0.00, 50.00, 'Opening Stock: OS-0001/2025-26', 1, '103.68.95.166', NULL, NULL, '2025-12-01 17:00:15', '2025-12-01 17:00:15'),
(103, 205, 'OPENING_STOCK', 1, 376.00, 0.00, 50.00, 'Opening Stock: OS-0001/2025-26', 1, '103.68.95.166', NULL, NULL, '2025-12-01 17:00:15', '2025-12-01 17:00:15'),
(104, 207, 'OPENING_STOCK', 1, 84.00, 0.00, 55.00, 'Opening Stock: OS-0001/2025-26', 1, '103.68.95.166', NULL, NULL, '2025-12-01 17:00:15', '2025-12-01 17:00:15'),
(105, 209, 'OPENING_STOCK', 1, 20.00, 0.00, 60.00, 'Opening Stock: OS-0001/2025-26', 1, '103.68.95.166', NULL, NULL, '2025-12-01 17:00:15', '2025-12-01 17:00:15'),
(106, 211, 'OPENING_STOCK', 1, 14.00, 0.00, 50.00, 'Opening Stock: OS-0001/2025-26', 1, '103.68.95.166', NULL, NULL, '2025-12-01 17:00:15', '2025-12-01 17:00:15'),
(107, 213, 'OPENING_STOCK', 1, 1.00, 0.00, 65.00, 'Opening Stock: OS-0001/2025-26', 1, '103.68.95.166', NULL, NULL, '2025-12-01 17:00:15', '2025-12-01 17:00:15'),
(108, 215, 'OPENING_STOCK', 1, 1.00, 0.00, 50.00, 'Opening Stock: OS-0001/2025-26', 1, '103.68.95.166', NULL, NULL, '2025-12-01 17:00:15', '2025-12-01 17:00:15'),
(109, 217, 'OPENING_STOCK', 1, 38.00, 0.00, 50.00, 'Opening Stock: OS-0001/2025-26', 1, '103.68.95.166', NULL, NULL, '2025-12-01 17:00:15', '2025-12-01 17:00:15'),
(110, 219, 'OPENING_STOCK', 1, 23.00, 0.00, 50.00, 'Opening Stock: OS-0001/2025-26', 1, '103.68.95.166', NULL, NULL, '2025-12-01 17:00:15', '2025-12-01 17:00:15'),
(111, 221, 'OPENING_STOCK', 1, 40.00, 0.00, 120.00, 'Opening Stock: OS-0001/2025-26', 1, '103.68.95.166', NULL, NULL, '2025-12-01 17:00:15', '2025-12-01 17:00:15'),
(112, 223, 'OPENING_STOCK', 1, 36.00, 0.00, 155.00, 'Opening Stock: OS-0001/2025-26', 1, '103.68.95.166', NULL, NULL, '2025-12-01 17:00:15', '2025-12-01 17:00:15'),
(113, 225, 'OPENING_STOCK', 1, 36.00, 0.00, 130.00, 'Opening Stock: OS-0001/2025-26', 1, '103.68.95.166', NULL, NULL, '2025-12-01 17:00:15', '2025-12-01 17:00:15'),
(114, 227, 'OPENING_STOCK', 1, 27.00, 0.00, 120.00, 'Opening Stock: OS-0001/2025-26', 1, '103.68.95.166', NULL, NULL, '2025-12-01 17:00:15', '2025-12-01 17:00:15'),
(115, 229, 'OPENING_STOCK', 1, 24.00, 0.00, 125.00, 'Opening Stock: OS-0001/2025-26', 1, '103.68.95.166', NULL, NULL, '2025-12-01 17:00:15', '2025-12-01 17:00:15'),
(116, 231, 'OPENING_STOCK', 1, 22.00, 0.00, 105.00, 'Opening Stock: OS-0001/2025-26', 1, '103.68.95.166', NULL, NULL, '2025-12-01 17:00:15', '2025-12-01 17:00:15'),
(117, 233, 'OPENING_STOCK', 1, 59.00, 0.00, 170.00, 'Opening Stock: OS-0001/2025-26', 1, '103.68.95.166', NULL, NULL, '2025-12-01 17:00:15', '2025-12-01 17:00:15'),
(118, 235, 'OPENING_STOCK', 1, 50.00, 0.00, 175.00, 'Opening Stock: OS-0001/2025-26', 1, '103.68.95.166', NULL, NULL, '2025-12-01 17:00:15', '2025-12-01 17:00:15'),
(119, 237, 'OPENING_STOCK', 1, 31.00, 0.00, 135.00, 'Opening Stock: OS-0001/2025-26', 1, '103.68.95.166', NULL, NULL, '2025-12-01 17:00:15', '2025-12-01 17:00:15'),
(120, 239, 'OPENING_STOCK', 1, 15.00, 0.00, 330.00, 'Opening Stock: OS-0001/2025-26', 1, '103.68.95.166', NULL, NULL, '2025-12-01 17:00:15', '2025-12-01 17:00:15'),
(121, 241, 'OPENING_STOCK', 1, 62.00, 0.00, 159.00, 'Opening Stock: OS-0001/2025-26', 1, '103.68.95.166', NULL, NULL, '2025-12-01 17:00:15', '2025-12-01 17:00:15'),
(122, 243, 'OPENING_STOCK', 1, 1.00, 0.00, 100.00, 'Opening Stock: OS-0001/2025-26', 1, '103.68.95.166', NULL, NULL, '2025-12-01 17:00:15', '2025-12-01 17:00:15'),
(123, 245, 'OPENING_STOCK', 1, 1.00, 0.00, 250.00, 'Opening Stock: OS-0001/2025-26', 1, '103.68.95.166', NULL, NULL, '2025-12-01 17:00:15', '2025-12-01 17:00:15'),
(124, 247, 'OPENING_STOCK', 1, 68.00, 0.00, 65.00, 'Opening Stock: OS-0001/2025-26', 1, '103.68.95.166', NULL, NULL, '2025-12-01 17:00:15', '2025-12-01 17:00:15'),
(125, 249, 'OPENING_STOCK', 1, 41.00, 0.00, 70.00, 'Opening Stock: OS-0001/2025-26', 1, '103.68.95.166', NULL, NULL, '2025-12-01 17:00:15', '2025-12-01 17:00:15'),
(126, 251, 'OPENING_STOCK', 1, 33.00, 0.00, 75.00, 'Opening Stock: OS-0001/2025-26', 1, '103.68.95.166', NULL, NULL, '2025-12-01 17:00:15', '2025-12-01 17:00:15'),
(127, 253, 'OPENING_STOCK', 1, 16.00, 0.00, 80.00, 'Opening Stock: OS-0001/2025-26', 1, '103.68.95.166', NULL, NULL, '2025-12-01 17:00:15', '2025-12-01 17:00:15'),
(128, 255, 'OPENING_STOCK', 1, 11.00, 0.00, 60.00, 'Opening Stock: OS-0001/2025-26', 1, '103.68.95.166', NULL, NULL, '2025-12-01 17:00:15', '2025-12-01 17:00:15'),
(129, 257, 'OPENING_STOCK', 1, 5.00, 0.00, 90.00, 'Opening Stock: OS-0001/2025-26', 1, '103.68.95.166', NULL, NULL, '2025-12-01 17:00:15', '2025-12-01 17:00:15'),
(130, 259, 'OPENING_STOCK', 1, 6.00, 0.00, 160.00, 'Opening Stock: OS-0001/2025-26', 1, '103.68.95.166', NULL, NULL, '2025-12-01 17:00:15', '2025-12-01 17:00:15'),
(131, 261, 'OPENING_STOCK', 1, 3.00, 0.00, 165.00, 'Opening Stock: OS-0001/2025-26', 1, '103.68.95.166', NULL, NULL, '2025-12-01 17:00:15', '2025-12-01 17:00:15'),
(132, 263, 'OPENING_STOCK', 1, 4.00, 0.00, 180.00, 'Opening Stock: OS-0001/2025-26', 1, '103.68.95.166', NULL, NULL, '2025-12-01 17:00:15', '2025-12-01 17:00:15'),
(133, 265, 'OPENING_STOCK', 1, 3.00, 0.00, 190.00, 'Opening Stock: OS-0001/2025-26', 1, '103.68.95.166', NULL, NULL, '2025-12-01 17:00:15', '2025-12-01 17:00:15'),
(134, 267, 'OPENING_STOCK', 1, 2.00, 0.00, 160.00, 'Opening Stock: OS-0001/2025-26', 1, '103.68.95.166', NULL, NULL, '2025-12-01 17:00:15', '2025-12-01 17:00:15'),
(135, 269, 'OPENING_STOCK', 1, 1.00, 0.00, 145.00, 'Opening Stock: OS-0001/2025-26', 1, '103.68.95.166', NULL, NULL, '2025-12-01 17:00:15', '2025-12-01 17:00:15'),
(136, 271, 'OPENING_STOCK', 1, 2.00, 0.00, 180.00, 'Opening Stock: OS-0001/2025-26', 1, '103.68.95.166', NULL, NULL, '2025-12-01 17:00:15', '2025-12-01 17:00:15'),
(137, 273, 'OPENING_STOCK', 1, 28.00, 0.00, 60.00, 'Opening Stock: OS-0001/2025-26', 1, '103.68.95.166', NULL, NULL, '2025-12-01 17:00:15', '2025-12-01 17:00:15'),
(138, 275, 'OPENING_STOCK', 1, 29.00, 0.00, 70.00, 'Opening Stock: OS-0001/2025-26', 1, '103.68.95.166', NULL, NULL, '2025-12-01 17:00:15', '2025-12-01 17:00:15'),
(139, 277, 'OPENING_STOCK', 1, 1.00, 0.00, 75.00, 'Opening Stock: OS-0001/2025-26', 1, '103.68.95.166', NULL, NULL, '2025-12-01 17:00:15', '2025-12-01 17:00:15'),
(140, 279, 'OPENING_STOCK', 1, 12.00, 0.00, 50.00, 'Opening Stock: OS-0001/2025-26', 1, '103.68.95.166', NULL, NULL, '2025-12-01 17:00:16', '2025-12-01 17:00:16'),
(141, 281, 'OPENING_STOCK', 1, 10.00, 0.00, 90.00, 'Opening Stock: OS-0001/2025-26', 1, '103.68.95.166', NULL, NULL, '2025-12-01 17:00:16', '2025-12-01 17:00:16'),
(142, 283, 'OPENING_STOCK', 1, 8.00, 0.00, 60.00, 'Opening Stock: OS-0001/2025-26', 1, '103.68.95.166', NULL, NULL, '2025-12-01 17:00:16', '2025-12-01 17:00:16'),
(143, 285, 'OPENING_STOCK', 1, 6.00, 0.00, 80.00, 'Opening Stock: OS-0001/2025-26', 1, '103.68.95.166', NULL, NULL, '2025-12-01 17:00:16', '2025-12-01 17:00:16'),
(144, 287, 'OPENING_STOCK', 1, 31.00, 0.00, 80.00, 'Opening Stock: OS-0001/2025-26', 1, '103.68.95.166', NULL, NULL, '2025-12-01 17:00:16', '2025-12-01 17:00:16'),
(145, 289, 'OPENING_STOCK', 1, 16.00, 0.00, 115.00, 'Opening Stock: OS-0001/2025-26', 1, '103.68.95.166', NULL, NULL, '2025-12-01 17:00:16', '2025-12-01 17:00:16'),
(146, 291, 'OPENING_STOCK', 1, 6.00, 0.00, 75.00, 'Opening Stock: OS-0001/2025-26', 1, '103.68.95.166', NULL, NULL, '2025-12-01 17:00:16', '2025-12-01 17:00:16'),
(147, 293, 'OPENING_STOCK', 1, 2.00, 0.00, 85.00, 'Opening Stock: OS-0001/2025-26', 1, '103.68.95.166', NULL, NULL, '2025-12-01 17:00:16', '2025-12-01 17:00:16'),
(148, 295, 'OPENING_STOCK', 1, 50.00, 0.00, 65.00, 'Opening Stock: OS-0001/2025-26', 1, '103.68.95.166', NULL, NULL, '2025-12-01 17:00:16', '2025-12-01 17:00:16'),
(149, 297, 'OPENING_STOCK', 1, 3.00, 0.00, 75.00, 'Opening Stock: OS-0001/2025-26', 1, '103.68.95.166', NULL, NULL, '2025-12-01 17:00:16', '2025-12-01 17:00:16'),
(150, 299, 'OPENING_STOCK', 1, 1.00, 0.00, 60.00, 'Opening Stock: OS-0001/2025-26', 1, '103.68.95.166', NULL, NULL, '2025-12-01 17:00:16', '2025-12-01 17:00:16'),
(151, 301, 'OPENING_STOCK', 1, 60.00, 0.00, 51.00, 'Opening Stock: OS-0001/2025-26', 1, '103.68.95.166', NULL, NULL, '2025-12-01 17:00:16', '2025-12-01 17:00:16'),
(152, 303, 'OPENING_STOCK', 1, 60.00, 0.00, 57.00, 'Opening Stock: OS-0001/2025-26', 1, '103.68.95.166', NULL, NULL, '2025-12-01 17:00:16', '2025-12-01 17:00:16'),
(153, 305, 'OPENING_STOCK', 1, 50.00, 0.00, 52.00, 'Opening Stock: OS-0001/2025-26', 1, '103.68.95.166', NULL, NULL, '2025-12-01 17:00:16', '2025-12-01 17:00:16'),
(154, 307, 'OPENING_STOCK', 1, 26.00, 0.00, 56.00, 'Opening Stock: OS-0001/2025-26', 1, '103.68.95.166', NULL, NULL, '2025-12-01 17:00:16', '2025-12-01 17:00:16'),
(155, 309, 'OPENING_STOCK', 1, 20.00, 0.00, 51.00, 'Opening Stock: OS-0001/2025-26', 1, '103.68.95.166', NULL, NULL, '2025-12-01 17:00:16', '2025-12-01 17:00:16'),
(156, 311, 'OPENING_STOCK', 1, 3.00, 0.00, 55.00, 'Opening Stock: OS-0001/2025-26', 1, '103.68.95.166', NULL, NULL, '2025-12-01 17:00:16', '2025-12-01 17:00:16'),
(157, 313, 'OPENING_STOCK', 1, 1.00, 0.00, 45.00, 'Opening Stock: OS-0001/2025-26', 1, '103.68.95.166', NULL, NULL, '2025-12-01 17:00:16', '2025-12-01 17:00:16'),
(158, 315, 'OPENING_STOCK', 1, 1.00, 0.00, 50.00, 'Opening Stock: OS-0001/2025-26', 1, '103.68.95.166', NULL, NULL, '2025-12-01 17:00:16', '2025-12-01 17:00:16'),
(159, 317, 'OPENING_STOCK', 1, 1.00, 0.00, 45.00, 'Opening Stock: OS-0001/2025-26', 1, '103.68.95.166', NULL, NULL, '2025-12-01 17:00:16', '2025-12-01 17:00:16'),
(160, 319, 'OPENING_STOCK', 1, 26.00, 0.00, 64.00, 'Opening Stock: OS-0001/2025-26', 1, '103.68.95.166', NULL, NULL, '2025-12-01 17:00:16', '2025-12-01 17:00:16'),
(161, 321, 'OPENING_STOCK', 1, 13.00, 0.00, 55.00, 'Opening Stock: OS-0001/2025-26', 1, '103.68.95.166', NULL, NULL, '2025-12-01 17:00:16', '2025-12-01 17:00:16'),
(162, 323, 'OPENING_STOCK', 1, 11.00, 0.00, 60.00, 'Opening Stock: OS-0001/2025-26', 1, '103.68.95.166', NULL, NULL, '2025-12-01 17:00:16', '2025-12-01 17:00:16'),
(163, 325, 'OPENING_STOCK', 1, 3.00, 0.00, 70.00, 'Opening Stock: OS-0001/2025-26', 1, '103.68.95.166', NULL, NULL, '2025-12-01 17:00:16', '2025-12-01 17:00:16'),
(164, 327, 'OPENING_STOCK', 1, 2.00, 0.00, 65.00, 'Opening Stock: OS-0001/2025-26', 1, '103.68.95.166', NULL, NULL, '2025-12-01 17:00:16', '2025-12-01 17:00:16'),
(165, 329, 'OPENING_STOCK', 1, 2.00, 0.00, 50.00, 'Opening Stock: OS-0001/2025-26', 1, '103.68.95.166', NULL, NULL, '2025-12-01 17:00:16', '2025-12-01 17:00:16'),
(166, 331, 'OPENING_STOCK', 1, 1.00, 0.00, 60.00, 'Opening Stock: OS-0001/2025-26', 1, '103.68.95.166', NULL, NULL, '2025-12-01 17:00:16', '2025-12-01 17:00:16'),
(167, 333, 'OPENING_STOCK', 1, 1.00, 0.00, 70.00, 'Opening Stock: OS-0001/2025-26', 1, '103.68.95.166', NULL, NULL, '2025-12-01 17:00:16', '2025-12-01 17:00:16'),
(168, 335, 'OPENING_STOCK', 1, 30.00, 0.00, 81.00, 'Opening Stock: OS-0001/2025-26', 1, '103.68.95.166', NULL, NULL, '2025-12-01 17:00:16', '2025-12-01 17:00:16'),
(169, 337, 'OPENING_STOCK', 1, 8.00, 0.00, 60.00, 'Opening Stock: OS-0001/2025-26', 1, '103.68.95.166', NULL, NULL, '2025-12-01 17:00:16', '2025-12-01 17:00:16'),
(170, 339, 'OPENING_STOCK', 1, 8.00, 0.00, 60.00, 'Opening Stock: OS-0001/2025-26', 1, '103.68.95.166', NULL, NULL, '2025-12-01 17:00:16', '2025-12-01 17:00:16'),
(171, 341, 'OPENING_STOCK', 1, 6.00, 0.00, 55.00, 'Opening Stock: OS-0001/2025-26', 1, '103.68.95.166', NULL, NULL, '2025-12-01 17:00:16', '2025-12-01 17:00:16'),
(172, 343, 'OPENING_STOCK', 1, 6.00, 0.00, 55.00, 'Opening Stock: OS-0001/2025-26', 1, '103.68.95.166', NULL, NULL, '2025-12-01 17:00:16', '2025-12-01 17:00:16'),
(173, 345, 'OPENING_STOCK', 1, 4.00, 0.00, 65.00, 'Opening Stock: OS-0001/2025-26', 1, '103.68.95.166', NULL, NULL, '2025-12-01 17:00:16', '2025-12-01 17:00:16'),
(174, 347, 'OPENING_STOCK', 1, 1.00, 0.00, 60.00, 'Opening Stock: OS-0001/2025-26', 1, '103.68.95.166', NULL, NULL, '2025-12-01 17:00:16', '2025-12-01 17:00:16'),
(175, 349, 'OPENING_STOCK', 1, 1.00, 0.00, 55.00, 'Opening Stock: OS-0001/2025-26', 1, '103.68.95.166', NULL, NULL, '2025-12-01 17:00:16', '2025-12-01 17:00:16'),
(176, 351, 'OPENING_STOCK', 1, 19.00, 0.00, 55.00, 'Opening Stock: OS-0001/2025-26', 1, '103.68.95.166', NULL, NULL, '2025-12-01 17:00:16', '2025-12-01 17:00:16'),
(177, 353, 'OPENING_STOCK', 1, 10.00, 0.00, 75.00, 'Opening Stock: OS-0001/2025-26', 1, '103.68.95.166', NULL, NULL, '2025-12-01 17:00:16', '2025-12-01 17:00:16'),
(178, 355, 'OPENING_STOCK', 1, 74.00, 0.00, 73.00, 'Opening Stock: OS-0001/2025-26', 1, '103.68.95.166', NULL, NULL, '2025-12-01 17:00:16', '2025-12-01 17:00:16'),
(179, 357, 'OPENING_STOCK', 1, 71.00, 0.00, 99.00, 'Opening Stock: OS-0001/2025-26', 1, '103.68.95.166', NULL, NULL, '2025-12-01 17:00:16', '2025-12-01 17:00:16'),
(180, 359, 'OPENING_STOCK', 1, 70.00, 0.00, 79.00, 'Opening Stock: OS-0001/2025-26', 1, '103.68.95.166', NULL, NULL, '2025-12-01 17:00:16', '2025-12-01 17:00:16'),
(181, 361, 'OPENING_STOCK', 1, 60.00, 0.00, 63.00, 'Opening Stock: OS-0001/2025-26', 1, '103.68.95.166', NULL, NULL, '2025-12-01 17:00:16', '2025-12-01 17:00:16'),
(182, 363, 'OPENING_STOCK', 1, 40.00, 0.00, 77.00, 'Opening Stock: OS-0001/2025-26', 1, '103.68.95.166', NULL, NULL, '2025-12-01 17:00:16', '2025-12-01 17:00:16'),
(183, 365, 'OPENING_STOCK', 1, 34.00, 0.00, 89.00, 'Opening Stock: OS-0001/2025-26', 1, '103.68.95.166', NULL, NULL, '2025-12-01 17:00:16', '2025-12-01 17:00:16'),
(184, 367, 'OPENING_STOCK', 1, 30.00, 0.00, 66.00, 'Opening Stock: OS-0001/2025-26', 1, '103.68.95.166', NULL, NULL, '2025-12-01 17:00:16', '2025-12-01 17:00:16'),
(185, 369, 'OPENING_STOCK', 1, 30.00, 0.00, 79.00, 'Opening Stock: OS-0001/2025-26', 1, '103.68.95.166', NULL, NULL, '2025-12-01 17:00:16', '2025-12-01 17:00:16'),
(186, 371, 'OPENING_STOCK', 1, 30.00, 0.00, 93.00, 'Opening Stock: OS-0001/2025-26', 1, '103.68.95.166', NULL, NULL, '2025-12-01 17:00:16', '2025-12-01 17:00:16'),
(187, 373, 'OPENING_STOCK', 1, 30.00, 0.00, 71.00, 'Opening Stock: OS-0001/2025-26', 1, '103.68.95.166', NULL, NULL, '2025-12-01 17:00:16', '2025-12-01 17:00:16'),
(188, 375, 'OPENING_STOCK', 1, 30.00, 0.00, 78.00, 'Opening Stock: OS-0001/2025-26', 1, '103.68.95.166', NULL, NULL, '2025-12-01 17:00:16', '2025-12-01 17:00:16'),
(189, 377, 'OPENING_STOCK', 1, 24.00, 0.00, 94.00, 'Opening Stock: OS-0001/2025-26', 1, '103.68.95.166', NULL, NULL, '2025-12-01 17:00:16', '2025-12-01 17:00:16'),
(190, 379, 'OPENING_STOCK', 1, 20.00, 0.00, 64.00, 'Opening Stock: OS-0001/2025-26', 1, '103.68.95.166', NULL, NULL, '2025-12-01 17:00:16', '2025-12-01 17:00:16'),
(191, 381, 'OPENING_STOCK', 1, 20.00, 0.00, 63.00, 'Opening Stock: OS-0001/2025-26', 1, '103.68.95.166', NULL, NULL, '2025-12-01 17:00:16', '2025-12-01 17:00:16'),
(192, 383, 'OPENING_STOCK', 1, 20.00, 0.00, 78.00, 'Opening Stock: OS-0001/2025-26', 1, '103.68.95.166', NULL, NULL, '2025-12-01 17:00:16', '2025-12-01 17:00:16'),
(193, 385, 'OPENING_STOCK', 1, 20.00, 0.00, 84.00, 'Opening Stock: OS-0001/2025-26', 1, '103.68.95.166', NULL, NULL, '2025-12-01 17:00:16', '2025-12-01 17:00:16'),
(194, 387, 'OPENING_STOCK', 1, 20.00, 0.00, 100.00, 'Opening Stock: OS-0001/2025-26', 1, '103.68.95.166', NULL, NULL, '2025-12-01 17:00:16', '2025-12-01 17:00:16'),
(195, 389, 'OPENING_STOCK', 1, 17.00, 0.00, 100.00, 'Opening Stock: OS-0001/2025-26', 1, '103.68.95.166', NULL, NULL, '2025-12-01 17:00:16', '2025-12-01 17:00:16'),
(196, 391, 'OPENING_STOCK', 1, 12.00, 0.00, 105.00, 'Opening Stock: OS-0001/2025-26', 1, '103.68.95.166', NULL, NULL, '2025-12-01 17:00:16', '2025-12-01 17:00:16'),
(197, 393, 'OPENING_STOCK', 1, 12.00, 0.00, 102.00, 'Opening Stock: OS-0001/2025-26', 1, '103.68.95.166', NULL, NULL, '2025-12-01 17:00:16', '2025-12-01 17:00:16'),
(198, 395, 'OPENING_STOCK', 1, 12.00, 0.00, 94.00, 'Opening Stock: OS-0001/2025-26', 1, '103.68.95.166', NULL, NULL, '2025-12-01 17:00:16', '2025-12-01 17:00:16'),
(199, 397, 'OPENING_STOCK', 1, 11.00, 0.00, 110.00, 'Opening Stock: OS-0001/2025-26', 1, '103.68.95.166', NULL, NULL, '2025-12-01 17:00:16', '2025-12-01 17:00:16'),
(200, 399, 'OPENING_STOCK', 1, 10.00, 0.00, 106.00, 'Opening Stock: OS-0001/2025-26', 1, '103.68.95.166', NULL, NULL, '2025-12-01 17:00:16', '2025-12-01 17:00:16'),
(201, 401, 'OPENING_STOCK', 1, 9.00, 0.00, 90.00, 'Opening Stock: OS-0001/2025-26', 1, '103.68.95.166', NULL, NULL, '2025-12-01 17:00:16', '2025-12-01 17:00:16'),
(202, 403, 'OPENING_STOCK', 1, 9.00, 0.00, 120.00, 'Opening Stock: OS-0001/2025-26', 1, '103.68.95.166', NULL, NULL, '2025-12-01 17:00:16', '2025-12-01 17:00:16'),
(203, 405, 'OPENING_STOCK', 1, 8.00, 0.00, 100.00, 'Opening Stock: OS-0001/2025-26', 1, '103.68.95.166', NULL, NULL, '2025-12-01 17:00:16', '2025-12-01 17:00:16'),
(204, 407, 'OPENING_STOCK', 1, 8.00, 0.00, 115.00, 'Opening Stock: OS-0001/2025-26', 1, '103.68.95.166', NULL, NULL, '2025-12-01 17:00:16', '2025-12-01 17:00:16'),
(205, 409, 'OPENING_STOCK', 1, 7.00, 0.00, 195.00, 'Opening Stock: OS-0001/2025-26', 1, '103.68.95.166', NULL, NULL, '2025-12-01 17:00:16', '2025-12-01 17:00:16'),
(206, 411, 'OPENING_STOCK', 1, 6.00, 0.00, 125.00, 'Opening Stock: OS-0001/2025-26', 1, '103.68.95.166', NULL, NULL, '2025-12-01 17:00:16', '2025-12-01 17:00:16'),
(207, 413, 'OPENING_STOCK', 1, 6.00, 0.00, 145.00, 'Opening Stock: OS-0001/2025-26', 1, '103.68.95.166', NULL, NULL, '2025-12-01 17:00:16', '2025-12-01 17:00:16'),
(208, 415, 'OPENING_STOCK', 1, 5.00, 0.00, 160.00, 'Opening Stock: OS-0001/2025-26', 1, '103.68.95.166', NULL, NULL, '2025-12-01 17:00:16', '2025-12-01 17:00:16'),
(209, 417, 'OPENING_STOCK', 1, 5.00, 0.00, 125.00, 'Opening Stock: OS-0001/2025-26', 1, '103.68.95.166', NULL, NULL, '2025-12-01 17:00:16', '2025-12-01 17:00:16'),
(210, 419, 'OPENING_STOCK', 1, 4.00, 0.00, 100.00, 'Opening Stock: OS-0001/2025-26', 1, '103.68.95.166', NULL, NULL, '2025-12-01 17:00:16', '2025-12-01 17:00:16'),
(211, 421, 'OPENING_STOCK', 1, 4.00, 0.00, 110.00, 'Opening Stock: OS-0001/2025-26', 1, '103.68.95.166', NULL, NULL, '2025-12-01 17:00:16', '2025-12-01 17:00:16'),
(212, 423, 'OPENING_STOCK', 1, 4.00, 0.00, 130.00, 'Opening Stock: OS-0001/2025-26', 1, '103.68.95.166', NULL, NULL, '2025-12-01 17:00:16', '2025-12-01 17:00:16'),
(213, 425, 'OPENING_STOCK', 1, 4.00, 0.00, 135.00, 'Opening Stock: OS-0001/2025-26', 1, '103.68.95.166', NULL, NULL, '2025-12-01 17:00:16', '2025-12-01 17:00:16'),
(214, 427, 'OPENING_STOCK', 1, 4.00, 0.00, 160.00, 'Opening Stock: OS-0001/2025-26', 1, '103.68.95.166', NULL, NULL, '2025-12-01 17:00:16', '2025-12-01 17:00:16'),
(215, 429, 'OPENING_STOCK', 1, 4.00, 0.00, 120.00, 'Opening Stock: OS-0001/2025-26', 1, '103.68.95.166', NULL, NULL, '2025-12-01 17:00:16', '2025-12-01 17:00:16'),
(216, 431, 'OPENING_STOCK', 1, 2.00, 0.00, 105.00, 'Opening Stock: OS-0001/2025-26', 1, '103.68.95.166', NULL, NULL, '2025-12-01 17:00:16', '2025-12-01 17:00:16'),
(217, 433, 'OPENING_STOCK', 1, 1.00, 0.00, 75.00, 'Opening Stock: OS-0001/2025-26', 1, '103.68.95.166', NULL, NULL, '2025-12-01 17:00:16', '2025-12-01 17:00:16'),
(218, 435, 'OPENING_STOCK', 1, 1.00, 0.00, 160.00, 'Opening Stock: OS-0001/2025-26', 1, '103.68.95.166', NULL, NULL, '2025-12-01 17:00:16', '2025-12-01 17:00:16'),
(219, 437, 'OPENING_STOCK', 1, 1.00, 0.00, 110.00, 'Opening Stock: OS-0001/2025-26', 1, '103.68.95.166', NULL, NULL, '2025-12-01 17:00:16', '2025-12-01 17:00:16'),
(220, 439, 'OPENING_STOCK', 1, 1.00, 0.00, 140.00, 'Opening Stock: OS-0001/2025-26', 1, '103.68.95.166', NULL, NULL, '2025-12-01 17:00:16', '2025-12-01 17:00:16'),
(221, 441, 'OPENING_STOCK', 1, 1.00, 0.00, 100.00, 'Opening Stock: OS-0001/2025-26', 1, '103.68.95.166', NULL, NULL, '2025-12-01 17:00:16', '2025-12-01 17:00:16'),
(222, 443, 'OPENING_STOCK', 1, 1.00, 0.00, 90.00, 'Opening Stock: OS-0001/2025-26', 1, '103.68.95.166', NULL, NULL, '2025-12-01 17:00:16', '2025-12-01 17:00:16'),
(223, 445, 'OPENING_STOCK', 1, 14.00, 0.00, 143.00, 'Opening Stock: OS-0001/2025-26', 1, '103.68.95.166', NULL, NULL, '2025-12-01 17:00:16', '2025-12-01 17:00:16'),
(224, 447, 'OPENING_STOCK', 1, 8.00, 0.00, 117.00, 'Opening Stock: OS-0001/2025-26', 1, '103.68.95.166', NULL, NULL, '2025-12-01 17:00:16', '2025-12-01 17:00:16'),
(225, 449, 'OPENING_STOCK', 1, 8.00, 0.00, 135.00, 'Opening Stock: OS-0001/2025-26', 1, '103.68.95.166', NULL, NULL, '2025-12-01 17:00:16', '2025-12-01 17:00:16'),
(226, 451, 'OPENING_STOCK', 1, 8.00, 0.00, 117.00, 'Opening Stock: OS-0001/2025-26', 1, '103.68.95.166', NULL, NULL, '2025-12-01 17:00:16', '2025-12-01 17:00:16'),
(227, 453, 'OPENING_STOCK', 1, 6.00, 0.00, 136.00, 'Opening Stock: OS-0001/2025-26', 1, '103.68.95.166', NULL, NULL, '2025-12-01 17:00:16', '2025-12-01 17:00:16'),
(228, 455, 'OPENING_STOCK', 1, 4.00, 0.00, 119.00, 'Opening Stock: OS-0001/2025-26', 1, '103.68.95.166', NULL, NULL, '2025-12-01 17:00:16', '2025-12-01 17:00:16'),
(229, 457, 'OPENING_STOCK', 1, 1.00, 0.00, 100.00, 'Opening Stock: OS-0001/2025-26', 1, '103.68.95.166', NULL, NULL, '2025-12-01 17:00:16', '2025-12-01 17:00:16'),
(230, 459, 'OPENING_STOCK', 1, 24.00, 0.00, 70.00, 'Opening Stock: OS-0001/2025-26', 1, '103.68.95.166', NULL, NULL, '2025-12-01 17:00:16', '2025-12-01 17:00:16'),
(231, 461, 'OPENING_STOCK', 1, 15.00, 0.00, 75.00, 'Opening Stock: OS-0001/2025-26', 1, '103.68.95.166', NULL, NULL, '2025-12-01 17:00:16', '2025-12-01 17:00:16'),
(232, 463, 'OPENING_STOCK', 1, 108.00, 0.00, 168.00, 'Opening Stock: OS-0001/2025-26', 1, '103.68.95.166', NULL, NULL, '2025-12-01 17:00:16', '2025-12-01 17:00:16'),
(233, 465, 'OPENING_STOCK', 1, 42.00, 0.00, 116.00, 'Opening Stock: OS-0001/2025-26', 1, '103.68.95.166', NULL, NULL, '2025-12-01 17:00:16', '2025-12-01 17:00:16'),
(234, 467, 'OPENING_STOCK', 1, 23.00, 0.00, 164.00, 'Opening Stock: OS-0001/2025-26', 1, '103.68.95.166', NULL, NULL, '2025-12-01 17:00:16', '2025-12-01 17:00:16'),
(235, 469, 'OPENING_STOCK', 1, 20.00, 0.00, 138.00, 'Opening Stock: OS-0001/2025-26', 1, '103.68.95.166', NULL, NULL, '2025-12-01 17:00:16', '2025-12-01 17:00:16'),
(236, 471, 'OPENING_STOCK', 1, 13.00, 0.00, 167.00, 'Opening Stock: OS-0001/2025-26', 1, '103.68.95.166', NULL, NULL, '2025-12-01 17:00:16', '2025-12-01 17:00:16'),
(237, 473, 'OPENING_STOCK', 1, 7.00, 0.00, 155.00, 'Opening Stock: OS-0001/2025-26', 1, '103.68.95.166', NULL, NULL, '2025-12-01 17:00:16', '2025-12-01 17:00:16'),
(238, 475, 'OPENING_STOCK', 1, 2.00, 0.00, 150.00, 'Opening Stock: OS-0001/2025-26', 1, '103.68.95.166', NULL, NULL, '2025-12-01 17:00:16', '2025-12-01 17:00:16'),
(239, 477, 'OPENING_STOCK', 1, 1.00, 0.00, 145.00, 'Opening Stock: OS-0001/2025-26', 1, '103.68.95.166', NULL, NULL, '2025-12-01 17:00:16', '2025-12-01 17:00:16'),
(240, 479, 'OPENING_STOCK', 1, 30.00, 0.00, 100.00, 'Opening Stock: OS-0001/2025-26', 1, '103.68.95.166', NULL, NULL, '2025-12-01 17:00:16', '2025-12-01 17:00:16'),
(241, 481, 'OPENING_STOCK', 1, 2.00, 0.00, 110.00, 'Opening Stock: OS-0001/2025-26', 1, '103.68.95.166', NULL, NULL, '2025-12-01 17:00:16', '2025-12-01 17:00:16'),
(242, 483, 'OPENING_STOCK', 1, 1.00, 0.00, 105.00, 'Opening Stock: OS-0001/2025-26', 1, '103.68.95.166', NULL, NULL, '2025-12-01 17:00:16', '2025-12-01 17:00:16'),
(243, 485, 'OPENING_STOCK', 1, 20.00, 0.00, 94.00, 'Opening Stock: OS-0001/2025-26', 1, '103.68.95.166', NULL, NULL, '2025-12-01 17:00:16', '2025-12-01 17:00:16'),
(244, 487, 'OPENING_STOCK', 1, 4.00, 0.00, 100.00, 'Opening Stock: OS-0001/2025-26', 1, '103.68.95.166', NULL, NULL, '2025-12-01 17:00:16', '2025-12-01 17:00:16'),
(245, 489, 'OPENING_STOCK', 1, 4.00, 0.00, 115.00, 'Opening Stock: OS-0001/2025-26', 1, '103.68.95.166', NULL, NULL, '2025-12-01 17:00:16', '2025-12-01 17:00:16'),
(246, 491, 'OPENING_STOCK', 1, 1.00, 0.00, 80.00, 'Opening Stock: OS-0001/2025-26', 1, '103.68.95.166', NULL, NULL, '2025-12-01 17:00:16', '2025-12-01 17:00:16'),
(247, 493, 'OPENING_STOCK', 1, 1.00, 0.00, 85.00, 'Opening Stock: OS-0001/2025-26', 1, '103.68.95.166', NULL, NULL, '2025-12-01 17:00:16', '2025-12-01 17:00:16'),
(248, 495, 'OPENING_STOCK', 1, 1.00, 0.00, 90.00, 'Opening Stock: OS-0001/2025-26', 1, '103.68.95.166', NULL, NULL, '2025-12-01 17:00:16', '2025-12-01 17:00:16'),
(249, 497, 'OPENING_STOCK', 1, 2.00, 0.00, 130.00, 'Opening Stock: OS-0001/2025-26', 1, '103.68.95.166', NULL, NULL, '2025-12-01 17:00:16', '2025-12-01 17:00:16'),
(250, 499, 'OPENING_STOCK', 1, 2.00, 0.00, 65.00, 'Opening Stock: OS-0001/2025-26', 1, '103.68.95.166', NULL, NULL, '2025-12-01 17:00:16', '2025-12-01 17:00:16'),
(251, 501, 'OPENING_STOCK', 1, 26.00, 0.00, 50.00, 'Opening Stock: OS-0001/2025-26', 1, '103.68.95.166', NULL, NULL, '2025-12-01 17:00:16', '2025-12-01 17:00:16'),
(252, 503, 'OPENING_STOCK', 1, 24.00, 0.00, 75.00, 'Opening Stock: OS-0001/2025-26', 1, '103.68.95.166', NULL, NULL, '2025-12-01 17:00:16', '2025-12-01 17:00:16'),
(253, 505, 'OPENING_STOCK', 1, 1.00, 0.00, 60.00, 'Opening Stock: OS-0001/2025-26', 1, '103.68.95.166', NULL, NULL, '2025-12-01 17:00:16', '2025-12-01 17:00:16'),
(254, 507, 'OPENING_STOCK', 1, 12.00, 0.00, 150.00, 'Opening Stock: OS-0001/2025-26', 1, '103.68.95.166', NULL, NULL, '2025-12-01 17:00:16', '2025-12-01 17:00:16'),
(255, 509, 'OPENING_STOCK', 1, 8.00, 0.00, 195.00, 'Opening Stock: OS-0001/2025-26', 1, '103.68.95.166', NULL, NULL, '2025-12-01 17:00:16', '2025-12-01 17:00:16'),
(256, 511, 'OPENING_STOCK', 1, 40.00, 0.00, 190.00, 'Opening Stock: OS-0001/2025-26', 1, '103.68.95.166', NULL, NULL, '2025-12-01 17:00:16', '2025-12-01 17:00:16'),
(257, 513, 'OPENING_STOCK', 1, 20.00, 0.00, 190.00, 'Opening Stock: OS-0001/2025-26', 1, '103.68.95.166', NULL, NULL, '2025-12-01 17:00:16', '2025-12-01 17:00:16'),
(258, 515, 'OPENING_STOCK', 1, 20.00, 0.00, 210.00, 'Opening Stock: OS-0001/2025-26', 1, '103.68.95.166', NULL, NULL, '2025-12-01 17:00:16', '2025-12-01 17:00:16'),
(259, 517, 'OPENING_STOCK', 1, 12.00, 0.00, 210.00, 'Opening Stock: OS-0001/2025-26', 1, '103.68.95.166', NULL, NULL, '2025-12-01 17:00:16', '2025-12-01 17:00:16'),
(260, 519, 'OPENING_STOCK', 1, 20.00, 0.00, 220.00, 'Opening Stock: OS-0001/2025-26', 1, '103.68.95.166', NULL, NULL, '2025-12-01 17:00:16', '2025-12-01 17:00:16'),
(261, 521, 'OPENING_STOCK', 1, 8.00, 0.00, 250.00, 'Opening Stock: OS-0001/2025-26', 1, '103.68.95.166', NULL, NULL, '2025-12-01 17:00:16', '2025-12-01 17:00:16'),
(262, 523, 'OPENING_STOCK', 1, 8.00, 0.00, 220.00, 'Opening Stock: OS-0001/2025-26', 1, '103.68.95.166', NULL, NULL, '2025-12-01 17:00:16', '2025-12-01 17:00:16'),
(263, 525, 'OPENING_STOCK', 1, 33.00, 0.00, 125.00, 'Opening Stock: OS-0001/2025-26', 1, '103.68.95.166', NULL, NULL, '2025-12-01 17:00:16', '2025-12-01 17:00:16'),
(264, 527, 'OPENING_STOCK', 1, 16.00, 0.00, 200.00, 'Opening Stock: OS-0001/2025-26', 1, '103.68.95.166', NULL, NULL, '2025-12-01 17:00:16', '2025-12-01 17:00:16'),
(265, 529, 'OPENING_STOCK', 1, 5.00, 0.00, 205.00, 'Opening Stock: OS-0001/2025-26', 1, '103.68.95.166', NULL, NULL, '2025-12-01 17:00:16', '2025-12-01 17:00:16'),
(266, 531, 'OPENING_STOCK', 1, 4.00, 0.00, 165.00, 'Opening Stock: OS-0001/2025-26', 1, '103.68.95.166', NULL, NULL, '2025-12-01 17:00:16', '2025-12-01 17:00:16'),
(267, 533, 'OPENING_STOCK', 1, 4.00, 0.00, 225.00, 'Opening Stock: OS-0001/2025-26', 1, '103.68.95.166', NULL, NULL, '2025-12-01 17:00:16', '2025-12-01 17:00:16'),
(268, 535, 'OPENING_STOCK', 1, 11.00, 0.00, 170.00, 'Opening Stock: OS-0001/2025-26', 1, '103.68.95.166', NULL, NULL, '2025-12-01 17:00:16', '2025-12-01 17:00:16'),
(269, 537, 'OPENING_STOCK', 1, 8.00, 0.00, 170.00, 'Opening Stock: OS-0001/2025-26', 1, '103.68.95.166', NULL, NULL, '2025-12-01 17:00:16', '2025-12-01 17:00:16'),
(270, 539, 'OPENING_STOCK', 1, 1.00, 0.00, 85.00, 'Opening Stock: OS-0001/2025-26', 1, '103.68.95.166', NULL, NULL, '2025-12-01 17:00:16', '2025-12-01 17:00:16'),
(271, 541, 'OPENING_STOCK', 1, 4.00, 0.00, 105.00, 'Opening Stock: OS-0001/2025-26', 1, '103.68.95.166', NULL, NULL, '2025-12-01 17:00:16', '2025-12-01 17:00:16'),
(272, 543, 'OPENING_STOCK', 1, 1.00, 0.00, 90.00, 'Opening Stock: OS-0001/2025-26', 1, '103.68.95.166', NULL, NULL, '2025-12-01 17:00:16', '2025-12-01 17:00:16'),
(273, 545, 'OPENING_STOCK', 1, 11.00, 0.00, 100.00, 'Opening Stock: OS-0001/2025-26', 1, '103.68.95.166', NULL, NULL, '2025-12-01 17:00:16', '2025-12-01 17:00:16'),
(274, 547, 'OPENING_STOCK', 1, 7.00, 0.00, 100.00, 'Opening Stock: OS-0001/2025-26', 1, '103.68.95.166', NULL, NULL, '2025-12-01 17:00:16', '2025-12-01 17:00:16'),
(275, 549, 'OPENING_STOCK', 1, 66.00, 0.00, 115.00, 'Opening Stock: OS-0001/2025-26', 1, '103.68.95.166', NULL, NULL, '2025-12-01 17:00:17', '2025-12-01 17:00:17'),
(276, 551, 'OPENING_STOCK', 1, 20.00, 0.00, 110.00, 'Opening Stock: OS-0001/2025-26', 1, '103.68.95.166', NULL, NULL, '2025-12-01 17:00:17', '2025-12-01 17:00:17'),
(277, 553, 'OPENING_STOCK', 1, 6.00, 0.00, 145.00, 'Opening Stock: OS-0001/2025-26', 1, '103.68.95.166', NULL, NULL, '2025-12-01 17:00:17', '2025-12-01 17:00:17'),
(278, 555, 'OPENING_STOCK', 1, 4.00, 0.00, 130.00, 'Opening Stock: OS-0001/2025-26', 1, '103.68.95.166', NULL, NULL, '2025-12-01 17:00:17', '2025-12-01 17:00:17'),
(279, 557, 'OPENING_STOCK', 1, 4.00, 0.00, 110.00, 'Opening Stock: OS-0001/2025-26', 1, '103.68.95.166', NULL, NULL, '2025-12-01 17:00:17', '2025-12-01 17:00:17'),
(280, 559, 'OPENING_STOCK', 1, 1.00, 0.00, 110.00, 'Opening Stock: OS-0001/2025-26', 1, '103.68.95.166', NULL, NULL, '2025-12-01 17:00:17', '2025-12-01 17:00:17'),
(281, 561, 'OPENING_STOCK', 1, 1.00, 0.00, 100.00, 'Opening Stock: OS-0001/2025-26', 1, '103.68.95.166', NULL, NULL, '2025-12-01 17:00:17', '2025-12-01 17:00:17'),
(282, 563, 'OPENING_STOCK', 1, 20.00, 0.00, 65.00, 'Opening Stock: OS-0001/2025-26', 1, '103.68.95.166', NULL, NULL, '2025-12-01 17:00:17', '2025-12-01 17:00:17'),
(283, 565, 'OPENING_STOCK', 1, 19.00, 0.00, 55.00, 'Opening Stock: OS-0001/2025-26', 1, '103.68.95.166', NULL, NULL, '2025-12-01 17:00:17', '2025-12-01 17:00:17'),
(284, 567, 'OPENING_STOCK', 1, 6.00, 0.00, 70.00, 'Opening Stock: OS-0001/2025-26', 1, '103.68.95.166', NULL, NULL, '2025-12-01 17:00:17', '2025-12-01 17:00:17'),
(285, 569, 'OPENING_STOCK', 1, 6.00, 0.00, 60.00, 'Opening Stock: OS-0001/2025-26', 1, '103.68.95.166', NULL, NULL, '2025-12-01 17:00:17', '2025-12-01 17:00:17'),
(286, 571, 'OPENING_STOCK', 1, 22.00, 0.00, 50.00, 'Opening Stock: OS-0001/2025-26', 1, '103.68.95.166', NULL, NULL, '2025-12-01 17:00:17', '2025-12-01 17:00:17'),
(287, 573, 'OPENING_STOCK', 1, 12.00, 0.00, 45.00, 'Opening Stock: OS-0001/2025-26', 1, '103.68.95.166', NULL, NULL, '2025-12-01 17:00:17', '2025-12-01 17:00:17'),
(288, 575, 'OPENING_STOCK', 1, 10.00, 0.00, 60.00, 'Opening Stock: OS-0001/2025-26', 1, '103.68.95.166', NULL, NULL, '2025-12-01 17:00:17', '2025-12-01 17:00:17'),
(289, 577, 'OPENING_STOCK', 1, 2.00, 0.00, 70.00, 'Opening Stock: OS-0001/2025-26', 1, '103.68.95.166', NULL, NULL, '2025-12-01 17:00:17', '2025-12-01 17:00:17'),
(290, 579, 'OPENING_STOCK', 1, 1.00, 0.00, 60.00, 'Opening Stock: OS-0001/2025-26', 1, '103.68.95.166', NULL, NULL, '2025-12-01 17:00:17', '2025-12-01 17:00:17'),
(291, 581, 'OPENING_STOCK', 1, 87.00, 0.00, 155.00, 'Opening Stock: OS-0001/2025-26', 1, '103.68.95.166', NULL, NULL, '2025-12-01 17:00:17', '2025-12-01 17:00:17'),
(292, 583, 'OPENING_STOCK', 1, 38.00, 0.00, 145.00, 'Opening Stock: OS-0001/2025-26', 1, '103.68.95.166', NULL, NULL, '2025-12-01 17:00:17', '2025-12-01 17:00:17'),
(293, 585, 'OPENING_STOCK', 1, 8.00, 0.00, 120.00, 'Opening Stock: OS-0001/2025-26', 1, '103.68.95.166', NULL, NULL, '2025-12-01 17:00:17', '2025-12-01 17:00:17'),
(294, 587, 'OPENING_STOCK', 1, 3.00, 0.00, 120.00, 'Opening Stock: OS-0001/2025-26', 1, '103.68.95.166', NULL, NULL, '2025-12-01 17:00:17', '2025-12-01 17:00:17'),
(295, 589, 'OPENING_STOCK', 1, 2.00, 0.00, 145.00, 'Opening Stock: OS-0001/2025-26', 1, '103.68.95.166', NULL, NULL, '2025-12-01 17:00:17', '2025-12-01 17:00:17'),
(296, 591, 'OPENING_STOCK', 1, 1.00, 0.00, 110.00, 'Opening Stock: OS-0001/2025-26', 1, '103.68.95.166', NULL, NULL, '2025-12-01 17:00:17', '2025-12-01 17:00:17'),
(297, 593, 'OPENING_STOCK', 1, 1.00, 0.00, 125.00, 'Opening Stock: OS-0001/2025-26', 1, '103.68.95.166', NULL, NULL, '2025-12-01 17:00:17', '2025-12-01 17:00:17'),
(298, 595, 'OPENING_STOCK', 1, 48.00, 0.00, 70.00, 'Opening Stock: OS-0001/2025-26', 1, '103.68.95.166', NULL, NULL, '2025-12-01 17:00:17', '2025-12-01 17:00:17'),
(299, 597, 'OPENING_STOCK', 1, 40.00, 0.00, 75.00, 'Opening Stock: OS-0001/2025-26', 1, '103.68.95.166', NULL, NULL, '2025-12-01 17:00:17', '2025-12-01 17:00:17'),
(300, 599, 'OPENING_STOCK', 1, 31.00, 0.00, 75.00, 'Opening Stock: OS-0001/2025-26', 1, '103.68.95.166', NULL, NULL, '2025-12-01 17:00:17', '2025-12-01 17:00:17'),
(301, 601, 'OPENING_STOCK', 1, 31.00, 0.00, 85.00, 'Opening Stock: OS-0001/2025-26', 1, '103.68.95.166', NULL, NULL, '2025-12-01 17:00:17', '2025-12-01 17:00:17'),
(302, 603, 'OPENING_STOCK', 1, 26.00, 0.00, 85.00, 'Opening Stock: OS-0001/2025-26', 1, '103.68.95.166', NULL, NULL, '2025-12-01 17:00:17', '2025-12-01 17:00:17'),
(303, 605, 'OPENING_STOCK', 1, 24.00, 0.00, 90.00, 'Opening Stock: OS-0001/2025-26', 1, '103.68.95.166', NULL, NULL, '2025-12-01 17:00:17', '2025-12-01 17:00:17'),
(304, 607, 'OPENING_STOCK', 1, 20.00, 0.00, 75.00, 'Opening Stock: OS-0001/2025-26', 1, '103.68.95.166', NULL, NULL, '2025-12-01 17:00:17', '2025-12-01 17:00:17'),
(305, 609, 'OPENING_STOCK', 1, 19.00, 0.00, 60.00, 'Opening Stock: OS-0001/2025-26', 1, '103.68.95.166', NULL, NULL, '2025-12-01 17:00:17', '2025-12-01 17:00:17'),
(306, 611, 'OPENING_STOCK', 1, 16.00, 0.00, 65.00, 'Opening Stock: OS-0001/2025-26', 1, '103.68.95.166', NULL, NULL, '2025-12-01 17:00:17', '2025-12-01 17:00:17'),
(307, 613, 'OPENING_STOCK', 1, 15.00, 0.00, 65.00, 'Opening Stock: OS-0001/2025-26', 1, '103.68.95.166', NULL, NULL, '2025-12-01 17:00:17', '2025-12-01 17:00:17'),
(308, 615, 'OPENING_STOCK', 1, 11.00, 0.00, 80.00, 'Opening Stock: OS-0001/2025-26', 1, '103.68.95.166', NULL, NULL, '2025-12-01 17:00:17', '2025-12-01 17:00:17'),
(309, 617, 'OPENING_STOCK', 1, 9.00, 0.00, 70.00, 'Opening Stock: OS-0001/2025-26', 1, '103.68.95.166', NULL, NULL, '2025-12-01 17:00:17', '2025-12-01 17:00:17');
INSERT INTO `ec_product_stock` (`id`, `product_id`, `reference_type`, `reference_id`, `inqty`, `outqty`, `price`, `remark`, `created_by`, `created_ip`, `updated_by`, `updated_ip`, `created_at`, `updated_at`) VALUES
(310, 619, 'OPENING_STOCK', 1, 7.00, 0.00, 95.00, 'Opening Stock: OS-0001/2025-26', 1, '103.68.95.166', NULL, NULL, '2025-12-01 17:00:17', '2025-12-01 17:00:17'),
(311, 621, 'OPENING_STOCK', 1, 6.00, 0.00, 65.00, 'Opening Stock: OS-0001/2025-26', 1, '103.68.95.166', NULL, NULL, '2025-12-01 17:00:17', '2025-12-01 17:00:17'),
(312, 623, 'OPENING_STOCK', 1, 6.00, 0.00, 100.00, 'Opening Stock: OS-0001/2025-26', 1, '103.68.95.166', NULL, NULL, '2025-12-01 17:00:17', '2025-12-01 17:00:17'),
(313, 625, 'OPENING_STOCK', 1, 5.00, 0.00, 90.00, 'Opening Stock: OS-0001/2025-26', 1, '103.68.95.166', NULL, NULL, '2025-12-01 17:00:17', '2025-12-01 17:00:17'),
(314, 627, 'OPENING_STOCK', 1, 4.00, 0.00, 80.00, 'Opening Stock: OS-0001/2025-26', 1, '103.68.95.166', NULL, NULL, '2025-12-01 17:00:17', '2025-12-01 17:00:17'),
(315, 629, 'OPENING_STOCK', 1, 4.00, 0.00, 95.00, 'Opening Stock: OS-0001/2025-26', 1, '103.68.95.166', NULL, NULL, '2025-12-01 17:00:17', '2025-12-01 17:00:17'),
(316, 631, 'OPENING_STOCK', 1, 3.00, 0.00, 75.00, 'Opening Stock: OS-0001/2025-26', 1, '103.68.95.166', NULL, NULL, '2025-12-01 17:00:17', '2025-12-01 17:00:17'),
(317, 633, 'OPENING_STOCK', 1, 3.00, 0.00, 100.00, 'Opening Stock: OS-0001/2025-26', 1, '103.68.95.166', NULL, NULL, '2025-12-01 17:00:17', '2025-12-01 17:00:17'),
(318, 635, 'OPENING_STOCK', 1, 1.00, 0.00, 70.00, 'Opening Stock: OS-0001/2025-26', 1, '103.68.95.166', NULL, NULL, '2025-12-01 17:00:17', '2025-12-01 17:00:17'),
(319, 637, 'OPENING_STOCK', 1, 1.00, 0.00, 80.00, 'Opening Stock: OS-0001/2025-26', 1, '103.68.95.166', NULL, NULL, '2025-12-01 17:00:17', '2025-12-01 17:00:17'),
(320, 639, 'OPENING_STOCK', 1, 1.00, 0.00, 80.00, 'Opening Stock: OS-0001/2025-26', 1, '103.68.95.166', NULL, NULL, '2025-12-01 17:00:17', '2025-12-01 17:00:17'),
(321, 641, 'OPENING_STOCK', 1, 1.00, 0.00, 80.00, 'Opening Stock: OS-0001/2025-26', 1, '103.68.95.166', NULL, NULL, '2025-12-01 17:00:17', '2025-12-01 17:00:17'),
(322, 643, 'OPENING_STOCK', 1, 1.00, 0.00, 105.00, 'Opening Stock: OS-0001/2025-26', 1, '103.68.95.166', NULL, NULL, '2025-12-01 17:00:17', '2025-12-01 17:00:17'),
(323, 645, 'OPENING_STOCK', 1, 1.00, 0.00, 85.00, 'Opening Stock: OS-0001/2025-26', 1, '103.68.95.166', NULL, NULL, '2025-12-01 17:00:17', '2025-12-01 17:00:17'),
(324, 647, 'OPENING_STOCK', 1, 1.00, 0.00, 95.00, 'Opening Stock: OS-0001/2025-26', 1, '103.68.95.166', NULL, NULL, '2025-12-01 17:00:17', '2025-12-01 17:00:17'),
(325, 649, 'OPENING_STOCK', 1, 8.00, 0.00, 85.00, 'Opening Stock: OS-0001/2025-26', 1, '103.68.95.166', NULL, NULL, '2025-12-01 17:00:17', '2025-12-01 17:00:17'),
(326, 651, 'OPENING_STOCK', 1, 3.00, 0.00, 80.00, 'Opening Stock: OS-0001/2025-26', 1, '103.68.95.166', NULL, NULL, '2025-12-01 17:00:17', '2025-12-01 17:00:17'),
(327, 653, 'OPENING_STOCK', 1, 2.00, 0.00, 85.00, 'Opening Stock: OS-0001/2025-26', 1, '103.68.95.166', NULL, NULL, '2025-12-01 17:00:17', '2025-12-01 17:00:17'),
(328, 655, 'OPENING_STOCK', 1, 40.00, 0.00, 76.00, 'Opening Stock: OS-0001/2025-26', 1, '103.68.95.166', NULL, NULL, '2025-12-01 17:00:17', '2025-12-01 17:00:17'),
(329, 657, 'OPENING_STOCK', 1, 30.00, 0.00, 81.00, 'Opening Stock: OS-0001/2025-26', 1, '103.68.95.166', NULL, NULL, '2025-12-01 17:00:17', '2025-12-01 17:00:17'),
(330, 659, 'OPENING_STOCK', 1, 20.00, 0.00, 68.00, 'Opening Stock: OS-0001/2025-26', 1, '103.68.95.166', NULL, NULL, '2025-12-01 17:00:17', '2025-12-01 17:00:17'),
(331, 661, 'OPENING_STOCK', 1, 30.00, 0.00, 144.00, 'Opening Stock: OS-0001/2025-26', 1, '103.68.95.166', NULL, NULL, '2025-12-01 17:00:17', '2025-12-01 17:00:17'),
(332, 663, 'OPENING_STOCK', 1, 12.00, 0.00, 112.00, 'Opening Stock: OS-0001/2025-26', 1, '103.68.95.166', NULL, NULL, '2025-12-01 17:00:17', '2025-12-01 17:00:17'),
(333, 665, 'OPENING_STOCK', 1, 5.00, 0.00, 125.00, 'Opening Stock: OS-0001/2025-26', 1, '103.68.95.166', NULL, NULL, '2025-12-01 17:00:17', '2025-12-01 17:00:17'),
(334, 667, 'OPENING_STOCK', 1, 2.00, 0.00, 120.00, 'Opening Stock: OS-0001/2025-26', 1, '103.68.95.166', NULL, NULL, '2025-12-01 17:00:17', '2025-12-01 17:00:17'),
(335, 669, 'OPENING_STOCK', 1, 1.00, 0.00, 125.00, 'Opening Stock: OS-0001/2025-26', 1, '103.68.95.166', NULL, NULL, '2025-12-01 17:00:17', '2025-12-01 17:00:17'),
(336, 671, 'OPENING_STOCK', 1, 123.00, 0.00, 70.00, 'Opening Stock: OS-0001/2025-26', 1, '103.68.95.166', NULL, NULL, '2025-12-01 17:00:17', '2025-12-01 17:00:17'),
(337, 673, 'OPENING_STOCK', 1, 90.00, 0.00, 60.00, 'Opening Stock: OS-0001/2025-26', 1, '103.68.95.166', NULL, NULL, '2025-12-01 17:00:17', '2025-12-01 17:00:17'),
(338, 675, 'OPENING_STOCK', 1, 89.00, 0.00, 65.00, 'Opening Stock: OS-0001/2025-26', 1, '103.68.95.166', NULL, NULL, '2025-12-01 17:00:17', '2025-12-01 17:00:17'),
(339, 677, 'OPENING_STOCK', 1, 76.00, 0.00, 60.00, 'Opening Stock: OS-0001/2025-26', 1, '103.68.95.166', NULL, NULL, '2025-12-01 17:00:17', '2025-12-01 17:00:17'),
(340, 679, 'OPENING_STOCK', 1, 4.00, 0.00, 95.00, 'Opening Stock: OS-0001/2025-26', 1, '103.68.95.166', NULL, NULL, '2025-12-01 17:00:17', '2025-12-01 17:00:17'),
(341, 681, 'OPENING_STOCK', 1, 1.00, 0.00, 70.00, 'Opening Stock: OS-0001/2025-26', 1, '103.68.95.166', NULL, NULL, '2025-12-01 17:00:17', '2025-12-01 17:00:17'),
(342, 683, 'OPENING_STOCK', 1, 62.00, 0.00, 80.00, 'Opening Stock: OS-0001/2025-26', 1, '103.68.95.166', NULL, NULL, '2025-12-01 17:00:17', '2025-12-01 17:00:17'),
(343, 685, 'OPENING_STOCK', 1, 22.00, 0.00, 110.00, 'Opening Stock: OS-0001/2025-26', 1, '103.68.95.166', NULL, NULL, '2025-12-01 17:00:17', '2025-12-01 17:00:17'),
(344, 687, 'OPENING_STOCK', 1, 30.00, 0.00, 75.00, 'Opening Stock: OS-0001/2025-26', 1, '103.68.95.166', NULL, NULL, '2025-12-01 17:00:17', '2025-12-01 17:00:17'),
(345, 689, 'OPENING_STOCK', 1, 2.00, 0.00, 90.00, 'Opening Stock: OS-0001/2025-26', 1, '103.68.95.166', NULL, NULL, '2025-12-01 17:00:17', '2025-12-01 17:00:17'),
(346, 691, 'OPENING_STOCK', 1, 7.00, 0.00, 160.00, 'Opening Stock: OS-0001/2025-26', 1, '103.68.95.166', NULL, NULL, '2025-12-01 17:00:17', '2025-12-01 17:00:17'),
(347, 693, 'OPENING_STOCK', 1, 4.00, 0.00, 125.00, 'Opening Stock: OS-0001/2025-26', 1, '103.68.95.166', NULL, NULL, '2025-12-01 17:00:17', '2025-12-01 17:00:17'),
(348, 695, 'OPENING_STOCK', 1, 1.00, 0.00, 95.00, 'Opening Stock: OS-0001/2025-26', 1, '103.68.95.166', NULL, NULL, '2025-12-01 17:00:17', '2025-12-01 17:00:17'),
(349, 697, 'OPENING_STOCK', 1, 25.00, 0.00, 148.00, 'Opening Stock: OS-0001/2025-26', 1, '103.68.95.166', NULL, NULL, '2025-12-01 17:00:17', '2025-12-01 17:00:17'),
(350, 699, 'OPENING_STOCK', 1, 20.00, 0.00, 154.00, 'Opening Stock: OS-0001/2025-26', 1, '103.68.95.166', NULL, NULL, '2025-12-01 17:00:17', '2025-12-01 17:00:17'),
(351, 701, 'OPENING_STOCK', 1, 16.00, 0.00, 135.00, 'Opening Stock: OS-0001/2025-26', 1, '103.68.95.166', NULL, NULL, '2025-12-01 17:00:17', '2025-12-01 17:00:17'),
(352, 703, 'OPENING_STOCK', 1, 12.00, 0.00, 121.00, 'Opening Stock: OS-0001/2025-26', 1, '103.68.95.166', NULL, NULL, '2025-12-01 17:00:17', '2025-12-01 17:00:17'),
(353, 705, 'OPENING_STOCK', 1, 12.00, 0.00, 155.00, 'Opening Stock: OS-0001/2025-26', 1, '103.68.95.166', NULL, NULL, '2025-12-01 17:00:17', '2025-12-01 17:00:17'),
(354, 707, 'OPENING_STOCK', 1, 12.00, 0.00, 155.00, 'Opening Stock: OS-0001/2025-26', 1, '103.68.95.166', NULL, NULL, '2025-12-01 17:00:17', '2025-12-01 17:00:17'),
(355, 709, 'OPENING_STOCK', 1, 5.00, 0.00, 165.00, 'Opening Stock: OS-0001/2025-26', 1, '103.68.95.166', NULL, NULL, '2025-12-01 17:00:17', '2025-12-01 17:00:17'),
(356, 711, 'OPENING_STOCK', 1, 5.00, 0.00, 125.00, 'Opening Stock: OS-0001/2025-26', 1, '103.68.95.166', NULL, NULL, '2025-12-01 17:00:17', '2025-12-01 17:00:17'),
(357, 713, 'OPENING_STOCK', 1, 4.00, 0.00, 145.00, 'Opening Stock: OS-0001/2025-26', 1, '103.68.95.166', NULL, NULL, '2025-12-01 17:00:17', '2025-12-01 17:00:17'),
(358, 715, 'OPENING_STOCK', 1, 4.00, 0.00, 175.00, 'Opening Stock: OS-0001/2025-26', 1, '103.68.95.166', NULL, NULL, '2025-12-01 17:00:17', '2025-12-01 17:00:17'),
(359, 717, 'OPENING_STOCK', 1, 2.00, 0.00, 170.00, 'Opening Stock: OS-0001/2025-26', 1, '103.68.95.166', NULL, NULL, '2025-12-01 17:00:17', '2025-12-01 17:00:17'),
(360, 719, 'OPENING_STOCK', 1, 2.00, 0.00, 150.00, 'Opening Stock: OS-0001/2025-26', 1, '103.68.95.166', NULL, NULL, '2025-12-01 17:00:17', '2025-12-01 17:00:17'),
(361, 721, 'OPENING_STOCK', 1, 1.00, 0.00, 155.00, 'Opening Stock: OS-0001/2025-26', 1, '103.68.95.166', NULL, NULL, '2025-12-01 17:00:17', '2025-12-01 17:00:17'),
(362, 723, 'OPENING_STOCK', 1, 30.00, 0.00, 87.00, 'Opening Stock: OS-0001/2025-26', 1, '103.68.95.166', NULL, NULL, '2025-12-01 17:00:17', '2025-12-01 17:00:17'),
(363, 725, 'OPENING_STOCK', 1, 19.00, 0.00, 85.00, 'Opening Stock: OS-0001/2025-26', 1, '103.68.95.166', NULL, NULL, '2025-12-01 17:00:17', '2025-12-01 17:00:17'),
(364, 727, 'OPENING_STOCK', 1, 8.00, 0.00, 102.00, 'Opening Stock: OS-0001/2025-26', 1, '103.68.95.166', NULL, NULL, '2025-12-01 17:00:17', '2025-12-01 17:00:17'),
(365, 729, 'OPENING_STOCK', 1, 7.00, 0.00, 100.00, 'Opening Stock: OS-0001/2025-26', 1, '103.68.95.166', NULL, NULL, '2025-12-01 17:00:17', '2025-12-01 17:00:17'),
(366, 731, 'OPENING_STOCK', 1, 6.00, 0.00, 65.00, 'Opening Stock: OS-0001/2025-26', 1, '103.68.95.166', NULL, NULL, '2025-12-01 17:00:17', '2025-12-01 17:00:17'),
(367, 733, 'OPENING_STOCK', 1, 6.00, 0.00, 90.00, 'Opening Stock: OS-0001/2025-26', 1, '103.68.95.166', NULL, NULL, '2025-12-01 17:00:17', '2025-12-01 17:00:17'),
(368, 735, 'OPENING_STOCK', 1, 4.00, 0.00, 70.00, 'Opening Stock: OS-0001/2025-26', 1, '103.68.95.166', NULL, NULL, '2025-12-01 17:00:17', '2025-12-01 17:00:17'),
(369, 737, 'OPENING_STOCK', 1, 4.00, 0.00, 90.00, 'Opening Stock: OS-0001/2025-26', 1, '103.68.95.166', NULL, NULL, '2025-12-01 17:00:17', '2025-12-01 17:00:17'),
(370, 739, 'OPENING_STOCK', 1, 4.00, 0.00, 120.00, 'Opening Stock: OS-0001/2025-26', 1, '103.68.95.166', NULL, NULL, '2025-12-01 17:00:17', '2025-12-01 17:00:17'),
(371, 741, 'OPENING_STOCK', 1, 3.00, 0.00, 75.00, 'Opening Stock: OS-0001/2025-26', 1, '103.68.95.166', NULL, NULL, '2025-12-01 17:00:17', '2025-12-01 17:00:17'),
(372, 743, 'OPENING_STOCK', 1, 3.00, 0.00, 130.00, 'Opening Stock: OS-0001/2025-26', 1, '103.68.95.166', NULL, NULL, '2025-12-01 17:00:17', '2025-12-01 17:00:17'),
(373, 745, 'OPENING_STOCK', 1, 3.00, 0.00, 100.00, 'Opening Stock: OS-0001/2025-26', 1, '103.68.95.166', NULL, NULL, '2025-12-01 17:00:17', '2025-12-01 17:00:17'),
(374, 747, 'OPENING_STOCK', 1, 2.00, 0.00, 80.00, 'Opening Stock: OS-0001/2025-26', 1, '103.68.95.166', NULL, NULL, '2025-12-01 17:00:17', '2025-12-01 17:00:17'),
(375, 749, 'OPENING_STOCK', 1, 2.00, 0.00, 65.00, 'Opening Stock: OS-0001/2025-26', 1, '103.68.95.166', NULL, NULL, '2025-12-01 17:00:17', '2025-12-01 17:00:17'),
(376, 751, 'OPENING_STOCK', 1, 1.00, 0.00, 80.00, 'Opening Stock: OS-0001/2025-26', 1, '103.68.95.166', NULL, NULL, '2025-12-01 17:00:17', '2025-12-01 17:00:17'),
(377, 753, 'OPENING_STOCK', 1, 1.00, 0.00, 120.00, 'Opening Stock: OS-0001/2025-26', 1, '103.68.95.166', NULL, NULL, '2025-12-01 17:00:17', '2025-12-01 17:00:17'),
(378, 755, 'OPENING_STOCK', 1, 1.00, 0.00, 80.00, 'Opening Stock: OS-0001/2025-26', 1, '103.68.95.166', NULL, NULL, '2025-12-01 17:00:17', '2025-12-01 17:00:17'),
(379, 757, 'OPENING_STOCK', 1, 11.00, 0.00, 195.00, 'Opening Stock: OS-0001/2025-26', 1, '103.68.95.166', NULL, NULL, '2025-12-01 17:00:17', '2025-12-01 17:00:17'),
(380, 759, 'OPENING_STOCK', 1, 9.00, 0.00, 145.00, 'Opening Stock: OS-0001/2025-26', 1, '103.68.95.166', NULL, NULL, '2025-12-01 17:00:17', '2025-12-01 17:00:17'),
(381, 761, 'OPENING_STOCK', 1, 4.00, 0.00, 215.00, 'Opening Stock: OS-0001/2025-26', 1, '103.68.95.166', NULL, NULL, '2025-12-01 17:00:17', '2025-12-01 17:00:17'),
(382, 763, 'OPENING_STOCK', 1, 4.00, 0.00, 220.00, 'Opening Stock: OS-0001/2025-26', 1, '103.68.95.166', NULL, NULL, '2025-12-01 17:00:17', '2025-12-01 17:00:17'),
(383, 765, 'OPENING_STOCK', 1, 3.00, 0.00, 150.00, 'Opening Stock: OS-0001/2025-26', 1, '103.68.95.166', NULL, NULL, '2025-12-01 17:00:17', '2025-12-01 17:00:17'),
(384, 767, 'OPENING_STOCK', 1, 1.00, 0.00, 165.00, 'Opening Stock: OS-0001/2025-26', 1, '103.68.95.166', NULL, NULL, '2025-12-01 17:00:17', '2025-12-01 17:00:17'),
(385, 769, 'OPENING_STOCK', 1, 1.00, 0.00, 130.00, 'Opening Stock: OS-0001/2025-26', 1, '103.68.95.166', NULL, NULL, '2025-12-01 17:00:17', '2025-12-01 17:00:17'),
(386, 771, 'OPENING_STOCK', 1, 22.00, 0.00, 75.00, 'Opening Stock: OS-0001/2025-26', 1, '103.68.95.166', NULL, NULL, '2025-12-01 17:00:17', '2025-12-01 17:00:17'),
(387, 773, 'OPENING_STOCK', 1, 18.00, 0.00, 80.00, 'Opening Stock: OS-0001/2025-26', 1, '103.68.95.166', NULL, NULL, '2025-12-01 17:00:17', '2025-12-01 17:00:17'),
(388, 775, 'OPENING_STOCK', 1, 12.00, 0.00, 85.00, 'Opening Stock: OS-0001/2025-26', 1, '103.68.95.166', NULL, NULL, '2025-12-01 17:00:17', '2025-12-01 17:00:17'),
(389, 777, 'OPENING_STOCK', 1, 12.00, 0.00, 85.00, 'Opening Stock: OS-0001/2025-26', 1, '103.68.95.166', NULL, NULL, '2025-12-01 17:00:17', '2025-12-01 17:00:17'),
(390, 779, 'OPENING_STOCK', 1, 11.00, 0.00, 90.00, 'Opening Stock: OS-0001/2025-26', 1, '103.68.95.166', NULL, NULL, '2025-12-01 17:00:17', '2025-12-01 17:00:17'),
(391, 781, 'OPENING_STOCK', 1, 34.00, 0.00, 85.00, 'Opening Stock: OS-0001/2025-26', 1, '103.68.95.166', NULL, NULL, '2025-12-01 17:00:17', '2025-12-01 17:00:17'),
(392, 783, 'OPENING_STOCK', 1, 30.00, 0.00, 80.00, 'Opening Stock: OS-0001/2025-26', 1, '103.68.95.166', NULL, NULL, '2025-12-01 17:00:17', '2025-12-01 17:00:17'),
(393, 785, 'OPENING_STOCK', 1, 10.00, 0.00, 70.00, 'Opening Stock: OS-0001/2025-26', 1, '103.68.95.166', NULL, NULL, '2025-12-01 17:00:17', '2025-12-01 17:00:17'),
(394, 787, 'OPENING_STOCK', 1, 5.00, 0.00, 80.00, 'Opening Stock: OS-0001/2025-26', 1, '103.68.95.166', NULL, NULL, '2025-12-01 17:00:17', '2025-12-01 17:00:17'),
(395, 789, 'OPENING_STOCK', 1, 4.00, 0.00, 70.00, 'Opening Stock: OS-0001/2025-26', 1, '103.68.95.166', NULL, NULL, '2025-12-01 17:00:17', '2025-12-01 17:00:17'),
(396, 791, 'OPENING_STOCK', 1, 4.00, 0.00, 320.00, 'Opening Stock: OS-0001/2025-26', 1, '103.68.95.166', NULL, NULL, '2025-12-01 17:00:17', '2025-12-01 17:00:17'),
(397, 793, 'OPENING_STOCK', 1, 4.00, 0.00, 360.00, 'Opening Stock: OS-0001/2025-26', 1, '103.68.95.166', NULL, NULL, '2025-12-01 17:00:17', '2025-12-01 17:00:17'),
(398, 795, 'OPENING_STOCK', 1, 4.00, 0.00, 300.00, 'Opening Stock: OS-0001/2025-26', 1, '103.68.95.166', NULL, NULL, '2025-12-01 17:00:17', '2025-12-01 17:00:17'),
(399, 797, 'OPENING_STOCK', 1, 4.00, 0.00, 285.00, 'Opening Stock: OS-0001/2025-26', 1, '103.68.95.166', NULL, NULL, '2025-12-01 17:00:17', '2025-12-01 17:00:17'),
(400, 799, 'OPENING_STOCK', 1, 4.00, 0.00, 300.00, 'Opening Stock: OS-0001/2025-26', 1, '103.68.95.166', NULL, NULL, '2025-12-01 17:00:17', '2025-12-01 17:00:17'),
(401, 801, 'OPENING_STOCK', 1, 21.00, 0.00, 140.00, 'Opening Stock: OS-0001/2025-26', 1, '103.68.95.166', NULL, NULL, '2025-12-01 17:00:17', '2025-12-01 17:00:17'),
(402, 803, 'OPENING_STOCK', 1, 21.00, 0.00, 150.00, 'Opening Stock: OS-0001/2025-26', 1, '103.68.95.166', NULL, NULL, '2025-12-01 17:00:17', '2025-12-01 17:00:17'),
(403, 805, 'OPENING_STOCK', 1, 40.00, 0.00, 204.00, 'Opening Stock: OS-0001/2025-26', 1, '103.68.95.166', NULL, NULL, '2025-12-01 17:00:17', '2025-12-01 17:00:17'),
(404, 807, 'OPENING_STOCK', 1, 22.00, 0.00, 160.00, 'Opening Stock: OS-0001/2025-26', 1, '103.68.95.166', NULL, NULL, '2025-12-01 17:00:17', '2025-12-01 17:00:17'),
(405, 809, 'OPENING_STOCK', 1, 20.00, 0.00, 188.00, 'Opening Stock: OS-0001/2025-26', 1, '103.68.95.166', NULL, NULL, '2025-12-01 17:00:17', '2025-12-01 17:00:17'),
(406, 811, 'OPENING_STOCK', 1, 4.00, 0.00, 130.00, 'Opening Stock: OS-0001/2025-26', 1, '103.68.95.166', NULL, NULL, '2025-12-01 17:00:17', '2025-12-01 17:00:17'),
(407, 813, 'OPENING_STOCK', 1, 2.00, 0.00, 130.00, 'Opening Stock: OS-0001/2025-26', 1, '103.68.95.166', NULL, NULL, '2025-12-01 17:00:17', '2025-12-01 17:00:17'),
(408, 815, 'OPENING_STOCK', 1, 1.00, 0.00, 140.00, 'Opening Stock: OS-0001/2025-26', 1, '103.68.95.166', NULL, NULL, '2025-12-01 17:00:17', '2025-12-01 17:00:17'),
(409, 817, 'OPENING_STOCK', 1, 1.00, 0.00, 145.00, 'Opening Stock: OS-0001/2025-26', 1, '103.68.95.166', NULL, NULL, '2025-12-01 17:00:17', '2025-12-01 17:00:17'),
(410, 819, 'OPENING_STOCK', 1, 14.00, 0.00, 100.00, 'Opening Stock: OS-0001/2025-26', 1, '103.68.95.166', NULL, NULL, '2025-12-01 17:00:17', '2025-12-01 17:00:17'),
(411, 821, 'OPENING_STOCK', 2, 41.00, 0.00, 1.00, 'Opening Stock: OS-0002/2025-26', 1, '103.68.95.166', NULL, NULL, '2025-12-01 17:36:54', '2025-12-01 17:36:54'),
(413, 821, 'SALES_ORDER', 47, 0.00, 1.00, NULL, 'Sales Order: SO-0002/2025-26', 1, '103.68.95.166', NULL, NULL, '2025-12-01 17:42:49', '2025-12-01 17:42:49'),
(414, 821, 'SALES_ORDER', 51, 0.00, 1.00, NULL, 'Sales Order: SO-0003/2025-26', 1, '103.68.95.166', NULL, NULL, '2025-12-01 17:46:39', '2025-12-01 17:46:39'),
(415, 821, 'SALES_ORDER', 52, 0.00, 1.00, NULL, 'Sales Order: SO-0004/2025-26', 1, '103.68.95.166', NULL, NULL, '2025-12-01 17:47:08', '2025-12-01 17:47:08'),
(416, 821, 'SALES_ORDER', 53, 0.00, 1.00, NULL, 'Sales Order: SO-0005/2025-26', 1, '103.68.95.166', NULL, NULL, '2025-12-01 17:48:47', '2025-12-01 17:48:47'),
(417, 821, 'SALES_ORDER', 54, 0.00, 1.00, NULL, 'Sales Order: SO-0006/2025-26', 1, '103.68.95.166', NULL, NULL, '2025-12-01 17:49:43', '2025-12-01 17:49:43'),
(418, 821, 'SALES_ORDER', 55, 0.00, 1.00, NULL, 'Sales Order: SO-0007/2025-26', 1, '103.68.95.166', NULL, NULL, '2025-12-01 17:50:02', '2025-12-01 17:50:02'),
(420, 821, 'SALES_ORDER', 57, 0.00, 1.00, NULL, 'Sales Order: SO-0009/2025-26', 1, '103.68.95.166', NULL, NULL, '2025-12-01 17:54:25', '2025-12-01 17:54:25'),
(421, 821, 'SALES_ORDER', 58, 0.00, 1.00, NULL, 'Sales Order: SO-0010/2025-26', 1, '103.68.95.166', NULL, NULL, '2025-12-01 17:54:55', '2025-12-01 17:54:55'),
(422, 821, 'SALES_ORDER', 59, 0.00, 1.00, NULL, 'Sales Order: SO-0011/2025-26', 1, '103.68.95.166', NULL, NULL, '2025-12-01 17:57:51', '2025-12-01 17:57:51'),
(423, 821, 'SALES_ORDER', 60, 0.00, 1.00, NULL, 'Sales Order: SO-0012/2025-26', 1, '103.68.95.166', NULL, NULL, '2025-12-01 17:58:16', '2025-12-01 17:58:16'),
(424, 821, 'SALES_ORDER', 61, 0.00, 1.00, NULL, 'Sales Order: SO-0013/2025-26', 1, '103.68.95.166', NULL, NULL, '2025-12-01 17:58:33', '2025-12-01 17:58:33'),
(425, 821, 'SALES_ORDER', 62, 0.00, 1.00, NULL, 'Sales Order: SO-0014/2025-26', 1, '103.68.95.166', NULL, NULL, '2025-12-01 17:59:36', '2025-12-01 17:59:36'),
(426, 821, 'SALES_ORDER', 63, 0.00, 1.00, NULL, 'Sales Order: SO-0015/2025-26', 1, '103.68.95.166', NULL, NULL, '2025-12-01 17:59:55', '2025-12-01 17:59:55'),
(429, 821, 'SALES_ORDER', 66, 0.00, 1.00, NULL, 'Sales Order: SO-0018/2025-26', 1, '103.68.95.166', NULL, NULL, '2025-12-01 18:02:10', '2025-12-01 18:02:10'),
(430, 821, 'SALES_ORDER', 67, 0.00, 1.00, NULL, 'Sales Order: SO-0019/2025-26', 1, '103.68.95.166', NULL, NULL, '2025-12-01 18:02:29', '2025-12-01 18:02:29'),
(432, 821, 'SALES_ORDER', 69, 0.00, 1.00, NULL, 'Sales Order: SO-0021/2025-26', 1, '103.68.95.166', NULL, NULL, '2025-12-01 18:03:23', '2025-12-01 18:03:23'),
(433, 821, 'SALES_ORDER', 70, 0.00, 1.00, NULL, 'Sales Order: SO-0022/2025-26', 1, '103.68.95.166', NULL, NULL, '2025-12-01 18:04:28', '2025-12-01 18:04:28'),
(434, 821, 'SALES_ORDER', 71, 0.00, 1.00, NULL, 'Sales Order: SO-0023/2025-26', 1, '103.68.95.166', NULL, NULL, '2025-12-01 18:04:47', '2025-12-01 18:04:47'),
(435, 821, 'SALES_ORDER', 72, 0.00, 1.00, NULL, 'Sales Order: SO-0024/2025-26', 1, '103.68.95.166', NULL, NULL, '2025-12-01 18:05:18', '2025-12-01 18:05:18'),
(436, 821, 'SALES_ORDER', 73, 0.00, 1.00, NULL, 'Sales Order: SO-0025/2025-26', 1, '103.68.95.166', NULL, NULL, '2025-12-01 18:06:14', '2025-12-01 18:06:14'),
(437, 821, 'SALES_ORDER', 74, 0.00, 1.00, NULL, 'Sales Order: SO-0026/2025-26', 1, '103.68.95.166', NULL, NULL, '2025-12-01 18:07:47', '2025-12-01 18:07:47'),
(438, 821, 'SALES_ORDER', 75, 0.00, 1.00, NULL, 'Sales Order: SO-0027/2025-26', 1, '103.68.95.166', NULL, NULL, '2025-12-01 18:08:16', '2025-12-01 18:08:16'),
(440, 821, 'SALES_ORDER', 77, 0.00, 1.00, NULL, 'Sales Order: SO-0029/2025-26', 1, '103.68.95.166', NULL, NULL, '2025-12-01 18:09:47', '2025-12-01 18:09:47'),
(442, 821, 'SALES_ORDER', 79, 0.00, 1.00, NULL, 'Sales Order: SO-0031/2025-26', 1, '103.68.95.166', NULL, NULL, '2025-12-01 18:14:04', '2025-12-01 18:14:04'),
(443, 821, 'SALES_ORDER', 80, 0.00, 1.00, NULL, 'Sales Order: SO-0032/2025-26', 1, '103.68.95.166', NULL, NULL, '2025-12-01 18:14:28', '2025-12-01 18:14:28'),
(444, 821, 'SALES_ORDER', 81, 0.00, 1.00, NULL, 'Sales Order: SO-0033/2025-26', 1, '103.68.95.166', NULL, NULL, '2025-12-01 18:15:48', '2025-12-01 18:15:48'),
(445, 821, 'SALES_ORDER', 82, 0.00, 1.00, NULL, 'Sales Order: SO-0034/2025-26', 1, '103.68.95.166', NULL, NULL, '2025-12-01 18:16:06', '2025-12-01 18:16:06'),
(446, 821, 'SALES_ORDER', 83, 0.00, 1.00, NULL, 'Sales Order: SO-0035/2025-26', 1, '103.68.95.166', NULL, NULL, '2025-12-01 18:17:00', '2025-12-01 18:17:00'),
(448, 821, 'SALES_ORDER', 85, 0.00, 1.00, NULL, 'Sales Order: SO-0037/2025-26', 1, '103.68.95.166', NULL, NULL, '2025-12-01 18:19:20', '2025-12-01 18:19:20'),
(449, 821, 'SALES_ORDER', 86, 0.00, 1.00, NULL, 'Sales Order: SO-0038/2025-26', 1, '103.68.95.166', NULL, NULL, '2025-12-01 18:19:44', '2025-12-01 18:19:44'),
(451, 821, 'SALES_ORDER', 88, 0.00, 1.00, NULL, 'FRONT:Stock reduced for order SO-0040/2025-26', 1, '103.68.95.166', NULL, NULL, '2025-12-01 18:42:16', '2025-12-01 18:42:16'),
(455, 79, 'SALES_ORDER', 94, 0.00, 4.00, NULL, 'Sales Order: SO-0040/2025-26', 7, '14.202.22.235', NULL, NULL, '2025-12-04 18:09:06', '2025-12-04 18:09:06'),
(456, 127, 'SALES_ORDER', 94, 0.00, 9.00, NULL, 'Sales Order: SO-0040/2025-26', 7, '14.202.22.235', NULL, NULL, '2025-12-04 18:09:06', '2025-12-04 18:09:06'),
(457, 809, 'SALES_ORDER', 95, 0.00, 8.00, NULL, 'FRONT:Stock reduced for order SO-0041/2025-26', 7, '1.156.240.112', NULL, NULL, '2025-12-04 20:13:49', '2025-12-04 20:13:49'),
(458, 79, 'CANCEL_ORDER', 94, 4.00, 0.00, NULL, 'Stock restored for cancelled order SO-0040/2025-26', 7, '1.156.240.112', NULL, NULL, '2025-12-04 20:47:28', '2025-12-04 20:47:28'),
(459, 127, 'CANCEL_ORDER', 94, 9.00, 0.00, NULL, 'Stock restored for cancelled order SO-0040/2025-26', 7, '1.156.240.112', NULL, NULL, '2025-12-04 20:47:28', '2025-12-04 20:47:28'),
(460, 821, 'SALES_ORDER', 76, 0.00, 1.00, NULL, 'Sales Order: SO-0028/2025-26', 7, '14.202.22.235', NULL, NULL, '2025-12-06 02:06:03', '2025-12-06 02:06:03'),
(461, 821, 'SALES_ORDER', 78, 0.00, 1.00, NULL, 'Sales Order: SO-0030/2025-26', 7, '14.202.22.235', NULL, NULL, '2025-12-06 05:16:07', '2025-12-06 05:16:07'),
(462, 823, 'PURCHASE_ORDER', 9, 150.00, 0.00, 24.86, 'Purchase Order Delivered: PO-0001/2025-26', 7, '142.186.71.157', NULL, NULL, '2025-12-06 10:23:29', '2025-12-06 10:23:29'),
(463, 825, 'PURCHASE_ORDER', 9, 30.00, 0.00, 28.28, 'Purchase Order Delivered: PO-0001/2025-26', 7, '142.186.71.157', NULL, NULL, '2025-12-06 10:23:29', '2025-12-06 10:23:29'),
(464, 827, 'PURCHASE_ORDER', 9, 30.00, 0.00, 27.05, 'Purchase Order Delivered: PO-0001/2025-26', 7, '142.186.71.157', NULL, NULL, '2025-12-06 10:23:29', '2025-12-06 10:23:29'),
(465, 829, 'PURCHASE_ORDER', 9, 12.00, 0.00, 28.65, 'Purchase Order Delivered: PO-0001/2025-26', 7, '142.186.71.157', NULL, NULL, '2025-12-06 10:23:29', '2025-12-06 10:23:29'),
(466, 831, 'PURCHASE_ORDER', 9, 20.00, 0.00, 32.07, 'Purchase Order Delivered: PO-0001/2025-26', 7, '142.186.71.157', NULL, NULL, '2025-12-06 10:23:29', '2025-12-06 10:23:29'),
(467, 833, 'PURCHASE_ORDER', 9, 12.00, 0.00, 32.90, 'Purchase Order Delivered: PO-0001/2025-26', 7, '142.186.71.157', NULL, NULL, '2025-12-06 10:23:29', '2025-12-06 10:23:29'),
(468, 835, 'PURCHASE_ORDER', 9, 12.00, 0.00, 32.90, 'Purchase Order Delivered: PO-0001/2025-26', 7, '142.186.71.157', NULL, NULL, '2025-12-06 10:23:29', '2025-12-06 10:23:29'),
(469, 837, 'PURCHASE_ORDER', 9, 30.00, 0.00, 29.48, 'Purchase Order Delivered: PO-0001/2025-26', 7, '142.186.71.157', NULL, NULL, '2025-12-06 10:23:29', '2025-12-06 10:23:29'),
(470, 839, 'PURCHASE_ORDER', 9, 70.00, 0.00, 41.89, 'Purchase Order Delivered: PO-0001/2025-26', 7, '142.186.71.157', NULL, NULL, '2025-12-06 10:23:29', '2025-12-06 10:23:29'),
(471, 841, 'PURCHASE_ORDER', 9, 220.00, 0.00, 44.10, 'Purchase Order Delivered: PO-0001/2025-26', 7, '142.186.71.157', NULL, NULL, '2025-12-06 10:23:29', '2025-12-06 10:23:29'),
(472, 327, 'PURCHASE_ORDER', 9, 8.00, 0.00, 33.44, 'Purchase Order Delivered: PO-0001/2025-26', 7, '142.186.71.157', NULL, NULL, '2025-12-06 10:23:29', '2025-12-06 10:23:29'),
(473, 843, 'PURCHASE_ORDER', 9, 150.00, 0.00, 32.49, 'Purchase Order Delivered: PO-0001/2025-26', 7, '142.186.71.157', NULL, NULL, '2025-12-06 10:23:29', '2025-12-06 10:23:29'),
(474, 845, 'PURCHASE_ORDER', 9, 12.00, 0.00, 36.42, 'Purchase Order Delivered: PO-0001/2025-26', 7, '142.186.71.157', NULL, NULL, '2025-12-06 10:23:29', '2025-12-06 10:23:29'),
(475, 847, 'PURCHASE_ORDER', 9, 100.00, 0.00, 41.73, 'Purchase Order Delivered: PO-0001/2025-26', 7, '142.186.71.157', NULL, NULL, '2025-12-06 10:23:29', '2025-12-06 10:23:29'),
(476, 849, 'PURCHASE_ORDER', 9, 20.00, 0.00, 43.30, 'Purchase Order Delivered: PO-0001/2025-26', 7, '142.186.71.157', NULL, NULL, '2025-12-06 10:23:29', '2025-12-06 10:23:29'),
(477, 851, 'PURCHASE_ORDER', 9, 30.00, 0.00, 46.24, 'Purchase Order Delivered: PO-0001/2025-26', 7, '142.186.71.157', NULL, NULL, '2025-12-06 10:23:29', '2025-12-06 10:23:29'),
(478, 319, 'PURCHASE_ORDER', 9, 150.00, 0.00, 38.47, 'Purchase Order Delivered: PO-0001/2025-26', 7, '142.186.71.157', NULL, NULL, '2025-12-06 10:23:29', '2025-12-06 10:23:29'),
(479, 853, 'PURCHASE_ORDER', 9, 86.00, 0.00, 50.80, 'Purchase Order Delivered: PO-0001/2025-26', 7, '142.186.71.157', NULL, NULL, '2025-12-06 10:23:29', '2025-12-06 10:23:29'),
(480, 855, 'PURCHASE_ORDER', 9, 20.00, 0.00, 45.28, 'Purchase Order Delivered: PO-0001/2025-26', 7, '142.186.71.157', NULL, NULL, '2025-12-06 10:23:29', '2025-12-06 10:23:29'),
(481, 857, 'PURCHASE_ORDER', 9, 20.00, 0.00, 49.54, 'Purchase Order Delivered: PO-0001/2025-26', 7, '142.186.71.157', NULL, NULL, '2025-12-06 10:23:29', '2025-12-06 10:23:29'),
(482, 859, 'PURCHASE_ORDER', 9, 12.00, 0.00, 74.16, 'Purchase Order Delivered: PO-0001/2025-26', 7, '142.186.71.157', NULL, NULL, '2025-12-06 10:23:29', '2025-12-06 10:23:29'),
(483, 861, 'PURCHASE_ORDER', 9, 20.00, 0.00, 47.14, 'Purchase Order Delivered: PO-0001/2025-26', 7, '142.186.71.157', NULL, NULL, '2025-12-06 10:23:29', '2025-12-06 10:23:29'),
(484, 863, 'PURCHASE_ORDER', 9, 20.00, 0.00, 51.89, 'Purchase Order Delivered: PO-0001/2025-26', 7, '142.186.71.157', NULL, NULL, '2025-12-06 10:23:29', '2025-12-06 10:23:29'),
(485, 865, 'PURCHASE_ORDER', 9, 30.00, 0.00, 51.18, 'Purchase Order Delivered: PO-0001/2025-26', 7, '142.186.71.157', NULL, NULL, '2025-12-06 10:23:29', '2025-12-06 10:23:29'),
(486, 867, 'PURCHASE_ORDER', 9, 70.00, 0.00, 44.21, 'Purchase Order Delivered: PO-0001/2025-26', 7, '142.186.71.157', NULL, NULL, '2025-12-06 10:23:29', '2025-12-06 10:23:29'),
(487, 869, 'PURCHASE_ORDER', 9, 12.00, 0.00, 49.98, 'Purchase Order Delivered: PO-0001/2025-26', 7, '142.186.71.157', NULL, NULL, '2025-12-06 10:23:29', '2025-12-06 10:23:29'),
(488, 871, 'PURCHASE_ORDER', 9, 30.00, 0.00, 54.44, 'Purchase Order Delivered: PO-0001/2025-26', 7, '142.186.71.157', NULL, NULL, '2025-12-06 10:23:29', '2025-12-06 10:23:29'),
(489, 873, 'PURCHASE_ORDER', 9, 10.00, 0.00, 46.07, 'Purchase Order Delivered: PO-0001/2025-26', 7, '142.186.71.157', NULL, NULL, '2025-12-06 10:23:29', '2025-12-06 10:23:29'),
(490, 875, 'PURCHASE_ORDER', 9, 70.00, 0.00, 50.15, 'Purchase Order Delivered: PO-0001/2025-26', 7, '142.186.71.157', NULL, NULL, '2025-12-06 10:23:29', '2025-12-06 10:23:29'),
(491, 877, 'PURCHASE_ORDER', 9, 50.00, 0.00, 49.79, 'Purchase Order Delivered: PO-0001/2025-26', 7, '142.186.71.157', NULL, NULL, '2025-12-06 10:23:29', '2025-12-06 10:23:29'),
(492, 879, 'PURCHASE_ORDER', 9, 20.00, 0.00, 64.76, 'Purchase Order Delivered: PO-0001/2025-26', 7, '142.186.71.157', NULL, NULL, '2025-12-06 10:23:29', '2025-12-06 10:23:29'),
(493, 881, 'PURCHASE_ORDER', 9, 20.00, 0.00, 55.32, 'Purchase Order Delivered: PO-0001/2025-26', 7, '142.186.71.157', NULL, NULL, '2025-12-06 10:23:29', '2025-12-06 10:23:29'),
(494, 883, 'PURCHASE_ORDER', 9, 40.00, 0.00, 49.19, 'Purchase Order Delivered: PO-0001/2025-26', 7, '142.186.71.157', NULL, NULL, '2025-12-06 10:23:29', '2025-12-06 10:23:29'),
(495, 885, 'PURCHASE_ORDER', 9, 10.00, 0.00, 84.85, 'Purchase Order Delivered: PO-0001/2025-26', 7, '142.186.71.157', NULL, NULL, '2025-12-06 10:23:29', '2025-12-06 10:23:29'),
(496, 437, 'PURCHASE_ORDER', 9, 12.00, 0.00, 67.96, 'Purchase Order Delivered: PO-0001/2025-26', 7, '142.186.71.157', NULL, NULL, '2025-12-06 10:23:29', '2025-12-06 10:23:29'),
(497, 887, 'PURCHASE_ORDER', 9, 60.00, 0.00, 85.88, 'Purchase Order Delivered: PO-0001/2025-26', 7, '142.186.71.157', NULL, NULL, '2025-12-06 10:23:29', '2025-12-06 10:23:29'),
(498, 889, 'PURCHASE_ORDER', 9, 60.00, 0.00, 82.10, 'Purchase Order Delivered: PO-0001/2025-26', 7, '142.186.71.157', NULL, NULL, '2025-12-06 10:23:29', '2025-12-06 10:23:29'),
(499, 891, 'PURCHASE_ORDER', 9, 20.00, 0.00, 75.61, 'Purchase Order Delivered: PO-0001/2025-26', 7, '142.186.71.157', NULL, NULL, '2025-12-06 10:23:29', '2025-12-06 10:23:29'),
(500, 893, 'PURCHASE_ORDER', 9, 10.00, 0.00, 66.72, 'Purchase Order Delivered: PO-0001/2025-26', 7, '142.186.71.157', NULL, NULL, '2025-12-06 10:23:29', '2025-12-06 10:23:29'),
(501, 895, 'PURCHASE_ORDER', 9, 6.00, 0.00, 69.83, 'Purchase Order Delivered: PO-0001/2025-26', 7, '142.186.71.157', NULL, NULL, '2025-12-06 10:23:30', '2025-12-06 10:23:30'),
(502, 715, 'PURCHASE_ORDER', 9, 10.00, 0.00, 98.82, 'Purchase Order Delivered: PO-0001/2025-26', 7, '142.186.71.157', NULL, NULL, '2025-12-06 10:23:30', '2025-12-06 10:23:30'),
(503, 897, 'PURCHASE_ORDER', 9, 16.00, 0.00, 80.26, 'Purchase Order Delivered: PO-0001/2025-26', 7, '142.186.71.157', NULL, NULL, '2025-12-06 10:23:30', '2025-12-06 10:23:30'),
(504, 899, 'PURCHASE_ORDER', 9, 20.00, 0.00, 82.88, 'Purchase Order Delivered: PO-0001/2025-26', 7, '142.186.71.157', NULL, NULL, '2025-12-06 10:23:30', '2025-12-06 10:23:30'),
(505, 475, 'PURCHASE_ORDER', 9, 40.00, 0.00, 96.23, 'Purchase Order Delivered: PO-0001/2025-26', 7, '142.186.71.157', NULL, NULL, '2025-12-06 10:23:30', '2025-12-06 10:23:30'),
(506, 721, 'PURCHASE_ORDER', 9, 20.00, 0.00, 98.70, 'Purchase Order Delivered: PO-0001/2025-26', 7, '142.186.71.157', NULL, NULL, '2025-12-06 10:23:30', '2025-12-06 10:23:30'),
(507, 901, 'PURCHASE_ORDER', 9, 50.00, 0.00, 153.07, 'Purchase Order Delivered: PO-0001/2025-26', 7, '142.186.71.157', NULL, NULL, '2025-12-06 10:23:30', '2025-12-06 10:23:30'),
(508, 903, 'PURCHASE_ORDER', 9, 86.00, 0.00, 153.07, 'Purchase Order Delivered: PO-0001/2025-26', 7, '142.186.71.157', NULL, NULL, '2025-12-06 10:23:30', '2025-12-06 10:23:30'),
(509, 905, 'PURCHASE_ORDER', 9, 50.00, 0.00, 86.77, 'Purchase Order Delivered: PO-0001/2025-26', 7, '142.186.71.157', NULL, NULL, '2025-12-06 10:23:30', '2025-12-06 10:23:30'),
(510, 907, 'PURCHASE_ORDER', 9, 50.00, 0.00, 96.45, 'Purchase Order Delivered: PO-0001/2025-26', 7, '142.186.71.157', NULL, NULL, '2025-12-06 10:23:30', '2025-12-06 10:23:30'),
(511, 909, 'PURCHASE_ORDER', 9, 50.00, 0.00, 98.74, 'Purchase Order Delivered: PO-0001/2025-26', 7, '142.186.71.157', NULL, NULL, '2025-12-06 10:23:30', '2025-12-06 10:23:30'),
(512, 7, 'PURCHASE_ORDER', 9, 40.00, 0.00, 120.59, 'Purchase Order Delivered: PO-0001/2025-26', 7, '142.186.71.157', NULL, NULL, '2025-12-06 10:23:30', '2025-12-06 10:23:30'),
(513, 911, 'PURCHASE_ORDER', 9, 40.00, 0.00, 125.19, 'Purchase Order Delivered: PO-0001/2025-26', 7, '142.186.71.157', NULL, NULL, '2025-12-06 10:23:30', '2025-12-06 10:23:30'),
(514, 913, 'PURCHASE_ORDER', 9, 30.00, 0.00, 173.62, 'Purchase Order Delivered: PO-0001/2025-26', 7, '142.186.71.157', NULL, NULL, '2025-12-06 10:23:30', '2025-12-06 10:23:30'),
(515, 821, 'SALES_ORDER', 96, 0.00, 1.00, NULL, 'Sales Order: SO-0042/2025-26', 7, '14.202.22.235', NULL, NULL, '2025-12-07 01:52:47', '2025-12-07 01:52:47'),
(516, 821, 'CANCEL_ORDER', 96, 1.00, 0.00, NULL, 'Stock restored for cancelled order SO-0042/2025-26', 7, '14.202.22.235', NULL, NULL, '2025-12-07 02:28:09', '2025-12-07 02:28:09'),
(517, 821, 'SALES_ORDER', 97, 0.00, 1.00, NULL, 'Sales Order: SO-0043/2025-26', 7, '14.202.22.235', NULL, NULL, '2025-12-07 02:59:09', '2025-12-07 02:59:09'),
(518, 821, 'SALES_ORDER', 65, 0.00, 1.00, NULL, 'Sales Order: SO-0017/2025-26', 7, '14.202.22.235', NULL, NULL, '2025-12-07 03:42:07', '2025-12-07 03:42:07'),
(519, 65, 'SALES_ORDER', 98, 0.00, 8.00, NULL, 'Sales Order: SO-0044/2025-26', 7, '14.202.22.235', NULL, NULL, '2025-12-07 04:01:54', '2025-12-07 04:01:54'),
(520, 151, 'SALES_ORDER', 98, 0.00, 2.00, NULL, 'Sales Order: SO-0044/2025-26', 7, '14.202.22.235', NULL, NULL, '2025-12-07 04:01:54', '2025-12-07 04:01:54'),
(521, 755, 'SALES_ORDER', 98, 0.00, 1.00, NULL, 'Sales Order: SO-0044/2025-26', 7, '14.202.22.235', NULL, NULL, '2025-12-07 04:01:54', '2025-12-07 04:01:54'),
(522, 319, 'SALES_ORDER', 98, 0.00, 10.00, NULL, 'Sales Order: SO-0044/2025-26', 7, '14.202.22.235', NULL, NULL, '2025-12-07 04:01:54', '2025-12-07 04:01:54'),
(523, 687, 'SALES_ORDER', 98, 0.00, 4.00, NULL, 'Sales Order: SO-0044/2025-26', 7, '14.202.22.235', NULL, NULL, '2025-12-07 04:01:54', '2025-12-07 04:01:54'),
(524, 597, 'SALES_ORDER', 98, 0.00, 2.00, NULL, 'Sales Order: SO-0044/2025-26', 7, '14.202.22.235', NULL, NULL, '2025-12-07 04:01:54', '2025-12-07 04:01:54'),
(525, 283, 'SALES_ORDER', 98, 0.00, 4.00, NULL, 'Sales Order: SO-0044/2025-26', 7, '14.202.22.235', NULL, NULL, '2025-12-07 04:01:54', '2025-12-07 04:01:54'),
(526, 805, 'SALES_ORDER', 98, 0.00, 4.00, NULL, 'Sales Order: SO-0044/2025-26', 7, '14.202.22.235', NULL, NULL, '2025-12-07 04:01:54', '2025-12-07 04:01:54'),
(527, 217, 'SALES_ORDER', 98, 0.00, 5.00, NULL, 'Sales Order: SO-0044/2025-26', 7, '14.202.22.235', NULL, NULL, '2025-12-07 04:01:54', '2025-12-07 04:01:54'),
(528, 229, 'SALES_ORDER', 98, 0.00, 4.00, NULL, 'Sales Order: SO-0044/2025-26', 7, '14.202.22.235', NULL, NULL, '2025-12-07 04:01:54', '2025-12-07 04:01:54'),
(529, 821, 'PURCHASE_ORDER', 10, 25.00, 0.00, 6.00, 'Purchase Order Delivered: PO-0002/2025-26', 7, '14.202.22.235', NULL, NULL, '2025-12-07 08:30:42', '2025-12-07 08:30:42'),
(530, 821, 'SALES_ORDER', 99, 0.00, 1.00, NULL, 'Sales Order: SO-0045/2025-26', 7, '14.202.22.235', NULL, NULL, '2025-12-07 09:41:32', '2025-12-07 09:41:32'),
(531, 821, 'SALES_ORDER', 46, 0.00, 1.00, NULL, 'Sales Order: SO-0001/2025-26', 7, '14.202.22.235', NULL, NULL, '2025-12-07 09:47:00', '2025-12-07 09:47:00'),
(532, 249, 'SALES_ORDER', 100, 0.00, 3.00, NULL, 'Sales Order: SO-0046/2025-26', 7, '14.202.22.235', NULL, NULL, '2025-12-07 09:55:07', '2025-12-07 09:55:07'),
(533, 319, 'SALES_ORDER', 100, 0.00, 4.00, NULL, 'Sales Order: SO-0046/2025-26', 7, '14.202.22.235', NULL, NULL, '2025-12-07 09:55:07', '2025-12-07 09:55:07'),
(534, 251, 'SALES_ORDER', 100, 0.00, 1.00, NULL, 'Sales Order: SO-0046/2025-26', 7, '14.202.22.235', NULL, NULL, '2025-12-07 09:55:07', '2025-12-07 09:55:07'),
(535, 367, 'SALES_ORDER', 100, 0.00, 2.00, NULL, 'Sales Order: SO-0046/2025-26', 7, '14.202.22.235', NULL, NULL, '2025-12-07 09:55:07', '2025-12-07 09:55:07'),
(536, 99, 'SALES_ORDER', 100, 0.00, 2.00, NULL, 'Sales Order: SO-0046/2025-26', 7, '14.202.22.235', NULL, NULL, '2025-12-07 09:55:07', '2025-12-07 09:55:07'),
(537, 563, 'SALES_ORDER', 100, 0.00, 1.00, NULL, 'Sales Order: SO-0046/2025-26', 7, '14.202.22.235', NULL, NULL, '2025-12-07 09:55:07', '2025-12-07 09:55:07'),
(538, 771, 'SALES_ORDER', 100, 0.00, 4.00, NULL, 'Sales Order: SO-0046/2025-26', 7, '14.202.22.235', NULL, NULL, '2025-12-07 09:55:07', '2025-12-07 09:55:07'),
(539, 823, 'SALES_ORDER', 100, 0.00, 4.00, NULL, 'Sales Order: SO-0046/2025-26', 7, '14.202.22.235', NULL, NULL, '2025-12-07 09:55:07', '2025-12-07 09:55:07'),
(540, 169, 'SALES_ORDER', 100, 0.00, 4.00, NULL, 'Sales Order: SO-0046/2025-26', 7, '14.202.22.235', NULL, NULL, '2025-12-07 09:55:07', '2025-12-07 09:55:07'),
(541, 389, 'SALES_ORDER', 100, 0.00, 2.00, NULL, 'Sales Order: SO-0046/2025-26', 7, '14.202.22.235', NULL, NULL, '2025-12-07 09:55:07', '2025-12-07 09:55:07'),
(542, 687, 'SALES_ORDER', 100, 0.00, 2.00, NULL, 'Sales Order: SO-0046/2025-26', 7, '14.202.22.235', NULL, NULL, '2025-12-07 09:55:07', '2025-12-07 09:55:07'),
(543, 231, 'SALES_ORDER', 101, 0.00, 6.00, NULL, 'Sales Order: SO-0047/2025-26', 7, '14.202.22.235', NULL, NULL, '2025-12-07 10:07:34', '2025-12-07 10:07:34'),
(544, 227, 'SALES_ORDER', 101, 0.00, 2.00, NULL, 'Sales Order: SO-0047/2025-26', 7, '14.202.22.235', NULL, NULL, '2025-12-07 10:07:34', '2025-12-07 10:07:34'),
(545, 59, 'SALES_ORDER', 101, 0.00, 4.00, NULL, 'Sales Order: SO-0047/2025-26', 7, '14.202.22.235', NULL, NULL, '2025-12-07 10:07:34', '2025-12-07 10:07:34'),
(546, 295, 'SALES_ORDER', 101, 0.00, 4.00, NULL, 'Sales Order: SO-0047/2025-26', 7, '14.202.22.235', NULL, NULL, '2025-12-07 10:07:34', '2025-12-07 10:07:34'),
(547, 33, 'SALES_ORDER', 101, 0.00, 1.00, NULL, 'Sales Order: SO-0047/2025-26', 7, '14.202.22.235', NULL, NULL, '2025-12-07 10:07:35', '2025-12-07 10:07:35'),
(548, 233, 'SALES_ORDER', 101, 0.00, 1.00, NULL, 'Sales Order: SO-0047/2025-26', 7, '14.202.22.235', NULL, NULL, '2025-12-07 10:07:35', '2025-12-07 10:07:35'),
(549, 517, 'SALES_ORDER', 101, 0.00, 4.00, NULL, 'Sales Order: SO-0047/2025-26', 7, '14.202.22.235', NULL, NULL, '2025-12-07 10:07:35', '2025-12-07 10:07:35'),
(550, 41, 'SALES_ORDER', 101, 0.00, 4.00, NULL, 'Sales Order: SO-0047/2025-26', 7, '14.202.22.235', NULL, NULL, '2025-12-07 10:07:35', '2025-12-07 10:07:35'),
(551, 205, 'SALES_ORDER', 102, 0.00, 5.00, NULL, 'Sales Order: SO-0048/2025-26', 7, '14.202.22.235', NULL, NULL, '2025-12-07 10:48:23', '2025-12-07 10:48:23'),
(552, 217, 'SALES_ORDER', 102, 0.00, 4.00, NULL, 'Sales Order: SO-0048/2025-26', 7, '14.202.22.235', NULL, NULL, '2025-12-07 10:48:23', '2025-12-07 10:48:23'),
(553, 709, 'SALES_ORDER', 102, 0.00, 4.00, NULL, 'Sales Order: SO-0048/2025-26', 7, '14.202.22.235', NULL, NULL, '2025-12-07 10:48:23', '2025-12-07 10:48:23'),
(554, 125, 'SALES_ORDER', 102, 0.00, 4.00, NULL, 'Sales Order: SO-0048/2025-26', 7, '14.202.22.235', NULL, NULL, '2025-12-07 10:48:23', '2025-12-07 10:48:23'),
(555, 279, 'SALES_ORDER', 103, 0.00, 2.00, NULL, 'Sales Order: SO-0049/2025-26', 7, '14.202.22.235', NULL, NULL, '2025-12-07 10:49:57', '2025-12-07 10:49:57'),
(556, 687, 'SALES_ORDER', 103, 0.00, 4.00, NULL, 'Sales Order: SO-0049/2025-26', 7, '14.202.22.235', NULL, NULL, '2025-12-07 10:49:57', '2025-12-07 10:49:57'),
(557, 143, 'SALES_ORDER', 104, 0.00, 1.00, NULL, 'Sales Order: SO-0050/2025-26', 7, '14.202.22.235', NULL, NULL, '2025-12-07 10:53:47', '2025-12-07 10:53:47'),
(558, 279, 'SALES_ORDER', 104, 0.00, 2.00, NULL, 'Sales Order: SO-0050/2025-26', 7, '14.202.22.235', NULL, NULL, '2025-12-07 10:53:47', '2025-12-07 10:53:47'),
(559, 687, 'SALES_ORDER', 104, 0.00, 4.00, NULL, 'Sales Order: SO-0050/2025-26', 7, '14.202.22.235', NULL, NULL, '2025-12-07 10:53:47', '2025-12-07 10:53:47'),
(560, 287, 'SALES_ORDER', 104, 0.00, 4.00, NULL, 'Sales Order: SO-0050/2025-26', 7, '14.202.22.235', NULL, NULL, '2025-12-07 10:53:47', '2025-12-07 10:53:47'),
(561, 673, 'SALES_ORDER', 105, 0.00, 4.00, NULL, 'Sales Order: SO-0051/2025-26', 7, '14.202.22.235', NULL, NULL, '2025-12-07 10:55:43', '2025-12-07 10:55:43'),
(562, 171, 'SALES_ORDER', 105, 0.00, 4.00, NULL, 'Sales Order: SO-0051/2025-26', 7, '14.202.22.235', NULL, NULL, '2025-12-07 10:55:43', '2025-12-07 10:55:43'),
(563, 823, 'SALES_ORDER', 106, 0.00, 4.00, NULL, 'Sales Order: SO-0052/2025-26', 7, '14.202.22.235', NULL, NULL, '2025-12-07 10:57:14', '2025-12-07 10:57:14'),
(564, 199, 'SALES_ORDER', 106, 0.00, 4.00, NULL, 'Sales Order: SO-0052/2025-26', 7, '14.202.22.235', NULL, NULL, '2025-12-07 10:57:14', '2025-12-07 10:57:14'),
(565, 625, 'SALES_ORDER', 107, 0.00, 1.00, NULL, 'Sales Order: SO-0053/2025-26', 7, '14.202.22.235', NULL, NULL, '2025-12-07 11:17:33', '2025-12-07 11:17:33'),
(566, 821, 'SALES_ORDER', 108, 0.00, 1.00, NULL, 'Sales Order: SO-0054/2025-26', 7, '14.202.22.235', NULL, NULL, '2025-12-08 02:12:20', '2025-12-08 02:12:20'),
(567, 821, 'SALES_ORDER', 68, 0.00, 1.00, NULL, 'Sales Order: SO-0020/2025-26', 7, '14.202.22.235', NULL, NULL, '2025-12-08 02:33:29', '2025-12-08 02:33:29'),
(568, 35, 'SALES_ORDER', 109, 0.00, 10.00, NULL, 'Sales Order: SO-0055/2025-26', 7, '14.202.22.235', NULL, NULL, '2025-12-08 02:36:49', '2025-12-08 02:36:49'),
(569, 41, 'SALES_ORDER', 109, 0.00, 8.00, NULL, 'Sales Order: SO-0055/2025-26', 7, '14.202.22.235', NULL, NULL, '2025-12-08 02:36:49', '2025-12-08 02:36:49'),
(570, 105, 'SALES_ORDER', 109, 0.00, 8.00, NULL, 'Sales Order: SO-0055/2025-26', 7, '14.202.22.235', NULL, NULL, '2025-12-08 02:36:49', '2025-12-08 02:36:49'),
(571, 235, 'SALES_ORDER', 109, 0.00, 8.00, NULL, 'Sales Order: SO-0055/2025-26', 7, '14.202.22.235', NULL, NULL, '2025-12-08 02:36:49', '2025-12-08 02:36:49'),
(575, 65, 'SALES_ORDER', 110, 0.00, 4.00, NULL, 'Sales Order: SO-0056/2025-26', 7, '14.202.22.235', NULL, NULL, '2025-12-08 03:44:15', '2025-12-08 03:44:15'),
(576, 229, 'SALES_ORDER', 110, 0.00, 4.00, NULL, 'Sales Order: SO-0056/2025-26', 7, '14.202.22.235', NULL, NULL, '2025-12-08 03:44:15', '2025-12-08 03:44:15'),
(577, 677, 'SALES_ORDER', 112, 0.00, 4.00, NULL, 'Sales Order: SO-0057/2025-26', 7, '14.202.22.235', NULL, NULL, '2025-12-08 04:09:03', '2025-12-08 04:09:03'),
(578, 335, 'SALES_ORDER', 113, 0.00, 4.00, NULL, 'Sales Order: SO-0058/2025-26', 7, '14.202.22.235', NULL, NULL, '2025-12-08 04:17:54', '2025-12-08 04:17:54'),
(579, 363, 'SALES_ORDER', 114, 0.00, 2.00, NULL, 'FRONT:Stock reduced for order SO-0059/2025-26', 0, '123.51.5.210', NULL, NULL, '2025-12-08 04:20:43', '2025-12-08 04:20:43'),
(580, 867, 'SALES_ORDER', 115, 0.00, 1.00, NULL, 'Sales Order: SO-0060/2025-26', 7, '14.202.22.235', NULL, NULL, '2025-12-08 04:23:42', '2025-12-08 04:23:42'),
(581, 849, 'SALES_ORDER', 115, 0.00, 2.00, NULL, 'Sales Order: SO-0060/2025-26', 7, '14.202.22.235', NULL, NULL, '2025-12-08 04:23:42', '2025-12-08 04:23:42'),
(582, 371, 'SALES_ORDER', 115, 0.00, 1.00, NULL, 'Sales Order: SO-0060/2025-26', 7, '14.202.22.235', NULL, NULL, '2025-12-08 04:23:42', '2025-12-08 04:23:42'),
(583, 463, 'SALES_ORDER', 116, 0.00, 8.00, NULL, 'Sales Order: SO-0061/2025-26', 7, '14.202.22.235', NULL, NULL, '2025-12-08 04:27:52', '2025-12-08 04:27:52'),
(584, 205, 'SALES_ORDER', 117, 0.00, 2.00, NULL, 'FRONT:Stock reduced for order SO-0062/2025-26', 0, '58.179.80.55', NULL, NULL, '2025-12-08 04:32:52', '2025-12-08 04:32:52'),
(585, 177, 'SALES_ORDER', 118, 0.00, 4.00, NULL, 'Sales Order: SO-0063/2025-26', 7, '14.202.22.235', NULL, NULL, '2025-12-08 04:59:34', '2025-12-08 04:59:34'),
(588, 341, 'SALES_ORDER', 119, 0.00, 5.00, NULL, 'Sales Order: SO-0064/2025-26', 7, '14.202.22.235', NULL, NULL, '2025-12-08 05:09:15', '2025-12-08 05:09:15'),
(589, 853, 'SALES_ORDER', 119, 0.00, 5.00, NULL, 'Sales Order: SO-0064/2025-26', 7, '14.202.22.235', NULL, NULL, '2025-12-08 05:09:15', '2025-12-08 05:09:15'),
(590, 783, 'SALES_ORDER', 120, 0.00, 2.00, NULL, 'FRONT:Stock reduced for order SO-0065/2025-26', 0, '58.179.80.55', NULL, NULL, '2025-12-08 06:55:01', '2025-12-08 06:55:01'),
(591, 71, 'SALES_ORDER', 121, 0.00, 4.00, NULL, 'Sales Order: SO-0066/2025-26', 7, '14.202.22.235', NULL, NULL, '2025-12-08 07:22:01', '2025-12-08 07:22:01'),
(592, 269, 'SALES_ORDER', 122, 0.00, 1.00, NULL, 'Sales Order: SO-0067/2025-26', 7, '14.202.22.235', NULL, NULL, '2025-12-08 07:29:22', '2025-12-08 07:29:22'),
(593, 135, 'SALES_ORDER', 123, 0.00, 3.00, NULL, 'Sales Order: SO-0068/2025-26', 7, '14.202.22.235', NULL, NULL, '2025-12-08 08:49:23', '2025-12-08 08:49:23'),
(596, 127, 'SALES_ORDER', 124, 0.00, 2.00, NULL, 'FRONT:Stock reduced for order SO-0070/2025-26', 0, '110.239.140.122', NULL, NULL, '2025-12-08 09:00:07', '2025-12-08 09:00:07'),
(597, 699, 'SALES_ORDER', 124, 0.00, 2.00, NULL, 'FRONT:Stock reduced for order SO-0070/2025-26', 0, '110.239.140.122', NULL, NULL, '2025-12-08 09:00:07', '2025-12-08 09:00:07'),
(598, 103, 'SALES_ORDER', 124, 0.00, 5.00, NULL, 'FRONT:Stock reduced for order SO-0070/2025-26', 0, '110.239.140.122', NULL, NULL, '2025-12-08 09:00:07', '2025-12-08 09:00:07'),
(599, 105, 'SALES_ORDER', 124, 0.00, 4.00, NULL, 'FRONT:Stock reduced for order SO-0070/2025-26', 0, '110.239.140.122', NULL, NULL, '2025-12-08 09:00:07', '2025-12-08 09:00:07'),
(600, 851, 'SALES_ORDER', 125, 0.00, 4.00, NULL, 'Sales Order: SO-0069/2025-26', 7, '14.202.22.235', NULL, NULL, '2025-12-08 09:01:10', '2025-12-08 09:01:10'),
(601, 169, 'SALES_ORDER', 125, 0.00, 2.00, NULL, 'Sales Order: SO-0069/2025-26', 7, '14.202.22.235', NULL, NULL, '2025-12-08 09:01:10', '2025-12-08 09:01:10'),
(602, 309, 'SALES_ORDER', 126, 0.00, 5.00, NULL, 'FRONT:Stock reduced for order SO-0071/2025-26', 0, '123.51.5.210', NULL, NULL, '2025-12-09 15:18:28', '2025-12-09 15:18:28'),
(603, 257, 'SALES_ORDER', 126, 0.00, 4.00, NULL, 'FRONT:Stock reduced for order SO-0071/2025-26', 0, '123.51.5.210', NULL, NULL, '2025-12-09 15:18:28', '2025-12-09 15:18:28'),
(604, 247, 'SALES_ORDER', 126, 0.00, 4.00, NULL, 'FRONT:Stock reduced for order SO-0071/2025-26', 0, '123.51.5.210', NULL, NULL, '2025-12-09 15:18:28', '2025-12-09 15:18:28'),
(605, 379, 'SALES_ORDER', 127, 0.00, 4.00, NULL, 'FRONT:Stock reduced for order SO-0072/2025-26', 0, '123.51.5.210', NULL, NULL, '2025-12-09 15:23:26', '2025-12-09 15:23:26'),
(613, 357, 'SALES_ORDER', 131, 0.00, 1.00, NULL, 'FRONT:Stock reduced for order SO-0073/2025-26', 0, '123.51.5.210', NULL, NULL, '2025-12-09 16:27:28', '2025-12-09 16:27:28'),
(621, 595, 'SALES_ORDER', 139, 0.00, 4.00, NULL, 'FRONT:Stock reduced for order SO-0075/2025-26', 0, '122.151.192.56', NULL, NULL, '2025-12-09 18:01:52', '2025-12-09 18:01:52'),
(622, 577, 'SALES_ORDER', 140, 0.00, 2.00, NULL, 'FRONT:Stock reduced for order SO-0076/2025-26', 0, '49.191.48.7', NULL, NULL, '2025-12-09 18:13:37', '2025-12-09 18:13:37'),
(623, 617, 'SALES_ORDER', 140, 0.00, 4.00, NULL, 'FRONT:Stock reduced for order SO-0076/2025-26', 0, '49.191.48.7', NULL, NULL, '2025-12-09 18:13:37', '2025-12-09 18:13:37'),
(624, 205, 'SALES_ORDER', 140, 0.00, 4.00, NULL, 'FRONT:Stock reduced for order SO-0076/2025-26', 0, '49.191.48.7', NULL, NULL, '2025-12-09 18:13:37', '2025-12-09 18:13:37'),
(625, 573, 'SALES_ORDER', 140, 0.00, 4.00, NULL, 'FRONT:Stock reduced for order SO-0076/2025-26', 0, '49.191.48.7', NULL, NULL, '2025-12-09 18:13:37', '2025-12-09 18:13:37'),
(627, 335, 'SALES_ORDER', 142, 0.00, 4.00, NULL, 'Sales Order: SO-0077/2025-26', 7, '14.202.22.235', NULL, NULL, '2025-12-09 07:02:24', '2025-12-09 07:02:24'),
(628, 605, 'SALES_ORDER', 143, 0.00, 4.00, NULL, 'FRONT:Stock reduced for order SO-0078/2025-26', 0, '27.33.17.250', NULL, NULL, '2025-12-09 08:00:12', '2025-12-09 08:00:12'),
(629, 843, 'SALES_ORDER', 143, 0.00, 4.00, NULL, 'FRONT:Stock reduced for order SO-0078/2025-26', 0, '27.33.17.250', NULL, NULL, '2025-12-09 08:00:12', '2025-12-09 08:00:12'),
(630, 205, 'SALES_ORDER', 143, 0.00, 2.00, NULL, 'FRONT:Stock reduced for order SO-0078/2025-26', 0, '27.33.17.250', NULL, NULL, '2025-12-09 08:00:12', '2025-12-09 08:00:12'),
(631, 197, 'SALES_ORDER', 143, 0.00, 2.00, NULL, 'FRONT:Stock reduced for order SO-0078/2025-26', 0, '27.33.17.250', NULL, NULL, '2025-12-09 08:00:12', '2025-12-09 08:00:12'),
(632, 677, 'SALES_ORDER', 143, 0.00, 2.00, NULL, 'FRONT:Stock reduced for order SO-0078/2025-26', 0, '27.33.17.250', NULL, NULL, '2025-12-09 08:00:12', '2025-12-09 08:00:12'),
(633, 787, 'SALES_ORDER', 143, 0.00, 2.00, NULL, 'FRONT:Stock reduced for order SO-0078/2025-26', 0, '27.33.17.250', NULL, NULL, '2025-12-09 08:00:12', '2025-12-09 08:00:12'),
(634, 151, 'SALES_ORDER', 143, 0.00, 1.00, NULL, 'FRONT:Stock reduced for order SO-0078/2025-26', 0, '27.33.17.250', NULL, NULL, '2025-12-09 08:00:12', '2025-12-09 08:00:12'),
(635, 135, 'SALES_ORDER', 144, 0.00, 25.00, NULL, 'Sales Order: SO-0079/2025-26', 7, '14.202.22.235', NULL, NULL, '2025-12-09 08:37:39', '2025-12-09 08:37:39'),
(636, 125, 'SALES_ORDER', 145, 0.00, 8.00, NULL, 'FRONT:Stock reduced for order SO-0080/2025-26', 0, '122.151.192.56', NULL, NULL, '2025-12-09 09:59:19', '2025-12-09 09:59:19'),
(637, 107, 'SALES_ORDER', 146, 0.00, 1.00, NULL, 'Sales Order: SO-0081/2025-26', 7, '14.202.22.235', NULL, NULL, '2025-12-09 13:04:24', '2025-12-09 13:04:24'),
(638, 363, 'SALES_ORDER', 147, 0.00, 3.00, NULL, 'Sales Order: SO-0082/2025-26', 7, '14.202.22.235', NULL, NULL, '2025-12-09 13:06:17', '2025-12-09 13:06:17'),
(639, 249, 'SALES_ORDER', 147, 0.00, 4.00, NULL, 'Sales Order: SO-0082/2025-26', 7, '14.202.22.235', NULL, NULL, '2025-12-09 13:06:17', '2025-12-09 13:06:17'),
(640, 459, 'SALES_ORDER', 147, 0.00, 2.00, NULL, 'Sales Order: SO-0082/2025-26', 7, '14.202.22.235', NULL, NULL, '2025-12-09 13:06:17', '2025-12-09 13:06:17'),
(641, 205, 'SALES_ORDER', 148, 0.00, 4.00, NULL, 'Sales Order: SO-0083/2025-26', 7, '14.202.22.235', NULL, NULL, '2025-12-09 13:07:46', '2025-12-09 13:07:46'),
(642, 319, 'SALES_ORDER', 148, 0.00, 4.00, NULL, 'Sales Order: SO-0083/2025-26', 7, '14.202.22.235', NULL, NULL, '2025-12-09 13:07:46', '2025-12-09 13:07:46'),
(643, 903, 'SALES_ORDER', 149, 0.00, 10.00, NULL, 'Sales Order: SO-0084/2025-26', 7, '14.202.22.235', NULL, NULL, '2025-12-09 13:09:21', '2025-12-09 13:09:21'),
(644, 913, 'SALES_ORDER', 149, 0.00, 3.00, NULL, 'Sales Order: SO-0084/2025-26', 7, '14.202.22.235', NULL, NULL, '2025-12-09 13:09:21', '2025-12-09 13:09:21'),
(645, 901, 'SALES_ORDER', 150, 0.00, 20.00, NULL, 'Sales Order: SO-0085/2025-26', 7, '14.202.22.235', NULL, NULL, '2025-12-09 13:15:17', '2025-12-09 13:15:17'),
(646, 903, 'SALES_ORDER', 150, 0.00, 8.00, NULL, 'Sales Order: SO-0085/2025-26', 7, '14.202.22.235', NULL, NULL, '2025-12-09 13:15:17', '2025-12-09 13:15:17');
INSERT INTO `ec_product_stock` (`id`, `product_id`, `reference_type`, `reference_id`, `inqty`, `outqty`, `price`, `remark`, `created_by`, `created_ip`, `updated_by`, `updated_ip`, `created_at`, `updated_at`) VALUES
(647, 133, 'SALES_ORDER', 150, 0.00, 20.00, NULL, 'Sales Order: SO-0085/2025-26', 7, '14.202.22.235', NULL, NULL, '2025-12-09 13:15:17', '2025-12-09 13:15:17');

-- --------------------------------------------------------

--
-- Table structure for table `ec_product_tags`
--

CREATE TABLE `ec_product_tags` (
  `id` bigint UNSIGNED NOT NULL,
  `name` varchar(120) COLLATE utf8mb4_unicode_ci NOT NULL,
  `description` varchar(400) COLLATE utf8mb4_unicode_ci DEFAULT NULL,
  `status` varchar(60) COLLATE utf8mb4_unicode_ci NOT NULL DEFAULT 'published',
  `created_at` timestamp NULL DEFAULT NULL,
  `updated_at` timestamp NULL DEFAULT NULL
) ENGINE=InnoDB DEFAULT CHARSET=utf8mb4 COLLATE=utf8mb4_unicode_ci;

-- --------------------------------------------------------

--
-- Table structure for table `ec_product_tags_translations`
--

CREATE TABLE `ec_product_tags_translations` (
  `lang_code` varchar(191) COLLATE utf8mb4_unicode_ci NOT NULL,
  `ec_product_tags_id` bigint UNSIGNED NOT NULL,
  `name` varchar(191) COLLATE utf8mb4_unicode_ci DEFAULT NULL
) ENGINE=InnoDB DEFAULT CHARSET=utf8mb4 COLLATE=utf8mb4_unicode_ci;

-- --------------------------------------------------------

--
-- Table structure for table `ec_product_tag_product`
--

CREATE TABLE `ec_product_tag_product` (
  `product_id` bigint UNSIGNED NOT NULL,
  `tag_id` bigint UNSIGNED NOT NULL
) ENGINE=InnoDB DEFAULT CHARSET=utf8mb4 COLLATE=utf8mb4_unicode_ci;

-- --------------------------------------------------------

--
-- Table structure for table `ec_product_up_sale_relations`
--

CREATE TABLE `ec_product_up_sale_relations` (
  `from_product_id` bigint UNSIGNED NOT NULL,
  `to_product_id` bigint UNSIGNED NOT NULL
) ENGINE=InnoDB DEFAULT CHARSET=utf8mb4 COLLATE=utf8mb4_unicode_ci;

-- --------------------------------------------------------

--
-- Table structure for table `ec_product_variations`
--

CREATE TABLE `ec_product_variations` (
  `id` bigint UNSIGNED NOT NULL,
  `product_id` bigint UNSIGNED DEFAULT NULL,
  `configurable_product_id` bigint UNSIGNED NOT NULL,
  `is_default` tinyint NOT NULL DEFAULT '0'
) ENGINE=InnoDB DEFAULT CHARSET=utf8mb4 COLLATE=utf8mb4_unicode_ci;

--
-- Dumping data for table `ec_product_variations`
--

INSERT INTO `ec_product_variations` (`id`, `product_id`, `configurable_product_id`, `is_default`) VALUES
(1, 2, 1, 1),
(2, 4, 3, 1),
(3, 6, 5, 1),
(4, 8, 7, 1),
(5, 10, 9, 1),
(6, 12, 11, 1),
(7, 14, 13, 1),
(8, 16, 15, 1),
(9, 18, 17, 1),
(10, 20, 19, 1),
(11, 22, 21, 1),
(12, 24, 23, 1),
(13, 26, 25, 1),
(14, 28, 27, 1),
(15, 30, 29, 1),
(16, 32, 31, 1),
(17, 34, 33, 1),
(18, 36, 35, 1),
(19, 38, 37, 1),
(20, 40, 39, 1),
(21, 42, 41, 1),
(22, 44, 43, 1),
(23, 46, 45, 1),
(24, 48, 47, 1),
(25, 50, 49, 1),
(26, 52, 51, 1),
(27, 54, 53, 1),
(28, 56, 55, 1),
(29, 58, 57, 1),
(30, 60, 59, 1),
(31, 62, 61, 1),
(32, 64, 63, 1),
(33, 66, 65, 1),
(34, 68, 67, 1),
(35, 70, 69, 1),
(36, 72, 71, 1),
(37, 74, 73, 1),
(38, 76, 75, 1),
(39, 78, 77, 1),
(40, 80, 79, 1),
(41, 82, 81, 1),
(42, 84, 83, 1),
(43, 86, 85, 1),
(44, 88, 87, 1),
(45, 90, 89, 1),
(46, 92, 91, 1),
(47, 94, 93, 1),
(48, 96, 95, 1),
(49, 98, 97, 1),
(50, 100, 99, 1),
(51, 102, 101, 1),
(52, 104, 103, 1),
(53, 106, 105, 1),
(54, 108, 107, 1),
(55, 110, 109, 1),
(56, 112, 111, 1),
(57, 114, 113, 1),
(58, 116, 115, 1),
(59, 118, 117, 1),
(60, 120, 119, 1),
(61, 122, 121, 1),
(62, 124, 123, 1),
(63, 126, 125, 1),
(64, 128, 127, 1),
(65, 130, 129, 1),
(66, 132, 131, 1),
(67, 134, 133, 1),
(68, 136, 135, 1),
(69, 138, 137, 1),
(70, 140, 139, 1),
(71, 142, 141, 1),
(72, 144, 143, 1),
(73, 146, 145, 1),
(74, 148, 147, 1),
(75, 150, 149, 1),
(76, 152, 151, 1),
(77, 154, 153, 1),
(78, 156, 155, 1),
(79, 158, 157, 1),
(80, 160, 159, 1),
(81, 162, 161, 1),
(82, 164, 163, 1),
(83, 166, 165, 1),
(84, 168, 167, 1),
(85, 170, 169, 1),
(86, 172, 171, 1),
(87, 174, 173, 1),
(88, 176, 175, 1),
(89, 178, 177, 1),
(90, 180, 179, 1),
(91, 182, 181, 1),
(93, 186, 185, 1),
(94, 188, 187, 1),
(95, 190, 189, 1),
(96, 192, 191, 1),
(97, 194, 193, 1),
(98, 196, 195, 1),
(99, 198, 197, 1),
(100, 200, 199, 1),
(101, 202, 201, 1),
(102, 204, 203, 1),
(103, 206, 205, 1),
(104, 208, 207, 1),
(105, 210, 209, 1),
(106, 212, 211, 1),
(107, 214, 213, 1),
(108, 216, 215, 1),
(109, 218, 217, 1),
(110, 220, 219, 1),
(111, 222, 221, 1),
(112, 224, 223, 1),
(113, 226, 225, 1),
(114, 228, 227, 1),
(115, 230, 229, 1),
(116, 232, 231, 1),
(117, 234, 233, 1),
(118, 236, 235, 1),
(119, 238, 237, 1),
(120, 240, 239, 1),
(121, 242, 241, 1),
(122, 244, 243, 1),
(123, 246, 245, 1),
(124, 248, 247, 1),
(125, 250, 249, 1),
(126, 252, 251, 1),
(127, 254, 253, 1),
(128, 256, 255, 1),
(129, 258, 257, 1),
(130, 260, 259, 1),
(131, 262, 261, 1),
(132, 264, 263, 1),
(133, 266, 265, 1),
(134, 268, 267, 1),
(135, 270, 269, 1),
(136, 272, 271, 1),
(137, 274, 273, 1),
(138, 276, 275, 1),
(139, 278, 277, 1),
(140, 280, 279, 1),
(141, 282, 281, 1),
(142, 284, 283, 1),
(143, 286, 285, 1),
(144, 288, 287, 1),
(145, 290, 289, 1),
(146, 292, 291, 1),
(147, 294, 293, 1),
(148, 296, 295, 1),
(149, 298, 297, 1),
(150, 300, 299, 1),
(151, 302, 301, 1),
(152, 304, 303, 1),
(153, 306, 305, 1),
(154, 308, 307, 1),
(155, 310, 309, 1),
(156, 312, 311, 1),
(157, 314, 313, 1),
(158, 316, 315, 1),
(159, 318, 317, 1),
(160, 320, 319, 1),
(161, 322, 321, 1),
(162, 324, 323, 1),
(163, 326, 325, 1),
(164, 328, 327, 1),
(165, 330, 329, 1),
(166, 332, 331, 1),
(167, 334, 333, 1),
(168, 336, 335, 1),
(169, 338, 337, 1),
(170, 340, 339, 1),
(171, 342, 341, 1),
(172, 344, 343, 1),
(173, 346, 345, 1),
(174, 348, 347, 1),
(175, 350, 349, 1),
(176, 352, 351, 1),
(177, 354, 353, 1),
(178, 356, 355, 1),
(179, 358, 357, 1),
(180, 360, 359, 1),
(181, 362, 361, 1),
(182, 364, 363, 1),
(183, 366, 365, 1),
(184, 368, 367, 1),
(185, 370, 369, 1),
(186, 372, 371, 1),
(187, 374, 373, 1),
(188, 376, 375, 1),
(189, 378, 377, 1),
(190, 380, 379, 1),
(191, 382, 381, 1),
(192, 384, 383, 1),
(193, 386, 385, 1),
(194, 388, 387, 1),
(195, 390, 389, 1),
(196, 392, 391, 1),
(197, 394, 393, 1),
(198, 396, 395, 1),
(199, 398, 397, 1),
(200, 400, 399, 1),
(201, 402, 401, 1),
(202, 404, 403, 1),
(203, 406, 405, 1),
(204, 408, 407, 1),
(205, 410, 409, 1),
(206, 412, 411, 1),
(207, 414, 413, 1),
(208, 416, 415, 1),
(209, 418, 417, 1),
(210, 420, 419, 1),
(211, 422, 421, 1),
(212, 424, 423, 1),
(213, 426, 425, 1),
(214, 428, 427, 1),
(215, 430, 429, 1),
(216, 432, 431, 1),
(217, 434, 433, 1),
(218, 436, 435, 1),
(219, 438, 437, 1),
(220, 440, 439, 1),
(221, 442, 441, 1),
(222, 444, 443, 1),
(223, 446, 445, 1),
(224, 448, 447, 1),
(225, 450, 449, 1),
(226, 452, 451, 1),
(227, 454, 453, 1),
(228, 456, 455, 1),
(229, 458, 457, 1),
(230, 460, 459, 1),
(231, 462, 461, 1),
(232, 464, 463, 1),
(233, 466, 465, 1),
(234, 468, 467, 1),
(235, 470, 469, 1),
(236, 472, 471, 1),
(237, 474, 473, 1),
(238, 476, 475, 1),
(239, 478, 477, 1),
(240, 480, 479, 1),
(241, 482, 481, 1),
(242, 484, 483, 1),
(243, 486, 485, 1),
(244, 488, 487, 1),
(245, 490, 489, 1),
(246, 492, 491, 1),
(247, 494, 493, 1),
(248, 496, 495, 1),
(249, 498, 497, 1),
(250, 500, 499, 1),
(251, 502, 501, 1),
(252, 504, 503, 1),
(253, 506, 505, 1),
(254, 508, 507, 1),
(255, 510, 509, 1),
(256, 512, 511, 1),
(257, 514, 513, 1),
(258, 516, 515, 1),
(259, 518, 517, 1),
(260, 520, 519, 1),
(261, 522, 521, 1),
(262, 524, 523, 1),
(263, 526, 525, 1),
(264, 528, 527, 1),
(265, 530, 529, 1),
(266, 532, 531, 1),
(267, 534, 533, 1),
(268, 536, 535, 1),
(269, 538, 537, 1),
(270, 540, 539, 1),
(271, 542, 541, 1),
(272, 544, 543, 1),
(273, 546, 545, 1),
(274, 548, 547, 1),
(275, 550, 549, 1),
(276, 552, 551, 1),
(277, 554, 553, 1),
(278, 556, 555, 1),
(279, 558, 557, 1),
(280, 560, 559, 1),
(281, 562, 561, 1),
(282, 564, 563, 1),
(283, 566, 565, 1),
(284, 568, 567, 1),
(285, 570, 569, 1),
(286, 572, 571, 1),
(287, 574, 573, 1),
(288, 576, 575, 1),
(289, 578, 577, 1),
(290, 580, 579, 1),
(291, 582, 581, 1),
(292, 584, 583, 1),
(293, 586, 585, 1),
(294, 588, 587, 1),
(295, 590, 589, 1),
(296, 592, 591, 1),
(297, 594, 593, 1),
(298, 596, 595, 1),
(299, 598, 597, 1),
(300, 600, 599, 1),
(301, 602, 601, 1),
(302, 604, 603, 1),
(303, 606, 605, 1),
(304, 608, 607, 1),
(305, 610, 609, 1),
(306, 612, 611, 1),
(307, 614, 613, 1),
(308, 616, 615, 1),
(309, 618, 617, 1),
(310, 620, 619, 1),
(311, 622, 621, 1),
(312, 624, 623, 1),
(313, 626, 625, 1),
(314, 628, 627, 1),
(315, 630, 629, 1),
(316, 632, 631, 1),
(317, 634, 633, 1),
(318, 636, 635, 1),
(319, 638, 637, 1),
(320, 640, 639, 1),
(321, 642, 641, 1),
(322, 644, 643, 1),
(323, 646, 645, 1),
(324, 648, 647, 1),
(325, 650, 649, 1),
(326, 652, 651, 1),
(327, 654, 653, 1),
(328, 656, 655, 1),
(329, 658, 657, 1),
(330, 660, 659, 1),
(331, 662, 661, 1),
(332, 664, 663, 1),
(333, 666, 665, 1),
(334, 668, 667, 1),
(335, 670, 669, 1),
(336, 672, 671, 1),
(337, 674, 673, 1),
(338, 676, 675, 1),
(339, 678, 677, 1),
(340, 680, 679, 1),
(341, 682, 681, 1),
(342, 684, 683, 1),
(343, 686, 685, 1),
(344, 688, 687, 1),
(345, 690, 689, 1),
(346, 692, 691, 1),
(347, 694, 693, 1),
(348, 696, 695, 1),
(349, 698, 697, 1),
(350, 700, 699, 1),
(351, 702, 701, 1),
(352, 704, 703, 1),
(353, 706, 705, 1),
(354, 708, 707, 1),
(355, 710, 709, 1),
(356, 712, 711, 1),
(357, 714, 713, 1),
(358, 716, 715, 1),
(359, 718, 717, 1),
(360, 720, 719, 1),
(361, 722, 721, 1),
(362, 724, 723, 1),
(363, 726, 725, 1),
(364, 728, 727, 1),
(365, 730, 729, 1),
(366, 732, 731, 1),
(367, 734, 733, 1),
(368, 736, 735, 1),
(369, 738, 737, 1),
(370, 740, 739, 1),
(371, 742, 741, 1),
(372, 744, 743, 1),
(373, 746, 745, 1),
(374, 748, 747, 1),
(375, 750, 749, 1),
(376, 752, 751, 1),
(377, 754, 753, 1),
(378, 756, 755, 1),
(379, 758, 757, 1),
(380, 760, 759, 1),
(381, 762, 761, 1),
(382, 764, 763, 1),
(383, 766, 765, 1),
(384, 768, 767, 1),
(385, 770, 769, 1),
(386, 772, 771, 1),
(387, 774, 773, 1),
(388, 776, 775, 1),
(389, 778, 777, 1),
(390, 780, 779, 1),
(391, 782, 781, 1),
(392, 784, 783, 1),
(393, 786, 785, 1),
(394, 788, 787, 1),
(395, 790, 789, 1),
(396, 792, 791, 1),
(397, 794, 793, 1),
(398, 796, 795, 1),
(399, 798, 797, 1),
(400, 800, 799, 1),
(401, 802, 801, 1),
(402, 804, 803, 1),
(403, 806, 805, 1),
(404, 808, 807, 1),
(405, 810, 809, 1),
(406, 812, 811, 1),
(407, 814, 813, 1),
(408, 816, 815, 1),
(409, 818, 817, 1),
(410, 820, 819, 1),
(411, 822, 821, 1),
(412, 824, 823, 1),
(413, 826, 825, 1),
(414, 828, 827, 1),
(415, 830, 829, 1),
(416, 832, 831, 1),
(417, 834, 833, 1),
(418, 836, 835, 1),
(419, 838, 837, 1),
(420, 840, 839, 1),
(421, 842, 841, 1),
(422, 844, 843, 1),
(423, 846, 845, 1),
(424, 848, 847, 1),
(425, 850, 849, 1),
(426, 852, 851, 1),
(427, 854, 853, 1),
(428, 856, 855, 1),
(429, 858, 857, 1),
(430, 860, 859, 1),
(431, 862, 861, 1),
(432, 864, 863, 1),
(433, 866, 865, 1),
(434, 868, 867, 1),
(435, 870, 869, 1),
(436, 872, 871, 1),
(437, 874, 873, 1),
(438, 876, 875, 1),
(439, 878, 877, 1),
(440, 880, 879, 1),
(441, 882, 881, 1),
(442, 884, 883, 1),
(443, 886, 885, 1),
(444, 888, 887, 1),
(445, 890, 889, 1),
(446, 892, 891, 1),
(447, 894, 893, 1),
(448, 896, 895, 1),
(449, 898, 897, 1),
(450, 900, 899, 1),
(451, 902, 901, 1),
(452, 904, 903, 1),
(453, 906, 905, 1),
(454, 908, 907, 1),
(455, 910, 909, 1),
(456, 912, 911, 1),
(457, 914, 913, 1);

-- --------------------------------------------------------

--
-- Table structure for table `ec_product_variation_items`
--

CREATE TABLE `ec_product_variation_items` (
  `id` bigint UNSIGNED NOT NULL,
  `attribute_id` bigint UNSIGNED NOT NULL,
  `variation_id` bigint UNSIGNED NOT NULL
) ENGINE=InnoDB DEFAULT CHARSET=utf8mb4 COLLATE=utf8mb4_unicode_ci;

--
-- Dumping data for table `ec_product_variation_items`
--

INSERT INTO `ec_product_variation_items` (`id`, `attribute_id`, `variation_id`) VALUES
(1506, 23, 170),
(1081, 27, 122),
(1282, 27, 145),
(3436, 27, 385),
(53, 32, 7),
(1073, 32, 121),
(6307, 40, 119),
(3095, 40, 347),
(3624, 40, 406),
(3606, 42, 404),
(5010, 44, 42),
(5127, 44, 55),
(2376, 44, 267),
(2385, 44, 268),
(3086, 44, 346),
(3383, 44, 379),
(3401, 44, 381),
(3410, 44, 382),
(1540, 45, 174),
(5019, 46, 43),
(5037, 46, 45),
(1498, 47, 169),
(1531, 47, 173),
(1507, 53, 170),
(1523, 53, 172),
(5235, 54, 68),
(5243, 54, 69),
(5567, 54, 99),
(1515, 54, 171),
(1541, 54, 174),
(1549, 54, 175),
(4914, 55, 13),
(4984, 55, 39),
(5603, 55, 98),
(5576, 55, 100),
(5648, 55, 101),
(5594, 55, 102),
(1391, 55, 157),
(1409, 55, 159),
(1427, 55, 161),
(1463, 55, 165),
(1499, 55, 169),
(1532, 55, 173),
(5558, 55, 251),
(5630, 55, 287),
(4837, 56, 10),
(4923, 56, 14),
(4976, 56, 38),
(5200, 56, 64),
(5218, 56, 66),
(5585, 56, 97),
(5720, 56, 103),
(5666, 56, 106),
(5711, 56, 108),
(5639, 56, 109),
(5621, 56, 110),
(6308, 56, 119),
(5756, 56, 124),
(5882, 56, 128),
(1319, 56, 149),
(1328, 56, 150),
(1337, 56, 151),
(1346, 56, 152),
(1373, 56, 155),
(1400, 56, 158),
(3851, 56, 164),
(4358, 56, 177),
(2071, 56, 233),
(2143, 56, 241),
(2377, 56, 267),
(2386, 56, 268),
(2431, 56, 273),
(2512, 56, 282),
(2539, 56, 285),
(5675, 56, 286),
(2584, 56, 290),
(2908, 56, 326),
(4466, 56, 329),
(4484, 56, 330),
(3096, 56, 347),
(3446, 56, 386),
(3472, 56, 389),
(3517, 56, 394),
(5846, 56, 395),
(3607, 56, 404),
(3625, 56, 406),
(3634, 56, 407),
(3643, 56, 408),
(4855, 57, 12),
(5993, 57, 17),
(161, 57, 19),
(242, 57, 28),
(269, 57, 31),
(278, 57, 32),
(305, 57, 35),
(4959, 57, 36),
(4968, 57, 37),
(4993, 57, 40),
(5002, 57, 41),
(5083, 57, 50),
(5092, 57, 51),
(5984, 57, 62),
(5227, 57, 67),
(6200, 57, 93),
(6227, 57, 96),
(5810, 57, 104),
(5684, 57, 105),
(6236, 57, 111),
(6254, 57, 113),
(6281, 57, 116),
(6290, 57, 117),
(1082, 57, 122),
(5957, 57, 125),
(5819, 57, 126),
(1125, 57, 127),
(1159, 57, 131),
(4906, 57, 136),
(5747, 57, 137),
(5891, 57, 138),
(5738, 57, 139),
(5702, 57, 140),
(1283, 57, 145),
(5900, 57, 147),
(1310, 57, 148),
(6450, 57, 153),
(1364, 57, 154),
(1382, 57, 156),
(3869, 57, 160),
(1436, 57, 162),
(1445, 57, 163),
(1472, 57, 166),
(5975, 57, 168),
(4376, 57, 176),
(6434, 57, 230),
(5837, 57, 231),
(2080, 57, 234),
(3896, 57, 238),
(2152, 57, 242),
(2197, 57, 247),
(5657, 57, 253),
(2287, 57, 257),
(2314, 57, 260),
(2341, 57, 263),
(2359, 57, 265),
(2413, 57, 271),
(2422, 57, 272),
(2440, 57, 274),
(2458, 57, 276),
(2485, 57, 279),
(5783, 57, 283),
(2530, 57, 284),
(5864, 57, 288),
(2575, 57, 289),
(2593, 57, 291),
(5261, 57, 305),
(2899, 57, 325),
(4457, 57, 328),
(3105, 57, 348),
(3114, 57, 349),
(3905, 57, 361),
(3267, 57, 366),
(3312, 57, 371),
(3437, 57, 385),
(3455, 57, 387),
(3463, 57, 388),
(3481, 57, 390),
(3490, 57, 391),
(3499, 57, 392),
(5765, 57, 393),
(3571, 57, 400),
(4950, 57, 401),
(4941, 57, 402),
(3598, 57, 403),
(3616, 57, 405),
(3652, 57, 409),
(152, 59, 18),
(179, 59, 21),
(215, 59, 25),
(233, 59, 27),
(251, 59, 29),
(287, 59, 33),
(5020, 59, 43),
(5038, 59, 45),
(5047, 59, 46),
(5074, 59, 49),
(5101, 59, 52),
(5110, 59, 53),
(5119, 59, 54),
(5128, 59, 55),
(5146, 59, 57),
(5155, 59, 58),
(5209, 59, 65),
(625, 59, 71),
(6047, 59, 74),
(6083, 59, 78),
(6092, 59, 80),
(6128, 59, 85),
(6137, 59, 86),
(6146, 59, 87),
(6182, 59, 91),
(6209, 59, 94),
(6218, 59, 95),
(5774, 59, 107),
(6245, 59, 112),
(6263, 59, 114),
(6272, 59, 115),
(6299, 59, 118),
(1143, 59, 129),
(5801, 59, 142),
(6416, 59, 143),
(6425, 59, 146),
(1481, 59, 167),
(1603, 59, 181),
(1630, 59, 184),
(1657, 59, 187),
(1684, 59, 190),
(1693, 59, 191),
(1828, 59, 206),
(1873, 59, 211),
(1918, 59, 216),
(1927, 59, 217),
(2062, 59, 232),
(2107, 59, 237),
(2188, 59, 246),
(2215, 59, 249),
(2224, 59, 250),
(2242, 59, 252),
(2260, 59, 254),
(2269, 59, 255),
(2278, 59, 256),
(2296, 59, 258),
(2332, 59, 262),
(2350, 59, 264),
(2368, 59, 266),
(2395, 59, 269),
(2449, 59, 275),
(2476, 59, 278),
(2494, 59, 280),
(2503, 59, 281),
(2602, 59, 292),
(5351, 59, 300),
(5297, 59, 306),
(5279, 59, 307),
(5270, 59, 318),
(2917, 59, 327),
(6326, 59, 337),
(6362, 59, 339),
(5828, 59, 341),
(6380, 59, 342),
(3168, 59, 355),
(3177, 59, 356),
(3186, 59, 357),
(3213, 59, 360),
(3348, 59, 375),
(3393, 59, 380),
(3411, 59, 382),
(3420, 59, 383),
(3429, 59, 384),
(3535, 59, 396),
(3562, 59, 399),
(54, 60, 7),
(528, 60, 60),
(715, 60, 81),
(724, 60, 82),
(1074, 60, 121),
(4864, 60, 130),
(4898, 60, 135),
(4819, 61, 8),
(134, 61, 16),
(170, 61, 20),
(188, 61, 22),
(224, 61, 26),
(260, 61, 30),
(296, 61, 34),
(5011, 61, 42),
(5164, 61, 59),
(6477, 61, 63),
(5252, 61, 70),
(6029, 61, 72),
(6056, 61, 75),
(6155, 61, 88),
(6164, 61, 89),
(6173, 61, 90),
(1576, 61, 178),
(1639, 61, 185),
(1666, 61, 188),
(1711, 61, 193),
(1801, 61, 203),
(1810, 61, 204),
(1882, 61, 212),
(2035, 61, 229),
(2125, 61, 239),
(2134, 61, 240),
(2161, 61, 243),
(2179, 61, 245),
(2206, 61, 248),
(2305, 61, 259),
(2467, 61, 277),
(5378, 61, 298),
(5432, 61, 299),
(5405, 61, 302),
(5387, 61, 304),
(5306, 61, 308),
(5333, 61, 309),
(5288, 61, 311),
(5468, 61, 315),
(5315, 61, 316),
(5342, 61, 320),
(5360, 61, 321),
(5414, 61, 322),
(6353, 61, 338),
(6398, 61, 344),
(3123, 61, 350),
(3132, 61, 351),
(3141, 61, 352),
(3204, 61, 359),
(3258, 61, 365),
(3285, 61, 368),
(3294, 61, 369),
(3330, 61, 373),
(3339, 61, 374),
(3357, 61, 376),
(3544, 61, 397),
(3553, 61, 398),
(197, 62, 23),
(206, 62, 24),
(6038, 62, 73),
(6407, 62, 141),
(1275, 62, 144),
(1585, 62, 179),
(6468, 62, 182),
(1621, 62, 183),
(1648, 62, 186),
(1675, 62, 189),
(1702, 62, 192),
(1774, 62, 200),
(1783, 62, 201),
(1864, 62, 210),
(1891, 62, 213),
(1936, 62, 218),
(4394, 62, 224),
(4430, 62, 226),
(2170, 62, 244),
(2404, 62, 270),
(5396, 62, 303),
(5450, 62, 310),
(5441, 62, 313),
(5369, 62, 314),
(5486, 62, 317),
(5324, 62, 319),
(6459, 62, 336),
(3231, 62, 362),
(3240, 62, 363),
(3249, 62, 364),
(3303, 62, 370),
(3375, 62, 378),
(4331, 63, 3),
(4340, 63, 4),
(4889, 63, 134),
(4828, 64, 9),
(4846, 64, 11),
(4932, 64, 15),
(5029, 64, 44),
(5056, 64, 47),
(5065, 64, 48),
(5137, 64, 56),
(6065, 64, 76),
(6074, 64, 77),
(1594, 64, 180),
(1720, 64, 194),
(1729, 64, 195),
(1747, 64, 197),
(1756, 64, 198),
(1765, 64, 199),
(1792, 64, 202),
(3833, 64, 205),
(1837, 64, 207),
(1846, 64, 208),
(1900, 64, 214),
(1909, 64, 215),
(3878, 64, 219),
(1963, 64, 221),
(1972, 64, 222),
(2089, 64, 235),
(2098, 64, 236),
(2323, 64, 261),
(5522, 64, 296),
(5423, 64, 301),
(5495, 64, 312),
(5459, 64, 323),
(5477, 64, 324),
(2952, 64, 331),
(6371, 64, 340),
(6389, 64, 343),
(3078, 64, 345),
(3150, 64, 353),
(3159, 64, 354),
(3887, 64, 358),
(3276, 64, 367),
(3384, 64, 379),
(3402, 64, 381),
(3757, 64, 410),
(39, 65, 5),
(47, 65, 6),
(4319, 66, 2),
(4877, 66, 133),
(5708, 68, 108),
(1338, 68, 151),
(4956, 69, 36),
(6474, 71, 63),
(1712, 71, 193),
(3358, 71, 376),
(6206, 73, 94),
(6260, 73, 114),
(2369, 73, 266),
(2495, 73, 280),
(6224, 77, 96),
(6251, 77, 113),
(2360, 77, 265),
(6269, 80, 115),
(2108, 80, 237),
(2261, 80, 254),
(2351, 80, 264),
(2450, 80, 275),
(3394, 80, 380),
(2126, 85, 239),
(3133, 85, 351),
(1910, 86, 215),
(6386, 86, 343),
(3169, 88, 355),
(3160, 90, 354),
(6080, 93, 78),
(6422, 94, 146),
(3554, 95, 398),
(4960, 96, 36),
(2343, 96, 263),
(2424, 96, 272),
(5084, 97, 50),
(5985, 98, 62),
(6478, 98, 63),
(5253, 98, 70),
(6138, 98, 86),
(6156, 98, 88),
(6408, 98, 141),
(1330, 98, 150),
(1447, 98, 163),
(1713, 98, 193),
(1929, 98, 217),
(2442, 98, 274),
(5487, 98, 317),
(3251, 98, 364),
(3359, 98, 376),
(2901, 99, 325),
(3492, 99, 391),
(253, 100, 29),
(5057, 100, 47),
(2370, 100, 266),
(3422, 100, 383),
(3564, 100, 399),
(6309, 101, 119),
(2073, 101, 233),
(2172, 101, 244),
(2433, 101, 273),
(2910, 101, 326),
(3089, 101, 346),
(3098, 101, 347),
(3627, 101, 406),
(3654, 102, 409),
(6039, 104, 73),
(6219, 104, 95),
(1911, 104, 215),
(2091, 104, 235),
(2199, 104, 247),
(2487, 104, 279),
(2505, 104, 281),
(6390, 104, 343),
(3305, 104, 370),
(3323, 104, 372),
(4856, 105, 12),
(172, 105, 20),
(271, 105, 31),
(5111, 105, 53),
(2280, 105, 256),
(2289, 105, 257),
(2361, 105, 265),
(3116, 105, 349),
(3573, 105, 400),
(190, 106, 22),
(199, 106, 23),
(262, 106, 30),
(3897, 106, 238),
(5994, 107, 17),
(4994, 107, 40),
(5102, 107, 52),
(6291, 107, 117),
(2298, 107, 258),
(2316, 107, 260),
(2595, 107, 291),
(3906, 107, 361),
(3609, 108, 404),
(3879, 109, 219),
(4449, 109, 228),
(2379, 109, 267),
(2388, 109, 268),
(5514, 109, 293),
(136, 110, 16),
(5030, 110, 44),
(5120, 110, 54),
(2307, 110, 259),
(3206, 110, 359),
(3546, 110, 397),
(5003, 111, 41),
(5201, 113, 64),
(5577, 113, 100),
(5775, 113, 107),
(5622, 113, 110),
(1704, 113, 192),
(5658, 113, 253),
(5631, 113, 287),
(5289, 113, 311),
(5748, 114, 137),
(6057, 115, 75),
(1632, 115, 184),
(1785, 115, 201),
(5271, 115, 318),
(5325, 115, 319),
(5829, 115, 341),
(3287, 115, 368),
(6048, 116, 74),
(6075, 116, 77),
(6129, 116, 85),
(6417, 116, 143),
(1277, 116, 144),
(3870, 116, 160),
(1623, 116, 183),
(1668, 116, 188),
(1758, 116, 198),
(1767, 116, 199),
(2190, 116, 246),
(2532, 116, 284),
(5316, 116, 316),
(5343, 116, 320),
(6372, 116, 340),
(3260, 116, 365),
(3296, 116, 369),
(3377, 116, 378),
(4916, 117, 13),
(4925, 117, 14),
(4978, 117, 38),
(4986, 117, 39),
(4995, 117, 40),
(5004, 117, 41),
(5013, 117, 42),
(5022, 117, 43),
(5031, 117, 44),
(5040, 117, 45),
(5049, 117, 46),
(5058, 117, 47),
(5067, 117, 48),
(5076, 117, 49),
(5103, 117, 52),
(5112, 117, 53),
(5121, 117, 54),
(5130, 117, 55),
(5139, 117, 56),
(5148, 117, 57),
(5157, 117, 58),
(5166, 117, 59),
(6292, 117, 117),
(6301, 117, 118),
(6310, 117, 119),
(1510, 117, 170),
(1552, 117, 175),
(2065, 117, 232),
(2083, 117, 234),
(2101, 117, 236),
(2110, 117, 237),
(3898, 117, 238),
(2128, 117, 239),
(2308, 117, 259),
(2317, 117, 260),
(2326, 117, 261),
(2335, 117, 262),
(2353, 117, 264),
(2362, 117, 265),
(2371, 117, 266),
(2380, 117, 267),
(2596, 117, 291),
(2605, 117, 292),
(3090, 117, 346),
(3117, 117, 349),
(3171, 117, 355),
(3907, 117, 361),
(3387, 117, 379),
(3396, 117, 380),
(3405, 117, 381),
(3414, 117, 382),
(3423, 117, 383),
(3432, 117, 384),
(3601, 117, 403),
(3610, 117, 404),
(3628, 117, 406),
(3637, 117, 407),
(3646, 117, 408),
(3655, 117, 409),
(2074, 118, 233),
(2092, 118, 235),
(6452, 119, 153),
(1588, 119, 179),
(1795, 119, 202),
(1912, 119, 215),
(4396, 119, 224),
(5659, 119, 253),
(5317, 119, 316),
(6382, 119, 342),
(6391, 119, 343),
(3342, 119, 374),
(3759, 119, 410),
(5085, 120, 50),
(5094, 120, 51),
(6022, 120, 61),
(1069, 120, 120),
(1085, 120, 122),
(4908, 120, 136),
(1286, 120, 145),
(4821, 121, 8),
(4830, 121, 9),
(4839, 121, 10),
(4848, 121, 11),
(4857, 121, 12),
(137, 121, 16),
(5995, 121, 17),
(155, 121, 18),
(164, 121, 19),
(173, 121, 20),
(200, 121, 23),
(209, 121, 24),
(227, 121, 26),
(272, 121, 31),
(4961, 121, 36),
(4970, 121, 37),
(5229, 121, 67),
(5740, 121, 139),
(5977, 121, 168),
(1502, 121, 169),
(1518, 121, 171),
(1535, 121, 173),
(1544, 121, 174),
(4378, 121, 176),
(4360, 121, 177),
(2281, 121, 256),
(2344, 121, 263),
(2389, 121, 268),
(2425, 121, 272),
(4459, 121, 328),
(4468, 121, 329),
(4486, 121, 330),
(3207, 121, 359),
(3449, 121, 386),
(3466, 121, 388),
(3475, 121, 389),
(3484, 121, 390),
(3493, 121, 391),
(3520, 121, 394),
(5848, 121, 395),
(5220, 122, 66),
(6229, 122, 96),
(5569, 122, 99),
(5578, 122, 100),
(5650, 122, 101),
(6238, 122, 111),
(6256, 122, 113),
(6274, 122, 115),
(6283, 122, 116),
(5893, 122, 138),
(1322, 122, 149),
(1394, 122, 157),
(1412, 122, 159),
(1430, 122, 161),
(1466, 122, 165),
(1484, 122, 167),
(2146, 122, 241),
(2155, 122, 242),
(5560, 122, 251),
(2263, 122, 254),
(2416, 122, 271),
(2452, 122, 275),
(2461, 122, 276),
(2470, 122, 277),
(2479, 122, 278),
(2488, 122, 279),
(2497, 122, 280),
(5632, 122, 287),
(2587, 122, 290),
(3108, 122, 348),
(3135, 122, 351),
(3180, 122, 356),
(3216, 122, 360),
(3502, 122, 392),
(5767, 122, 393),
(3556, 122, 398),
(2434, 123, 273),
(2506, 123, 281),
(3144, 123, 352),
(4934, 124, 15),
(5986, 124, 62),
(5202, 124, 64),
(628, 124, 71),
(6031, 124, 72),
(6094, 124, 80),
(6130, 124, 85),
(6175, 124, 90),
(6184, 124, 91),
(6202, 124, 93),
(6211, 124, 94),
(5605, 124, 98),
(5596, 124, 102),
(5722, 124, 103),
(5812, 124, 104),
(5713, 124, 108),
(5641, 124, 109),
(5623, 124, 110),
(6265, 124, 114),
(5758, 124, 124),
(5959, 124, 125),
(5821, 124, 126),
(1128, 124, 127),
(5884, 124, 128),
(1146, 124, 129),
(5749, 124, 137),
(5902, 124, 147),
(1313, 124, 148),
(1331, 124, 150),
(1376, 124, 155),
(1403, 124, 158),
(1439, 124, 162),
(1448, 124, 163),
(1475, 124, 166),
(6436, 124, 230),
(2137, 124, 240),
(2173, 124, 244),
(2182, 124, 245),
(2200, 124, 247),
(2218, 124, 249),
(2443, 124, 274),
(2515, 124, 282),
(5866, 124, 288),
(2578, 124, 289),
(5254, 125, 70),
(6085, 125, 78),
(6157, 125, 88),
(5587, 125, 97),
(5668, 125, 106),
(5704, 125, 140),
(1278, 125, 144),
(1340, 125, 151),
(1349, 125, 152),
(1385, 125, 156),
(3853, 125, 164),
(1624, 125, 183),
(1651, 125, 186),
(1831, 125, 206),
(1867, 125, 210),
(1957, 125, 220),
(5839, 125, 231),
(2191, 125, 246),
(5785, 125, 283),
(2542, 125, 285),
(5677, 125, 286),
(2973, 125, 333),
(2991, 125, 335),
(6400, 125, 344),
(3270, 125, 366),
(3306, 125, 370),
(5211, 127, 65),
(6040, 127, 73),
(700, 127, 79),
(5803, 127, 142),
(1606, 127, 181),
(1633, 127, 184),
(1642, 127, 185),
(1696, 127, 191),
(1705, 127, 192),
(1741, 127, 196),
(1750, 127, 197),
(1768, 127, 199),
(1786, 127, 201),
(1804, 127, 203),
(1813, 127, 204),
(3835, 127, 205),
(1840, 127, 207),
(1849, 127, 208),
(1858, 127, 209),
(1876, 127, 211),
(1885, 127, 212),
(1894, 127, 213),
(1903, 127, 214),
(1921, 127, 216),
(1930, 127, 217),
(1939, 127, 218),
(3880, 127, 219),
(1966, 127, 221),
(1975, 127, 222),
(2038, 127, 229),
(2245, 127, 252),
(2407, 127, 270),
(5380, 127, 298),
(5308, 127, 308),
(2982, 127, 334),
(6373, 127, 340),
(3234, 127, 362),
(3243, 127, 363),
(3261, 127, 365),
(3279, 127, 367),
(3288, 127, 368),
(3297, 127, 369),
(3315, 127, 371),
(3324, 127, 372),
(3333, 127, 373),
(3351, 127, 375),
(3360, 127, 376),
(3369, 127, 377),
(3378, 127, 378),
(6067, 128, 76),
(6076, 128, 77),
(6409, 128, 141),
(6139, 129, 86),
(6148, 129, 87),
(6166, 129, 89),
(6220, 129, 95),
(5686, 129, 105),
(3871, 129, 160),
(2164, 129, 243),
(2209, 129, 248),
(182, 130, 21),
(191, 130, 22),
(218, 130, 25),
(236, 130, 27),
(245, 130, 28),
(254, 130, 29),
(263, 130, 30),
(281, 130, 32),
(290, 130, 33),
(299, 130, 34),
(308, 130, 35),
(5237, 130, 68),
(5245, 130, 69),
(6247, 130, 112),
(1526, 130, 172),
(2272, 130, 255),
(2290, 130, 257),
(2299, 130, 258),
(2398, 130, 269),
(2902, 130, 325),
(2911, 130, 326),
(3099, 130, 347),
(3153, 130, 353),
(3189, 130, 357),
(3889, 130, 358),
(3538, 130, 396),
(3547, 130, 397),
(3565, 130, 399),
(3574, 130, 400),
(1162, 131, 131),
(3440, 131, 385),
(4952, 131, 401),
(4943, 131, 402),
(6418, 132, 143),
(4414, 132, 223),
(5515, 132, 293),
(5542, 132, 294),
(5551, 132, 295),
(5524, 132, 296),
(5425, 132, 301),
(5389, 132, 304),
(5497, 132, 312),
(5371, 132, 314),
(5488, 132, 317),
(5326, 132, 319),
(5362, 132, 321),
(5416, 132, 322),
(5461, 132, 323),
(5479, 132, 324),
(6461, 132, 336),
(6479, 133, 63),
(6049, 133, 74),
(6058, 133, 75),
(5776, 133, 107),
(6427, 133, 146),
(1367, 133, 154),
(1579, 133, 178),
(1597, 133, 180),
(6470, 133, 182),
(1660, 133, 187),
(1669, 133, 188),
(1678, 133, 189),
(1687, 133, 190),
(1714, 133, 193),
(1723, 133, 194),
(1732, 133, 195),
(1759, 133, 198),
(1777, 133, 200),
(4423, 133, 225),
(4432, 133, 226),
(4441, 133, 227),
(4450, 133, 228),
(2227, 133, 250),
(2533, 133, 284),
(5533, 133, 297),
(5434, 133, 299),
(5353, 133, 300),
(5407, 133, 302),
(5398, 133, 303),
(5263, 133, 305),
(5299, 133, 306),
(5281, 133, 307),
(5335, 133, 309),
(5452, 133, 310),
(5290, 133, 311),
(5443, 133, 313),
(5470, 133, 315),
(5272, 133, 318),
(5344, 133, 320),
(2955, 133, 331),
(2964, 133, 332),
(6328, 133, 337),
(6355, 133, 338),
(6364, 133, 339),
(5830, 133, 341),
(3081, 133, 345),
(3252, 133, 364),
(5086, 134, 50),
(5095, 134, 51),
(4996, 136, 40),
(5005, 136, 41),
(5014, 136, 42),
(5104, 141, 52),
(5113, 141, 53),
(5122, 141, 54),
(5131, 141, 55),
(5140, 141, 56),
(5149, 141, 57),
(5158, 141, 58),
(5167, 141, 59),
(5023, 142, 43),
(5032, 142, 44),
(5041, 142, 45),
(5050, 142, 46),
(5059, 142, 47),
(5068, 142, 48),
(5077, 142, 49),
(6480, 145, 63),
(5203, 145, 64),
(5212, 145, 65),
(2408, 146, 270),
(3235, 147, 362),
(3244, 147, 363),
(3253, 147, 364),
(3262, 147, 365),
(3271, 147, 366),
(3280, 147, 367),
(3289, 147, 368),
(3298, 147, 369),
(3307, 147, 370),
(3316, 147, 371),
(3325, 147, 372),
(3334, 147, 373),
(3343, 147, 374),
(3352, 147, 375),
(3361, 147, 376),
(3370, 147, 377),
(3379, 147, 378),
(6086, 152, 78),
(2165, 159, 243),
(2174, 159, 244),
(2183, 159, 245),
(2192, 159, 246),
(2201, 159, 247),
(2210, 159, 248),
(6032, 161, 72),
(2138, 163, 240),
(2147, 163, 241),
(2156, 163, 242),
(3100, 165, 347),
(3109, 165, 348),
(3091, 170, 346),
(133, 174, 16),
(169, 174, 20),
(250, 174, 29),
(286, 174, 33),
(295, 174, 34),
(4958, 174, 36),
(4967, 174, 37),
(5199, 174, 64),
(624, 174, 71),
(6091, 174, 80),
(6163, 174, 89),
(6181, 174, 91),
(6208, 174, 94),
(6217, 174, 95),
(5602, 174, 98),
(5719, 174, 103),
(5638, 174, 109),
(6262, 174, 114),
(1065, 174, 120),
(5755, 174, 124),
(1124, 174, 127),
(5881, 174, 128),
(5890, 174, 138),
(1309, 174, 148),
(1345, 174, 152),
(1372, 174, 155),
(1408, 174, 159),
(1462, 174, 165),
(1471, 174, 166),
(2124, 174, 239),
(2169, 174, 244),
(2187, 174, 246),
(2205, 174, 248),
(2214, 174, 249),
(5557, 174, 251),
(2340, 174, 263),
(2367, 174, 266),
(2421, 174, 272),
(2493, 174, 280),
(2502, 174, 281),
(2511, 174, 282),
(5863, 174, 288),
(2574, 174, 289),
(4456, 174, 328),
(4483, 174, 330),
(3131, 174, 351),
(3176, 174, 356),
(3203, 174, 359),
(3212, 174, 360),
(3419, 174, 383),
(3454, 174, 387),
(3480, 174, 390),
(3498, 174, 392),
(5764, 174, 393),
(5845, 174, 395),
(3543, 174, 397),
(3552, 174, 398),
(3561, 174, 399),
(5942, 176, 411),
(4619, 177, 430),
(4309, 177, 443),
(4957, 178, 36),
(5250, 178, 70),
(623, 178, 71),
(6027, 178, 72),
(722, 178, 82),
(6144, 178, 87),
(6162, 178, 89),
(6198, 178, 93),
(1443, 178, 163),
(1574, 178, 178),
(1583, 178, 179),
(6466, 178, 182),
(1637, 178, 185),
(1646, 178, 186),
(1727, 178, 195),
(1736, 178, 196),
(1925, 178, 217),
(1961, 178, 221),
(4392, 178, 224),
(2033, 178, 229),
(2069, 178, 233),
(2159, 178, 243),
(2168, 178, 244),
(2204, 178, 248),
(2240, 178, 252),
(2339, 178, 263),
(2420, 178, 272),
(2429, 178, 273),
(5376, 178, 298),
(5403, 178, 302),
(5394, 178, 303),
(5385, 178, 304),
(5367, 178, 314),
(5358, 178, 321),
(6457, 178, 336),
(3103, 178, 348),
(3229, 178, 362),
(3337, 178, 374),
(3373, 178, 378),
(3641, 178, 408),
(3650, 178, 409),
(5230, 188, 67),
(5238, 188, 68),
(5246, 188, 69),
(5987, 189, 62),
(6041, 190, 73),
(6050, 190, 74),
(6059, 190, 75),
(6068, 190, 76),
(6077, 190, 77),
(4338, 197, 4),
(4844, 197, 11),
(4853, 197, 12),
(177, 197, 21),
(186, 197, 22),
(195, 197, 23),
(222, 197, 26),
(249, 197, 29),
(258, 197, 30),
(267, 197, 31),
(276, 197, 32),
(285, 197, 33),
(294, 197, 34),
(5045, 197, 46),
(5063, 197, 48),
(5108, 197, 53),
(5162, 197, 59),
(6171, 197, 90),
(6207, 197, 94),
(6225, 197, 96),
(6234, 197, 111),
(6252, 197, 113),
(6261, 197, 114),
(6270, 197, 115),
(1781, 197, 201),
(1799, 197, 203),
(1853, 197, 209),
(1907, 197, 215),
(3876, 197, 219),
(4446, 197, 228),
(2087, 197, 235),
(2105, 197, 237),
(3894, 197, 238),
(2141, 197, 241),
(2150, 197, 242),
(2258, 197, 254),
(2276, 197, 256),
(2285, 197, 257),
(2348, 197, 264),
(2357, 197, 265),
(2366, 197, 266),
(2447, 197, 275),
(2456, 197, 276),
(2492, 197, 280),
(2600, 197, 292),
(2959, 197, 332),
(2968, 197, 333),
(6387, 197, 343),
(3112, 197, 349),
(3328, 197, 373),
(3391, 197, 380),
(3418, 197, 383),
(3533, 197, 396),
(3551, 197, 398),
(3560, 197, 399),
(3569, 197, 400),
(4939, 197, 402),
(4975, 198, 38),
(5225, 198, 67),
(5718, 198, 103),
(5682, 198, 105),
(5664, 198, 106),
(5709, 198, 108),
(5754, 198, 124),
(5745, 198, 137),
(5736, 198, 139),
(5700, 198, 140),
(1335, 198, 151),
(1380, 198, 156),
(1425, 198, 161),
(4356, 198, 177),
(5655, 198, 253),
(5673, 198, 286),
(5763, 198, 393),
(240, 199, 28),
(303, 199, 35),
(6475, 199, 63),
(6045, 199, 74),
(6072, 199, 77),
(6216, 199, 95),
(6279, 199, 116),
(4869, 199, 132),
(6414, 199, 143),
(6423, 199, 146),
(1673, 199, 189),
(1709, 199, 193),
(1718, 199, 194),
(1754, 199, 198),
(1835, 199, 207),
(1862, 199, 210),
(1880, 199, 212),
(1889, 199, 213),
(1934, 199, 218),
(2132, 199, 240),
(2195, 199, 247),
(2402, 199, 270),
(2411, 199, 271),
(2474, 199, 278),
(2501, 199, 281),
(5430, 199, 299),
(5421, 199, 301),
(5448, 199, 310),
(5439, 199, 313),
(5412, 199, 322),
(6369, 199, 340),
(3076, 199, 345),
(3184, 199, 357),
(3238, 199, 363),
(3355, 199, 376),
(4948, 199, 401),
(4913, 200, 13),
(4983, 200, 39),
(5081, 200, 50),
(5583, 200, 97),
(5601, 200, 98),
(5646, 200, 101),
(5592, 200, 102),
(5637, 200, 109),
(5619, 200, 110),
(6448, 200, 153),
(1371, 200, 155),
(1434, 200, 162),
(4374, 200, 176),
(4835, 202, 10),
(4921, 202, 14),
(4966, 202, 37),
(526, 202, 60),
(5982, 202, 62),
(5207, 202, 65),
(6054, 202, 75),
(6081, 202, 78),
(713, 202, 81),
(6135, 202, 86),
(5955, 202, 125),
(1123, 202, 127),
(1141, 202, 129),
(1157, 202, 131),
(1308, 202, 148),
(1317, 202, 149),
(3867, 202, 160),
(1479, 202, 167),
(5973, 202, 168),
(1691, 202, 191),
(6432, 202, 230),
(2186, 202, 246),
(2438, 202, 274),
(2510, 202, 282),
(2573, 202, 289),
(5295, 202, 306),
(5304, 202, 308),
(5286, 202, 311),
(5313, 202, 316),
(2897, 202, 325),
(2906, 202, 326),
(2915, 202, 327),
(4455, 202, 328),
(4464, 202, 329),
(6324, 202, 337),
(3265, 202, 366),
(3283, 202, 368),
(3453, 202, 387),
(3488, 202, 391),
(3497, 202, 392),
(3632, 202, 407),
(4329, 203, 3),
(6090, 203, 80),
(6126, 203, 85),
(6153, 203, 88),
(4862, 203, 130),
(4887, 203, 134),
(1273, 203, 144),
(1592, 203, 180),
(1619, 203, 183),
(1655, 203, 187),
(1664, 203, 188),
(1682, 203, 190),
(1700, 203, 192),
(1826, 203, 206),
(1871, 203, 211),
(2213, 203, 249),
(2222, 203, 250),
(2528, 203, 284),
(5349, 203, 300),
(5331, 203, 309),
(5322, 203, 319),
(5340, 203, 320),
(6351, 203, 338),
(6360, 203, 339),
(6378, 203, 342),
(6396, 203, 344),
(3310, 203, 371),
(3470, 203, 389),
(3479, 203, 390),
(3515, 203, 394),
(5090, 204, 51),
(5216, 204, 66),
(5808, 204, 104),
(5772, 204, 107),
(5817, 204, 126),
(5880, 204, 128),
(4896, 204, 135),
(5889, 204, 138),
(5799, 204, 142),
(5898, 204, 147),
(1326, 204, 150),
(1344, 204, 152),
(1362, 204, 154),
(3849, 204, 164),
(1470, 204, 166),
(1601, 204, 181),
(1628, 204, 184),
(1916, 204, 216),
(5835, 204, 231),
(5781, 204, 283),
(2537, 204, 285),
(5862, 204, 288),
(2582, 204, 290),
(5259, 204, 305),
(5277, 204, 307),
(5268, 204, 318),
(4482, 204, 330),
(5826, 204, 341),
(3346, 204, 375),
(3444, 204, 386),
(3461, 204, 388),
(5844, 204, 395),
(5198, 206, 64),
(5565, 206, 99),
(5574, 206, 100),
(1398, 206, 158),
(1530, 206, 173),
(1539, 206, 174),
(5628, 206, 287),
(5242, 207, 69),
(1407, 207, 159),
(1522, 207, 172),
(1548, 207, 175),
(37, 208, 5),
(45, 208, 6),
(159, 209, 19),
(5000, 209, 41),
(5027, 209, 44),
(5117, 209, 54),
(3885, 209, 358),
(3614, 209, 405),
(231, 210, 27),
(5153, 210, 58),
(740, 210, 84),
(3831, 210, 205),
(1952, 210, 220),
(5547, 210, 295),
(3596, 210, 403),
(4320, 211, 2),
(4817, 211, 8),
(204, 211, 24),
(6036, 211, 73),
(6180, 211, 91),
(4878, 211, 133),
(6405, 211, 141),
(1745, 211, 197),
(1970, 211, 222),
(4410, 211, 223),
(4419, 211, 225),
(4428, 211, 226),
(2483, 211, 279),
(5466, 211, 315),
(5457, 211, 323),
(5475, 211, 324),
(3139, 211, 352),
(3247, 211, 364),
(3274, 211, 367),
(3292, 211, 369),
(2375, 212, 267),
(2384, 212, 268),
(3085, 212, 346),
(3382, 212, 379),
(1593, 213, 180),
(6467, 213, 182),
(1701, 213, 192),
(1809, 213, 204),
(3832, 213, 205),
(1962, 213, 221),
(1971, 213, 222),
(4420, 213, 225),
(4438, 213, 227),
(5539, 213, 294),
(5422, 213, 301),
(5287, 213, 311),
(5494, 213, 312),
(5485, 213, 317),
(5413, 213, 322),
(5458, 213, 323),
(2960, 213, 332),
(6458, 213, 336),
(3257, 213, 365),
(3275, 213, 367),
(3329, 213, 373),
(3365, 213, 377),
(5064, 214, 48),
(5136, 214, 56),
(6082, 214, 78),
(5665, 214, 106),
(5701, 214, 140),
(3850, 214, 164),
(1629, 214, 184),
(1647, 214, 186),
(1656, 214, 187),
(1665, 214, 188),
(1791, 214, 202),
(1863, 214, 210),
(1908, 214, 215),
(1926, 214, 217),
(2088, 214, 235),
(2223, 214, 250),
(5782, 214, 283),
(5674, 214, 286),
(5395, 214, 303),
(5386, 214, 304),
(5305, 214, 308),
(5269, 214, 318),
(5341, 214, 320),
(5827, 214, 341),
(6388, 214, 343),
(3886, 214, 358),
(3311, 214, 371),
(6064, 215, 76),
(1737, 215, 196),
(1764, 215, 199),
(1782, 215, 201),
(1854, 215, 209),
(1899, 215, 214),
(4845, 216, 11),
(4931, 216, 15),
(187, 216, 22),
(196, 216, 23),
(259, 216, 30),
(5163, 216, 59),
(6028, 216, 72),
(6127, 216, 85),
(6136, 216, 86),
(6145, 216, 87),
(6154, 216, 88),
(6172, 216, 90),
(5593, 216, 102),
(5809, 216, 104),
(5710, 216, 108),
(5620, 216, 110),
(5956, 216, 125),
(5818, 216, 126),
(5746, 216, 137),
(5899, 216, 147),
(1336, 216, 151),
(1399, 216, 158),
(3868, 216, 160),
(1426, 216, 161),
(1435, 216, 162),
(1444, 216, 163),
(1480, 216, 167),
(6433, 216, 230),
(5836, 216, 231),
(2133, 216, 240),
(2160, 216, 243),
(2178, 216, 245),
(2466, 216, 277),
(2916, 216, 327),
(6379, 216, 342),
(3122, 216, 350),
(3140, 216, 352),
(4827, 217, 9),
(205, 217, 24),
(5028, 217, 44),
(5055, 217, 47),
(5208, 217, 65),
(5251, 217, 70),
(6037, 217, 73),
(5584, 217, 97),
(5683, 217, 105),
(1142, 217, 129),
(1274, 217, 144),
(6449, 217, 153),
(1363, 217, 154),
(1381, 217, 156),
(1584, 217, 179),
(1620, 217, 183),
(1728, 217, 195),
(1827, 217, 206),
(4393, 217, 224),
(2034, 217, 229),
(2097, 217, 236),
(2241, 217, 252),
(2322, 217, 261),
(2529, 217, 284),
(2538, 217, 285),
(5350, 217, 300),
(5404, 217, 302),
(5278, 217, 307),
(5449, 217, 310),
(5314, 217, 316),
(6397, 217, 344),
(3149, 217, 353),
(3158, 217, 354),
(3338, 217, 374),
(3347, 217, 375),
(6476, 218, 63),
(6046, 218, 74),
(6055, 218, 75),
(696, 218, 79),
(5800, 218, 142),
(6415, 218, 143),
(1602, 218, 181),
(1638, 218, 185),
(1683, 218, 190),
(1692, 218, 191),
(1710, 218, 193),
(1719, 218, 194),
(1746, 218, 197),
(1836, 218, 207),
(1872, 218, 211),
(1917, 218, 216),
(1935, 218, 218),
(3877, 218, 219),
(4411, 218, 223),
(4429, 218, 226),
(4447, 218, 228),
(5656, 218, 253),
(2403, 218, 270),
(5521, 218, 296),
(5530, 218, 297),
(5377, 218, 298),
(5260, 218, 305),
(5332, 218, 309),
(5440, 218, 313),
(5467, 218, 315),
(5476, 218, 324),
(2951, 218, 331),
(6325, 218, 337),
(6352, 218, 338),
(6361, 218, 339),
(6370, 218, 340),
(3077, 218, 345),
(3266, 218, 366),
(3284, 218, 368),
(3302, 218, 370),
(3356, 218, 376),
(3374, 218, 378),
(4836, 220, 10),
(4854, 220, 12),
(4922, 220, 14),
(5992, 220, 17),
(214, 220, 25),
(268, 220, 31),
(4992, 220, 40),
(527, 220, 60),
(714, 220, 81),
(723, 220, 82),
(6226, 220, 96),
(6253, 220, 113),
(6289, 220, 117),
(4897, 220, 135),
(5737, 220, 139),
(4375, 220, 176),
(2070, 220, 233),
(2079, 220, 234),
(3895, 220, 238),
(2286, 220, 257),
(2313, 220, 260),
(2358, 220, 265),
(2430, 220, 273),
(2592, 220, 291),
(2898, 220, 325),
(3113, 220, 349),
(3185, 220, 357),
(3904, 220, 361),
(3462, 220, 388),
(3489, 220, 391),
(3570, 220, 400),
(4949, 220, 401),
(3597, 220, 403),
(3633, 220, 407),
(3642, 220, 408),
(5082, 221, 50),
(5091, 221, 51),
(5226, 221, 67),
(1158, 221, 131),
(3651, 221, 409),
(6073, 222, 77),
(5773, 222, 107),
(6406, 222, 141),
(6424, 222, 146),
(1575, 222, 178),
(1674, 222, 189),
(1755, 222, 198),
(1773, 222, 200),
(1800, 222, 203),
(1845, 222, 208),
(1881, 222, 212),
(1890, 222, 213),
(1953, 222, 220),
(5512, 222, 293),
(5548, 222, 295),
(5431, 222, 299),
(5296, 222, 306),
(5368, 222, 314),
(5323, 222, 319),
(5359, 222, 321),
(2969, 222, 333),
(2978, 222, 334),
(2987, 222, 335),
(3230, 222, 362),
(3239, 222, 363),
(3248, 222, 364),
(3293, 222, 369),
(3320, 222, 372),
(3756, 222, 410),
(697, 224, 79),
(1738, 224, 196),
(1855, 224, 209),
(5513, 224, 293),
(5540, 224, 294),
(2961, 224, 332),
(2970, 224, 333),
(2979, 224, 334),
(2988, 224, 335),
(3087, 224, 346),
(1393, 225, 157),
(627, 226, 71),
(4431, 226, 226),
(2037, 226, 229),
(5406, 226, 302),
(3341, 226, 374),
(6084, 227, 78),
(5721, 227, 103),
(5685, 227, 105),
(5757, 227, 124),
(1384, 227, 156),
(6469, 227, 182),
(1695, 227, 191),
(6460, 227, 336),
(6327, 227, 337),
(5883, 228, 128),
(1145, 228, 129),
(1348, 228, 152),
(1366, 228, 154),
(1659, 228, 187),
(1686, 228, 190),
(1875, 228, 211),
(6363, 228, 339),
(6066, 229, 76),
(1830, 229, 206),
(1857, 229, 209),
(1884, 229, 212),
(1902, 229, 214),
(1974, 229, 222),
(5433, 229, 299),
(5460, 229, 323),
(3278, 229, 367),
(3332, 229, 373),
(6093, 230, 80),
(1848, 230, 208),
(2217, 230, 249),
(2406, 230, 270),
(5496, 230, 312),
(5442, 230, 313),
(2963, 230, 332),
(6210, 231, 94),
(6237, 231, 111),
(6264, 231, 114),
(2145, 231, 241),
(2154, 231, 242),
(2460, 231, 276),
(2496, 231, 280),
(3143, 231, 352),
(5604, 234, 98),
(1429, 234, 161),
(1438, 234, 162),
(3852, 234, 164),
(5586, 235, 97),
(5568, 235, 99),
(5595, 235, 102),
(5667, 235, 106),
(5676, 235, 286),
(5649, 236, 101),
(5712, 236, 108),
(5640, 236, 109),
(5703, 236, 140),
(5802, 236, 142),
(1339, 236, 151),
(1375, 236, 155),
(1551, 236, 175),
(1605, 236, 181),
(1920, 236, 216),
(2541, 236, 285),
(6451, 237, 153),
(5784, 237, 283),
(5262, 237, 305),
(5298, 237, 306),
(1402, 238, 158),
(1650, 239, 186),
(1722, 239, 194),
(1839, 239, 207),
(4440, 239, 227),
(2244, 239, 252),
(5397, 239, 303),
(5469, 239, 315),
(6381, 239, 342),
(3080, 239, 345),
(5165, 240, 59),
(6165, 240, 89),
(6174, 240, 90),
(6183, 240, 91),
(2208, 240, 248),
(2478, 240, 278),
(5523, 240, 296),
(5532, 240, 297),
(2990, 240, 335),
(5219, 241, 66),
(5901, 241, 147),
(1483, 241, 167),
(2514, 241, 282),
(2586, 241, 290),
(5370, 241, 314),
(3233, 241, 362),
(3314, 241, 371),
(5244, 242, 69),
(5210, 243, 65),
(1127, 243, 127),
(1312, 243, 148),
(1321, 243, 149),
(1641, 243, 185),
(1677, 243, 189),
(1893, 243, 213),
(1938, 243, 218),
(4422, 243, 225),
(2226, 243, 250),
(2577, 243, 289),
(5379, 243, 298),
(6399, 243, 344),
(3242, 243, 363),
(3465, 244, 388),
(4838, 245, 10),
(4924, 245, 14),
(3636, 245, 407),
(5228, 246, 67),
(5958, 247, 125),
(6426, 247, 146),
(1474, 247, 166),
(1578, 247, 178),
(6435, 247, 230),
(5865, 247, 288),
(5424, 247, 301),
(5280, 247, 307),
(5334, 247, 309),
(5361, 247, 321),
(6354, 247, 338),
(3350, 247, 375),
(1721, 248, 194),
(1838, 248, 207),
(6368, 248, 340),
(3079, 248, 345),
(1365, 251, 154),
(5681, 252, 105),
(1383, 252, 156),
(1631, 253, 184),
(5267, 253, 318),
(5825, 253, 341),
(5954, 254, 125),
(3866, 254, 160),
(6431, 254, 230),
(5206, 255, 65),
(1144, 255, 129),
(2189, 256, 246),
(5215, 257, 66),
(1329, 257, 150),
(2585, 257, 290),
(5940, 259, 411),
(3783, 260, 1),
(4317, 260, 2),
(4326, 260, 3),
(4335, 260, 4),
(43, 260, 5),
(51, 260, 6),
(59, 260, 7),
(4814, 260, 8),
(4823, 260, 9),
(4832, 260, 10),
(4841, 260, 11),
(4850, 260, 12),
(4910, 260, 13),
(4918, 260, 14),
(4927, 260, 15),
(139, 260, 16),
(5988, 260, 17),
(157, 260, 18),
(166, 260, 19),
(175, 260, 20),
(184, 260, 21),
(193, 260, 22),
(202, 260, 23),
(211, 260, 24),
(220, 260, 25),
(229, 260, 26),
(238, 260, 27),
(247, 260, 28),
(256, 260, 29),
(265, 260, 30),
(274, 260, 31),
(283, 260, 32),
(292, 260, 33),
(301, 260, 34),
(310, 260, 35),
(4954, 260, 36),
(4963, 260, 37),
(4972, 260, 38),
(4980, 260, 39),
(4988, 260, 40),
(4997, 260, 41),
(5006, 260, 42),
(5015, 260, 43),
(5024, 260, 44),
(5033, 260, 45),
(5042, 260, 46),
(5051, 260, 47),
(5060, 260, 48),
(5069, 260, 49),
(5078, 260, 50),
(5087, 260, 51),
(5096, 260, 52),
(5105, 260, 53),
(5114, 260, 54),
(5123, 260, 55),
(5132, 260, 56),
(5141, 260, 57),
(5150, 260, 58),
(5159, 260, 59),
(533, 260, 60),
(6015, 260, 61),
(5979, 260, 62),
(6472, 260, 63),
(5195, 260, 64),
(5204, 260, 65),
(5213, 260, 66),
(5222, 260, 67),
(5231, 260, 68),
(5239, 260, 69),
(5247, 260, 70),
(630, 260, 71),
(6024, 260, 72),
(6033, 260, 73),
(6042, 260, 74),
(6051, 260, 75),
(6060, 260, 76),
(6069, 260, 77),
(6078, 260, 78),
(702, 260, 79),
(6087, 260, 80),
(720, 260, 81),
(729, 260, 82),
(738, 260, 83),
(747, 260, 84),
(6123, 260, 85),
(6132, 260, 86),
(6141, 260, 87),
(6150, 260, 88),
(6159, 260, 89),
(6168, 260, 90),
(6177, 260, 91),
(6195, 260, 93),
(6204, 260, 94),
(6213, 260, 95),
(6222, 260, 96),
(5580, 260, 97),
(5598, 260, 98),
(5562, 260, 99),
(5571, 260, 100),
(5643, 260, 101),
(5589, 260, 102),
(5715, 260, 103),
(5805, 260, 104),
(5679, 260, 105),
(5661, 260, 106),
(5769, 260, 107),
(5706, 260, 108),
(5634, 260, 109),
(5616, 260, 110),
(6231, 260, 111),
(6240, 260, 112),
(6249, 260, 113),
(6258, 260, 114),
(6267, 260, 115),
(6276, 260, 116),
(6285, 260, 117),
(6294, 260, 118),
(6303, 260, 119),
(1071, 260, 120),
(1079, 260, 121),
(1087, 260, 122),
(1094, 260, 123),
(5751, 260, 124),
(5952, 260, 125),
(5814, 260, 126),
(1130, 260, 127),
(5877, 260, 128),
(1148, 260, 129),
(4859, 260, 130),
(1164, 260, 131),
(4866, 260, 132),
(4875, 260, 133),
(4884, 260, 134),
(4893, 260, 135),
(4902, 260, 136),
(5742, 260, 137),
(5886, 260, 138),
(5733, 260, 139),
(5697, 260, 140),
(6402, 260, 141),
(5796, 260, 142),
(6411, 260, 143),
(1280, 260, 144),
(1288, 260, 145),
(6420, 260, 146),
(5895, 260, 147),
(1315, 260, 148),
(1324, 260, 149),
(1333, 260, 150),
(1342, 260, 151),
(1351, 260, 152),
(6445, 260, 153),
(1369, 260, 154),
(1378, 260, 155),
(1387, 260, 156),
(1396, 260, 157),
(1405, 260, 158),
(1414, 260, 159),
(3864, 260, 160),
(1432, 260, 161),
(1441, 260, 162),
(1450, 260, 163),
(3846, 260, 164),
(1468, 260, 165),
(1477, 260, 166),
(1486, 260, 167),
(5970, 260, 168),
(1504, 260, 169),
(1512, 260, 170),
(1520, 260, 171),
(1528, 260, 172),
(1537, 260, 173),
(1546, 260, 174),
(1554, 260, 175),
(4371, 260, 176),
(4353, 260, 177),
(1581, 260, 178),
(1590, 260, 179),
(1599, 260, 180),
(1608, 260, 181),
(6463, 260, 182),
(1626, 260, 183),
(1635, 260, 184),
(1644, 260, 185),
(1653, 260, 186),
(1662, 260, 187),
(1671, 260, 188),
(1680, 260, 189),
(1689, 260, 190),
(1698, 260, 191),
(1707, 260, 192),
(1716, 260, 193),
(1725, 260, 194),
(1734, 260, 195),
(1743, 260, 196),
(1752, 260, 197),
(1761, 260, 198),
(1770, 260, 199),
(1779, 260, 200),
(1788, 260, 201),
(1797, 260, 202),
(1806, 260, 203),
(1815, 260, 204),
(3828, 260, 205),
(1833, 260, 206),
(1842, 260, 207),
(1851, 260, 208),
(1860, 260, 209),
(1869, 260, 210),
(1878, 260, 211),
(1887, 260, 212),
(1896, 260, 213),
(1905, 260, 214),
(1914, 260, 215),
(1923, 260, 216),
(1932, 260, 217),
(1941, 260, 218),
(3873, 260, 219),
(1959, 260, 220),
(1968, 260, 221),
(1977, 260, 222),
(4407, 260, 223),
(4389, 260, 224),
(4416, 260, 225),
(4425, 260, 226),
(4434, 260, 227),
(4443, 260, 228),
(2040, 260, 229),
(6429, 260, 230),
(5832, 260, 231),
(2067, 260, 232),
(2076, 260, 233),
(2085, 260, 234),
(2094, 260, 235),
(2103, 260, 236),
(2112, 260, 237),
(3891, 260, 238),
(2130, 260, 239),
(2139, 260, 240),
(2148, 260, 241),
(2157, 260, 242),
(2166, 260, 243),
(2175, 260, 244),
(2184, 260, 245),
(2193, 260, 246),
(2202, 260, 247),
(2211, 260, 248),
(2220, 260, 249),
(2229, 260, 250),
(5553, 260, 251),
(2247, 260, 252),
(5652, 260, 253),
(2265, 260, 254),
(2274, 260, 255),
(2283, 260, 256),
(2292, 260, 257),
(2301, 260, 258),
(2310, 260, 259),
(2319, 260, 260),
(2328, 260, 261),
(2337, 260, 262),
(2346, 260, 263),
(2355, 260, 264),
(2364, 260, 265),
(2373, 260, 266),
(2382, 260, 267),
(2391, 260, 268),
(2400, 260, 269),
(2409, 260, 270),
(2418, 260, 271),
(2427, 260, 272),
(2436, 260, 273),
(2445, 260, 274),
(2454, 260, 275),
(2463, 260, 276),
(2472, 260, 277),
(2481, 260, 278),
(2490, 260, 279),
(2499, 260, 280),
(2508, 260, 281),
(2517, 260, 282),
(5778, 260, 283),
(2535, 260, 284),
(2544, 260, 285),
(5670, 260, 286),
(5625, 260, 287),
(5859, 260, 288),
(2580, 260, 289),
(2589, 260, 290),
(2598, 260, 291),
(2607, 260, 292),
(5508, 260, 293),
(5535, 260, 294),
(5544, 260, 295),
(5517, 260, 296),
(5526, 260, 297),
(5373, 260, 298),
(5427, 260, 299),
(5346, 260, 300),
(5418, 260, 301),
(5400, 260, 302),
(5391, 260, 303),
(5382, 260, 304),
(5256, 260, 305),
(5292, 260, 306),
(5274, 260, 307),
(5301, 260, 308),
(5328, 260, 309),
(5445, 260, 310),
(5283, 260, 311),
(5490, 260, 312),
(5436, 260, 313),
(5364, 260, 314),
(5463, 260, 315),
(5310, 260, 316),
(5481, 260, 317),
(5265, 260, 318),
(5319, 260, 319),
(5337, 260, 320),
(5355, 260, 321),
(5409, 260, 322),
(5454, 260, 323),
(5472, 260, 324),
(2904, 260, 325),
(2913, 260, 326),
(2921, 260, 327),
(4452, 260, 328),
(4461, 260, 329),
(4479, 260, 330),
(2957, 260, 331),
(2966, 260, 332),
(2975, 260, 333),
(2984, 260, 334),
(2993, 260, 335),
(6454, 260, 336),
(6321, 260, 337),
(6348, 260, 338),
(6357, 260, 339),
(6366, 260, 340),
(5823, 260, 341),
(6375, 260, 342),
(6384, 260, 343),
(6393, 260, 344),
(3083, 260, 345),
(3092, 260, 346),
(3101, 260, 347),
(3110, 260, 348),
(3119, 260, 349),
(3128, 260, 350),
(3137, 260, 351),
(3146, 260, 352),
(3155, 260, 353),
(3164, 260, 354),
(3173, 260, 355),
(3182, 260, 356),
(3191, 260, 357),
(3882, 260, 358),
(3209, 260, 359),
(3218, 260, 360),
(3900, 260, 361),
(3236, 260, 362),
(3245, 260, 363),
(3254, 260, 364),
(3263, 260, 365),
(3272, 260, 366),
(3281, 260, 367),
(3290, 260, 368),
(3299, 260, 369),
(3308, 260, 370),
(3317, 260, 371),
(3326, 260, 372),
(3335, 260, 373),
(3344, 260, 374),
(3353, 260, 375),
(3362, 260, 376),
(3371, 260, 377),
(3380, 260, 378),
(3389, 260, 379),
(3398, 260, 380),
(3407, 260, 381),
(3416, 260, 382),
(3425, 260, 383),
(3434, 260, 384),
(3442, 260, 385),
(3451, 260, 386),
(3459, 260, 387),
(3468, 260, 388),
(3477, 260, 389),
(3486, 260, 390),
(3495, 260, 391),
(3504, 260, 392),
(5760, 260, 393),
(3522, 260, 394),
(5841, 260, 395),
(3540, 260, 396),
(3549, 260, 397),
(3558, 260, 398),
(3567, 260, 399),
(3576, 260, 400),
(4945, 260, 401),
(4936, 260, 402),
(3603, 260, 403),
(3612, 260, 404),
(3621, 260, 405),
(3630, 260, 406),
(3639, 260, 407),
(3648, 260, 408),
(3657, 260, 409),
(3752, 260, 410),
(5941, 261, 411),
(3784, 262, 1),
(4318, 262, 2),
(4327, 262, 3),
(4336, 262, 4),
(44, 262, 5),
(52, 262, 6),
(60, 262, 7),
(4815, 262, 8),
(4824, 262, 9),
(4833, 262, 10),
(4842, 262, 11),
(4851, 262, 12),
(4911, 262, 13),
(4919, 262, 14),
(4928, 262, 15),
(140, 262, 16),
(5989, 262, 17),
(158, 262, 18),
(167, 262, 19),
(176, 262, 20),
(185, 262, 21),
(194, 262, 22),
(203, 262, 23),
(212, 262, 24),
(221, 262, 25),
(230, 262, 26),
(239, 262, 27),
(248, 262, 28),
(257, 262, 29),
(266, 262, 30),
(275, 262, 31),
(284, 262, 32),
(293, 262, 33),
(302, 262, 34),
(311, 262, 35),
(4955, 262, 36),
(4964, 262, 37),
(4973, 262, 38),
(4981, 262, 39),
(4989, 262, 40),
(4998, 262, 41),
(5007, 262, 42),
(5016, 262, 43),
(5025, 262, 44),
(5034, 262, 45),
(5043, 262, 46),
(5052, 262, 47),
(5061, 262, 48),
(5070, 262, 49),
(5079, 262, 50),
(5088, 262, 51),
(5097, 262, 52),
(5106, 262, 53),
(5115, 262, 54),
(5124, 262, 55),
(5133, 262, 56),
(5142, 262, 57),
(5151, 262, 58),
(5160, 262, 59),
(534, 262, 60),
(6016, 262, 61),
(5980, 262, 62),
(6473, 262, 63),
(5196, 262, 64),
(5205, 262, 65),
(5214, 262, 66),
(5223, 262, 67),
(5232, 262, 68),
(5240, 262, 69),
(5248, 262, 70),
(631, 262, 71),
(6025, 262, 72),
(6034, 262, 73),
(6043, 262, 74),
(6052, 262, 75),
(6061, 262, 76),
(6070, 262, 77),
(6079, 262, 78),
(703, 262, 79),
(6088, 262, 80),
(721, 262, 81),
(730, 262, 82),
(739, 262, 83),
(748, 262, 84),
(6124, 262, 85),
(6133, 262, 86),
(6142, 262, 87),
(6151, 262, 88),
(6160, 262, 89),
(6169, 262, 90),
(6178, 262, 91),
(6196, 262, 93),
(6205, 262, 94),
(6214, 262, 95),
(6223, 262, 96),
(5581, 262, 97),
(5599, 262, 98),
(5563, 262, 99),
(5572, 262, 100),
(5644, 262, 101),
(5590, 262, 102),
(5716, 262, 103),
(5806, 262, 104),
(5680, 262, 105),
(5662, 262, 106),
(5770, 262, 107),
(5707, 262, 108),
(5635, 262, 109),
(5617, 262, 110),
(6232, 262, 111),
(6241, 262, 112),
(6250, 262, 113),
(6259, 262, 114),
(6268, 262, 115),
(6277, 262, 116),
(6286, 262, 117),
(6295, 262, 118),
(6304, 262, 119),
(1072, 262, 120),
(1080, 262, 121),
(1088, 262, 122),
(1095, 262, 123),
(5752, 262, 124),
(5953, 262, 125),
(5815, 262, 126),
(1131, 262, 127),
(5878, 262, 128),
(1149, 262, 129),
(4860, 262, 130),
(1165, 262, 131),
(4867, 262, 132),
(4876, 262, 133),
(4885, 262, 134),
(4894, 262, 135),
(4903, 262, 136),
(5743, 262, 137),
(5887, 262, 138),
(5734, 262, 139),
(5698, 262, 140),
(6403, 262, 141),
(5797, 262, 142),
(6412, 262, 143),
(1281, 262, 144),
(1289, 262, 145),
(6421, 262, 146),
(5896, 262, 147),
(1316, 262, 148),
(1325, 262, 149),
(1334, 262, 150),
(1343, 262, 151),
(1352, 262, 152),
(6446, 262, 153),
(1370, 262, 154),
(1379, 262, 155),
(1388, 262, 156),
(1397, 262, 157),
(1406, 262, 158),
(1415, 262, 159),
(3865, 262, 160),
(1433, 262, 161),
(1442, 262, 162),
(1451, 262, 163),
(3847, 262, 164),
(1469, 262, 165),
(1478, 262, 166),
(1487, 262, 167),
(5971, 262, 168),
(1505, 262, 169),
(1513, 262, 170),
(1521, 262, 171),
(1529, 262, 172),
(1538, 262, 173),
(1547, 262, 174),
(1555, 262, 175),
(4372, 262, 176),
(4354, 262, 177),
(1582, 262, 178),
(1591, 262, 179),
(1600, 262, 180),
(1609, 262, 181),
(6464, 262, 182),
(1627, 262, 183),
(1636, 262, 184),
(1645, 262, 185),
(1654, 262, 186),
(1663, 262, 187),
(1672, 262, 188),
(1681, 262, 189),
(1690, 262, 190),
(1699, 262, 191),
(1708, 262, 192),
(1717, 262, 193),
(1726, 262, 194),
(1735, 262, 195),
(1744, 262, 196),
(1753, 262, 197),
(1762, 262, 198),
(1771, 262, 199),
(1780, 262, 200),
(1789, 262, 201),
(1798, 262, 202),
(1807, 262, 203),
(1816, 262, 204),
(3829, 262, 205),
(1834, 262, 206),
(1843, 262, 207),
(1852, 262, 208),
(1861, 262, 209),
(1870, 262, 210),
(1879, 262, 211),
(1888, 262, 212),
(1897, 262, 213),
(1906, 262, 214),
(1915, 262, 215),
(1924, 262, 216),
(1933, 262, 217),
(1942, 262, 218),
(3874, 262, 219),
(1960, 262, 220),
(1969, 262, 221),
(1978, 262, 222),
(4408, 262, 223),
(4390, 262, 224),
(4417, 262, 225),
(4426, 262, 226),
(4435, 262, 227),
(4444, 262, 228),
(2041, 262, 229),
(6430, 262, 230),
(5833, 262, 231),
(2068, 262, 232),
(2077, 262, 233),
(2086, 262, 234),
(2095, 262, 235),
(2104, 262, 236),
(2113, 262, 237),
(3892, 262, 238),
(2131, 262, 239),
(2140, 262, 240),
(2149, 262, 241),
(2158, 262, 242),
(2167, 262, 243),
(2176, 262, 244),
(2185, 262, 245),
(2194, 262, 246),
(2203, 262, 247),
(2212, 262, 248),
(2221, 262, 249),
(2230, 262, 250),
(5554, 262, 251),
(2248, 262, 252),
(5653, 262, 253),
(2266, 262, 254),
(2275, 262, 255),
(2284, 262, 256),
(2293, 262, 257),
(2302, 262, 258),
(2311, 262, 259),
(2320, 262, 260),
(2329, 262, 261),
(2338, 262, 262),
(2347, 262, 263),
(2356, 262, 264),
(2365, 262, 265),
(2374, 262, 266),
(2383, 262, 267),
(2392, 262, 268),
(2401, 262, 269),
(2410, 262, 270),
(2419, 262, 271),
(2428, 262, 272),
(2437, 262, 273),
(2446, 262, 274),
(2455, 262, 275),
(2464, 262, 276),
(2473, 262, 277),
(2482, 262, 278),
(2491, 262, 279),
(2500, 262, 280),
(2509, 262, 281),
(2518, 262, 282),
(5779, 262, 283),
(2536, 262, 284),
(2545, 262, 285),
(5671, 262, 286),
(5626, 262, 287),
(5860, 262, 288),
(2581, 262, 289),
(2590, 262, 290),
(2599, 262, 291),
(2608, 262, 292),
(5509, 262, 293),
(5536, 262, 294),
(5545, 262, 295),
(5518, 262, 296),
(5527, 262, 297),
(5374, 262, 298),
(5428, 262, 299),
(5347, 262, 300),
(5419, 262, 301),
(5401, 262, 302),
(5392, 262, 303),
(5383, 262, 304),
(5257, 262, 305),
(5293, 262, 306),
(5275, 262, 307),
(5302, 262, 308),
(5329, 262, 309),
(5446, 262, 310),
(5284, 262, 311),
(5491, 262, 312),
(5437, 262, 313),
(5365, 262, 314),
(5464, 262, 315),
(5311, 262, 316),
(5482, 262, 317),
(5266, 262, 318),
(5320, 262, 319),
(5338, 262, 320),
(5356, 262, 321),
(5410, 262, 322),
(5455, 262, 323),
(5473, 262, 324),
(2905, 262, 325),
(2914, 262, 326),
(2922, 262, 327),
(4453, 262, 328),
(4462, 262, 329),
(4480, 262, 330),
(2958, 262, 331),
(2967, 262, 332),
(2976, 262, 333),
(2985, 262, 334),
(2994, 262, 335),
(6455, 262, 336),
(6322, 262, 337),
(6349, 262, 338),
(6358, 262, 339),
(6367, 262, 340),
(5824, 262, 341),
(6376, 262, 342),
(6385, 262, 343),
(6394, 262, 344),
(3084, 262, 345),
(3093, 262, 346),
(3102, 262, 347),
(3111, 262, 348),
(3120, 262, 349),
(3129, 262, 350),
(3138, 262, 351),
(3147, 262, 352),
(3156, 262, 353),
(3165, 262, 354),
(3174, 262, 355),
(3183, 262, 356),
(3192, 262, 357),
(3883, 262, 358),
(3210, 262, 359),
(3219, 262, 360),
(3901, 262, 361),
(3237, 262, 362),
(3246, 262, 363),
(3255, 262, 364),
(3264, 262, 365),
(3273, 262, 366),
(3282, 262, 367),
(3291, 262, 368),
(3300, 262, 369),
(3309, 262, 370),
(3318, 262, 371),
(3327, 262, 372),
(3336, 262, 373),
(3345, 262, 374),
(3354, 262, 375),
(3363, 262, 376),
(3372, 262, 377),
(3381, 262, 378),
(3390, 262, 379),
(3399, 262, 380),
(3408, 262, 381),
(3417, 262, 382),
(3426, 262, 383),
(3435, 262, 384),
(3443, 262, 385),
(3452, 262, 386),
(3460, 262, 387),
(3469, 262, 388),
(3478, 262, 389),
(3487, 262, 390),
(3496, 262, 391),
(3505, 262, 392),
(5761, 262, 393),
(3523, 262, 394),
(5842, 262, 395),
(3541, 262, 396),
(3550, 262, 397),
(3559, 262, 398),
(3568, 262, 399),
(3577, 262, 400),
(4946, 262, 401),
(4937, 262, 402),
(3604, 262, 403),
(3613, 262, 404),
(3622, 262, 405),
(3631, 262, 406),
(3640, 262, 407),
(3649, 262, 408),
(3658, 262, 409),
(3753, 262, 410),
(3785, 263, 1),
(734, 263, 83),
(3786, 264, 1),
(4826, 264, 9),
(4930, 264, 15),
(168, 264, 20),
(5054, 264, 47),
(5144, 264, 57),
(6063, 264, 76),
(731, 264, 83),
(1772, 264, 200),
(1844, 264, 208),
(1898, 264, 214),
(4437, 264, 227),
(2123, 264, 239),
(2267, 264, 255),
(5511, 264, 293),
(5520, 264, 296),
(5529, 264, 297),
(5493, 264, 312),
(5484, 264, 317),
(2977, 264, 334),
(3130, 264, 351),
(3157, 264, 354),
(3175, 264, 356),
(3256, 264, 365),
(3755, 264, 410),
(3787, 265, 1),
(4321, 265, 2),
(4330, 265, 3),
(4339, 265, 4),
(4818, 265, 8),
(151, 265, 18),
(160, 265, 19),
(178, 265, 21),
(223, 265, 26),
(232, 265, 27),
(241, 265, 28),
(277, 265, 32),
(304, 265, 35),
(5001, 265, 41),
(5046, 265, 46),
(5073, 265, 49),
(5100, 265, 52),
(5109, 265, 53),
(5118, 265, 54),
(5145, 265, 57),
(5154, 265, 58),
(5983, 265, 62),
(5217, 265, 66),
(732, 265, 83),
(6199, 265, 93),
(5566, 265, 99),
(5575, 265, 100),
(5647, 265, 101),
(6235, 265, 111),
(6244, 265, 112),
(6271, 265, 115),
(6280, 265, 116),
(6298, 265, 118),
(4870, 265, 132),
(4879, 265, 133),
(4888, 265, 134),
(1318, 265, 149),
(1327, 265, 150),
(1390, 265, 157),
(5974, 265, 168),
(4357, 265, 177),
(2061, 265, 232),
(2106, 265, 237),
(2142, 265, 241),
(2151, 265, 242),
(2196, 265, 247),
(2259, 265, 254),
(2268, 265, 255),
(2277, 265, 256),
(2295, 265, 258),
(2304, 265, 259),
(2331, 265, 262),
(2349, 265, 264),
(2394, 265, 269),
(2412, 265, 271),
(2439, 265, 274),
(2448, 265, 275),
(2457, 265, 276),
(2475, 265, 278),
(2484, 265, 279),
(5629, 265, 287),
(2583, 265, 290),
(2601, 265, 292),
(2907, 265, 326),
(4465, 265, 329),
(3104, 265, 348),
(3167, 265, 355),
(3392, 265, 380),
(3428, 265, 384),
(3445, 265, 386),
(3471, 265, 389),
(3516, 265, 394),
(3534, 265, 396),
(4940, 265, 402),
(3615, 265, 405),
(3788, 266, 1),
(4322, 266, 2),
(38, 266, 5),
(46, 266, 6),
(6020, 266, 61),
(733, 266, 83),
(742, 266, 84),
(1066, 266, 120),
(1091, 266, 123),
(4880, 266, 133),
(3789, 267, 1),
(40, 267, 5),
(48, 267, 6),
(735, 267, 83),
(3790, 268, 1),
(4324, 268, 2),
(4333, 268, 3),
(49, 268, 6),
(736, 268, 83),
(745, 268, 84),
(4873, 268, 132),
(4882, 268, 133),
(4891, 268, 134),
(4900, 268, 135),
(3791, 269, 1),
(4325, 269, 2),
(4334, 269, 3),
(4343, 269, 4),
(4323, 270, 2),
(4881, 270, 133),
(4328, 271, 3),
(4886, 271, 134),
(4332, 272, 3),
(4890, 272, 134),
(4337, 273, 4),
(4341, 274, 4),
(56, 274, 7),
(726, 274, 82),
(1076, 274, 121),
(4342, 275, 4),
(57, 275, 7),
(531, 275, 60),
(718, 275, 81),
(727, 275, 82),
(1077, 275, 121),
(41, 276, 5),
(42, 277, 5),
(50, 278, 6),
(55, 279, 7),
(1075, 279, 121),
(58, 282, 7),
(4816, 283, 8),
(4820, 284, 8),
(2100, 284, 236),
(4942, 284, 402),
(4822, 285, 8),
(4831, 285, 9),
(4840, 285, 10),
(4849, 285, 11),
(4858, 285, 12),
(4825, 286, 9),
(5053, 286, 47),
(4829, 287, 9),
(5066, 287, 48),
(4834, 289, 10),
(4920, 289, 14),
(3635, 289, 407),
(4843, 291, 11),
(4847, 292, 11),
(154, 292, 18),
(181, 292, 21),
(217, 292, 25),
(235, 292, 27),
(280, 292, 32),
(5048, 292, 46),
(5075, 292, 49),
(6246, 292, 112),
(6300, 292, 118),
(2271, 292, 255),
(2334, 292, 262),
(2352, 292, 264),
(2397, 292, 269),
(2604, 292, 292),
(3170, 292, 355),
(3188, 292, 357),
(3395, 292, 380),
(3431, 292, 384),
(3537, 292, 396),
(4852, 294, 12),
(270, 294, 31),
(3893, 294, 238),
(2288, 294, 257),
(3115, 294, 349),
(3572, 294, 400),
(4912, 296, 13),
(4982, 296, 39),
(4915, 297, 13),
(4985, 297, 39),
(4485, 297, 330),
(5847, 297, 395),
(4917, 298, 13),
(4926, 299, 14),
(4929, 300, 15),
(4933, 301, 15),
(3152, 301, 353),
(4935, 302, 15),
(132, 303, 16),
(5991, 303, 17),
(150, 303, 18),
(213, 303, 25),
(4991, 303, 40),
(5099, 303, 52),
(5135, 303, 56),
(695, 303, 79),
(6243, 303, 112),
(6288, 303, 117),
(6297, 303, 118),
(1763, 303, 199),
(1790, 303, 202),
(1808, 303, 204),
(2060, 303, 232),
(2078, 303, 234),
(2096, 303, 236),
(2177, 303, 245),
(2294, 303, 258),
(2303, 303, 259),
(2312, 303, 260),
(2321, 303, 261),
(2330, 303, 262),
(2393, 303, 269),
(2465, 303, 277),
(2591, 303, 291),
(5538, 303, 294),
(2986, 303, 335),
(3121, 303, 350),
(3148, 303, 353),
(3166, 303, 355),
(3202, 303, 359),
(3211, 303, 360),
(3903, 303, 361),
(3301, 303, 370),
(3427, 303, 384),
(3542, 303, 397),
(135, 304, 16),
(2306, 304, 259),
(3205, 304, 359),
(3545, 304, 397),
(138, 305, 16),
(5996, 305, 17),
(156, 305, 18),
(165, 305, 19),
(174, 305, 20),
(183, 305, 21),
(192, 305, 22),
(201, 305, 23),
(210, 305, 24),
(219, 305, 25),
(228, 305, 26),
(237, 305, 27),
(246, 305, 28),
(255, 305, 29),
(5990, 307, 17),
(4990, 307, 40),
(6287, 307, 117),
(2081, 307, 234),
(2315, 307, 260),
(2594, 307, 291),
(3902, 307, 361),
(153, 310, 18),
(5098, 310, 52),
(6242, 310, 112),
(6296, 310, 118),
(2063, 310, 232),
(2297, 310, 258),
(2333, 310, 262),
(2396, 310, 269),
(3430, 310, 384),
(162, 312, 19),
(4999, 312, 41),
(3617, 312, 405),
(163, 313, 19),
(226, 313, 26),
(5147, 313, 57),
(3618, 313, 405),
(171, 315, 20),
(180, 317, 21),
(5044, 317, 46),
(5107, 317, 53),
(2279, 317, 256),
(2603, 317, 292),
(3536, 317, 396),
(189, 319, 22),
(261, 319, 30),
(198, 321, 23),
(207, 323, 24),
(208, 324, 24),
(216, 327, 25),
(225, 329, 26),
(234, 330, 27),
(5152, 330, 58),
(243, 331, 28),
(306, 331, 35),
(244, 332, 28),
(307, 332, 35),
(252, 333, 29),
(288, 333, 33),
(3421, 333, 383),
(3563, 333, 399),
(264, 334, 30),
(273, 334, 31),
(282, 334, 32),
(291, 334, 33),
(300, 334, 34),
(309, 334, 35),
(279, 336, 32),
(4938, 336, 402),
(289, 339, 33),
(3161, 339, 354),
(297, 341, 34),
(298, 342, 34),
(2325, 342, 261),
(4962, 347, 36),
(4971, 347, 37),
(4979, 347, 38),
(4965, 348, 37),
(1126, 348, 127),
(1311, 348, 148),
(2576, 348, 289),
(3500, 348, 392),
(4969, 349, 37),
(2919, 349, 327),
(4458, 349, 328),
(4467, 349, 329),
(3457, 349, 387),
(3501, 349, 392),
(4974, 351, 38),
(4977, 352, 38),
(3448, 352, 386),
(4987, 353, 39),
(5009, 354, 42),
(5018, 354, 43),
(5126, 354, 55),
(3400, 354, 381),
(3409, 354, 382),
(5008, 355, 42),
(5012, 356, 42),
(5017, 358, 43),
(5021, 359, 43),
(3404, 359, 381),
(3413, 359, 382),
(5026, 360, 44),
(5036, 361, 45),
(5035, 362, 45),
(5039, 363, 45),
(5062, 364, 48),
(5072, 365, 49),
(6018, 365, 61),
(1089, 365, 123),
(2950, 365, 331),
(3319, 365, 372),
(3364, 365, 377),
(5071, 366, 49),
(5080, 367, 50),
(5089, 368, 51),
(5093, 369, 51),
(5116, 370, 54),
(5125, 371, 55),
(3412, 371, 382),
(5129, 372, 55),
(5134, 373, 56),
(1793, 373, 202),
(5138, 374, 56),
(6228, 374, 96),
(6255, 374, 113),
(1794, 374, 202),
(2127, 374, 239),
(2181, 374, 245),
(2469, 374, 277),
(3134, 374, 351),
(3215, 374, 360),
(5143, 375, 57),
(2270, 375, 255),
(5156, 376, 58),
(5161, 377, 59),
(6170, 377, 90),
(529, 378, 60),
(716, 378, 81),
(530, 379, 60),
(717, 379, 81),
(532, 380, 60),
(6019, 381, 61),
(741, 381, 84),
(1090, 381, 123),
(4863, 381, 130),
(6017, 382, 61),
(1092, 382, 123),
(6021, 383, 61),
(6023, 384, 61),
(5981, 385, 62),
(2441, 385, 274),
(5197, 386, 64),
(5221, 387, 66),
(5224, 388, 67),
(5234, 389, 68),
(1389, 389, 157),
(1461, 389, 165),
(1497, 389, 169),
(1514, 389, 171),
(5556, 389, 251),
(5233, 390, 68),
(5236, 391, 68),
(1517, 391, 171),
(5241, 392, 69),
(5249, 393, 70),
(2036, 393, 229),
(5402, 393, 302),
(3340, 393, 374),
(5255, 394, 70),
(626, 395, 71),
(629, 396, 71),
(6026, 397, 72),
(2162, 397, 243),
(6030, 398, 72),
(6282, 398, 116),
(2163, 398, 243),
(2415, 398, 271),
(5451, 398, 310),
(2981, 398, 334),
(3368, 398, 377),
(6035, 399, 73),
(6044, 400, 74),
(6413, 400, 143),
(6053, 401, 75),
(3286, 401, 368),
(6062, 402, 76),
(1901, 402, 214),
(6071, 403, 77),
(698, 404, 79),
(699, 405, 79),
(2954, 405, 331),
(3386, 405, 379),
(3555, 405, 398),
(701, 406, 79),
(6089, 407, 80),
(2216, 407, 249),
(6095, 408, 80),
(719, 409, 81),
(728, 409, 82),
(737, 409, 83),
(725, 410, 82),
(743, 413, 84),
(744, 414, 84),
(746, 415, 84),
(6125, 416, 85),
(6377, 416, 342),
(6131, 417, 85),
(6134, 418, 86),
(1482, 418, 167),
(6140, 419, 86),
(6149, 419, 87),
(6158, 419, 88),
(6167, 419, 89),
(6176, 419, 90),
(6185, 419, 91),
(6203, 419, 93),
(6212, 419, 94),
(6221, 419, 95),
(6143, 420, 87),
(6147, 421, 87),
(6201, 421, 93),
(3834, 421, 205),
(4413, 421, 223),
(5541, 421, 294),
(2972, 421, 333),
(3107, 421, 348),
(3758, 421, 410),
(6152, 423, 88),
(6161, 424, 89),
(2207, 424, 248),
(6179, 425, 91),
(2135, 426, 240),
(1587, 427, 179),
(1731, 427, 195),
(1749, 427, 197),
(1776, 427, 200),
(1866, 427, 210),
(4395, 427, 224),
(2136, 427, 240),
(5478, 427, 324),
(6197, 428, 93),
(3106, 428, 348),
(6215, 429, 95),
(2504, 429, 281),
(6230, 430, 96),
(5582, 431, 97),
(5588, 432, 97),
(5606, 432, 98),
(5570, 432, 99),
(5579, 432, 100),
(5651, 432, 101),
(5597, 432, 102),
(5600, 433, 98),
(5564, 435, 99),
(5573, 437, 100),
(5627, 437, 287),
(5645, 439, 101),
(5591, 440, 102),
(5717, 441, 103),
(5753, 441, 124),
(5723, 442, 103),
(5813, 442, 104),
(5687, 442, 105),
(5669, 442, 106),
(5777, 442, 107),
(5714, 442, 108),
(5807, 443, 104),
(5816, 443, 126),
(5897, 443, 147),
(5834, 443, 231),
(5811, 444, 104),
(5820, 444, 126),
(1965, 444, 221),
(5838, 444, 231),
(5307, 444, 308),
(5415, 444, 322),
(5663, 447, 106),
(5672, 447, 286),
(5771, 449, 107),
(5636, 452, 109),
(1374, 452, 155),
(5642, 453, 109),
(5624, 453, 110),
(5618, 454, 110),
(6233, 456, 111),
(2153, 456, 242),
(2459, 456, 276),
(6239, 457, 111),
(6248, 457, 112),
(6257, 457, 113),
(6266, 457, 114),
(6275, 457, 115),
(6284, 457, 116),
(6273, 459, 115),
(1956, 459, 220),
(2109, 459, 237),
(2262, 459, 254),
(2451, 459, 275),
(5550, 459, 295),
(3179, 459, 356),
(6278, 460, 116),
(2198, 460, 247),
(2414, 460, 271),
(6293, 461, 117),
(6302, 461, 118),
(6311, 461, 119),
(6306, 463, 119),
(3094, 463, 347),
(3623, 463, 406),
(6305, 464, 119),
(3626, 464, 406),
(1064, 466, 120),
(1067, 467, 120),
(1068, 468, 120),
(1070, 469, 120),
(1078, 470, 121),
(1083, 471, 122),
(1284, 471, 145),
(3438, 471, 385),
(1084, 472, 122),
(1285, 472, 145),
(3439, 472, 385),
(1086, 473, 122),
(1093, 474, 123),
(5759, 475, 124),
(5960, 475, 125),
(5822, 475, 126),
(1129, 475, 127),
(5885, 475, 128),
(1147, 475, 129),
(5879, 477, 128),
(1347, 477, 152),
(5843, 477, 395),
(4861, 478, 130),
(4865, 479, 130),
(1160, 480, 131),
(1161, 481, 131),
(1163, 482, 131),
(4871, 483, 132),
(4868, 484, 132),
(4872, 485, 132),
(4874, 486, 132),
(4883, 486, 133),
(4892, 486, 134),
(4901, 486, 135),
(4895, 489, 135),
(4899, 490, 135),
(4905, 492, 136),
(4904, 493, 136),
(4907, 494, 136),
(4909, 495, 136),
(5744, 496, 137),
(5750, 497, 137),
(5888, 498, 138),
(1473, 498, 166),
(5861, 498, 288),
(5892, 499, 138),
(5739, 499, 139),
(5894, 500, 138),
(5741, 500, 139),
(5735, 501, 139),
(5699, 504, 140),
(5705, 505, 140),
(6410, 505, 141),
(5804, 505, 142),
(6419, 505, 143),
(6404, 506, 141),
(5798, 508, 142),
(1604, 508, 181),
(1919, 508, 216),
(1276, 511, 144),
(1622, 511, 183),
(1279, 512, 144),
(1287, 513, 145),
(6428, 514, 146),
(5903, 515, 147),
(1314, 516, 148),
(1323, 516, 149),
(1320, 517, 149),
(2909, 517, 326),
(1332, 519, 150),
(1341, 520, 151),
(1350, 520, 152);
INSERT INTO `ec_product_variation_items` (`id`, `attribute_id`, `variation_id`) VALUES
(6453, 520, 153),
(1368, 520, 154),
(1377, 520, 155),
(1386, 520, 156),
(1395, 520, 157),
(1404, 520, 158),
(1413, 520, 159),
(6447, 522, 153),
(1392, 527, 157),
(1401, 529, 158),
(1410, 531, 159),
(1411, 532, 159),
(3872, 534, 160),
(1431, 534, 161),
(1440, 534, 162),
(1449, 534, 163),
(3854, 534, 164),
(1467, 534, 165),
(1476, 534, 166),
(1485, 534, 167),
(1428, 535, 161),
(1437, 537, 162),
(1446, 539, 163),
(3848, 540, 164),
(1464, 541, 165),
(5555, 541, 251),
(1465, 542, 165),
(5559, 542, 251),
(5972, 543, 168),
(5976, 544, 168),
(5978, 545, 168),
(1500, 546, 169),
(1501, 547, 169),
(1503, 548, 169),
(1511, 548, 170),
(1519, 548, 171),
(1527, 548, 172),
(1536, 548, 173),
(1545, 548, 174),
(1553, 548, 175),
(1508, 549, 170),
(1509, 550, 170),
(1516, 552, 171),
(1524, 554, 172),
(1525, 555, 172),
(1533, 557, 173),
(1534, 558, 173),
(1542, 560, 174),
(1543, 561, 174),
(1550, 563, 175),
(4373, 565, 176),
(4377, 566, 176),
(4359, 566, 177),
(5766, 566, 393),
(4379, 567, 176),
(4361, 567, 177),
(4355, 568, 177),
(1577, 571, 178),
(5357, 571, 321),
(1580, 572, 178),
(1589, 572, 179),
(1598, 572, 180),
(1607, 572, 181),
(6471, 572, 182),
(1625, 572, 183),
(1634, 572, 184),
(1643, 572, 185),
(1652, 572, 186),
(1661, 572, 187),
(1670, 572, 188),
(1679, 572, 189),
(1688, 572, 190),
(1697, 572, 191),
(1706, 572, 192),
(1715, 572, 193),
(1724, 572, 194),
(1733, 572, 195),
(1742, 572, 196),
(1751, 572, 197),
(1760, 572, 198),
(1769, 572, 199),
(1778, 572, 200),
(1787, 572, 201),
(1796, 572, 202),
(1805, 572, 203),
(1814, 572, 204),
(3836, 572, 205),
(1832, 572, 206),
(1841, 572, 207),
(1850, 572, 208),
(1859, 572, 209),
(1868, 572, 210),
(1877, 572, 211),
(1886, 572, 212),
(1895, 572, 213),
(1904, 572, 214),
(1913, 572, 215),
(1922, 572, 216),
(1931, 572, 217),
(1940, 572, 218),
(3881, 572, 219),
(1958, 572, 220),
(1967, 572, 221),
(1976, 572, 222),
(1586, 573, 179),
(4391, 573, 224),
(1595, 575, 180),
(1596, 576, 180),
(1740, 576, 196),
(3269, 576, 366),
(6465, 579, 182),
(6456, 579, 336),
(1640, 583, 185),
(5375, 583, 298),
(1649, 585, 186),
(5393, 585, 303),
(1658, 587, 187),
(2225, 587, 250),
(1667, 589, 188),
(1676, 590, 189),
(1685, 591, 190),
(1874, 591, 211),
(6359, 591, 339),
(1694, 592, 191),
(6323, 592, 337),
(1703, 593, 192),
(1730, 594, 195),
(1739, 595, 196),
(1748, 596, 197),
(1757, 597, 198),
(1766, 598, 199),
(1775, 599, 200),
(1784, 600, 201),
(1802, 601, 203),
(1803, 602, 203),
(1812, 602, 204),
(5352, 602, 300),
(5388, 602, 304),
(1811, 603, 204),
(3830, 605, 205),
(1829, 606, 206),
(5348, 606, 300),
(1847, 607, 208),
(3754, 607, 410),
(1856, 608, 209),
(1865, 609, 210),
(1883, 610, 212),
(5429, 610, 299),
(1892, 611, 213),
(3241, 611, 363),
(1928, 612, 217),
(1937, 613, 218),
(2405, 613, 270),
(5438, 613, 313),
(3875, 614, 219),
(1954, 615, 220),
(4412, 615, 223),
(4421, 615, 225),
(4439, 615, 227),
(4448, 615, 228),
(5549, 615, 295),
(5531, 615, 297),
(3321, 615, 372),
(3366, 615, 377),
(1955, 616, 220),
(5546, 616, 295),
(1964, 617, 221),
(1973, 618, 222),
(5456, 618, 323),
(3277, 618, 367),
(4409, 619, 223),
(4415, 620, 223),
(4397, 620, 224),
(4424, 620, 225),
(4433, 620, 226),
(4442, 620, 227),
(4451, 620, 228),
(4418, 622, 225),
(4427, 624, 226),
(4436, 625, 227),
(4445, 626, 228),
(2039, 627, 229),
(6437, 628, 230),
(5840, 628, 231),
(2064, 629, 232),
(2082, 629, 234),
(2066, 630, 232),
(2075, 630, 233),
(2084, 630, 234),
(2093, 630, 235),
(2102, 630, 236),
(2111, 630, 237),
(3899, 630, 238),
(2129, 630, 239),
(2072, 631, 233),
(2090, 635, 235),
(2099, 637, 236),
(2324, 637, 261),
(2144, 638, 241),
(2171, 639, 244),
(2180, 640, 245),
(2468, 640, 277),
(3124, 640, 350),
(2219, 641, 249),
(2228, 642, 250),
(5561, 643, 251),
(2243, 644, 252),
(2246, 645, 252),
(5660, 645, 253),
(5654, 646, 253),
(2264, 648, 254),
(2273, 649, 255),
(2282, 650, 256),
(2291, 650, 257),
(2300, 650, 258),
(2309, 650, 259),
(2318, 654, 260),
(2327, 654, 261),
(2336, 654, 262),
(2342, 655, 263),
(2345, 656, 263),
(2354, 657, 264),
(2363, 657, 265),
(2372, 657, 266),
(2381, 657, 267),
(2378, 659, 267),
(2387, 659, 268),
(2390, 661, 268),
(2399, 661, 269),
(2417, 663, 271),
(2423, 664, 272),
(2426, 665, 272),
(2432, 666, 273),
(2435, 667, 273),
(2444, 667, 274),
(2453, 669, 275),
(2462, 669, 276),
(2471, 669, 277),
(2480, 669, 278),
(2489, 669, 279),
(2498, 669, 280),
(2507, 669, 281),
(2477, 670, 278),
(2486, 671, 279),
(2513, 672, 282),
(2516, 673, 282),
(5786, 673, 283),
(2534, 673, 284),
(2543, 673, 285),
(5780, 674, 283),
(2531, 676, 284),
(2540, 678, 285),
(5678, 680, 286),
(5633, 680, 287),
(5867, 680, 288),
(2579, 680, 289),
(2588, 680, 290),
(2597, 685, 291),
(2606, 685, 292),
(5510, 687, 293),
(2980, 687, 334),
(5516, 688, 293),
(5543, 688, 294),
(5552, 688, 295),
(5525, 688, 296),
(5534, 688, 297),
(5537, 689, 294),
(5519, 692, 296),
(5528, 693, 297),
(5381, 694, 298),
(5435, 694, 299),
(5354, 694, 300),
(5426, 694, 301),
(5408, 694, 302),
(5399, 694, 303),
(5390, 694, 304),
(5264, 694, 305),
(5300, 694, 306),
(5282, 694, 307),
(5309, 694, 308),
(5336, 694, 309),
(5453, 694, 310),
(5291, 694, 311),
(5498, 694, 312),
(5444, 694, 313),
(5372, 694, 314),
(5471, 694, 315),
(5318, 694, 316),
(5489, 694, 317),
(5273, 694, 318),
(5327, 694, 319),
(5345, 694, 320),
(5363, 694, 321),
(5417, 694, 322),
(5462, 694, 323),
(5480, 694, 324),
(5420, 697, 301),
(5384, 698, 304),
(5258, 699, 305),
(5294, 700, 306),
(5276, 701, 307),
(3349, 701, 375),
(5303, 702, 308),
(5330, 703, 309),
(6350, 703, 338),
(5447, 704, 310),
(5285, 705, 311),
(5492, 706, 312),
(5366, 707, 314),
(5465, 708, 315),
(5312, 709, 316),
(5483, 710, 317),
(5321, 711, 319),
(5339, 712, 320),
(5411, 713, 322),
(5474, 714, 324),
(2900, 715, 325),
(3491, 715, 391),
(2903, 716, 325),
(2912, 716, 326),
(2920, 716, 327),
(2918, 717, 327),
(4454, 718, 328),
(3456, 718, 387),
(4460, 719, 328),
(4469, 719, 329),
(4487, 719, 330),
(4463, 720, 329),
(4481, 722, 330),
(2953, 724, 331),
(2956, 725, 331),
(2965, 725, 332),
(2974, 725, 333),
(2983, 725, 334),
(2992, 725, 335),
(2962, 726, 332),
(2971, 728, 333),
(2989, 731, 335),
(6462, 733, 336),
(6329, 733, 337),
(6356, 733, 338),
(6365, 733, 339),
(6374, 733, 340),
(5831, 733, 341),
(6383, 738, 342),
(6392, 738, 343),
(6395, 740, 344),
(6401, 741, 344),
(3082, 742, 345),
(3088, 743, 346),
(3097, 744, 347),
(3118, 745, 349),
(3127, 745, 350),
(3136, 745, 351),
(3145, 745, 352),
(3154, 745, 353),
(3163, 745, 354),
(3172, 745, 355),
(3181, 745, 356),
(3190, 745, 357),
(3890, 745, 358),
(3208, 745, 359),
(3217, 745, 360),
(3908, 745, 361),
(3125, 746, 350),
(3888, 746, 358),
(3126, 747, 350),
(3162, 747, 354),
(3142, 749, 352),
(3151, 750, 353),
(3178, 751, 356),
(3187, 752, 357),
(3884, 753, 358),
(3214, 754, 360),
(3232, 755, 362),
(3250, 756, 364),
(3259, 757, 365),
(3268, 758, 366),
(3295, 759, 369),
(3304, 760, 370),
(3313, 761, 371),
(3322, 762, 372),
(3331, 763, 373),
(3367, 764, 377),
(3376, 765, 378),
(3385, 766, 379),
(3388, 767, 379),
(3397, 767, 380),
(3406, 767, 381),
(3415, 767, 382),
(3424, 767, 383),
(3433, 767, 384),
(3403, 769, 381),
(3441, 770, 385),
(3447, 771, 386),
(3450, 772, 386),
(3458, 772, 387),
(3467, 772, 388),
(3476, 772, 389),
(3485, 772, 390),
(3464, 774, 388),
(3473, 776, 389),
(3518, 776, 394),
(3474, 777, 389),
(3483, 777, 390),
(3519, 777, 394),
(3482, 779, 390),
(3494, 782, 391),
(3503, 782, 392),
(5768, 782, 393),
(3521, 782, 394),
(5849, 782, 395),
(5762, 784, 393),
(3539, 788, 396),
(3548, 788, 397),
(3557, 788, 398),
(3566, 791, 399),
(3575, 791, 400),
(4947, 793, 401),
(4951, 794, 401),
(4953, 795, 401),
(4944, 795, 402),
(3599, 797, 403),
(3600, 798, 403),
(3602, 799, 403),
(3611, 799, 404),
(3620, 799, 405),
(3629, 799, 406),
(3638, 799, 407),
(3647, 799, 408),
(3656, 799, 409),
(3605, 800, 404),
(3608, 801, 404),
(3619, 803, 405),
(3644, 805, 408),
(3645, 806, 408),
(3653, 807, 409),
(3760, 808, 410),
(5943, 809, 411),
(5944, 810, 411),
(5945, 811, 411),
(5946, 812, 411),
(5947, 813, 411),
(5948, 814, 411),
(5949, 815, 411),
(5950, 816, 411),
(5951, 817, 411),
(4488, 819, 412),
(4489, 820, 412),
(4490, 821, 412),
(4491, 822, 412),
(4492, 823, 412),
(4493, 824, 412),
(4494, 825, 412),
(4495, 826, 413),
(4496, 827, 413),
(4497, 828, 413),
(4498, 829, 413),
(4499, 830, 413),
(4500, 831, 413),
(4501, 832, 413),
(4502, 833, 414),
(4503, 834, 414),
(4504, 835, 414),
(4505, 836, 414),
(4506, 837, 414),
(4507, 838, 414),
(4508, 839, 414),
(4509, 840, 415),
(4510, 841, 415),
(4511, 842, 415),
(4512, 843, 415),
(4513, 844, 415),
(4514, 845, 415),
(4515, 846, 415),
(4516, 847, 416),
(4517, 848, 416),
(4518, 849, 416),
(4519, 850, 416),
(4520, 851, 416),
(4521, 852, 416),
(4522, 853, 416),
(4530, 854, 417),
(4531, 855, 417),
(4532, 856, 417),
(4533, 857, 417),
(4534, 858, 417),
(4535, 859, 417),
(4536, 860, 417),
(4523, 861, 418),
(4524, 862, 418),
(4525, 863, 418),
(4526, 864, 418),
(4527, 865, 418),
(4528, 866, 418),
(4529, 867, 418),
(4537, 868, 419),
(4538, 869, 419),
(4539, 870, 419),
(4540, 871, 419),
(4541, 872, 419),
(4542, 873, 419),
(4543, 874, 419),
(4544, 875, 420),
(4545, 876, 420),
(4546, 877, 420),
(4547, 878, 420),
(4548, 879, 420),
(4549, 880, 420),
(4550, 881, 421),
(4551, 882, 421),
(4552, 883, 421),
(4553, 884, 421),
(4554, 885, 421),
(4555, 886, 421),
(4556, 887, 422),
(4557, 888, 422),
(4558, 889, 422),
(4559, 890, 422),
(4560, 891, 422),
(4561, 892, 422),
(4562, 893, 422),
(4563, 894, 423),
(4564, 895, 423),
(4565, 896, 423),
(4566, 897, 423),
(4567, 898, 423),
(4568, 899, 423),
(4569, 900, 423),
(4570, 901, 424),
(4571, 902, 424),
(4572, 903, 424),
(4573, 904, 424),
(4574, 905, 424),
(4575, 906, 424),
(4576, 907, 424),
(4577, 908, 425),
(4578, 909, 425),
(4579, 910, 425),
(4580, 911, 425),
(4581, 912, 425),
(4582, 913, 425),
(4583, 914, 425),
(4584, 915, 426),
(4585, 916, 426),
(4586, 917, 426),
(4587, 918, 426),
(4588, 919, 426),
(4589, 920, 426),
(4590, 921, 426),
(4605, 922, 427),
(4606, 923, 427),
(4607, 924, 427),
(4608, 925, 427),
(4609, 926, 427),
(4610, 927, 427),
(4611, 928, 427),
(4591, 929, 428),
(4592, 930, 428),
(4593, 931, 428),
(4594, 932, 428),
(4595, 933, 428),
(4596, 934, 428),
(4597, 935, 428),
(4612, 936, 429),
(4613, 937, 429),
(4614, 938, 429),
(4615, 939, 429),
(4616, 940, 429),
(4617, 941, 429),
(4618, 942, 429),
(4620, 943, 430),
(4621, 944, 430),
(4622, 945, 430),
(4623, 946, 430),
(4624, 947, 430),
(4625, 948, 430),
(4626, 949, 430),
(4634, 950, 431),
(4635, 951, 431),
(4636, 952, 431),
(4637, 953, 431),
(4638, 954, 431),
(4639, 955, 431),
(4640, 956, 431),
(4683, 957, 432),
(4684, 958, 432),
(4685, 959, 432),
(4686, 960, 432),
(4687, 961, 432),
(4688, 962, 432),
(4689, 963, 432),
(4690, 964, 433),
(4691, 965, 433),
(4692, 966, 433),
(4693, 967, 433),
(4694, 968, 433),
(4695, 969, 433),
(4696, 970, 433),
(4641, 971, 434),
(4642, 972, 434),
(4643, 973, 434),
(4644, 974, 434),
(4645, 975, 434),
(4646, 976, 434),
(4647, 977, 434),
(4648, 978, 435),
(4649, 979, 435),
(4650, 980, 435),
(4651, 981, 435),
(4652, 982, 435),
(4653, 983, 435),
(4654, 984, 435),
(4655, 985, 436),
(4656, 986, 436),
(4657, 987, 436),
(4658, 988, 436),
(4659, 989, 436),
(4660, 990, 436),
(4661, 991, 436),
(4697, 992, 437),
(4698, 993, 437),
(4699, 994, 437),
(4700, 995, 437),
(4701, 996, 437),
(4702, 997, 437),
(4703, 998, 437),
(6438, 999, 438),
(6439, 1000, 438),
(6440, 1001, 438),
(6441, 1002, 438),
(6442, 1003, 438),
(6443, 1004, 438),
(6444, 1005, 438),
(4669, 1006, 439),
(4670, 1007, 439),
(4671, 1008, 439),
(4672, 1009, 439),
(4673, 1010, 439),
(4674, 1011, 439),
(4675, 1012, 439),
(4676, 1013, 440),
(4677, 1014, 440),
(4678, 1015, 440),
(4679, 1016, 440),
(4680, 1017, 440),
(4681, 1018, 440),
(4682, 1019, 440),
(4704, 1020, 441),
(4705, 1021, 441),
(4706, 1022, 441),
(4707, 1023, 441),
(4708, 1024, 441),
(4709, 1025, 441),
(4710, 1026, 441),
(4711, 1027, 442),
(4712, 1028, 442),
(4713, 1029, 442),
(4714, 1030, 442),
(4715, 1031, 442),
(4716, 1032, 442),
(4717, 1033, 442),
(4310, 1034, 443),
(4311, 1035, 443),
(4312, 1036, 443),
(4313, 1037, 443),
(4314, 1038, 443),
(4315, 1039, 443),
(4316, 1040, 443),
(4739, 1041, 444),
(4740, 1042, 444),
(4741, 1043, 444),
(4742, 1044, 444),
(4743, 1045, 444),
(4744, 1046, 444),
(4745, 1047, 444),
(4746, 1048, 445),
(4747, 1049, 445),
(4748, 1050, 445),
(4749, 1051, 445),
(4750, 1052, 445),
(4751, 1053, 445),
(4752, 1054, 445),
(4753, 1055, 446),
(4754, 1056, 446),
(4755, 1057, 446),
(4756, 1058, 446),
(4757, 1059, 446),
(4758, 1060, 446),
(4759, 1061, 446),
(4718, 1062, 447),
(4719, 1063, 447),
(4720, 1064, 447),
(4721, 1065, 447),
(4722, 1066, 447),
(4723, 1067, 447),
(4724, 1068, 447),
(4725, 1069, 448),
(4726, 1070, 448),
(4727, 1071, 448),
(4728, 1072, 448),
(4729, 1073, 448),
(4730, 1074, 448),
(4731, 1075, 448),
(4732, 1076, 449),
(4733, 1077, 449),
(4734, 1078, 449),
(4735, 1079, 449),
(4736, 1080, 449),
(4737, 1081, 449),
(4738, 1082, 449),
(4760, 1083, 450),
(4761, 1084, 450),
(4762, 1085, 450),
(4763, 1086, 450),
(4764, 1087, 450),
(4765, 1088, 450),
(4766, 1089, 450),
(4767, 1090, 451),
(4768, 1091, 451),
(4769, 1092, 451),
(4770, 1093, 451),
(4771, 1094, 451),
(4772, 1095, 451),
(4773, 1096, 452),
(4774, 1097, 452),
(4775, 1098, 452),
(4776, 1099, 452),
(4777, 1100, 452),
(4778, 1101, 452),
(4779, 1102, 453),
(4780, 1103, 453),
(4781, 1104, 453),
(4782, 1105, 453),
(4783, 1106, 453),
(4784, 1107, 453),
(4785, 1108, 453),
(4786, 1109, 454),
(4787, 1110, 454),
(4788, 1111, 454),
(4789, 1112, 454),
(4790, 1113, 454),
(4791, 1114, 454),
(4792, 1115, 454),
(4793, 1116, 455),
(4794, 1117, 455),
(4795, 1118, 455),
(4796, 1119, 455),
(4797, 1120, 455),
(4798, 1121, 455),
(4799, 1122, 455),
(4800, 1123, 456),
(4801, 1124, 456),
(4802, 1125, 456),
(4803, 1126, 456),
(4804, 1127, 456),
(4805, 1128, 456),
(4806, 1129, 456),
(4807, 1130, 457),
(4808, 1131, 457),
(4809, 1132, 457),
(4810, 1133, 457),
(4811, 1134, 457),
(4812, 1135, 457),
(4813, 1136, 457);

-- --------------------------------------------------------

--
