-- Table structure for table `ec_reviews`
--

CREATE TABLE `ec_reviews` (
  `id` bigint UNSIGNED NOT NULL,
  `customer_id` bigint UNSIGNED DEFAULT NULL,
  `customer_name` varchar(191) COLLATE utf8mb4_unicode_ci DEFAULT NULL,
  `customer_email` varchar(191) COLLATE utf8mb4_unicode_ci DEFAULT NULL,
  `product_id` bigint UNSIGNED NOT NULL,
  `star` double NOT NULL,
  `comment` text COLLATE utf8mb4_unicode_ci NOT NULL,
  `status` varchar(60) COLLATE utf8mb4_unicode_ci NOT NULL DEFAULT 'published',
  `created_at` timestamp NULL DEFAULT NULL,
  `updated_at` timestamp NULL DEFAULT NULL,
  `images` text COLLATE utf8mb4_unicode_ci
) ENGINE=InnoDB DEFAULT CHARSET=utf8mb4 COLLATE=utf8mb4_unicode_ci;

-- --------------------------------------------------------

--
-- Table structure for table `ec_review_replies`
--

CREATE TABLE `ec_review_replies` (
  `id` bigint UNSIGNED NOT NULL,
  `user_id` bigint UNSIGNED NOT NULL,
  `review_id` bigint UNSIGNED NOT NULL,
  `message` text COLLATE utf8mb4_unicode_ci NOT NULL,
  `created_at` timestamp NULL DEFAULT NULL,
  `updated_at` timestamp NULL DEFAULT NULL
) ENGINE=InnoDB DEFAULT CHARSET=utf8mb4 COLLATE=utf8mb4_unicode_ci;

-- --------------------------------------------------------

--
-- Table structure for table `ec_shared_wishlists`
--

CREATE TABLE `ec_shared_wishlists` (
  `id` bigint UNSIGNED NOT NULL,
  `code` varchar(191) COLLATE utf8mb4_unicode_ci NOT NULL,
  `product_ids` text COLLATE utf8mb4_unicode_ci,
  `created_at` timestamp NULL DEFAULT NULL,
  `updated_at` timestamp NULL DEFAULT NULL
) ENGINE=InnoDB DEFAULT CHARSET=utf8mb4 COLLATE=utf8mb4_unicode_ci;

-- --------------------------------------------------------

--
-- Table structure for table `ec_shipments`
--

CREATE TABLE `ec_shipments` (
  `id` bigint UNSIGNED NOT NULL,
  `order_id` bigint UNSIGNED NOT NULL,
  `user_id` bigint UNSIGNED DEFAULT NULL,
  `weight` double DEFAULT '0',
  `shipment_id` varchar(120) COLLATE utf8mb4_unicode_ci DEFAULT NULL,
  `rate_id` varchar(120) COLLATE utf8mb4_unicode_ci DEFAULT NULL,
  `note` varchar(120) COLLATE utf8mb4_unicode_ci DEFAULT NULL,
  `status` varchar(120) COLLATE utf8mb4_unicode_ci NOT NULL DEFAULT 'pending',
  `cod_amount` decimal(15,2) DEFAULT '0.00',
  `cod_status` varchar(60) COLLATE utf8mb4_unicode_ci NOT NULL DEFAULT 'pending',
  `cross_checking_status` varchar(60) COLLATE utf8mb4_unicode_ci NOT NULL DEFAULT 'pending',
  `price` decimal(15,2) DEFAULT '0.00',
  `store_id` bigint UNSIGNED DEFAULT NULL,
  `created_at` timestamp NULL DEFAULT NULL,
  `updated_at` timestamp NULL DEFAULT NULL,
  `tracking_id` varchar(191) COLLATE utf8mb4_unicode_ci DEFAULT NULL,
  `shipping_company_name` varchar(191) COLLATE utf8mb4_unicode_ci DEFAULT NULL,
  `tracking_link` varchar(191) COLLATE utf8mb4_unicode_ci DEFAULT NULL,
  `estimate_date_shipped` datetime DEFAULT NULL,
  `date_shipped` datetime DEFAULT NULL,
  `customer_delivered_confirmed_at` timestamp NULL DEFAULT NULL,
  `label_url` text COLLATE utf8mb4_unicode_ci,
  `metadata` mediumtext COLLATE utf8mb4_unicode_ci
) ENGINE=InnoDB DEFAULT CHARSET=utf8mb4 COLLATE=utf8mb4_unicode_ci;

--
-- Dumping data for table `ec_shipments`
--

INSERT INTO `ec_shipments` (`id`, `order_id`, `user_id`, `weight`, `shipment_id`, `rate_id`, `note`, `status`, `cod_amount`, `cod_status`, `cross_checking_status`, `price`, `store_id`, `created_at`, `updated_at`, `tracking_id`, `shipping_company_name`, `tracking_link`, `estimate_date_shipped`, `date_shipped`, `customer_delivered_confirmed_at`, `label_url`, `metadata`) VALUES
(1, 1, 0, 837, '', '', NULL, 'delivered', 0.00, 'pending', 'pending', 0.00, NULL, '2025-10-08 19:40:10', '2025-10-08 20:29:50', NULL, '', NULL, NULL, '2025-10-08 20:29:50', NULL, NULL, NULL),
(17, 35, 0, 0.01, '', '', NULL, 'pending', 0.00, 'pending', 'pending', 20.00, NULL, '2025-11-19 07:51:01', '2025-11-19 07:51:01', NULL, '', NULL, NULL, NULL, NULL, NULL, NULL),
(18, 36, 0, 0.01, '', '', NULL, 'pending', 0.00, 'pending', 'pending', 0.00, NULL, '2025-11-19 08:39:28', '2025-11-19 08:39:28', NULL, '', NULL, NULL, NULL, NULL, NULL, NULL),
(19, 41, 0, 300, NULL, NULL, NULL, 'pending', 0.00, 'pending', 'pending', 0.00, NULL, '2025-11-20 12:40:05', '2025-11-20 12:40:05', NULL, NULL, NULL, NULL, NULL, NULL, NULL, NULL),
(20, 42, 0, 0.01, '', '', NULL, 'pending', 0.00, 'pending', 'pending', 10.00, NULL, '2025-11-22 07:05:20', '2025-11-22 07:05:20', NULL, '', NULL, NULL, NULL, NULL, NULL, NULL),
(22, 45, 0, 0.01, '', '', NULL, 'pending', 0.00, 'pending', 'pending', 0.00, NULL, '2025-11-29 05:45:47', '2025-11-29 05:45:47', NULL, '', NULL, NULL, NULL, NULL, NULL, NULL),
(23, 46, 0, 0, NULL, NULL, NULL, 'pending', 0.00, 'pending', 'pending', 0.00, NULL, '2025-12-01 17:40:20', '2025-12-01 17:40:20', NULL, NULL, NULL, NULL, NULL, NULL, NULL, NULL),
(24, 47, 0, 0, NULL, NULL, NULL, 'pending', 0.00, 'pending', 'pending', 0.00, NULL, '2025-12-01 17:42:49', '2025-12-01 17:42:49', NULL, NULL, NULL, NULL, NULL, NULL, NULL, NULL),
(25, 51, 0, 0, NULL, NULL, NULL, 'pending', 0.00, 'pending', 'pending', 0.00, NULL, '2025-12-01 17:46:39', '2025-12-01 17:46:39', NULL, NULL, NULL, NULL, NULL, NULL, NULL, NULL),
(26, 52, 0, 0, NULL, NULL, NULL, 'pending', 0.00, 'pending', 'pending', 0.00, NULL, '2025-12-01 17:47:08', '2025-12-01 17:47:08', NULL, NULL, NULL, NULL, NULL, NULL, NULL, NULL),
(27, 53, 0, 0, NULL, NULL, NULL, 'pending', 0.00, 'pending', 'pending', 0.00, NULL, '2025-12-01 17:48:47', '2025-12-01 17:48:47', NULL, NULL, NULL, NULL, NULL, NULL, NULL, NULL),
(28, 54, 0, 0, NULL, NULL, NULL, 'pending', 0.00, 'pending', 'pending', 0.00, NULL, '2025-12-01 17:49:43', '2025-12-01 17:49:43', NULL, NULL, NULL, NULL, NULL, NULL, NULL, NULL),
(29, 55, 0, 0, NULL, NULL, NULL, 'pending', 0.00, 'pending', 'pending', 0.00, NULL, '2025-12-01 17:50:02', '2025-12-01 17:50:02', NULL, NULL, NULL, NULL, NULL, NULL, NULL, NULL),
(31, 57, 0, 0, NULL, NULL, NULL, 'pending', 0.00, 'pending', 'pending', 0.00, NULL, '2025-12-01 17:54:25', '2025-12-01 17:54:25', NULL, NULL, NULL, NULL, NULL, NULL, NULL, NULL),
(32, 58, 0, 0, NULL, NULL, NULL, 'pending', 0.00, 'pending', 'pending', 0.00, NULL, '2025-12-01 17:54:55', '2025-12-01 17:54:55', NULL, NULL, NULL, NULL, NULL, NULL, NULL, NULL),
(33, 59, 0, 0, NULL, NULL, NULL, 'pending', 0.00, 'pending', 'pending', 0.00, NULL, '2025-12-01 17:57:51', '2025-12-01 17:57:51', NULL, NULL, NULL, NULL, NULL, NULL, NULL, NULL),
(34, 60, 0, 0, NULL, NULL, NULL, 'pending', 0.00, 'pending', 'pending', 0.00, NULL, '2025-12-01 17:58:16', '2025-12-01 17:58:16', NULL, NULL, NULL, NULL, NULL, NULL, NULL, NULL),
(35, 61, 0, 0, NULL, NULL, NULL, 'pending', 0.00, 'pending', 'pending', 0.00, NULL, '2025-12-01 17:58:33', '2025-12-01 17:58:33', NULL, NULL, NULL, NULL, NULL, NULL, NULL, NULL),
(36, 62, 0, 0, NULL, NULL, NULL, 'pending', 0.00, 'pending', 'pending', 0.00, NULL, '2025-12-01 17:59:36', '2025-12-01 17:59:36', NULL, NULL, NULL, NULL, NULL, NULL, NULL, NULL),
(37, 63, 0, 0, NULL, NULL, NULL, 'pending', 0.00, 'pending', 'pending', 0.00, NULL, '2025-12-01 17:59:55', '2025-12-01 17:59:55', NULL, NULL, NULL, NULL, NULL, NULL, NULL, NULL),
(39, 65, 0, 0, NULL, NULL, NULL, 'pending', 0.00, 'pending', 'pending', 0.00, NULL, '2025-12-01 18:00:31', '2025-12-01 18:00:31', NULL, NULL, NULL, NULL, NULL, NULL, NULL, NULL),
(40, 66, 0, 0, NULL, NULL, NULL, 'pending', 0.00, 'pending', 'pending', 0.00, NULL, '2025-12-01 18:02:10', '2025-12-01 18:02:10', NULL, NULL, NULL, NULL, NULL, NULL, NULL, NULL),
(41, 67, 0, 0, NULL, NULL, NULL, 'pending', 0.00, 'pending', 'pending', 0.00, NULL, '2025-12-01 18:02:29', '2025-12-01 18:02:29', NULL, NULL, NULL, NULL, NULL, NULL, NULL, NULL),
(42, 68, 0, 0, NULL, NULL, NULL, 'pending', 0.00, 'pending', 'pending', 0.00, NULL, '2025-12-01 18:03:02', '2025-12-01 18:03:02', NULL, NULL, NULL, NULL, NULL, NULL, NULL, NULL),
(43, 69, 0, 0, NULL, NULL, NULL, 'pending', 0.00, 'pending', 'pending', 0.00, NULL, '2025-12-01 18:03:23', '2025-12-01 18:03:23', NULL, NULL, NULL, NULL, NULL, NULL, NULL, NULL),
(44, 70, 0, 0, NULL, NULL, NULL, 'pending', 0.00, 'pending', 'pending', 0.00, NULL, '2025-12-01 18:04:28', '2025-12-01 18:04:28', NULL, NULL, NULL, NULL, NULL, NULL, NULL, NULL),
(45, 71, 0, 0, NULL, NULL, NULL, 'pending', 0.00, 'pending', 'pending', 0.00, NULL, '2025-12-01 18:04:47', '2025-12-01 18:04:47', NULL, NULL, NULL, NULL, NULL, NULL, NULL, NULL),
(46, 72, 0, 0, NULL, NULL, NULL, 'pending', 0.00, 'pending', 'pending', 0.00, NULL, '2025-12-01 18:05:18', '2025-12-01 18:05:18', NULL, NULL, NULL, NULL, NULL, NULL, NULL, NULL),
(47, 73, 0, 0, NULL, NULL, NULL, 'pending', 0.00, 'pending', 'pending', 0.00, NULL, '2025-12-01 18:06:14', '2025-12-01 18:06:14', NULL, NULL, NULL, NULL, NULL, NULL, NULL, NULL),
(48, 74, 0, 0, NULL, NULL, NULL, 'pending', 0.00, 'pending', 'pending', 0.00, NULL, '2025-12-01 18:07:47', '2025-12-01 18:07:47', NULL, NULL, NULL, NULL, NULL, NULL, NULL, NULL),
(49, 75, 0, 0, NULL, NULL, NULL, 'pending', 0.00, 'pending', 'pending', 0.00, NULL, '2025-12-01 18:08:16', '2025-12-01 18:08:16', NULL, NULL, NULL, NULL, NULL, NULL, NULL, NULL),
(50, 76, 0, 0, NULL, NULL, NULL, 'pending', 0.00, 'pending', 'pending', 0.00, NULL, '2025-12-01 18:09:28', '2025-12-01 18:09:28', NULL, NULL, NULL, NULL, NULL, NULL, NULL, NULL),
(51, 77, 0, 0, NULL, NULL, NULL, 'pending', 0.00, 'pending', 'pending', 0.00, NULL, '2025-12-01 18:09:47', '2025-12-01 18:09:47', NULL, NULL, NULL, NULL, NULL, NULL, NULL, NULL),
(52, 78, 0, 0, NULL, NULL, NULL, 'pending', 0.00, 'pending', 'pending', 0.00, NULL, '2025-12-01 18:10:12', '2025-12-01 18:10:12', NULL, NULL, NULL, NULL, NULL, NULL, NULL, NULL),
(53, 79, 0, 0, NULL, NULL, NULL, 'pending', 0.00, 'pending', 'pending', 0.00, NULL, '2025-12-01 18:14:04', '2025-12-01 18:14:04', NULL, NULL, NULL, NULL, NULL, NULL, NULL, NULL),
(54, 80, 0, 0, NULL, NULL, NULL, 'pending', 0.00, 'pending', 'pending', 0.00, NULL, '2025-12-01 18:14:28', '2025-12-01 18:14:28', NULL, NULL, NULL, NULL, NULL, NULL, NULL, NULL),
(55, 81, 0, 0, NULL, NULL, NULL, 'pending', 0.00, 'pending', 'pending', 0.00, NULL, '2025-12-01 18:15:48', '2025-12-01 18:15:48', NULL, NULL, NULL, NULL, NULL, NULL, NULL, NULL),
(56, 82, 0, 0, NULL, NULL, NULL, 'pending', 0.00, 'pending', 'pending', 0.00, NULL, '2025-12-01 18:16:06', '2025-12-01 18:16:06', NULL, NULL, NULL, NULL, NULL, NULL, NULL, NULL),
(57, 83, 0, 0, NULL, NULL, NULL, 'pending', 0.00, 'pending', 'pending', 0.00, NULL, '2025-12-01 18:17:00', '2025-12-01 18:17:00', NULL, NULL, NULL, NULL, NULL, NULL, NULL, NULL),
(59, 85, 0, 0, NULL, NULL, NULL, 'pending', 0.00, 'pending', 'pending', 0.00, NULL, '2025-12-01 18:19:20', '2025-12-01 18:19:20', NULL, NULL, NULL, NULL, NULL, NULL, NULL, NULL),
(60, 86, 0, 0, NULL, NULL, NULL, 'pending', 0.00, 'pending', 'pending', 0.00, NULL, '2025-12-01 18:19:44', '2025-12-01 18:19:44', NULL, NULL, NULL, NULL, NULL, NULL, NULL, NULL),
(62, 88, 0, 0.01, '', '', NULL, 'pending', 0.00, 'pending', 'pending', 0.00, NULL, '2025-12-01 18:42:16', '2025-12-01 18:42:16', NULL, '', NULL, NULL, NULL, NULL, NULL, NULL),
(66, 94, 0, 0, NULL, NULL, NULL, 'pending', 0.00, 'pending', 'pending', 0.00, NULL, '2025-12-04 18:09:06', '2025-12-04 18:09:06', NULL, NULL, NULL, NULL, NULL, NULL, NULL, NULL),
(67, 95, 0, 0.01, '', '', NULL, 'pending', 0.00, 'pending', 'pending', 0.00, NULL, '2025-12-04 20:13:38', '2025-12-04 20:13:38', NULL, '', NULL, NULL, NULL, NULL, NULL, NULL),
(68, 96, 0, 0, NULL, NULL, NULL, 'pending', 0.00, 'pending', 'pending', 0.00, NULL, '2025-12-07 01:52:47', '2025-12-07 01:52:47', NULL, NULL, NULL, NULL, NULL, NULL, NULL, NULL),
(69, 97, 0, 0, NULL, NULL, NULL, 'pending', 0.00, 'pending', 'pending', 0.00, NULL, '2025-12-07 02:59:09', '2025-12-07 02:59:09', NULL, NULL, NULL, NULL, NULL, NULL, NULL, NULL),
(70, 98, 0, 0, NULL, NULL, NULL, 'pending', 0.00, 'pending', 'pending', 0.00, NULL, '2025-12-07 04:01:54', '2025-12-07 04:01:54', NULL, NULL, NULL, NULL, NULL, NULL, NULL, NULL),
(71, 99, 0, 0, NULL, NULL, NULL, 'pending', 0.00, 'pending', 'pending', 0.00, NULL, '2025-12-07 09:41:32', '2025-12-07 09:41:32', NULL, NULL, NULL, NULL, NULL, NULL, NULL, NULL),
(72, 100, 0, 0, NULL, NULL, NULL, 'pending', 0.00, 'pending', 'pending', 0.00, NULL, '2025-12-07 09:55:07', '2025-12-07 09:55:07', NULL, NULL, NULL, NULL, NULL, NULL, NULL, NULL),
(73, 101, 0, 0, NULL, NULL, NULL, 'pending', 0.00, 'pending', 'pending', 0.00, NULL, '2025-12-07 10:07:35', '2025-12-07 10:07:35', NULL, NULL, NULL, NULL, NULL, NULL, NULL, NULL),
(74, 102, 0, 0, NULL, NULL, NULL, 'pending', 0.00, 'pending', 'pending', 0.00, NULL, '2025-12-07 10:48:24', '2025-12-07 10:48:24', NULL, NULL, NULL, NULL, NULL, NULL, NULL, NULL),
(75, 103, 0, 0, NULL, NULL, NULL, 'pending', 0.00, 'pending', 'pending', 0.00, NULL, '2025-12-07 10:49:57', '2025-12-07 10:49:57', NULL, NULL, NULL, NULL, NULL, NULL, NULL, NULL),
(76, 104, 0, 0, NULL, NULL, NULL, 'pending', 0.00, 'pending', 'pending', 0.00, NULL, '2025-12-07 10:53:47', '2025-12-07 10:53:47', NULL, NULL, NULL, NULL, NULL, NULL, NULL, NULL),
(77, 105, 0, 0, NULL, NULL, NULL, 'pending', 0.00, 'pending', 'pending', 0.00, NULL, '2025-12-07 10:55:43', '2025-12-07 10:55:43', NULL, NULL, NULL, NULL, NULL, NULL, NULL, NULL),
(78, 106, 0, 0, NULL, NULL, NULL, 'pending', 0.00, 'pending', 'pending', 0.00, NULL, '2025-12-07 10:57:14', '2025-12-07 10:57:14', NULL, NULL, NULL, NULL, NULL, NULL, NULL, NULL),
(79, 107, 0, 0, NULL, NULL, NULL, 'pending', 0.00, 'pending', 'pending', 0.00, NULL, '2025-12-07 11:17:33', '2025-12-07 11:17:33', NULL, NULL, NULL, NULL, NULL, NULL, NULL, NULL),
(80, 108, 0, 0, NULL, NULL, NULL, 'pending', 0.00, 'pending', 'pending', 0.00, NULL, '2025-12-08 02:12:20', '2025-12-08 02:12:20', NULL, NULL, NULL, NULL, NULL, NULL, NULL, NULL),
(81, 109, 0, 0, NULL, NULL, NULL, 'pending', 0.00, 'pending', 'pending', 0.00, NULL, '2025-12-08 02:36:49', '2025-12-08 02:36:49', NULL, NULL, NULL, NULL, NULL, NULL, NULL, NULL),
(82, 110, 0, 0, NULL, NULL, NULL, 'pending', 0.00, 'pending', 'pending', 0.00, NULL, '2025-12-08 03:27:41', '2025-12-08 03:27:41', NULL, NULL, NULL, NULL, NULL, NULL, NULL, NULL),
(84, 112, 0, 0, NULL, NULL, NULL, 'pending', 0.00, 'pending', 'pending', 0.00, NULL, '2025-12-08 04:09:03', '2025-12-08 04:09:03', NULL, NULL, NULL, NULL, NULL, NULL, NULL, NULL),
(85, 113, 0, 0, NULL, NULL, NULL, 'pending', 0.00, 'pending', 'pending', 0.00, NULL, '2025-12-08 04:17:54', '2025-12-08 04:17:54', NULL, NULL, NULL, NULL, NULL, NULL, NULL, NULL),
(86, 114, 0, 0.01, '', '', NULL, 'pending', 0.00, 'pending', 'pending', 0.00, NULL, '2025-12-08 04:20:42', '2025-12-08 04:20:42', NULL, '', NULL, NULL, NULL, NULL, NULL, NULL),
(87, 115, 0, 0, NULL, NULL, NULL, 'pending', 0.00, 'pending', 'pending', 0.00, NULL, '2025-12-08 04:23:42', '2025-12-08 04:23:42', NULL, NULL, NULL, NULL, NULL, NULL, NULL, NULL),
(88, 116, 0, 0, NULL, NULL, NULL, 'pending', 0.00, 'pending', 'pending', 0.00, NULL, '2025-12-08 04:27:52', '2025-12-08 04:27:52', NULL, NULL, NULL, NULL, NULL, NULL, NULL, NULL),
(89, 117, 0, 0.01, '', '', NULL, 'pending', 0.00, 'pending', 'pending', 0.00, NULL, '2025-12-08 04:32:52', '2025-12-08 04:32:52', NULL, '', NULL, NULL, NULL, NULL, NULL, NULL),
(90, 118, 0, 0, NULL, NULL, NULL, 'pending', 0.00, 'pending', 'pending', 0.00, NULL, '2025-12-08 04:59:34', '2025-12-08 04:59:34', NULL, NULL, NULL, NULL, NULL, NULL, NULL, NULL),
(91, 119, 0, 0, NULL, NULL, NULL, 'pending', 0.00, 'pending', 'pending', 0.00, NULL, '2025-12-08 05:06:06', '2025-12-08 05:06:06', NULL, NULL, NULL, NULL, NULL, NULL, NULL, NULL),
(92, 120, 0, 0.01, '', '', NULL, 'pending', 0.00, 'pending', 'pending', 0.00, NULL, '2025-12-08 06:55:00', '2025-12-08 06:55:00', NULL, '', NULL, NULL, NULL, NULL, NULL, NULL),
(93, 121, 0, 0, NULL, NULL, NULL, 'pending', 0.00, 'pending', 'pending', 0.00, NULL, '2025-12-08 07:22:01', '2025-12-08 07:22:01', NULL, NULL, NULL, NULL, NULL, NULL, NULL, NULL),
(94, 122, 0, 0, NULL, NULL, NULL, 'pending', 0.00, 'pending', 'pending', 0.00, NULL, '2025-12-08 07:29:22', '2025-12-08 07:29:22', NULL, NULL, NULL, NULL, NULL, NULL, NULL, NULL),
(95, 123, 0, 0, NULL, NULL, NULL, 'pending', 0.00, 'pending', 'pending', 0.00, NULL, '2025-12-08 08:49:23', '2025-12-08 08:49:23', NULL, NULL, NULL, NULL, NULL, NULL, NULL, NULL),
(96, 125, 0, 0, NULL, NULL, NULL, 'pending', 0.00, 'pending', 'pending', 0.00, NULL, '2025-12-08 08:59:49', '2025-12-08 08:59:49', NULL, NULL, NULL, NULL, NULL, NULL, NULL, NULL),
(97, 124, 0, 0.01, '', '', NULL, 'pending', 0.00, 'pending', 'pending', 0.00, NULL, '2025-12-08 09:00:07', '2025-12-08 09:00:07', NULL, '', NULL, NULL, NULL, NULL, NULL, NULL),
(98, 126, 0, 0.01, '', '', NULL, 'pending', 0.00, 'pending', 'pending', 0.00, NULL, '2025-12-09 15:17:27', '2025-12-09 15:17:27', NULL, '', NULL, NULL, NULL, NULL, NULL, NULL),
(99, 127, 0, 0.01, '', '', NULL, 'pending', 0.00, 'pending', 'pending', 0.00, NULL, '2025-12-09 15:22:26', '2025-12-09 15:22:26', NULL, '', NULL, NULL, NULL, NULL, NULL, NULL),
(103, 131, 0, 0.01, '', '', NULL, 'pending', 0.00, 'pending', 'pending', 0.00, NULL, '2025-12-09 16:26:28', '2025-12-09 16:26:28', NULL, '', NULL, NULL, NULL, NULL, NULL, NULL),
(108, 139, 0, 0.01, '', '', NULL, 'pending', 0.00, 'pending', 'pending', 0.00, NULL, '2025-12-09 18:00:51', '2025-12-09 18:00:51', NULL, '', NULL, NULL, NULL, NULL, NULL, NULL),
(109, 140, 0, 0.01, '', '', NULL, 'pending', 0.00, 'pending', 'pending', 0.00, NULL, '2025-12-09 18:12:36', '2025-12-09 18:12:36', NULL, '', NULL, NULL, NULL, NULL, NULL, NULL),
(111, 142, 0, 0, NULL, NULL, NULL, 'pending', 0.00, 'pending', 'pending', 0.00, NULL, '2025-12-09 07:02:24', '2025-12-09 07:02:24', NULL, NULL, NULL, NULL, NULL, NULL, NULL, NULL),
(112, 143, 0, 0.01, '', '', NULL, 'pending', 0.00, 'pending', 'pending', 0.00, NULL, '2025-12-09 08:00:11', '2025-12-09 08:00:11', NULL, '', NULL, NULL, NULL, NULL, NULL, NULL),
(113, 144, 0, 0, NULL, NULL, NULL, 'pending', 0.00, 'pending', 'pending', 0.00, NULL, '2025-12-09 08:37:39', '2025-12-09 08:37:39', NULL, NULL, NULL, NULL, NULL, NULL, NULL, NULL),
(114, 145, 0, 0.01, '', '', NULL, 'pending', 0.00, 'pending', 'pending', 0.00, NULL, '2025-12-09 09:59:18', '2025-12-09 09:59:18', NULL, '', NULL, NULL, NULL, NULL, NULL, NULL),
(115, 146, 0, 0, NULL, NULL, NULL, 'pending', 0.00, 'pending', 'pending', 0.00, NULL, '2025-12-09 13:04:24', '2025-12-09 13:04:24', NULL, NULL, NULL, NULL, NULL, NULL, NULL, NULL),
(116, 147, 0, 0, NULL, NULL, NULL, 'pending', 0.00, 'pending', 'pending', 0.00, NULL, '2025-12-09 13:06:17', '2025-12-09 13:06:17', NULL, NULL, NULL, NULL, NULL, NULL, NULL, NULL),
(117, 148, 0, 0, NULL, NULL, NULL, 'pending', 0.00, 'pending', 'pending', 0.00, NULL, '2025-12-09 13:07:46', '2025-12-09 13:07:46', NULL, NULL, NULL, NULL, NULL, NULL, NULL, NULL),
(118, 149, 0, 0, NULL, NULL, NULL, 'pending', 0.00, 'pending', 'pending', 0.00, NULL, '2025-12-09 13:09:21', '2025-12-09 13:09:21', NULL, NULL, NULL, NULL, NULL, NULL, NULL, NULL),
(119, 150, 0, 0, NULL, NULL, NULL, 'pending', 0.00, 'pending', 'pending', 0.00, NULL, '2025-12-09 13:15:17', '2025-12-09 13:15:17', NULL, NULL, NULL, NULL, NULL, NULL, NULL, NULL);

-- --------------------------------------------------------

--
-- Table structure for table `ec_shipment_histories`
--

CREATE TABLE `ec_shipment_histories` (
  `id` bigint UNSIGNED NOT NULL,
  `action` varchar(120) COLLATE utf8mb4_unicode_ci NOT NULL,
  `description` varchar(400) COLLATE utf8mb4_unicode_ci DEFAULT NULL,
  `user_id` bigint UNSIGNED DEFAULT NULL,
  `shipment_id` bigint UNSIGNED NOT NULL,
  `order_id` bigint UNSIGNED NOT NULL,
  `created_at` timestamp NULL DEFAULT NULL,
  `updated_at` timestamp NULL DEFAULT NULL,
  `user_type` varchar(191) COLLATE utf8mb4_unicode_ci NOT NULL DEFAULT 'Botble\\ACL\\Models\\User'
) ENGINE=InnoDB DEFAULT CHARSET=utf8mb4 COLLATE=utf8mb4_unicode_ci;

--
-- Dumping data for table `ec_shipment_histories`
--

INSERT INTO `ec_shipment_histories` (`id`, `action`, `description`, `user_id`, `shipment_id`, `order_id`, `created_at`, `updated_at`, `user_type`) VALUES
(1, 'update_status', 'Changed status of shipping to: Ready to be shipped out. Updated by: %user_name%', 1, 1, 1, '2025-10-08 20:25:37', '2025-10-08 20:25:37', 'Botble\\ACL\\Models\\User'),
(2, 'update_status', 'Changed status of shipping to: Delivered. Updated by: %user_name%', 1, 1, 1, '2025-10-08 20:29:50', '2025-10-08 20:29:50', 'Botble\\ACL\\Models\\User');

-- --------------------------------------------------------

--
-- Table structure for table `ec_shipping`
--

CREATE TABLE `ec_shipping` (
  `id` bigint UNSIGNED NOT NULL,
  `title` varchar(191) COLLATE utf8mb4_unicode_ci DEFAULT NULL,
  `country` varchar(120) COLLATE utf8mb4_unicode_ci DEFAULT NULL,
  `created_at` timestamp NULL DEFAULT NULL,
  `updated_at` timestamp NULL DEFAULT NULL
) ENGINE=InnoDB DEFAULT CHARSET=utf8mb4 COLLATE=utf8mb4_unicode_ci;

--
-- Dumping data for table `ec_shipping`
--

INSERT INTO `ec_shipping` (`id`, `title`, `country`, `created_at`, `updated_at`) VALUES
(1, 'All', NULL, '2025-05-03 11:19:25', '2025-05-03 11:19:25'),
(2, 'IN', 'IN', '2025-11-14 04:32:18', '2025-11-14 04:32:18'),
(3, 'AU', 'AU', '2025-11-14 04:32:34', '2025-11-14 04:32:34');

-- --------------------------------------------------------

--
-- Table structure for table `ec_shipping_rules`
--

CREATE TABLE `ec_shipping_rules` (
  `id` bigint UNSIGNED NOT NULL,
  `name` varchar(120) COLLATE utf8mb4_unicode_ci NOT NULL,
  `shipping_id` bigint UNSIGNED NOT NULL,
  `type` varchar(24) COLLATE utf8mb4_unicode_ci DEFAULT 'based_on_price',
  `from` decimal(15,2) DEFAULT '0.00',
  `to` decimal(15,2) DEFAULT '0.00',
  `price` decimal(15,2) DEFAULT '0.00',
  `created_at` timestamp NULL DEFAULT NULL,
  `updated_at` timestamp NULL DEFAULT NULL
) ENGINE=InnoDB DEFAULT CHARSET=utf8mb4 COLLATE=utf8mb4_unicode_ci;

--
-- Dumping data for table `ec_shipping_rules`
--

INSERT INTO `ec_shipping_rules` (`id`, `name`, `shipping_id`, `type`, `from`, `to`, `price`, `created_at`, `updated_at`) VALUES
(1, 'Free delivery', 1, 'based_on_price', 1000.00, NULL, 0.00, '2025-05-03 11:19:25', '2025-05-03 11:19:25'),
(2, 'Flat Rate', 1, 'based_on_price', 0.00, NULL, 20.00, '2025-05-03 11:19:25', '2025-05-03 11:19:25'),
(3, 'Local Pickup', 1, 'based_on_price', 0.00, NULL, 0.00, '2025-05-03 11:19:25', '2025-05-03 11:19:25'),
(4, 'Delivery', 2, 'based_on_price', 1000.00, NULL, 0.00, '2025-11-14 04:32:19', '2025-11-14 04:32:19'),
(5, 'Delivery', 3, 'based_on_price', 1000.00, NULL, 0.00, '2025-11-14 04:32:34', '2025-11-14 04:32:34');

-- --------------------------------------------------------

--
-- Table structure for table `ec_shipping_rule_items`
--

CREATE TABLE `ec_shipping_rule_items` (
  `id` bigint UNSIGNED NOT NULL,
  `shipping_rule_id` bigint UNSIGNED NOT NULL,
  `country` varchar(120) COLLATE utf8mb4_unicode_ci DEFAULT NULL,
  `state` varchar(120) COLLATE utf8mb4_unicode_ci DEFAULT NULL,
  `city` varchar(120) COLLATE utf8mb4_unicode_ci DEFAULT NULL,
  `zip_code` varchar(20) COLLATE utf8mb4_unicode_ci DEFAULT NULL,
  `adjustment_price` decimal(15,2) DEFAULT '0.00',
  `is_enabled` tinyint(1) NOT NULL DEFAULT '1',
  `created_at` timestamp NULL DEFAULT NULL,
  `updated_at` timestamp NULL DEFAULT NULL
) ENGINE=InnoDB DEFAULT CHARSET=utf8mb4 COLLATE=utf8mb4_unicode_ci;

-- --------------------------------------------------------

--
-- Table structure for table `ec_specification_attributes`
--

CREATE TABLE `ec_specification_attributes` (
  `id` bigint UNSIGNED NOT NULL,
  `group_id` bigint UNSIGNED NOT NULL,
  `name` varchar(191) COLLATE utf8mb4_unicode_ci NOT NULL,
  `type` varchar(20) COLLATE utf8mb4_unicode_ci NOT NULL,
  `options` text COLLATE utf8mb4_unicode_ci,
  `default_value` varchar(191) COLLATE utf8mb4_unicode_ci DEFAULT NULL,
  `created_at` timestamp NULL DEFAULT NULL,
  `updated_at` timestamp NULL DEFAULT NULL,
  `author_type` varchar(191) COLLATE utf8mb4_unicode_ci DEFAULT NULL,
  `author_id` bigint UNSIGNED DEFAULT NULL
) ENGINE=InnoDB DEFAULT CHARSET=utf8mb4 COLLATE=utf8mb4_unicode_ci;

-- --------------------------------------------------------

--
-- Table structure for table `ec_specification_attributes_translations`
--

CREATE TABLE `ec_specification_attributes_translations` (
  `lang_code` varchar(20) COLLATE utf8mb4_unicode_ci NOT NULL,
  `ec_specification_attributes_id` bigint UNSIGNED NOT NULL,
  `name` varchar(191) COLLATE utf8mb4_unicode_ci DEFAULT NULL,
  `options` text COLLATE utf8mb4_unicode_ci,
  `default_value` varchar(191) COLLATE utf8mb4_unicode_ci DEFAULT NULL
) ENGINE=InnoDB DEFAULT CHARSET=utf8mb4 COLLATE=utf8mb4_unicode_ci;

-- --------------------------------------------------------

--
-- Table structure for table `ec_specification_groups`
--

CREATE TABLE `ec_specification_groups` (
  `id` bigint UNSIGNED NOT NULL,
  `name` varchar(191) COLLATE utf8mb4_unicode_ci NOT NULL,
  `description` varchar(400) COLLATE utf8mb4_unicode_ci DEFAULT NULL,
  `created_at` timestamp NULL DEFAULT NULL,
  `updated_at` timestamp NULL DEFAULT NULL,
  `author_type` varchar(191) COLLATE utf8mb4_unicode_ci DEFAULT NULL,
  `author_id` bigint UNSIGNED DEFAULT NULL
) ENGINE=InnoDB DEFAULT CHARSET=utf8mb4 COLLATE=utf8mb4_unicode_ci;

-- --------------------------------------------------------

--
-- Table structure for table `ec_specification_groups_translations`
--

CREATE TABLE `ec_specification_groups_translations` (
  `lang_code` varchar(20) COLLATE utf8mb4_unicode_ci NOT NULL,
  `ec_specification_groups_id` bigint UNSIGNED NOT NULL,
  `name` varchar(191) COLLATE utf8mb4_unicode_ci DEFAULT NULL,
  `description` varchar(400) COLLATE utf8mb4_unicode_ci DEFAULT NULL
) ENGINE=InnoDB DEFAULT CHARSET=utf8mb4 COLLATE=utf8mb4_unicode_ci;

-- --------------------------------------------------------

--
-- Table structure for table `ec_specification_tables`
--

CREATE TABLE `ec_specification_tables` (
  `id` bigint UNSIGNED NOT NULL,
  `name` varchar(191) COLLATE utf8mb4_unicode_ci NOT NULL,
  `description` varchar(400) COLLATE utf8mb4_unicode_ci DEFAULT NULL,
  `created_at` timestamp NULL DEFAULT NULL,
  `updated_at` timestamp NULL DEFAULT NULL,
  `author_type` varchar(191) COLLATE utf8mb4_unicode_ci DEFAULT NULL,
  `author_id` bigint UNSIGNED DEFAULT NULL
) ENGINE=InnoDB DEFAULT CHARSET=utf8mb4 COLLATE=utf8mb4_unicode_ci;

-- --------------------------------------------------------

--
-- Table structure for table `ec_specification_tables_translations`
--

CREATE TABLE `ec_specification_tables_translations` (
  `lang_code` varchar(20) COLLATE utf8mb4_unicode_ci NOT NULL,
  `ec_specification_tables_id` bigint UNSIGNED NOT NULL,
  `name` varchar(191) COLLATE utf8mb4_unicode_ci DEFAULT NULL,
  `description` varchar(400) COLLATE utf8mb4_unicode_ci DEFAULT NULL
) ENGINE=InnoDB DEFAULT CHARSET=utf8mb4 COLLATE=utf8mb4_unicode_ci;

-- --------------------------------------------------------

--
-- Table structure for table `ec_specification_table_group`
--

CREATE TABLE `ec_specification_table_group` (
  `table_id` bigint UNSIGNED NOT NULL,
  `group_id` bigint UNSIGNED NOT NULL,
  `order` tinyint NOT NULL DEFAULT '0'
) ENGINE=InnoDB DEFAULT CHARSET=utf8mb4 COLLATE=utf8mb4_unicode_ci;

-- --------------------------------------------------------

--
-- Table structure for table `ec_stock_adjustment`
--

CREATE TABLE `ec_stock_adjustment` (
  `id` bigint UNSIGNED NOT NULL,
  `adjustment_no` varchar(191) COLLATE utf8mb4_unicode_ci DEFAULT NULL,
  `date` date DEFAULT NULL,
  `total_item` int NOT NULL DEFAULT '0',
  `total_price` int DEFAULT NULL,
  `remark` text COLLATE utf8mb4_unicode_ci,
  `created_by` bigint UNSIGNED DEFAULT NULL,
  `created_ip` varchar(50) COLLATE utf8mb4_unicode_ci DEFAULT NULL,
  `updated_by` bigint UNSIGNED DEFAULT NULL,
  `updated_ip` varchar(50) COLLATE utf8mb4_unicode_ci DEFAULT NULL,
  `created_at` timestamp NULL DEFAULT NULL,
  `updated_at` timestamp NULL DEFAULT NULL
) ENGINE=InnoDB DEFAULT CHARSET=utf8mb4 COLLATE=utf8mb4_unicode_ci;

-- --------------------------------------------------------

--
-- Table structure for table `ec_stock_adjustment_details`
--

CREATE TABLE `ec_stock_adjustment_details` (
  `id` bigint UNSIGNED NOT NULL,
  `stock_adjustment_id` bigint UNSIGNED DEFAULT NULL,
  `product_id` bigint UNSIGNED DEFAULT NULL,
  `available_qty` decimal(15,2) NOT NULL DEFAULT '0.00',
  `adjust_qty` decimal(15,2) NOT NULL DEFAULT '0.00',
  `new_modify_qty` decimal(15,2) NOT NULL DEFAULT '0.00',
  `price` decimal(30,2) DEFAULT NULL,
  `remark` text COLLATE utf8mb4_unicode_ci,
  `created_by` bigint UNSIGNED DEFAULT NULL,
  `created_ip` varchar(50) COLLATE utf8mb4_unicode_ci DEFAULT NULL,
  `updated_by` bigint UNSIGNED DEFAULT NULL,
  `updated_ip` varchar(50) COLLATE utf8mb4_unicode_ci DEFAULT NULL,
  `created_at` timestamp NULL DEFAULT NULL,
  `updated_at` timestamp NULL DEFAULT NULL
) ENGINE=InnoDB DEFAULT CHARSET=utf8mb4 COLLATE=utf8mb4_unicode_ci;

-- --------------------------------------------------------

--
-- Table structure for table `ec_stock_adjustment_log`
--

CREATE TABLE `ec_stock_adjustment_log` (
  `id` bigint UNSIGNED NOT NULL,
  `type` varchar(100) COLLATE utf8mb4_unicode_ci DEFAULT NULL,
  `stock_adjustment_id` bigint UNSIGNED DEFAULT NULL,
  `log_detail` text COLLATE utf8mb4_unicode_ci,
  `created_by` bigint UNSIGNED DEFAULT NULL,
  `created_ip` varchar(50) COLLATE utf8mb4_unicode_ci DEFAULT NULL,
  `updated_by` bigint UNSIGNED DEFAULT NULL,
  `updated_ip` varchar(50) COLLATE utf8mb4_unicode_ci DEFAULT NULL,
  `created_at` timestamp NULL DEFAULT NULL,
  `updated_at` timestamp NULL DEFAULT NULL
) ENGINE=InnoDB DEFAULT CHARSET=utf8mb4 COLLATE=utf8mb4_unicode_ci;

-- --------------------------------------------------------

--
-- Table structure for table `ec_store_locators`
--

CREATE TABLE `ec_store_locators` (
  `id` bigint UNSIGNED NOT NULL,
  `name` varchar(60) COLLATE utf8mb4_unicode_ci NOT NULL,
  `email` varchar(60) COLLATE utf8mb4_unicode_ci DEFAULT NULL,
  `phone` varchar(20) COLLATE utf8mb4_unicode_ci NOT NULL,
  `address` varchar(191) COLLATE utf8mb4_unicode_ci NOT NULL,
  `country` varchar(120) COLLATE utf8mb4_unicode_ci DEFAULT NULL,
  `state` varchar(120) COLLATE utf8mb4_unicode_ci DEFAULT NULL,
  `city` varchar(120) COLLATE utf8mb4_unicode_ci DEFAULT NULL,
  `is_primary` tinyint(1) DEFAULT '0',
  `is_shipping_location` tinyint(1) DEFAULT '1',
  `created_at` timestamp NULL DEFAULT NULL,
  `updated_at` timestamp NULL DEFAULT NULL,
  `zip_code` varchar(20) COLLATE utf8mb4_unicode_ci DEFAULT NULL
) ENGINE=InnoDB DEFAULT CHARSET=utf8mb4 COLLATE=utf8mb4_unicode_ci;

--
-- Dumping data for table `ec_store_locators`
--

INSERT INTO `ec_store_locators` (`id`, `name`, `email`, `phone`, `address`, `country`, `state`, `city`, `is_primary`, `is_shipping_location`, `created_at`, `updated_at`, `zip_code`) VALUES
(1, 'Tyres Planet', 'sales@tyresplanet.com.au', '0731443131', '209 Mycroyle St, Wacol', 'AU', '57', '12244', 1, 1, '2025-05-03 11:19:25', '2025-12-04 16:56:18', '4076');

-- --------------------------------------------------------

--
-- Table structure for table `ec_taxes`
--

CREATE TABLE `ec_taxes` (
  `id` bigint UNSIGNED NOT NULL,
  `title` varchar(191) COLLATE utf8mb4_unicode_ci DEFAULT NULL,
  `percentage` float DEFAULT NULL,
  `priority` int DEFAULT NULL,
  `status` varchar(60) COLLATE utf8mb4_unicode_ci NOT NULL DEFAULT 'published',
  `created_at` timestamp NULL DEFAULT NULL,
  `updated_at` timestamp NULL DEFAULT NULL
) ENGINE=InnoDB DEFAULT CHARSET=utf8mb4 COLLATE=utf8mb4_unicode_ci;

--
-- Dumping data for table `ec_taxes`
--

INSERT INTO `ec_taxes` (`id`, `title`, `percentage`, `priority`, `status`, `created_at`, `updated_at`) VALUES
(1, 'GST', 10, 1, 'published', '2025-05-03 11:19:25', '2025-11-10 08:18:39'),
(2, 'None', 0, 2, 'published', '2025-05-03 11:19:25', '2025-05-03 11:19:25'),
(3, 'Import Tax', 15, 3, 'published', '2025-05-03 11:19:25', '2025-05-03 11:19:25');

-- --------------------------------------------------------

--
-- Table structure for table `ec_taxes_translations`
--

CREATE TABLE `ec_taxes_translations` (
  `lang_code` varchar(191) COLLATE utf8mb4_unicode_ci NOT NULL,
  `ec_taxes_id` bigint UNSIGNED NOT NULL,
  `title` varchar(191) COLLATE utf8mb4_unicode_ci DEFAULT NULL
) ENGINE=InnoDB DEFAULT CHARSET=utf8mb4 COLLATE=utf8mb4_unicode_ci;

-- --------------------------------------------------------

--
-- Table structure for table `ec_tax_products`
--

CREATE TABLE `ec_tax_products` (
  `tax_id` bigint UNSIGNED NOT NULL,
  `product_id` bigint UNSIGNED NOT NULL
) ENGINE=InnoDB DEFAULT CHARSET=utf8mb4 COLLATE=utf8mb4_unicode_ci;

-- --------------------------------------------------------

--
-- Table structure for table `ec_tax_rules`
--

CREATE TABLE `ec_tax_rules` (
  `id` bigint UNSIGNED NOT NULL,
  `tax_id` bigint UNSIGNED NOT NULL,
  `country` varchar(120) COLLATE utf8mb4_unicode_ci DEFAULT NULL,
  `state` varchar(120) COLLATE utf8mb4_unicode_ci DEFAULT NULL,
  `city` varchar(120) COLLATE utf8mb4_unicode_ci DEFAULT NULL,
  `zip_code` varchar(20) COLLATE utf8mb4_unicode_ci DEFAULT NULL,
  `priority` int DEFAULT NULL,
  `is_enabled` tinyint(1) NOT NULL DEFAULT '1',
  `created_at` timestamp NULL DEFAULT NULL,
  `updated_at` timestamp NULL DEFAULT NULL,
  `percentage` float DEFAULT NULL
) ENGINE=InnoDB DEFAULT CHARSET=utf8mb4 COLLATE=utf8mb4_unicode_ci;

-- --------------------------------------------------------

--
-- Table structure for table `ec_terms_and_condition`
--

CREATE TABLE `ec_terms_and_condition` (
  `id` bigint UNSIGNED NOT NULL,
  `name` varchar(191) COLLATE utf8mb4_unicode_ci DEFAULT NULL,
  `shortname` varchar(150) COLLATE utf8mb4_unicode_ci DEFAULT NULL,
  `description` text COLLATE utf8mb4_unicode_ci,
  `status` bigint UNSIGNED DEFAULT NULL,
  `remark` varchar(255) COLLATE utf8mb4_unicode_ci DEFAULT NULL,
  `is_default` tinyint(1) NOT NULL DEFAULT '0',
  `default_modules` longtext CHARACTER SET utf8mb4 COLLATE utf8mb4_bin,
  `created_by` bigint UNSIGNED DEFAULT NULL,
  `created_ip` varchar(20) COLLATE utf8mb4_unicode_ci DEFAULT NULL,
  `updated_by` bigint UNSIGNED DEFAULT NULL,
  `updated_ip` varchar(20) COLLATE utf8mb4_unicode_ci DEFAULT NULL,
  `created_at` timestamp NULL DEFAULT NULL,
  `updated_at` timestamp NULL DEFAULT NULL
) ;

-- --------------------------------------------------------

--
-- Table structure for table `ec_wish_lists`
--

CREATE TABLE `ec_wish_lists` (
  `customer_id` bigint UNSIGNED NOT NULL,
  `product_id` bigint UNSIGNED NOT NULL,
  `created_at` timestamp NULL DEFAULT NULL,
  `updated_at` timestamp NULL DEFAULT NULL
) ENGINE=InnoDB DEFAULT CHARSET=utf8mb4 COLLATE=utf8mb4_unicode_ci;

-- --------------------------------------------------------

--
-- Table structure for table `failed_jobs`
--

CREATE TABLE `failed_jobs` (
  `id` bigint UNSIGNED NOT NULL,
  `uuid` varchar(191) COLLATE utf8mb4_unicode_ci NOT NULL,
  `connection` text COLLATE utf8mb4_unicode_ci NOT NULL,
  `queue` text COLLATE utf8mb4_unicode_ci NOT NULL,
  `payload` longtext COLLATE utf8mb4_unicode_ci NOT NULL,
  `exception` longtext COLLATE utf8mb4_unicode_ci NOT NULL,
  `failed_at` timestamp NOT NULL DEFAULT CURRENT_TIMESTAMP
) ENGINE=InnoDB DEFAULT CHARSET=utf8mb4 COLLATE=utf8mb4_unicode_ci;

-- --------------------------------------------------------

--
-- Table structure for table `faqs`
--

CREATE TABLE `faqs` (
  `id` bigint UNSIGNED NOT NULL,
  `question` text COLLATE utf8mb4_unicode_ci NOT NULL,
  `answer` text COLLATE utf8mb4_unicode_ci NOT NULL,
  `category_id` bigint UNSIGNED NOT NULL,
  `status` varchar(60) COLLATE utf8mb4_unicode_ci NOT NULL DEFAULT 'published',
  `created_at` timestamp NULL DEFAULT NULL,
  `updated_at` timestamp NULL DEFAULT NULL
) ENGINE=InnoDB DEFAULT CHARSET=utf8mb4 COLLATE=utf8mb4_unicode_ci;

--
-- Dumping data for table `faqs`
--

INSERT INTO `faqs` (`id`, `question`, `answer`, `category_id`, `status`, `created_at`, `updated_at`) VALUES
(12, 'What types of tyres do you sell?', '<p>We supply a wide range of tyres including <strong>passenger, SUV, 4x4, light truck, and commercial tyres</strong>. Whether you’re looking for budget, mid-range, or premium brands — we’ve got you covered.</p>', 1, 'published', '2025-10-10 05:42:06', '2025-10-10 05:42:06'),
(13, 'Do you offer tyre fitting and alignment services?', '<p>Yes. We provide <strong>professional tyre fitting, wheel balancing, and alignment services</strong> at our Acacia Ridge workshop. You can also buy tyres online and get them fitted at our location.</p>', 4, 'published', '2025-10-10 05:42:23', '2025-10-10 05:42:23'),
(14, 'Can I buy tyres online from Tyres Planet?', '<p>Absolutely. You can browse tyres by <strong>size, brand, or vehicle type</strong> on our website, place your order online, and we’ll dispatch your tyres quickly — 95% of orders are shipped the same day.</p>', 1, 'published', '2025-10-10 05:42:43', '2025-10-10 05:42:43'),
(15, 'Do you deliver Australia-wide?', '<p>Yes, we deliver <strong>nationwide across Australia</strong>, with quick dispatch and trusted courier partners. Local pickup is also available from our Acacia Ridge warehouse.</p>', 1, 'published', '2025-10-10 05:42:56', '2025-10-10 05:42:56'),
(16, 'Do you sell wholesale to dealers or workshops?', '<p>Yes, we offer <strong>special wholesale pricing</strong> and dealer programs. Tyre retailers, mechanics, and fleet owners can register for a wholesale account to access exclusive discounts and bulk offers.</p>', 1, 'published', '2025-10-10 05:43:15', '2025-10-10 05:43:15'),
(17, 'How can I contact Tyres Planet?', '<p>You can reach us at:<br>📍 <strong>Tyres Planet PTY LTD</strong><br><strong>       209 Mcroyle St, Wacol 4076</strong><br>📞 <strong>07 3144 3131</strong></p><p>📞 <strong>048841 3131</strong></p><p>✉️ <a class=\"decorated-link cursor-pointer\" rel=\"noopener\"><strong>sales@tyresplanet.com.au</strong></a></p>', 1, 'published', '2025-10-10 05:45:56', '2025-12-01 06:35:57');

-- --------------------------------------------------------

--
-- Table structure for table `faqs_translations`
--

CREATE TABLE `faqs_translations` (
  `lang_code` varchar(20) COLLATE utf8mb4_unicode_ci NOT NULL,
  `faqs_id` bigint UNSIGNED NOT NULL,
  `question` text COLLATE utf8mb4_unicode_ci,
  `answer` text COLLATE utf8mb4_unicode_ci
) ENGINE=InnoDB DEFAULT CHARSET=utf8mb4 COLLATE=utf8mb4_unicode_ci;

-- --------------------------------------------------------

--
-- Table structure for table `faq_categories`
--

CREATE TABLE `faq_categories` (
  `id` bigint UNSIGNED NOT NULL,
  `name` varchar(120) COLLATE utf8mb4_unicode_ci NOT NULL,
  `order` tinyint NOT NULL DEFAULT '0',
  `status` varchar(60) COLLATE utf8mb4_unicode_ci NOT NULL DEFAULT 'published',
  `created_at` timestamp NULL DEFAULT NULL,
  `updated_at` timestamp NULL DEFAULT NULL,
  `description` varchar(400) COLLATE utf8mb4_unicode_ci DEFAULT NULL
) ENGINE=InnoDB DEFAULT CHARSET=utf8mb4 COLLATE=utf8mb4_unicode_ci;

--
-- Dumping data for table `faq_categories`
--

INSERT INTO `faq_categories` (`id`, `name`, `order`, `status`, `created_at`, `updated_at`, `description`) VALUES
(1, 'General', 0, 'published', '2025-05-03 11:18:36', '2025-10-08 12:37:08', NULL),
(2, 'Buying', 1, 'published', '2025-05-03 11:18:36', '2025-05-03 11:18:36', NULL),
(3, 'Payment', 2, 'published', '2025-05-03 11:18:36', '2025-05-03 11:18:36', NULL),
(4, 'Support', 3, 'published', '2025-05-03 11:18:36', '2025-05-03 11:18:36', NULL);

-- --------------------------------------------------------

--
-- Table structure for table `faq_categories_translations`
--

CREATE TABLE `faq_categories_translations` (
  `lang_code` varchar(20) COLLATE utf8mb4_unicode_ci NOT NULL,
  `faq_categories_id` bigint UNSIGNED NOT NULL,
  `name` varchar(120) COLLATE utf8mb4_unicode_ci DEFAULT NULL
) ENGINE=InnoDB DEFAULT CHARSET=utf8mb4 COLLATE=utf8mb4_unicode_ci;

-- --------------------------------------------------------

--
-- Table structure for table `jobs`
--

CREATE TABLE `jobs` (
  `id` bigint UNSIGNED NOT NULL,
  `queue` varchar(191) COLLATE utf8mb4_unicode_ci NOT NULL,
  `payload` longtext COLLATE utf8mb4_unicode_ci NOT NULL,
  `attempts` tinyint UNSIGNED NOT NULL,
  `reserved_at` int UNSIGNED DEFAULT NULL,
  `available_at` int UNSIGNED NOT NULL,
  `created_at` int UNSIGNED NOT NULL
) ENGINE=InnoDB DEFAULT CHARSET=utf8mb4 COLLATE=utf8mb4_unicode_ci;

-- --------------------------------------------------------

--
-- Table structure for table `languages`
--

CREATE TABLE `languages` (
  `lang_id` bigint UNSIGNED NOT NULL,
  `lang_name` varchar(120) COLLATE utf8mb4_unicode_ci NOT NULL,
  `lang_locale` varchar(20) COLLATE utf8mb4_unicode_ci NOT NULL,
  `lang_code` varchar(20) COLLATE utf8mb4_unicode_ci NOT NULL,
  `lang_flag` varchar(20) COLLATE utf8mb4_unicode_ci DEFAULT NULL,
  `lang_is_default` tinyint UNSIGNED NOT NULL DEFAULT '0',
  `lang_order` int NOT NULL DEFAULT '0',
  `lang_is_rtl` tinyint UNSIGNED NOT NULL DEFAULT '0'
) ENGINE=InnoDB DEFAULT CHARSET=utf8mb4 COLLATE=utf8mb4_unicode_ci;

--
-- Dumping data for table `languages`
--

INSERT INTO `languages` (`lang_id`, `lang_name`, `lang_locale`, `lang_code`, `lang_flag`, `lang_is_default`, `lang_order`, `lang_is_rtl`) VALUES
(1, 'English', 'en', 'en_US', 'us', 1, 0, 0);

-- --------------------------------------------------------

--
-- Table structure for table `language_meta`
--

CREATE TABLE `language_meta` (
  `lang_meta_id` bigint UNSIGNED NOT NULL,
  `lang_meta_code` varchar(20) COLLATE utf8mb4_unicode_ci DEFAULT NULL,
  `lang_meta_origin` varchar(32) COLLATE utf8mb4_unicode_ci NOT NULL,
  `reference_id` bigint UNSIGNED NOT NULL,
  `reference_type` varchar(120) COLLATE utf8mb4_unicode_ci NOT NULL
) ENGINE=InnoDB DEFAULT CHARSET=utf8mb4 COLLATE=utf8mb4_unicode_ci;

--
-- Dumping data for table `language_meta`
--

INSERT INTO `language_meta` (`lang_meta_id`, `lang_meta_code`, `lang_meta_origin`, `reference_id`, `reference_type`) VALUES
(1, 'en_US', '61582a605c5b6c2955b103fb27fe2037', 1, 'Botble\\Menu\\Models\\MenuLocation'),
(2, 'en_US', 'c069bbd824afcc388bd10e9eb44baf71', 1, 'Botble\\Menu\\Models\\Menu'),
(3, 'en_US', '9591c13b10586fae3d31e5894e76eed0', 2, 'Botble\\Menu\\Models\\Menu'),
(4, 'en_US', 'ea1786bd0dc5852ad12a67c3eaf89efe', 3, 'Botble\\Menu\\Models\\Menu'),
(5, 'en_US', '2feb528ce955d403c2b78be6d99111e0', 4, 'Botble\\Menu\\Models\\Menu'),
(6, 'en_US', 'bb16d069fbd5f1612304abc9257de71c', 5, 'Botble\\Menu\\Models\\Menu'),
(7, 'en_US', '2688ac924cacf52e3cddffb3d9937015', 2, 'Botble\\Menu\\Models\\MenuLocation'),
(8, 'en_US', 'a111225d7a69cc59bf5bf351b0d58c3d', 6, 'Botble\\Menu\\Models\\Menu'),
(9, 'en_US', '0414e946bb635222dea89a4957dbf675', 7, 'Botble\\Menu\\Models\\MenuNode'),
(10, 'en_US', 'e9318fd2a49c499e3fa66141079aed51', 1, 'Botble\\Menu\\Models\\MenuNode'),
(11, 'en_US', 'f4e400da7b42b682502cc2695cb15fd6', 2, 'Botble\\Menu\\Models\\MenuNode'),
(12, 'en_US', 'ad17ab5238b267947889bff6c0d03284', 9, 'Botble\\Menu\\Models\\MenuNode'),
(13, 'en_US', '9f1e3f05f29c42a844e9791f90e3aa2c', 8, 'Botble\\Menu\\Models\\MenuNode'),
(14, 'en_US', 'c5393cd9415aefb01a2e759559ef7da4', 6, 'Botble\\Menu\\Models\\MenuNode'),
(15, 'en_US', '22767e961f65cfc7f3650ca729434d77', 5, 'Botble\\Menu\\Models\\MenuNode'),
(16, 'en_US', 'a200c6697fd076ccd0046c211a7e6928', 4, 'Botble\\Menu\\Models\\MenuNode'),
(17, 'en_US', '1a21037f632a04ccfec7d60667104a88', 3, 'Botble\\Menu\\Models\\MenuNode'),
(18, 'en_US', '31d2c45ea6354b81fc7b28a7f6a48965', 10, 'Botble\\Menu\\Models\\MenuNode'),
(19, 'en_US', '713ff71000ebaca12e65470234092233', 18, 'Botble\\Menu\\Models\\MenuNode'),
(20, 'en_US', 'bc2835ff4d1077299e6c20724599e690', 17, 'Botble\\Menu\\Models\\MenuNode'),
(21, 'en_US', '1fbe7388c13ae13510b7b6aa8edb0f64', 16, 'Botble\\Menu\\Models\\MenuNode'),
(22, 'en_US', 'a1a4c606c3c551075b0495cbc67c7f7c', 15, 'Botble\\Menu\\Models\\MenuNode'),
(23, 'en_US', '9a258ef9855e015ab10c39ddc47db34f', 14, 'Botble\\Menu\\Models\\MenuNode'),
(24, 'en_US', 'a91aa7eb5ded4e2430d1973514cc67e5', 13, 'Botble\\Menu\\Models\\MenuNode'),
(25, 'en_US', 'cc79e3e61be351e08a7bbfc563b082d9', 12, 'Botble\\Menu\\Models\\MenuNode'),
(26, 'en_US', '2b4f3bb6c8403a8da367ca20df65d919', 11, 'Botble\\Menu\\Models\\MenuNode'),
(27, 'en_US', 'cae43ff5b91d37ef1e1354170b4378dc', 19, 'Botble\\Menu\\Models\\MenuNode'),
(28, 'en_US', 'c49f79f5b6519b53102e6ac4cbcf0668', 20, 'Botble\\Menu\\Models\\MenuNode'),
(29, 'en_US', '525fb0e499458c6070ed996334d125e1', 27, 'Botble\\Menu\\Models\\MenuNode'),
(30, 'en_US', 'a0361775532e078cf534b374893ff55a', 26, 'Botble\\Menu\\Models\\MenuNode'),
(31, 'en_US', 'd2a9185c7c9207a8644d40e4ef0ab20d', 25, 'Botble\\Menu\\Models\\MenuNode'),
(32, 'en_US', '201d13358d46c22b2cfd9f5010252636', 24, 'Botble\\Menu\\Models\\MenuNode'),
(33, 'en_US', 'c23c6ecba5b557c029aab74c4993c9fc', 23, 'Botble\\Menu\\Models\\MenuNode'),
(34, 'en_US', '7bf08bf8b1d021b97d6eeda2634e187d', 22, 'Botble\\Menu\\Models\\MenuNode'),
(35, 'en_US', '9b0a2f3bfe00d03d675011553851a51e', 21, 'Botble\\Menu\\Models\\MenuNode'),
(36, 'en_US', '76351ecbf8018e8ecb713cec7452cde9', 28, 'Botble\\Menu\\Models\\MenuNode'),
(37, 'en_US', '28006115c75d21ef9118a7c9eb0049cf', 31, 'Botble\\Menu\\Models\\MenuNode'),
(38, 'en_US', '35951d4a0204dbd5f81a233dc2068537', 30, 'Botble\\Menu\\Models\\MenuNode'),
(39, 'en_US', '161c6c8c68637ce996f347c4a47c1f70', 29, 'Botble\\Menu\\Models\\MenuNode'),
(40, 'en_US', '29f590d0ad5a43f1b473ff23851833dc', 32, 'Botble\\Menu\\Models\\MenuNode'),
(41, 'en_US', '2e3e6837b351b30e2ada6d99deffe257', 37, 'Botble\\Menu\\Models\\MenuNode'),
(42, 'en_US', '3578b226b9542b975af3069d02aba951', 36, 'Botble\\Menu\\Models\\MenuNode'),
(43, 'en_US', '1dd85c33d133bcb238d445ccc6ff22ae', 35, 'Botble\\Menu\\Models\\MenuNode'),
(44, 'en_US', '1926f86f45082d725a534956c077491e', 34, 'Botble\\Menu\\Models\\MenuNode'),
(45, 'en_US', 'd1e115defbdf8b9f55cd23edaf2d62be', 33, 'Botble\\Menu\\Models\\MenuNode'),
(46, 'en_US', '4db656ba608816253cf28ae17cea54a8', 64, 'Botble\\Menu\\Models\\MenuNode'),
(47, 'en_US', '2860fff18dac8f3fe4d5c34b1d147981', 65, 'Botble\\Menu\\Models\\MenuNode'),
(48, 'en_US', '27ac3c8d722870e214dc4627201d67f5', 66, 'Botble\\Menu\\Models\\MenuNode'),
(49, 'en_US', '8cef0b665e5b98205bbeabc42f337c42', 67, 'Botble\\Menu\\Models\\MenuNode'),
(50, 'en_US', '503d1acd61590276344c1d638a54c74a', 38, 'Botble\\Menu\\Models\\MenuNode'),
(51, 'en_US', 'c7fc12b49bbe42b57932576a6125ebbd', 39, 'Botble\\Menu\\Models\\MenuNode'),
(52, 'en_US', 'b2b5ab6eed6cc2d119d503590f9d9d6b', 40, 'Botble\\Menu\\Models\\MenuNode'),
(53, 'en_US', 'bee13df27d1dbb04d5a93ad0d28d7591', 41, 'Botble\\Menu\\Models\\MenuNode'),
(54, 'en_US', '77c4c8b60f1f282cb9bb754232f340c3', 42, 'Botble\\Menu\\Models\\MenuNode'),
(55, 'en_US', '0589b8d9dc501f4951f47bf00f35d4b4', 43, 'Botble\\Menu\\Models\\MenuNode'),
(56, 'en_US', '1fa5ab4af69f462e46200f8796466376', 44, 'Botble\\Menu\\Models\\MenuNode'),
(57, 'en_US', '54d4ca5bcf4e66bc80f302a01e070e7e', 47, 'Botble\\Menu\\Models\\MenuNode'),
(58, 'en_US', '6b7e39ad8cc4124fce83962cc414c6ba', 48, 'Botble\\Menu\\Models\\MenuNode'),
(59, 'en_US', '598e2bbfcbe4d0b703d31d293cdf4a49', 68, 'Botble\\Menu\\Models\\MenuNode'),
(60, 'en_US', '4b0534206adc98f917897d4930da7158', 54, 'Botble\\Menu\\Models\\MenuNode'),
(61, 'en_US', 'b378875c6e45abae608d020fec7805c0', 69, 'Botble\\Menu\\Models\\MenuNode'),
(62, 'en_US', 'd65d7413e7ccadd7316839b3c433fe1b', 70, 'Botble\\Menu\\Models\\MenuNode'),
(63, 'en_US', '7d7107964624ff384e225a60063f6c25', 71, 'Botble\\Menu\\Models\\MenuNode'),
(64, 'en_US', '40a47a295a883ca7627f34bad253018c', 7, 'Botble\\Menu\\Models\\Menu'),
(65, 'en_US', '13e080f188fcdb8d6edae464949d35fb', 72, 'Botble\\Menu\\Models\\MenuNode'),
(66, 'en_US', 'dec283af92a90f0d144718bdf9299c37', 73, 'Botble\\Menu\\Models\\MenuNode'),
(67, 'en_US', 'dd7f7e3f13fa89b1ce08700809289e62', 74, 'Botble\\Menu\\Models\\MenuNode'),
(68, 'en_US', 'c756f7b06b0a2b3a0b02685e3536709c', 61, 'Botble\\Menu\\Models\\MenuNode'),
(69, 'en_US', 'ad84dd53ad4a19ddd1b6aa286ce55805', 62, 'Botble\\Menu\\Models\\MenuNode'),
(70, 'en_US', '0ac6493fedd8a9779f7c4ae3ad55bc8b', 63, 'Botble\\Menu\\Models\\MenuNode'),
(71, 'en_US', 'bda3153329aa0a767c6f7314dabaaab5', 75, 'Botble\\Menu\\Models\\MenuNode'),
(72, 'en_US', 'ec0b83b679ca0b4bf4484d0da99938ec', 76, 'Botble\\Menu\\Models\\MenuNode'),
(73, 'en_US', 'c75b890e6d7f81ac7cab67154ecd3da1', 79, 'Botble\\Menu\\Models\\MenuNode'),
(74, 'en_US', '57126c563fe7eac819bc4498072a0138', 80, 'Botble\\Menu\\Models\\MenuNode');

-- --------------------------------------------------------

--
-- Table structure for table `media_files`
--

CREATE TABLE `media_files` (
  `id` bigint UNSIGNED NOT NULL,
  `user_id` bigint UNSIGNED NOT NULL,
  `name` varchar(191) COLLATE utf8mb4_unicode_ci NOT NULL,
  `alt` varchar(191) COLLATE utf8mb4_unicode_ci DEFAULT NULL,
  `folder_id` bigint UNSIGNED NOT NULL DEFAULT '0',
  `mime_type` varchar(120) COLLATE utf8mb4_unicode_ci NOT NULL,
  `size` int NOT NULL,
  `url` varchar(191) COLLATE utf8mb4_unicode_ci NOT NULL,
  `options` text COLLATE utf8mb4_unicode_ci,
  `created_at` timestamp NULL DEFAULT NULL,
  `updated_at` timestamp NULL DEFAULT NULL,
  `deleted_at` timestamp NULL DEFAULT NULL,
  `visibility` varchar(191) COLLATE utf8mb4_unicode_ci NOT NULL DEFAULT 'public'
) ENGINE=InnoDB DEFAULT CHARSET=utf8mb4 COLLATE=utf8mb4_unicode_ci;

--
-- Dumping data for table `media_files`
--

INSERT INTO `media_files` (`id`, `user_id`, `name`, `alt`, `folder_id`, `mime_type`, `size`, `url`, `options`, `created_at`, `updated_at`, `deleted_at`, `visibility`) VALUES
(1, 0, 'banner', 'banner', 1, 'image/png', 68233, 'homepage1/banner.png', '[]', '2025-05-03 05:48:26', '2025-05-03 05:48:26', NULL, 'public'),
(2, 0, 'bg-1', 'bg-1', 1, 'image/png', 2350, 'homepage1/bg-1.png', '[]', '2025-05-03 05:48:27', '2025-05-03 05:48:27', NULL, 'public'),
(3, 0, 'bg-2', 'bg-2', 1, 'image/png', 2048, 'homepage1/bg-2.png', '[]', '2025-05-03 05:48:27', '2025-05-03 05:48:27', NULL, 'public'),
(4, 0, 'bg-3', 'bg-3', 1, 'image/png', 1150, 'homepage1/bg-3.png', '[]', '2025-05-03 05:48:27', '2025-05-03 05:48:27', NULL, 'public'),
(5, 0, 'bg-4', 'bg-4', 1, 'image/png', 1693, 'homepage1/bg-4.png', '[]', '2025-05-03 05:48:27', '2025-05-03 05:48:27', NULL, 'public'),
(6, 0, 'bg-5', 'bg-5', 1, 'image/png', 1293, 'homepage1/bg-5.png', '[]', '2025-05-03 05:48:27', '2025-05-03 05:48:27', NULL, 'public'),
(7, 0, 'business-strategy', 'business-strategy', 1, 'image/png', 2230, 'homepage1/business-strategy.png', '[]', '2025-05-03 05:48:27', '2025-05-03 05:48:27', NULL, 'public'),
(8, 0, 'business-white', 'business-white', 1, 'image/png', 2586, 'homepage1/business-white.png', '[]', '2025-05-03 05:48:27', '2025-05-03 05:48:27', NULL, 'public'),
(9, 0, 'cognity', 'cognity', 1, 'image/png', 756, 'homepage1/cognity.png', '[]', '2025-05-03 05:48:27', '2025-05-03 05:48:27', NULL, 'public'),
(10, 0, 'consulting', 'consulting', 1, 'image/png', 2118, 'homepage1/consulting.png', '[]', '2025-05-03 05:48:27', '2025-05-03 05:48:27', NULL, 'public'),
(11, 0, 'img-1', 'img-1', 1, 'image/jpeg', 17261, 'homepage1/img-1.jpg', '[]', '2025-05-03 05:48:28', '2025-05-03 05:48:28', NULL, 'public'),
(12, 0, 'img-2', 'img-2', 1, 'image/jpeg', 17261, 'homepage1/img-2.jpg', '[]', '2025-05-03 05:48:28', '2025-05-03 05:48:28', NULL, 'public'),
(13, 0, 'img-3', 'img-3', 1, 'image/jpeg', 17261, 'homepage1/img-3.jpg', '[]', '2025-05-03 05:48:28', '2025-05-03 05:48:28', NULL, 'public'),
(14, 0, 'img-4', 'img-4', 1, 'image/jpeg', 17261, 'homepage1/img-4.jpg', '[]', '2025-05-03 05:48:28', '2025-05-03 05:48:28', NULL, 'public'),
(15, 0, 'img-5', 'img-5', 1, 'image/jpeg', 17261, 'homepage1/img-5.jpg', '[]', '2025-05-03 05:48:28', '2025-05-03 05:48:28', NULL, 'public'),
(16, 0, 'img-6', 'img-6', 1, 'image/jpeg', 17261, 'homepage1/img-6.jpg', '[]', '2025-05-03 05:48:29', '2025-05-03 05:48:29', NULL, 'public'),
(17, 0, 'img-7', 'img-7', 1, 'image/png', 51984, 'homepage1/img-7.png', '[]', '2025-05-03 05:48:29', '2025-05-03 05:48:29', NULL, 'public'),
(18, 0, 'local-white', 'local-white', 1, 'image/png', 1964, 'homepage1/local-white.png', '[]', '2025-05-03 05:48:29', '2025-05-03 05:48:29', NULL, 'public'),
(19, 0, 'local', 'local', 1, 'image/png', 2158, 'homepage1/local.png', '[]', '2025-05-03 05:48:29', '2025-05-03 05:48:29', NULL, 'public'),
(20, 0, 'market', 'market', 1, 'image/png', 1868, 'homepage1/market.png', '[]', '2025-05-03 05:48:29', '2025-05-03 05:48:29', NULL, 'public'),
(21, 0, 'social-white', 'social-white', 1, 'image/png', 2823, 'homepage1/social-white.png', '[]', '2025-05-03 05:48:30', '2025-05-03 05:48:30', NULL, 'public'),
(22, 0, 'social', 'social', 1, 'image/png', 2265, 'homepage1/social.png', '[]', '2025-05-03 05:48:30', '2025-05-03 05:48:30', NULL, 'public'),
(23, 0, 'video-bg', 'video-bg', 1, 'image/png', 12788, 'homepage1/video-bg.png', '[]', '2025-05-03 05:48:30', '2025-05-03 05:48:30', NULL, 'public'),
(24, 0, '1', '1', 2, 'image/png', 9803, 'company/1.png', '[]', '2025-05-03 05:48:30', '2025-05-03 05:48:30', NULL, 'public'),
(25, 0, '2', '2', 2, 'image/png', 9803, 'company/2.png', '[]', '2025-05-03 05:48:30', '2025-05-03 05:48:30', NULL, 'public'),
(26, 0, '3', '3', 2, 'image/png', 9803, 'company/3.png', '[]', '2025-05-03 05:48:30', '2025-05-03 05:48:30', NULL, 'public'),
(27, 0, '4', '4', 2, 'image/png', 9803, 'company/4.png', '[]', '2025-05-03 05:48:30', '2025-05-03 05:48:30', NULL, 'public'),
(28, 0, '5', '5', 2, 'image/png', 9803, 'company/5.png', '[]', '2025-05-03 05:48:30', '2025-05-03 05:48:30', NULL, 'public'),
(29, 0, '6', '6', 2, 'image/png', 9803, 'company/6.png', '[]', '2025-05-03 05:48:31', '2025-05-03 05:48:31', NULL, 'public'),
(30, 0, '7', '7', 2, 'image/png', 9803, 'company/7.png', '[]', '2025-05-03 05:48:31', '2025-05-03 05:48:31', NULL, 'public'),
(31, 0, '8', '8', 2, 'image/png', 9803, 'company/8.png', '[]', '2025-05-03 05:48:31', '2025-05-03 05:48:31', NULL, 'public'),
(32, 0, '9', '9', 2, 'image/png', 9803, 'company/9.png', '[]', '2025-05-03 05:48:31', '2025-05-03 05:48:31', NULL, 'public'),
(33, 0, '1', '1', 3, 'image/jpeg', 9803, 'news/1.jpg', '[]', '2025-05-03 05:48:32', '2025-05-03 05:48:32', NULL, 'public'),
(34, 0, '10', '10', 3, 'image/jpeg', 9803, 'news/10.jpg', '[]', '2025-05-03 05:48:32', '2025-05-03 05:48:32', NULL, 'public'),
(35, 0, '11', '11', 3, 'image/jpeg', 9803, 'news/11.jpg', '[]', '2025-05-03 05:48:32', '2025-05-03 05:48:32', NULL, 'public'),
(36, 0, '12', '12', 3, 'image/jpeg', 9803, 'news/12.jpg', '[]', '2025-05-03 05:48:32', '2025-05-03 05:48:32', NULL, 'public'),
(37, 0, '13', '13', 3, 'image/jpeg', 9803, 'news/13.jpg', '[]', '2025-05-03 05:48:32', '2025-05-03 05:48:32', NULL, 'public'),
(38, 0, '14', '14', 3, 'image/jpeg', 9803, 'news/14.jpg', '[]', '2025-05-03 05:48:32', '2025-05-03 05:48:32', NULL, 'public'),
(39, 0, '15', '15', 3, 'image/jpeg', 9803, 'news/15.jpg', '[]', '2025-05-03 05:48:33', '2025-05-03 05:48:33', NULL, 'public'),
(40, 0, '16', '16', 3, 'image/jpeg', 9803, 'news/16.jpg', '[]', '2025-05-03 05:48:33', '2025-05-03 05:48:33', NULL, 'public'),
(41, 0, '2', '2', 3, 'image/jpeg', 9803, 'news/2.jpg', '[]', '2025-05-03 05:48:33', '2025-05-03 05:48:33', NULL, 'public'),
(42, 0, '3', '3', 3, 'image/jpeg', 9803, 'news/3.jpg', '[]', '2025-05-03 05:48:33', '2025-05-03 05:48:33', NULL, 'public'),
(43, 0, '4', '4', 3, 'image/jpeg', 9803, 'news/4.jpg', '[]', '2025-05-03 05:48:33', '2025-05-03 05:48:33', NULL, 'public'),
(44, 0, '5', '5', 3, 'image/jpeg', 9803, 'news/5.jpg', '[]', '2025-05-03 05:48:33', '2025-05-03 05:48:33', NULL, 'public'),
(45, 0, '6', '6', 3, 'image/jpeg', 9803, 'news/6.jpg', '[]', '2025-05-03 05:48:33', '2025-05-03 05:48:33', NULL, 'public'),
(46, 0, '7', '7', 3, 'image/jpeg', 9803, 'news/7.jpg', '[]', '2025-05-03 05:48:34', '2025-05-03 05:48:34', NULL, 'public'),
(47, 0, '8', '8', 3, 'image/jpeg', 9803, 'news/8.jpg', '[]', '2025-05-03 05:48:34', '2025-05-03 05:48:34', NULL, 'public'),
(48, 0, '9', '9', 3, 'image/jpeg', 9803, 'news/9.jpg', '[]', '2025-05-03 05:48:34', '2025-05-03 05:48:34', NULL, 'public'),
(49, 0, '1', '1', 4, 'image/png', 9803, 'testimonials/1.png', '[]', '2025-05-03 05:48:35', '2025-05-03 05:48:35', NULL, 'public'),
(50, 0, '2', '2', 4, 'image/png', 9803, 'testimonials/2.png', '[]', '2025-05-03 05:48:35', '2025-05-03 05:48:35', NULL, 'public'),
(51, 0, '3', '3', 4, 'image/png', 9803, 'testimonials/3.png', '[]', '2025-05-03 05:48:35', '2025-05-03 05:48:35', NULL, 'public'),
(52, 0, '4', '4', 4, 'image/png', 9803, 'testimonials/4.png', '[]', '2025-05-03 05:48:36', '2025-05-03 05:48:36', NULL, 'public'),
(53, 0, '1', '1', 5, 'image/png', 5403, 'brands/1.png', '[]', '2025-05-03 05:48:36', '2025-05-03 05:48:36', NULL, 'public'),
(54, 0, '2', '2', 5, 'image/png', 5403, 'brands/2.png', '[]', '2025-05-03 05:48:36', '2025-05-03 05:48:36', NULL, 'public'),
(55, 0, '3', '3', 5, 'image/png', 5403, 'brands/3.png', '[]', '2025-05-03 05:48:36', '2025-05-03 05:48:36', NULL, 'public'),
(56, 0, '4', '4', 5, 'image/png', 5403, 'brands/4.png', '[]', '2025-05-03 05:48:36', '2025-05-03 05:48:36', NULL, 'public'),
(57, 0, '1', '1', 6, 'image/png', 972, 'product-categories/1.png', '[]', '2025-05-03 05:48:37', '2025-05-03 05:48:37', NULL, 'public'),
(58, 0, '10', '10', 6, 'image/png', 2316, 'product-categories/10.png', '[]', '2025-05-03 05:48:37', '2025-05-03 05:48:37', NULL, 'public'),
(59, 0, '11', '11', 6, 'image/png', 1601, 'product-categories/11.png', '[]', '2025-05-03 05:48:37', '2025-05-03 05:48:37', NULL, 'public'),
(60, 0, '12', '12', 6, 'image/png', 1754, 'product-categories/12.png', '[]', '2025-05-03 05:48:37', '2025-05-03 05:48:37', NULL, 'public'),
(61, 0, '2', '2', 6, 'image/png', 2159, 'product-categories/2.png', '[]', '2025-05-03 05:48:37', '2025-05-03 05:48:37', NULL, 'public'),
(62, 0, '3', '3', 6, 'image/png', 636, 'product-categories/3.png', '[]', '2025-05-03 05:48:37', '2025-05-03 05:48:37', NULL, 'public'),
(63, 0, '4', '4', 6, 'image/png', 869, 'product-categories/4.png', '[]', '2025-05-03 05:48:37', '2025-05-03 05:48:37', NULL, 'public'),
(64, 0, '5', '5', 6, 'image/png', 1321, 'product-categories/5.png', '[]', '2025-05-03 05:48:37', '2025-05-03 05:48:37', NULL, 'public'),
(65, 0, '6', '6', 6, 'image/png', 1742, 'product-categories/6.png', '[]', '2025-05-03 05:48:37', '2025-05-03 05:48:37', NULL, 'public'),
(66, 0, '7', '7', 6, 'image/png', 945, 'product-categories/7.png', '[]', '2025-05-03 05:48:38', '2025-05-03 05:48:38', NULL, 'public'),
(67, 0, '8', '8', 6, 'image/png', 1716, 'product-categories/8.png', '[]', '2025-05-03 05:48:38', '2025-05-03 05:48:38', NULL, 'public'),
(68, 0, '9', '9', 6, 'image/png', 1240, 'product-categories/9.png', '[]', '2025-05-03 05:48:38', '2025-05-03 05:48:38', NULL, 'public'),
(245, 0, '1', '1', 8, 'image/jpeg', 9803, 'customers/1.jpg', '[]', '2025-05-03 05:49:19', '2025-05-03 05:49:19', NULL, 'public'),
(246, 0, '10', '10', 8, 'image/jpeg', 9803, 'customers/10.jpg', '[]', '2025-05-03 05:49:20', '2025-05-03 05:49:20', NULL, 'public'),
(247, 0, '2', '2', 8, 'image/jpeg', 9803, 'customers/2.jpg', '[]', '2025-05-03 05:49:20', '2025-05-03 05:49:20', NULL, 'public'),
(248, 0, '3', '3', 8, 'image/jpeg', 9803, 'customers/3.jpg', '[]', '2025-05-03 05:49:20', '2025-05-03 05:49:20', NULL, 'public'),
(249, 0, '4', '4', 8, 'image/jpeg', 9803, 'customers/4.jpg', '[]', '2025-05-03 05:49:20', '2025-05-03 05:49:20', NULL, 'public'),
(250, 0, '5', '5', 8, 'image/jpeg', 9803, 'customers/5.jpg', '[]', '2025-05-03 05:49:20', '2025-05-03 05:49:20', NULL, 'public'),
(251, 0, '6', '6', 8, 'image/jpeg', 9803, 'customers/6.jpg', '[]', '2025-05-03 05:49:20', '2025-05-03 05:49:20', NULL, 'public'),
(252, 0, '7', '7', 8, 'image/jpeg', 9803, 'customers/7.jpg', '[]', '2025-05-03 05:49:20', '2025-05-03 05:49:20', NULL, 'public'),
(253, 0, '8', '8', 8, 'image/jpeg', 9803, 'customers/8.jpg', '[]', '2025-05-03 05:49:20', '2025-05-03 05:49:20', NULL, 'public'),
(254, 0, '9', '9', 8, 'image/jpeg', 9803, 'customers/9.jpg', '[]', '2025-05-03 05:49:21', '2025-05-03 05:49:21', NULL, 'public'),
(255, 0, 'apple-button', 'apple-button', 9, 'image/png', 801, 'general/apple-button.png', '[]', '2025-05-03 05:49:26', '2025-05-03 05:49:26', NULL, 'public'),
(256, 0, 'balance', 'balance', 9, 'image/png', 14676, 'general/balance.png', '[]', '2025-05-03 05:49:26', '2025-05-03 05:49:26', NULL, 'public'),
(257, 0, 'banner1', 'banner1', 9, 'image/png', 51908, 'general/banner1.png', '[]', '2025-05-03 05:49:26', '2025-05-03 05:49:26', NULL, 'public'),
(258, 0, 'banner10', 'banner10', 9, 'image/png', 17400, 'general/banner10.png', '[]', '2025-05-03 05:49:27', '2025-05-03 05:49:27', NULL, 'public'),
(259, 0, 'banner11', 'banner11', 9, 'image/png', 13505, 'general/banner11.png', '[]', '2025-05-03 05:49:27', '2025-05-03 05:49:27', NULL, 'public'),
(260, 0, 'banner12', 'banner12', 9, 'image/png', 65968, 'general/banner12.png', '[]', '2025-05-03 05:49:27', '2025-05-03 05:49:27', NULL, 'public'),
(261, 0, 'banner13', 'banner13', 9, 'image/png', 18033, 'general/banner13.png', '[]', '2025-05-03 05:49:28', '2025-05-03 05:49:28', NULL, 'public'),
(262, 0, 'banner14', 'banner14', 9, 'image/png', 17968, 'general/banner14.png', '[]', '2025-05-03 05:49:28', '2025-05-03 05:49:28', NULL, 'public'),
(263, 0, 'banner15', 'banner15', 9, 'image/png', 19132, 'general/banner15.png', '[]', '2025-05-03 05:49:28', '2025-05-03 05:49:28', NULL, 'public'),
(264, 0, 'banner2', 'banner2', 9, 'image/png', 21273, 'general/banner2.png', '[]', '2025-05-03 05:49:28', '2025-05-03 05:49:28', NULL, 'public'),
(265, 0, 'banner3', 'banner3', 9, 'image/png', 44735, 'general/banner3.png', '[]', '2025-05-03 05:49:29', '2025-05-03 05:49:29', NULL, 'public'),
(266, 0, 'banner4', 'banner4', 9, 'image/png', 6560, 'general/banner4.png', '[]', '2025-05-03 05:49:29', '2025-05-03 05:49:29', NULL, 'public'),
(267, 0, 'banner5', 'banner5', 9, 'image/png', 59621, 'general/banner5.png', '[]', '2025-05-03 05:49:29', '2025-05-03 05:49:29', NULL, 'public'),
(268, 0, 'banner6', 'banner6', 9, 'image/png', 58775, 'general/banner6.png', '[]', '2025-05-03 05:49:30', '2025-05-03 05:49:30', NULL, 'public'),
(269, 0, 'banner7', 'banner7', 9, 'image/png', 44285, 'general/banner7.png', '[]', '2025-05-03 05:49:30', '2025-05-03 05:49:30', NULL, 'public'),
(270, 0, 'banner8', 'banner8', 9, 'image/png', 58013, 'general/banner8.png', '[]', '2025-05-03 05:49:31', '2025-05-03 05:49:31', NULL, 'public'),
(271, 0, 'banner9', 'banner9', 9, 'image/png', 45486, 'general/banner9.png', '[]', '2025-05-03 05:49:31', '2025-05-03 05:49:31', NULL, 'public'),
(272, 0, 'bg-about-1', 'bg-about-1', 9, 'image/png', 67688, 'general/bg-about-1.png', '[]', '2025-05-03 05:49:32', '2025-05-03 05:49:32', NULL, 'public'),
(273, 0, 'bg-app', 'bg-app', 9, 'image/png', 5835, 'general/bg-app.png', '[]', '2025-05-03 05:49:33', '2025-05-03 05:49:33', NULL, 'public'),
(274, 0, 'bg-banner', 'bg-banner', 9, 'image/png', 4881, 'general/bg-banner.png', '[]', '2025-05-03 05:49:33', '2025-05-03 05:49:33', NULL, 'public'),
(275, 0, 'bg-post', 'bg-post', 9, 'image/png', 13661, 'general/bg-post.png', '[]', '2025-05-03 05:49:33', '2025-05-03 05:49:33', NULL, 'public'),
(276, 0, 'bg-video-1', 'bg-video-1', 9, 'image/png', 64209, 'general/bg-video-1.png', '[]', '2025-05-03 05:49:33', '2025-05-03 05:49:33', NULL, 'public'),
(277, 0, 'career-img', 'career-img', 9, 'image/png', 27207, 'general/career-img.png', '[]', '2025-05-03 05:49:34', '2025-05-03 05:49:34', NULL, 'public'),
(278, 0, 'chart-2', 'chart-2', 9, 'image/png', 5562, 'general/chart-2.png', '[]', '2025-05-03 05:49:34', '2025-05-03 05:49:34', NULL, 'public'),
(279, 0, 'chart', 'chart', 9, 'image/png', 15360, 'general/chart.png', '[]', '2025-05-03 05:49:34', '2025-05-03 05:49:34', NULL, 'public'),
(280, 0, 'circle-1', 'circle-1', 9, 'image/png', 1209, 'general/circle-1.png', '[]', '2025-05-03 05:49:34', '2025-05-03 05:49:34', NULL, 'public'),
(281, 0, 'circle-2', 'circle-2', 9, 'image/png', 899, 'general/circle-2.png', '[]', '2025-05-03 05:49:34', '2025-05-03 05:49:34', NULL, 'public'),
(282, 0, 'destination', 'destination', 9, 'image/png', 375, 'general/destination.png', '[]', '2025-05-03 05:49:34', '2025-05-03 05:49:34', NULL, 'public'),
(283, 0, 'email', 'email', 9, 'image/png', 2854, 'general/email.png', '[]', '2025-05-03 05:49:35', '2025-05-03 05:49:35', NULL, 'public'),
(284, 0, 'facebook', 'facebook', 9, 'image/png', 683, 'general/facebook.png', '[]', '2025-05-03 05:49:35', '2025-05-03 05:49:35', NULL, 'public'),
(285, 0, 'favicon', 'favicon', 9, 'image/png', 1825, 'general/favicon.png', '[]', '2025-05-03 05:49:35', '2025-05-03 05:49:35', NULL, 'public'),
(286, 0, 'flight', 'flight', 9, 'image/png', 609, 'general/flight.png', '[]', '2025-05-03 05:49:35', '2025-05-03 05:49:35', NULL, 'public'),
(287, 0, 'google-play', 'google-play', 9, 'image/png', 819, 'general/google-play.png', '[]', '2025-05-03 05:49:35', '2025-05-03 05:49:35', NULL, 'public'),
(288, 0, 'icon-acquis', 'icon-acquis', 9, 'image/png', 2329, 'general/icon-acquis.png', '[]', '2025-05-03 05:49:35', '2025-05-03 05:49:35', NULL, 'public'),
(289, 0, 'icon-active', 'icon-active', 9, 'image/png', 2351, 'general/icon-active.png', '[]', '2025-05-03 05:49:35', '2025-05-03 05:49:35', NULL, 'public'),
(290, 0, 'icon-advance', 'icon-advance', 9, 'image/png', 2175, 'general/icon-advance.png', '[]', '2025-05-03 05:49:35', '2025-05-03 05:49:35', NULL, 'public'),
(291, 0, 'icon-build', 'icon-build', 9, 'image/png', 1144, 'general/icon-build.png', '[]', '2025-05-03 05:49:35', '2025-05-03 05:49:35', NULL, 'public'),
(292, 0, 'icon-business', 'icon-business', 9, 'image/png', 1291, 'general/icon-business.png', '[]', '2025-05-03 05:49:35', '2025-05-03 05:49:35', NULL, 'public'),
(293, 0, 'icon-complete', 'icon-complete', 9, 'image/png', 2206, 'general/icon-complete.png', '[]', '2025-05-03 05:49:36', '2025-05-03 05:49:36', NULL, 'public'),
(294, 0, 'icon-connect', 'icon-connect', 9, 'image/png', 2366, 'general/icon-connect.png', '[]', '2025-05-03 05:49:36', '2025-05-03 05:49:36', NULL, 'public'),
(295, 0, 'icon-constant', 'icon-constant', 9, 'image/png', 2387, 'general/icon-constant.png', '[]', '2025-05-03 05:49:36', '2025-05-03 05:49:36', NULL, 'public'),
(296, 0, 'icon-design', 'icon-design', 9, 'image/png', 1888, 'general/icon-design.png', '[]', '2025-05-03 05:49:36', '2025-05-03 05:49:36', NULL, 'public'),
(297, 0, 'icon-match', 'icon-match', 9, 'image/png', 2485, 'general/icon-match.png', '[]', '2025-05-03 05:49:36', '2025-05-03 05:49:36', NULL, 'public'),
(298, 0, 'icon-officer', 'icon-officer', 9, 'image/png', 2100, 'general/icon-officer.png', '[]', '2025-05-03 05:49:36', '2025-05-03 05:49:36', NULL, 'public'),
(299, 0, 'icon-product', 'icon-product', 9, 'image/png', 1298, 'general/icon-product.png', '[]', '2025-05-03 05:49:36', '2025-05-03 05:49:36', NULL, 'public'),
(300, 0, 'icon-project-done', 'icon-project-done', 9, 'image/png', 1782, 'general/icon-project-done.png', '[]', '2025-05-03 05:49:36', '2025-05-03 05:49:36', NULL, 'public'),
(301, 0, 'icon-retent', 'icon-retent', 9, 'image/png', 1858, 'general/icon-retent.png', '[]', '2025-05-03 05:49:36', '2025-05-03 05:49:36', NULL, 'public'),
(302, 0, 'icon-review', 'icon-review', 9, 'image/png', 2274, 'general/icon-review.png', '[]', '2025-05-03 05:49:36', '2025-05-03 05:49:36', NULL, 'public'),
(303, 0, 'icon-share', 'icon-share', 9, 'image/png', 1108, 'general/icon-share.png', '[]', '2025-05-03 05:49:36', '2025-05-03 05:49:36', NULL, 'public'),
(304, 0, 'icon-start-plan', 'icon-start-plan', 9, 'image/png', 2363, 'general/icon-start-plan.png', '[]', '2025-05-03 05:49:37', '2025-05-03 05:49:37', NULL, 'public'),
(305, 0, 'icon-support', 'icon-support', 9, 'image/png', 1121, 'general/icon-support.png', '[]', '2025-05-03 05:49:37', '2025-05-03 05:49:37', NULL, 'public'),
(306, 0, 'icon-team', 'icon-team', 9, 'image/png', 1036, 'general/icon-team.png', '[]', '2025-05-03 05:49:37', '2025-05-03 05:49:37', NULL, 'public'),
(307, 0, 'icon-web', 'icon-web', 9, 'image/png', 1563, 'general/icon-web.png', '[]', '2025-05-03 05:49:37', '2025-05-03 05:49:37', NULL, 'public'),
(308, 0, 'icon-work', 'icon-work', 9, 'image/png', 1326, 'general/icon-work.png', '[]', '2025-05-03 05:49:37', '2025-05-03 05:49:37', NULL, 'public'),
(309, 0, 'img-1', 'img-1', 9, 'image/png', 4799, 'general/img-1.png', '[]', '2025-05-03 05:49:37', '2025-05-03 05:49:37', NULL, 'public'),
(310, 0, 'img-10', 'img-10', 9, 'image/png', 52795, 'general/img-10.png', '[]', '2025-05-03 05:49:37', '2025-05-03 05:49:37', NULL, 'public'),
(311, 0, 'img-11', 'img-11', 9, 'image/png', 73462, 'general/img-11.png', '[]', '2025-05-03 05:49:38', '2025-05-03 05:49:38', NULL, 'public'),
(312, 0, 'img-12', 'img-12', 9, 'image/png', 72426, 'general/img-12.png', '[]', '2025-05-03 05:49:38', '2025-05-03 05:49:38', NULL, 'public'),
(313, 0, 'img-2', 'img-2', 9, 'image/png', 51984, 'general/img-2.png', '[]', '2025-05-03 05:49:39', '2025-05-03 05:49:39', NULL, 'public'),
(314, 0, 'img-3', 'img-3', 9, 'image/png', 8796, 'general/img-3.png', '[]', '2025-05-03 05:49:39', '2025-05-03 05:49:39', NULL, 'public'),
(315, 0, 'img-4', 'img-4', 9, 'image/png', 4964, 'general/img-4.png', '[]', '2025-05-03 05:49:40', '2025-05-03 05:49:40', NULL, 'public'),
(316, 0, 'img-5', 'img-5', 9, 'image/png', 6140, 'general/img-5.png', '[]', '2025-05-03 05:49:40', '2025-05-03 05:49:40', NULL, 'public'),
(317, 0, 'img-6', 'img-6', 9, 'image/png', 41129, 'general/img-6.png', '[]', '2025-05-03 05:49:40', '2025-05-03 05:49:40', NULL, 'public'),
(318, 0, 'img-7', 'img-7', 9, 'image/png', 10751, 'general/img-7.png', '[]', '2025-05-03 05:49:40', '2025-05-03 05:49:40', NULL, 'public'),
(319, 0, 'img-8', 'img-8', 9, 'image/png', 10751, 'general/img-8.png', '[]', '2025-05-03 05:49:40', '2025-05-03 05:49:40', NULL, 'public'),
(320, 0, 'img-9', 'img-9', 9, 'image/png', 11594, 'general/img-9.png', '[]', '2025-05-03 05:49:40', '2025-05-03 05:49:40', NULL, 'public'),
(321, 0, 'img-built-2', 'img-built-2', 9, 'image/png', 23401, 'general/img-built-2.png', '[]', '2025-05-03 05:49:41', '2025-05-03 05:49:41', NULL, 'public'),
(322, 0, 'img-built', 'img-built', 9, 'image/png', 55753, 'general/img-built.png', '[]', '2025-05-03 05:49:41', '2025-05-03 05:49:41', NULL, 'public'),
(323, 0, 'img-newsletter', 'img-newsletter', 9, 'image/png', 24832, 'general/img-newsletter.png', '[]', '2025-05-03 05:49:41', '2025-05-03 05:49:41', NULL, 'public'),
(324, 0, 'instagram', 'instagram', 9, 'image/png', 1300, 'general/instagram.png', '[]', '2025-05-03 05:49:41', '2025-05-03 05:49:41', NULL, 'public'),
(325, 0, 'line-chart', 'line-chart', 9, 'image/png', 1007, 'general/line-chart.png', '[]', '2025-05-03 05:49:41', '2025-05-03 05:49:41', NULL, 'public'),
(326, 0, 'linkedin', 'linkedin', 9, 'image/png', 973, 'general/linkedin.png', '[]', '2025-05-03 05:49:42', '2025-05-03 05:49:42', NULL, 'public'),
(327, 0, 'login', 'login', 9, 'image/png', 105798, 'general/login.png', '[]', '2025-05-03 05:49:42', '2025-05-03 05:49:42', NULL, 'public'),
(328, 0, 'logo-light', 'logo-light', 9, 'image/png', 2764, 'general/logo-light.png', '[]', '2025-05-03 05:49:43', '2025-05-03 05:49:43', NULL, 'public'),
(329, 0, 'logo', 'logo', 9, 'image/png', 3453, 'general/logo.png', '[]', '2025-05-03 05:49:43', '2025-05-03 05:49:43', NULL, 'public'),
(330, 0, 'open-graph-image', 'open-graph-image', 9, 'image/png', 26193, 'general/open-graph-image.png', '[]', '2025-05-03 05:49:43', '2025-05-03 05:49:43', NULL, 'public'),
(331, 0, 'payment', 'payment', 9, 'image/png', 10293, 'general/payment.png', '[]', '2025-05-03 05:49:43', '2025-05-03 05:49:43', NULL, 'public'),
(332, 0, 'register-1', 'register-1', 9, 'image/png', 4799, 'general/register-1.png', '[]', '2025-05-03 05:49:43', '2025-05-03 05:49:43', NULL, 'public'),
(333, 0, 'register-2', 'register-2', 9, 'image/png', 5911, 'general/register-2.png', '[]', '2025-05-03 05:49:43', '2025-05-03 05:49:43', NULL, 'public'),
(334, 0, 'register-3', 'register-3', 9, 'image/png', 8796, 'general/register-3.png', '[]', '2025-05-03 05:49:43', '2025-05-03 05:49:43', NULL, 'public'),
(335, 0, 'register-4', 'register-4', 9, 'image/png', 4964, 'general/register-4.png', '[]', '2025-05-03 05:49:43', '2025-05-03 05:49:43', NULL, 'public'),
(336, 0, 'register-5', 'register-5', 9, 'image/png', 6140, 'general/register-5.png', '[]', '2025-05-03 05:49:44', '2025-05-03 05:49:44', NULL, 'public'),
(337, 0, 'safety', 'safety', 9, 'image/png', 14112, 'general/safety.png', '[]', '2025-05-03 05:49:44', '2025-05-03 05:49:44', NULL, 'public'),
(338, 0, 'team-1', 'team-1', 9, 'image/png', 21461, 'general/team-1.png', '[]', '2025-05-03 05:49:44', '2025-05-03 05:49:44', NULL, 'public'),
(339, 0, 'team-2', 'team-2', 9, 'image/png', 21461, 'general/team-2.png', '[]', '2025-05-03 05:49:44', '2025-05-03 05:49:44', NULL, 'public'),
(340, 0, 'team-3', 'team-3', 9, 'image/png', 21461, 'general/team-3.png', '[]', '2025-05-03 05:49:44', '2025-05-03 05:49:44', NULL, 'public'),
(341, 0, 'team-4', 'team-4', 9, 'image/png', 21461, 'general/team-4.png', '[]', '2025-05-03 05:49:44', '2025-05-03 05:49:44', NULL, 'public'),
(342, 0, 'team-5', 'team-5', 9, 'image/png', 21461, 'general/team-5.png', '[]', '2025-05-03 05:49:45', '2025-05-03 05:49:45', NULL, 'public'),
(343, 0, 'team-6', 'team-6', 9, 'image/png', 21461, 'general/team-6.png', '[]', '2025-05-03 05:49:45', '2025-05-03 05:49:45', NULL, 'public'),
(344, 0, 'team-7', 'team-7', 9, 'image/png', 21461, 'general/team-7.png', '[]', '2025-05-03 05:49:45', '2025-05-03 05:49:45', NULL, 'public'),
(345, 0, 'team-8', 'team-8', 9, 'image/png', 21461, 'general/team-8.png', '[]', '2025-05-03 05:49:45', '2025-05-03 05:49:45', NULL, 'public'),
(346, 0, 'temp-1', 'temp-1', 9, 'image/png', 28735, 'general/temp-1.png', '[]', '2025-05-03 05:49:45', '2025-05-03 05:49:45', NULL, 'public'),
(347, 0, 'temp-2', 'temp-2', 9, 'image/png', 28735, 'general/temp-2.png', '[]', '2025-05-03 05:49:46', '2025-05-03 05:49:46', NULL, 'public'),
(348, 0, 'trip', 'trip', 9, 'image/png', 611, 'general/trip.png', '[]', '2025-05-03 05:49:46', '2025-05-03 05:49:46', NULL, 'public'),
(349, 0, 'twitter', 'twitter', 9, 'image/png', 721, 'general/twitter.png', '[]', '2025-05-03 05:49:46', '2025-05-03 05:49:46', NULL, 'public'),
(350, 0, 'user', 'user', 9, 'image/png', 588, 'general/user.png', '[]', '2025-05-03 05:49:46', '2025-05-03 05:49:46', NULL, 'public'),
(352, 1, 'amberstone', 'amberstone', 0, 'image/webp', 5620, 'amberstone.webp', '[]', '2025-10-09 00:43:06', '2025-10-09 00:43:06', NULL, 'public'),
(353, 1, 'apple-button', 'apple-button', 0, 'image/png', 2859, 'apple-button.png', '[]', '2025-10-09 00:43:06', '2025-10-09 00:43:06', NULL, 'public'),
(354, 1, 'bg-app', 'bg-app', 0, 'image/png', 78159, 'bg-app.png', '[]', '2025-10-09 00:43:07', '2025-10-09 00:43:07', NULL, 'public'),
(357, 1, 'google-play', 'google-play', 0, 'image/png', 5455, 'google-play.png', '[]', '2025-10-09 00:43:08', '2025-10-09 00:43:08', NULL, 'public'),
(358, 1, 'grenlander', 'grenlander', 0, 'image/webp', 2680, 'grenlander.webp', '[]', '2025-10-09 00:43:09', '2025-10-09 00:43:09', NULL, 'public'),
(359, 1, 'img-7', 'img-7', 0, 'image/png', 441364, 'img-7.png', '[]', '2025-10-09 00:43:09', '2025-10-09 00:43:09', NULL, 'public'),
(360, 1, 'img-8', 'img-8', 0, 'image/png', 427754, 'img-8.png', '[]', '2025-10-09 00:43:10', '2025-10-09 00:43:10', NULL, 'public'),
(361, 1, 'img-9', 'img-9', 0, 'image/png', 353632, 'img-9.png', '[]', '2025-10-09 00:43:11', '2025-10-09 00:43:11', NULL, 'public'),
(362, 1, 'jims-mobile-tyre', 'jims-mobile-tyre', 0, 'image/webp', 10408, 'jims-mobile-tyre.webp', '[]', '2025-10-09 00:43:11', '2025-10-09 00:43:11', NULL, 'public'),
(363, 1, 'landspider-logo', 'landspider-logo', 0, 'image/png', 9370, 'landspider-logo.png', '[]', '2025-10-09 00:43:12', '2025-10-09 00:43:12', NULL, 'public'),
(364, 1, 'mts', 'mts', 0, 'image/webp', 3376, 'mts.webp', '[]', '2025-10-09 00:43:12', '2025-10-09 00:43:12', NULL, 'public'),
(365, 1, 'ozzy', 'ozzy', 0, 'image/webp', 8046, 'ozzy.webp', '[]', '2025-10-09 00:43:13', '2025-10-09 00:43:13', NULL, 'public'),
(367, 1, 'rapid', 'rapid', 0, 'image/webp', 5622, 'rapid.webp', '[]', '2025-10-09 00:43:14', '2025-10-09 00:43:14', NULL, 'public'),
(368, 1, 'rib-tubeless-rubber-tyre-801912256-cj0806ik', 'rib-tubeless-rubber-tyre-801912256-cj0806ik', 0, 'image/jpeg', 87795, 'rib-tubeless-rubber-tyre-801912256-cj0806ik.jpg', '[]', '2025-10-09 00:43:14', '2025-10-09 00:43:14', NULL, 'public'),
(369, 1, 'rockblade-logo', 'rockblade-logo', 0, 'image/png', 16284, 'rockblade-logo.png', '[]', '2025-10-09 00:43:15', '2025-10-09 00:43:15', NULL, 'public'),
(370, 1, 'safety', 'safety', 0, 'image/png', 31560, 'safety.png', '[]', '2025-10-09 00:43:15', '2025-10-09 00:43:15', NULL, 'public'),
(371, 1, 'tires-logo-icon-design-vector', 'tires-logo-icon-design-vector', 0, 'image/jpeg', 12741, 'tires-logo-icon-design-vector.jpg', '[]', '2025-10-09 00:43:16', '2025-10-09 00:43:16', NULL, 'public'),
(374, 1, 'tyreoplus', 'tyreoplus', 0, 'image/webp', 4654, 'tyreoplus.webp', '[]', '2025-10-09 00:43:17', '2025-10-09 00:43:17', NULL, 'public'),
(375, 1, 'tyrepower', 'tyrepower', 0, 'image/webp', 3198, 'tyrepower.webp', '[]', '2025-10-09 00:43:18', '2025-10-09 00:43:18', NULL, 'public'),
(376, 1, 'tyres', 'tyres', 0, 'image/jpeg', 92642, 'tyres.jpg', '[]', '2025-10-09 00:43:18', '2025-10-09 00:43:18', NULL, 'public'),
(377, 1, 'tyres-fav', 'tyres-fav', 0, 'image/png', 27058, 'tyres-fav.png', '[]', '2025-10-09 00:43:19', '2025-10-09 00:43:19', NULL, 'public'),
(378, 1, 'tyroola', 'tyroola', 0, 'image/webp', 4806, 'tyroola.webp', '[]', '2025-10-09 00:43:20', '2025-10-09 00:43:20', NULL, 'public'),
(379, 1, 'wheels', 'wheels', 0, 'image/webp', 35046, 'wheels.webp', '[]', '2025-10-09 00:43:20', '2025-10-09 00:43:20', NULL, 'public'),
(380, 1, 'wideway', 'wideway', 0, 'image/webp', 3414, 'wideway.webp', '[]', '2025-10-09 00:43:21', '2025-10-09 00:43:21', NULL, 'public'),
(383, 1, 'tyres-1', 'tyres-1', 10, 'image/jpeg', 92780, 'logos/tyres-1.jpg', '[]', '2025-10-09 01:17:17', '2025-10-09 01:17:17', NULL, 'public'),
(384, 1, 'tyres_fav-1', 'tyres_fav-1', 10, 'image/png', 27058, 'logos/tyres-fav-1.png', '[]', '2025-10-09 01:17:17', '2025-10-09 01:17:17', NULL, 'public'),
(385, 1, 'car-tyr', 'car-tyr', 0, 'image/png', 171873, 'car-tyr.png', '[]', '2025-10-09 03:25:29', '2025-10-09 03:25:29', NULL, 'public'),
(386, 1, 'banner1', 'banner1', 0, 'image/png', 2981647, 'banner1.png', '[]', '2025-10-09 04:08:49', '2025-10-09 04:08:49', NULL, 'public'),
(387, 1, 'AF1QipPhMFGNVoLL8KGYijA6EZ7N5azKfLBMiiwkVVk0=s680-', 'AF1QipPhMFGNVoLL8KGYijA6EZ7N5azKfLBMiiwkVVk0=s680-', 0, 'image/webp', 75138, 'af1qipphmfgnvoll8kgyija6ez7n5azkflbmiiwkvvk0s680.webp', '[]', '2025-10-09 04:34:51', '2025-10-09 04:34:51', NULL, 'public'),
(388, 1, 'AC9h4nqmII5whmiybSHG1tuz0-w5yjahsQU1J7ebVq89fyOQ2n', 'AC9h4nqmII5whmiybSHG1tuz0-w5yjahsQU1J7ebVq89fyOQ2n', 0, 'image/webp', 33314, 'ac9h4nqmii5whmiybshg1tuz0-w5yjahsqu1j7ebvq89fyoq2n.webp', '[]', '2025-10-09 04:36:11', '2025-10-09 04:36:11', NULL, 'public'),
(390, 1, 'AF1QipPf8nk-slFOp65LMV-5VMbL9j6Ik-J7AdvXYz57=s680-', 'AF1QipPf8nk-slFOp65LMV-5VMbL9j6Ik-J7AdvXYz57=s680-', 0, 'image/webp', 50200, 'af1qippf8nk-slfop65lmv-5vmbl9j6ik-j7advxyz57s680.webp', '[]', '2025-10-09 04:37:02', '2025-10-09 04:37:02', NULL, 'public'),
(391, 1, 'Tyre5.2ffc3e3bd2875606fa49', 'Tyre5.2ffc3e3bd2875606fa49', 3, 'image/jpeg', 591797, 'news/tyre52ffc3e3bd2875606fa49.jpg', '[]', '2025-10-09 07:15:49', '2025-10-09 07:15:49', NULL, 'public'),
(392, 1, 'images?q=tbn:ANd9GcQJeCaJElJ84dJIKC_6GUVmdI2Lwx6hI', 'images?q=tbn:ANd9GcQJeCaJElJ84dJIKC_6GUVmdI2Lwx6hI', 3, 'image/jpeg', 15844, 'news/imagesqtbnand9gcqjecajelj84djikc-6guvmdi2lwx6hi.jpg', '[]', '2025-10-09 07:24:16', '2025-10-09 07:24:16', NULL, 'public'),
(393, 1, 'what-are-the-different-type-and-sizes-of-tyres', 'what-are-the-different-type-and-sizes-of-tyres', 3, 'image/jpeg', 173201, 'news/what-are-the-different-type-and-sizes-of-tyres.jpg', '[]', '2025-10-09 07:24:28', '2025-10-09 07:24:28', NULL, 'public'),
(394, 1, 'HighWay-mobile-banner', 'HighWay-mobile-banner', 3, 'image/jpeg', 74148, 'news/highway-mobile-banner.jpg', '[]', '2025-10-09 07:24:51', '2025-10-09 07:24:51', NULL, 'public'),
(395, 1, 'car-tyres-63928_1920-Cropped-1200x675', 'car-tyres-63928_1920-Cropped-1200x675', 0, 'image/jpeg', 142027, 'car-tyres-63928-1920-cropped-1200x675.jpg', '[]', '2025-10-09 23:31:50', '2025-10-09 23:31:50', NULL, 'public'),
(396, 1, '1721148654-4964', '1721148654-4964', 0, 'image/jpeg', 357385, '1721148654-4964.jpg', '[]', '2025-10-09 23:32:38', '2025-10-09 23:32:38', NULL, 'public'),
(397, 1, '16x9-tire-stack-production-factory-SHS-1204905145', '16x9-tire-stack-production-factory-SHS-1204905145', 0, 'image/jpeg', 858758, '16x9-tire-stack-production-factory-shs-1204905145.jpg', '[]', '2025-10-09 23:34:51', '2025-10-09 23:34:51', NULL, 'public'),
(398, 1, 'photo-1588723071875-2c8c39b51c94?w=500&amp;auto=format', 'photo-1588723071875-2c8c39b51c94?w=500&auto=format', 0, 'image/jpeg', 87792, 'photo-1588723071875-2c8c39b51c94w500autoformat.jpg', '[]', '2025-10-09 23:36:44', '2025-10-09 23:36:44', NULL, 'public'),
(399, 1, 't', 't', 0, 'image/jpeg', 163188, 't.jpg', '[]', '2025-10-09 23:48:51', '2025-10-09 23:48:51', NULL, 'public'),
(400, 1, '60-604032_face-businessman-png-dummy-images-for-te', '60-604032_face-businessman-png-dummy-images-for-te', 4, 'image/jpeg', 9655, 'testimonials/60-604032-face-businessman-png-dummy-images-for-te.jpg', '[]', '2025-10-10 00:02:21', '2025-10-10 00:02:21', NULL, 'public'),
(401, 1, 't2-458x450-1', 't2-458x450-1', 4, 'image/jpeg', 27097, 'testimonials/t2-458x450-1.jpg', '[]', '2025-10-10 00:02:48', '2025-10-10 00:02:48', NULL, 'public'),
(402, 1, 'instructor4', 'instructor4', 4, 'image/jpeg', 22159, 'testimonials/instructor4.jpg', '[]', '2025-10-10 00:02:56', '2025-10-10 00:02:56', NULL, 'public'),
(404, 1, 'spearker_8-300x300', 'spearker_8-300x300', 4, 'image/jpeg', 12901, 'testimonials/spearker-8-300x300.jpg', '[]', '2025-10-10 00:04:06', '2025-10-10 00:04:06', NULL, 'public'),
(410, 1, 'icons8-linkedin-50', 'icons8-linkedin-50', 9, 'image/png', 449, 'general/icons8-linkedin-50.png', '[]', '2025-10-10 01:06:20', '2025-10-10 01:06:20', NULL, 'public'),
(411, 1, 'icons8-facebook-32', 'icons8-facebook-32', 9, 'image/png', 432, 'general/icons8-facebook-32.png', '[]', '2025-10-10 01:09:30', '2025-10-10 01:09:30', NULL, 'public'),
(413, 1, 'icons8-linkedin-50-1', 'icons8-linkedin-50-1', 9, 'image/png', 449, 'general/icons8-linkedin-50-1.png', '[]', '2025-10-10 01:09:31', '2025-10-10 01:09:31', NULL, 'public'),
(414, 1, 'icons8-twitter-32', 'icons8-twitter-32', 9, 'image/png', 641, 'general/icons8-twitter-32.png', '[]', '2025-10-10 01:09:32', '2025-10-10 01:09:32', NULL, 'public'),
(419, 1, 'icons8-instagram-32-1', 'icons8-instagram-32-1', 9, 'image/png', 568, 'general/icons8-instagram-32-1.png', '[]', '2025-10-10 01:20:36', '2025-10-10 01:20:36', NULL, 'public'),
(420, 1, 'Tyre-750x430', 'Tyre-750x430', 0, 'image/jpeg', 36224, 'tyre-750x430.jpg', '[]', '2025-10-10 04:49:51', '2025-10-10 04:49:51', NULL, 'public'),
(422, 1, 'career_img', 'career_img', 0, 'image/jpeg', 58446, 'career-img.jpg', '[]', '2025-10-10 06:44:01', '2025-10-10 06:44:01', NULL, 'public'),
(423, 1, 'tyre-2', 'tyre-2', 0, 'image/jpeg', 157585, 'tyre-2.jpg', '[]', '2025-10-10 06:57:36', '2025-10-10 06:57:36', NULL, 'public'),
(425, 1, 'tyre-3', 'tyre-3', 0, 'image/webp', 106488, 'tyre-3.webp', '[]', '2025-10-10 07:01:52', '2025-10-10 07:01:52', NULL, 'public'),
(426, 1, 'effect-of-sun-on-tyre-pressure-scaled', 'effect-of-sun-on-tyre-pressure-scaled', 0, 'image/jpeg', 633293, 'effect-of-sun-on-tyre-pressure-scaled.jpg', '[]', '2025-10-10 07:58:20', '2025-10-10 07:58:20', NULL, 'public'),
(427, 1, 'tyres_planet_v', 'AQP3D4ly9EevmSqSwzj8vC-0odJNdmUVj_JCLcxpCrVtWaBBSQ4AbsxLw70_tSZl6i_nkmemn-FxTstx4YKe2mLyj6mz6HLrfIJoCKitGxMZFw', 0, 'video/mp4', 471992, 'tyres_planet_v.mp4', '[]', '2025-10-13 05:36:22', '2025-10-13 05:37:08', NULL, 'public'),
(432, 1, 'bg-red', 'bg-red', 9, 'image/png', 67684, 'general/bg-red.png', '[]', '2025-10-14 04:46:07', '2025-10-14 04:46:07', NULL, 'public'),
(434, 1, 'spinning-the-wheel-header', 'spinning-the-wheel-header', 0, 'image/jpeg', 57797, 'spinning-the-wheel-header.jpg', '[]', '2025-10-14 05:53:11', '2025-10-14 05:53:11', NULL, 'public'),
(435, 1, 'tyres-header-950x342', 'tyres-header-950x342', 0, 'image/jpeg', 64380, 'tyres-header-950x342.jpg', '[]', '2025-10-14 05:53:12', '2025-10-14 05:53:12', NULL, 'public'),
(436, 1, 'tyre-hotel-data-capture', 'tyre-hotel-data-capture', 0, 'image/jpeg', 236410, 'tyre-hotel-data-capture.jpeg', '[]', '2025-10-14 05:53:13', '2025-10-14 05:53:13', NULL, 'public'),
(455, 0, 'fav', 'fav', 11, 'image/jpeg', 13615, 'customers/1/fav.jpg', '[]', '2025-11-03 04:16:59', '2025-11-03 04:16:59', NULL, 'public'),
(456, 0, 'boy', 'boy', 11, 'image/png', 36362, 'customers/1/boy.png', '[]', '2025-11-03 04:17:21', '2025-11-03 04:17:21', NULL, 'public'),
(457, 1, 'pngtree-closeup-image-of-brand-new-tire-rack-in-th', 'pngtree-closeup-image-of-brand-new-tire-rack-in-th', 9, 'image/jpeg', 34031, 'general/pngtree-closeup-image-of-brand-new-tire-rack-in-th.jpg', '[]', '2025-11-03 07:05:01', '2025-11-03 07:05:01', NULL, 'public'),
(458, 1, 'tires-objects-isolated-background_488220-75290', 'tires-objects-isolated-background_488220-75290', 9, 'image/jpeg', 45699, 'general/tires-objects-isolated-background-488220-75290.jpg', '[]', '2025-11-03 07:05:02', '2025-11-03 07:05:02', NULL, 'public'),
(459, 1, 'tyres-removebg', 'tyres-removebg', 0, 'image/png', 92118, 'tyres-removebg.png', '[]', '2025-11-05 05:24:14', '2025-11-05 05:24:14', NULL, 'public'),
(476, 1, 'comforser', 'comforser', 0, 'image/png', 38187, 'comforser.png', '[]', '2025-11-07 04:39:34', '2025-11-07 04:39:34', NULL, 'public'),
(477, 1, 'Rockblade', 'Rockblade', 0, 'image/png', 27370, 'rockblade.png', '[]', '2025-11-07 04:41:12', '2025-11-07 04:41:12', NULL, 'public'),
(478, 1, 'ilink', 'ilink', 0, 'image/png', 20659, 'ilink.png', '[]', '2025-11-07 04:42:33', '2025-11-07 04:42:33', NULL, 'public'),
(479, 1, 'img_20251015', 'img_20251015', 0, 'image/png', 154250, 'img-20251015.png', '[]', '2025-11-20 01:45:36', '2025-11-20 01:45:36', NULL, 'public'),
(480, 1, 'L-COMFORT68-22.5', 'L-COMFORT68-22.5', 0, 'image/jpeg', 157015, 'l-comfort68-225.jpg', '[]', '2025-11-27 22:20:36', '2025-11-27 22:20:36', NULL, 'public'),
(723, 1, 'L-COMFORT 68-0', 'L-COMFORT 68-0', 7, 'image/jpeg', 135463, 'products/l-comfort-68-0.jpg', '[]', '2025-12-01 10:52:57', '2025-12-03 23:24:31', '2025-12-03 23:24:31', 'public'),
(724, 1, 'L-COMFORT68-22.5', 'L-COMFORT68-22.5', 7, 'image/jpeg', 157015, 'products/l-comfort68-225.jpg', '[]', '2025-12-01 10:52:58', '2025-12-03 23:24:31', '2025-12-03 23:24:31', 'public'),
(725, 1, 'L-GRIP16-0', 'L-GRIP16-0', 7, 'image/jpeg', 121309, 'products/l-grip16-0.jpg', '[]', '2025-12-01 10:52:59', '2025-12-03 23:24:31', '2025-12-03 23:24:31', 'public'),
(726, 1, 'L-GRIP16-22.5', 'L-GRIP16-22.5', 7, 'image/jpeg', 162225, 'products/l-grip16-225.jpg', '[]', '2025-12-01 10:53:00', '2025-12-03 23:24:31', '2025-12-03 23:24:31', 'public'),
(727, 1, 'L-GRIP55-0', 'L-GRIP55-0', 7, 'image/png', 1343008, 'products/l-grip55-0.png', '[]', '2025-12-01 10:53:02', '2025-12-03 23:24:31', '2025-12-03 23:24:31', 'public'),
(728, 1, 'L-GRIP55-22.5', 'L-GRIP55-22.5', 7, 'image/png', 17886669, 'products/l-grip55-225.png', '[]', '2025-12-01 10:53:19', '2025-12-03 23:24:31', '2025-12-03 23:24:31', 'public'),
(729, 1, 'L-GRIP66-0', 'L-GRIP66-0', 7, 'image/jpeg', 168523, 'products/l-grip66-0.jpg', '[]', '2025-12-01 10:53:20', '2025-12-03 23:24:31', '2025-12-03 23:24:31', 'public'),
(730, 1, 'L-GRIP66-22.5', 'L-GRIP66-22.5', 7, 'image/jpeg', 233398, 'products/l-grip66-225.jpg', '[]', '2025-12-01 10:53:20', '2025-12-03 23:24:31', '2025-12-03 23:24:31', 'public'),
(731, 1, 'L-MAX 9-0', 'L-MAX 9-0', 7, 'image/jpeg', 170335, 'products/l-max-9-0.jpg', '[]', '2025-12-01 10:53:21', '2025-12-03 23:24:31', '2025-12-03 23:24:31', 'public'),
(732, 1, 'L-MAX 9--0', 'L-MAX 9--0', 7, 'image/jpeg', 152070, 'products/l-max-9-0.jpg', '[]', '2025-12-01 10:53:22', '2025-12-03 23:24:31', '2025-12-03 23:24:31', 'public'),
(733, 1, 'L-MAX 9--22.5  WSW', 'L-MAX 9--22.5  WSW', 7, 'image/jpeg', 238696, 'products/l-max-9-225-wsw.jpg', '[]', '2025-12-01 10:53:22', '2025-12-03 23:24:31', '2025-12-03 23:24:31', 'public'),
(734, 1, 'L-MAX 9-22.5', 'L-MAX 9-22.5', 7, 'image/jpeg', 138423, 'products/l-max-9-225.jpg', '[]', '2025-12-01 10:53:23', '2025-12-03 23:24:31', '2025-12-03 23:24:31', 'public'),
(735, 1, 'L-POWER 28-0', 'L-POWER 28-0', 7, 'image/jpeg', 159160, 'products/l-power-28-0.jpg', '[]', '2025-12-01 10:53:23', '2025-12-03 23:24:31', '2025-12-03 23:24:31', 'public'),
(736, 1, 'L-POWER28-22.5', 'L-POWER28-22.5', 7, 'image/jpeg', 268042, 'products/l-power28-225.jpg', '[]', '2025-12-01 10:53:24', '2025-12-03 23:24:30', '2025-12-03 23:24:30', 'public'),
(737, 1, 'L-ZEAL 56-0', 'L-ZEAL 56-0', 7, 'image/jpeg', 134360, 'products/l-zeal-56-0.jpg', '[]', '2025-12-01 10:53:25', '2025-12-03 23:24:30', '2025-12-03 23:24:30', 'public'),
(738, 1, 'L-ZEAL 56-22.5', 'L-ZEAL 56-22.5', 7, 'image/jpeg', 203921, 'products/l-zeal-56-225.jpg', '[]', '2025-12-01 10:53:25', '2025-12-03 23:24:30', '2025-12-03 23:24:30', 'public'),
(739, 1, 'Penterra RT-0', 'Penterra RT-0', 7, 'image/png', 3231421, 'products/penterra-rt-0.png', '[]', '2025-12-01 10:53:28', '2025-12-03 23:24:30', '2025-12-03 23:24:30', 'public'),
(740, 1, 'Penterra RT-22.5', 'Penterra RT-22.5', 7, 'image/png', 6075752, 'products/penterra-rt-225.png', '[]', '2025-12-01 10:53:32', '2025-12-03 23:24:30', '2025-12-03 23:24:30', 'public'),
(741, 1, 'POWERCITY 77-0', 'POWERCITY 77-0', 7, 'image/jpeg', 174732, 'products/powercity-77-0.jpg', '[]', '2025-12-01 10:53:33', '2025-12-03 23:24:30', '2025-12-03 23:24:30', 'public'),
(742, 1, 'POWERCITY 77--22.5', 'POWERCITY 77--22.5', 7, 'image/jpeg', 248927, 'products/powercity-77-225.jpg', '[]', '2025-12-01 10:53:33', '2025-12-03 23:24:30', '2025-12-03 23:24:30', 'public'),
(743, 1, 'POWERCITY 79-0', 'POWERCITY 79-0', 7, 'image/jpeg', 158644, 'products/powercity-79-0.jpg', '[]', '2025-12-01 10:53:34', '2025-12-03 23:24:30', '2025-12-03 23:24:30', 'public'),
(744, 1, 'POWERCITY 79-22.5', 'POWERCITY 79-22.5', 7, 'image/jpeg', 196268, 'products/powercity-79-225.jpg', '[]', '2025-12-01 10:53:34', '2025-12-03 23:24:30', '2025-12-03 23:24:30', 'public'),
(745, 1, 'SPEEDKING07-0', 'SPEEDKING07-0', 7, 'image/jpeg', 193669, 'products/speedking07-0.jpg', '[]', '2025-12-01 10:53:35', '2025-12-03 23:24:30', '2025-12-03 23:24:30', 'public'),
(746, 1, 'SPEEDKING07-22.5', 'SPEEDKING07-22.5', 7, 'image/jpeg', 241227, 'products/speedking07-225.jpg', '[]', '2025-12-01 10:53:36', '2025-12-03 23:24:30', '2025-12-03 23:24:30', 'public'),
(747, 1, 'STRATOUR E1.139', 'STRATOUR E1.139', 7, 'image/png', 772546, 'products/stratour-e1139.png', '[]', '2025-12-01 10:53:36', '2025-12-03 23:24:30', '2025-12-03 23:24:30', 'public'),
(748, 1, 'STRATOUR E1', 'STRATOUR E1', 7, 'image/png', 2281202, 'products/stratour-e1.png', '[]', '2025-12-01 10:53:38', '2025-12-03 23:24:30', '2025-12-03 23:24:30', 'public'),
(749, 1, 'TERRAMAXLSR1AT-0', 'TERRAMAXLSR1AT-0', 7, 'image/jpeg', 177947, 'products/terramaxlsr1at-0.jpg', '[]', '2025-12-01 10:53:38', '2025-12-03 23:24:30', '2025-12-03 23:24:30', 'public'),
(750, 1, 'TERRAMAXLSR1AT-22.5', 'TERRAMAXLSR1AT-22.5', 7, 'image/jpeg', 206931, 'products/terramaxlsr1at-225.jpg', '[]', '2025-12-01 10:53:39', '2025-12-03 23:24:30', '2025-12-03 23:24:30', 'public'),
(751, 1, 'TERRAMAXLSR2AT --22.5  WSW', 'TERRAMAXLSR2AT --22.5  WSW', 7, 'image/jpeg', 203483, 'products/terramaxlsr2at-225-wsw.jpg', '[]', '2025-12-01 10:53:40', '2025-12-03 23:24:30', '2025-12-03 23:24:30', 'public'),
(752, 1, 'TERRAMAXLSR2AT-0', 'TERRAMAXLSR2AT-0', 7, 'image/jpeg', 164534, 'products/terramaxlsr2at-0.jpg', '[]', '2025-12-01 10:53:40', '2025-12-03 23:24:30', '2025-12-03 23:24:30', 'public'),
(753, 1, 'TERRAMAXLSR2AT--0', 'TERRAMAXLSR2AT--0', 7, 'image/jpeg', 174646, 'products/terramaxlsr2at-0.jpg', '[]', '2025-12-01 10:53:41', '2025-12-03 23:24:30', '2025-12-03 23:24:30', 'public'),
(754, 1, 'TERRAMAXLSR2AT-22.5', 'TERRAMAXLSR2AT-22.5', 7, 'image/jpeg', 223793, 'products/terramaxlsr2at-225.jpg', '[]', '2025-12-01 10:53:41', '2025-12-03 23:24:30', '2025-12-03 23:24:30', 'public'),
(755, 1, 'THUNDERU09-0', 'THUNDERU09-0', 7, 'image/jpeg', 192674, 'products/thunderu09-0.jpg', '[]', '2025-12-01 10:53:41', '2025-12-03 23:24:30', '2025-12-03 23:24:30', 'public'),
(756, 1, 'THUNDERU09-22.5', 'THUNDERU09-22.5', 7, 'image/jpeg', 206631, 'products/thunderu09-225.jpg', '[]', '2025-12-01 10:53:42', '2025-12-03 23:24:30', '2025-12-03 23:24:30', 'public'),
(757, 1, 'TOPFORCE MT-0', 'TOPFORCE MT-0', 7, 'image/jpeg', 144263, 'products/topforce-mt-0.jpg', '[]', '2025-12-01 10:53:42', '2025-12-03 23:24:30', '2025-12-03 23:24:30', 'public'),
(758, 1, 'TOPFORCE MT-22.5', 'TOPFORCE MT-22.5', 7, 'image/jpeg', 211856, 'products/topforce-mt-225.jpg', '[]', '2025-12-01 10:53:43', '2025-12-03 23:24:30', '2025-12-03 23:24:30', 'public'),
(759, 1, 'TOURWAYS 52-0', 'TOURWAYS 52-0', 7, 'image/png', 6606157, 'products/tourways-52-0.png', '[]', '2025-12-01 10:53:47', '2025-12-03 23:24:30', '2025-12-03 23:24:30', 'public'),
(760, 1, 'TOURWAYS 52-22.5', 'TOURWAYS 52-22.5', 7, 'image/png', 12793333, 'products/tourways-52-225.png', '[]', '2025-12-01 10:53:57', '2025-12-03 23:24:30', '2025-12-03 23:24:30', 'public'),
(763, 1, '01', '01', 7, 'image/jpeg', 110636, 'products/01.jpg', '[]', '2025-12-02 00:30:44', '2025-12-03 23:24:30', '2025-12-03 23:24:30', 'public'),
(764, 1, '01-1', '01-1', 7, 'image/png', 328146, 'products/01-1.png', '[]', '2025-12-02 00:30:45', '2025-12-03 23:24:30', '2025-12-03 23:24:30', 'public'),
(765, 1, '02 (1)', '02 (1)', 7, 'image/jpeg', 119261, 'products/02-1.jpg', '[]', '2025-12-02 00:30:45', '2025-12-03 23:24:30', '2025-12-03 23:24:30', 'public'),
(766, 1, '02', '02', 7, 'image/jpeg', 146816, 'products/02.jpg', '[]', '2025-12-02 00:30:46', '2025-12-03 23:24:29', '2025-12-03 23:24:29', 'public'),
(767, 1, '03 (1)', '03 (1)', 7, 'image/jpeg', 114542, 'products/03-1.jpg', '[]', '2025-12-02 00:30:47', '2025-12-03 23:24:29', '2025-12-03 23:24:29', 'public'),
(768, 1, '03', '03', 7, 'image/jpeg', 150310, 'products/03.jpg', '[]', '2025-12-02 00:30:47', '2025-12-03 23:24:29', '2025-12-03 23:24:29', 'public'),
(769, 1, '04 (1)', '04 (1)', 7, 'image/jpeg', 93282, 'products/04-1.jpg', '[]', '2025-12-02 00:30:48', '2025-12-03 23:24:29', '2025-12-03 23:24:29', 'public'),
(770, 1, '04', '04', 7, 'image/jpeg', 1763437, 'products/04.jpg', '[]', '2025-12-02 00:30:53', '2025-12-03 23:24:29', '2025-12-03 23:24:29', 'public'),
(771, 1, 'Brutus_1', 'Brutus_1', 7, 'image/png', 328146, 'products/brutus-1.png', '[]', '2025-12-02 00:30:56', '2025-12-03 23:24:29', '2025-12-03 23:24:29', 'public'),
(772, 1, 'Brutus_2', 'Brutus_2', 7, 'image/jpeg', 1763437, 'products/brutus-2.jpg', '[]', '2025-12-02 00:31:04', '2025-12-03 23:24:29', '2025-12-03 23:24:29', 'public'),
(773, 1, 'Brutus_3', 'Brutus_3', 7, 'image/jpeg', 110636, 'products/brutus-3.jpg', '[]', '2025-12-02 00:31:06', '2025-12-03 23:24:29', '2025-12-03 23:24:29', 'public'),
(774, 1, 'L-COMFORT 68-0-1', 'L-COMFORT 68-0-1', 7, 'image/jpeg', 135463, 'products/l-comfort-68-0-1.jpg', '[]', '2025-12-02 00:31:17', '2025-12-03 23:24:29', '2025-12-03 23:24:29', 'public'),
(775, 1, 'L-COMFORT68-22.5-1', 'L-COMFORT68-22.5-1', 7, 'image/jpeg', 157015, 'products/l-comfort68-225-1.jpg', '[]', '2025-12-02 00:31:18', '2025-12-03 23:24:29', '2025-12-03 23:24:29', 'public'),
(776, 1, 'L-GRIP16-0-1', 'L-GRIP16-0-1', 7, 'image/jpeg', 121309, 'products/l-grip16-0-1.jpg', '[]', '2025-12-02 00:31:18', '2025-12-03 23:24:29', '2025-12-03 23:24:29', 'public'),
(777, 1, 'L-GRIP16-22.5-1', 'L-GRIP16-22.5-1', 7, 'image/jpeg', 162225, 'products/l-grip16-225-1.jpg', '[]', '2025-12-02 00:31:19', '2025-12-03 23:24:29', '2025-12-03 23:24:29', 'public'),
(778, 1, 'L-GRIP55-0-1', 'L-GRIP55-0-1', 7, 'image/png', 1343008, 'products/l-grip55-0-1.png', '[]', '2025-12-02 00:31:20', '2025-12-03 23:24:29', '2025-12-03 23:24:29', 'public'),
(779, 1, 'L-GRIP55-22.5-1', 'L-GRIP55-22.5-1', 7, 'image/png', 17886669, 'products/l-grip55-225-1.png', '[]', '2025-12-02 00:31:30', '2025-12-03 23:24:29', '2025-12-03 23:24:29', 'public'),
(780, 1, 'L-GRIP66-0-1', 'L-GRIP66-0-1', 7, 'image/jpeg', 168523, 'products/l-grip66-0-1.jpg', '[]', '2025-12-02 00:31:33', '2025-12-03 23:24:29', '2025-12-03 23:24:29', 'public'),
(781, 1, 'L-GRIP66-22.5-1', 'L-GRIP66-22.5-1', 7, 'image/jpeg', 233398, 'products/l-grip66-225-1.jpg', '[]', '2025-12-02 00:31:34', '2025-12-03 23:24:29', '2025-12-03 23:24:29', 'public'),
(782, 1, 'L-MAX 9-0-1', 'L-MAX 9-0-1', 7, 'image/jpeg', 170335, 'products/l-max-9-0-1.jpg', '[]', '2025-12-02 00:31:34', '2025-12-03 23:24:29', '2025-12-03 23:24:29', 'public'),
(783, 1, 'L-MAX 9--0-1', 'L-MAX 9--0-1', 7, 'image/jpeg', 152070, 'products/l-max-9-0-1.jpg', '[]', '2025-12-02 00:31:35', '2025-12-03 23:24:29', '2025-12-03 23:24:29', 'public'),
(784, 1, 'L-MAX 9--22.5  WSW-1', 'L-MAX 9--22.5  WSW-1', 7, 'image/jpeg', 238696, 'products/l-max-9-225-wsw-1.jpg', '[]', '2025-12-02 00:31:36', '2025-12-03 23:24:29', '2025-12-03 23:24:29', 'public'),
(785, 1, 'L-MAX 9-22.5-1', 'L-MAX 9-22.5-1', 7, 'image/jpeg', 138423, 'products/l-max-9-225-1.jpg', '[]', '2025-12-02 00:31:36', '2025-12-03 23:24:29', '2025-12-03 23:24:29', 'public'),
(786, 1, 'L-POWER 28-0-1', 'L-POWER 28-0-1', 7, 'image/jpeg', 159160, 'products/l-power-28-0-1.jpg', '[]', '2025-12-02 00:31:37', '2025-12-03 23:24:29', '2025-12-03 23:24:29', 'public'),
(787, 1, 'L-POWER28-22.5-1', 'L-POWER28-22.5-1', 7, 'image/jpeg', 268042, 'products/l-power28-225-1.jpg', '[]', '2025-12-02 00:31:38', '2025-12-03 23:24:29', '2025-12-03 23:24:29', 'public'),
(788, 1, 'L-ZEAL 56-0-1', 'L-ZEAL 56-0-1', 7, 'image/jpeg', 134360, 'products/l-zeal-56-0-1.jpg', '[]', '2025-12-02 00:31:39', '2025-12-03 23:24:29', '2025-12-03 23:24:29', 'public'),
(789, 1, 'L-ZEAL 56-22.5-1', 'L-ZEAL 56-22.5-1', 7, 'image/jpeg', 203921, 'products/l-zeal-56-225-1.jpg', '[]', '2025-12-02 00:31:39', '2025-12-03 23:24:29', '2025-12-03 23:24:29', 'public'),
(790, 1, 'Penterra RT-0-1', 'Penterra RT-0-1', 7, 'image/png', 3231421, 'products/penterra-rt-0-1.png', '[]', '2025-12-02 00:31:42', '2025-12-03 23:24:29', '2025-12-03 23:24:29', 'public'),
(791, 1, 'Penterra RT-22.5-1', 'Penterra RT-22.5-1', 7, 'image/png', 6075752, 'products/penterra-rt-225-1.png', '[]', '2025-12-02 00:31:47', '2025-12-03 23:24:29', '2025-12-03 23:24:29', 'public'),
(792, 1, 'POWERCITY 77-0-1', 'POWERCITY 77-0-1', 7, 'image/jpeg', 174732, 'products/powercity-77-0-1.jpg', '[]', '2025-12-02 00:31:49', '2025-12-03 23:24:29', '2025-12-03 23:24:29', 'public'),
(793, 1, 'POWERCITY 77--22.5-1', 'POWERCITY 77--22.5-1', 7, 'image/jpeg', 248927, 'products/powercity-77-225-1.jpg', '[]', '2025-12-02 00:31:50', '2025-12-03 23:24:29', '2025-12-03 23:24:29', 'public'),
(794, 1, 'POWERCITY 79-0-1', 'POWERCITY 79-0-1', 7, 'image/jpeg', 158644, 'products/powercity-79-0-1.jpg', '[]', '2025-12-02 00:31:51', '2025-12-03 23:24:28', '2025-12-03 23:24:28', 'public'),
(795, 1, 'POWERCITY 79-22.5-1', 'POWERCITY 79-22.5-1', 7, 'image/jpeg', 196268, 'products/powercity-79-225-1.jpg', '[]', '2025-12-02 00:31:52', '2025-12-03 23:24:28', '2025-12-03 23:24:28', 'public'),
(796, 1, 'SPEEDKING07-0-1', 'SPEEDKING07-0-1', 7, 'image/jpeg', 193669, 'products/speedking07-0-1.jpg', '[]', '2025-12-02 00:31:53', '2025-12-03 23:24:28', '2025-12-03 23:24:28', 'public'),
(797, 1, 'SPEEDKING07-22.5-1', 'SPEEDKING07-22.5-1', 7, 'image/jpeg', 241227, 'products/speedking07-225-1.jpg', '[]', '2025-12-02 00:31:54', '2025-12-03 23:24:28', '2025-12-03 23:24:28', 'public');
INSERT INTO `media_files` (`id`, `user_id`, `name`, `alt`, `folder_id`, `mime_type`, `size`, `url`, `options`, `created_at`, `updated_at`, `deleted_at`, `visibility`) VALUES
(798, 1, 'STRATOUR E1.139-1', 'STRATOUR E1.139-1', 7, 'image/png', 772546, 'products/stratour-e1139-1.png', '[]', '2025-12-02 00:31:55', '2025-12-03 23:24:28', '2025-12-03 23:24:28', 'public'),
(799, 1, 'STRATOUR E1-1', 'STRATOUR E1-1', 7, 'image/png', 2281202, 'products/stratour-e1-1.png', '[]', '2025-12-02 00:31:57', '2025-12-03 23:24:28', '2025-12-03 23:24:28', 'public'),
(800, 1, 'TERRAMAXLSR1AT-0-1', 'TERRAMAXLSR1AT-0-1', 7, 'image/jpeg', 177947, 'products/terramaxlsr1at-0-1.jpg', '[]', '2025-12-02 00:31:58', '2025-12-03 23:24:28', '2025-12-03 23:24:28', 'public'),
(801, 1, 'TERRAMAXLSR1AT-22.5-1', 'TERRAMAXLSR1AT-22.5-1', 7, 'image/jpeg', 206931, 'products/terramaxlsr1at-225-1.jpg', '[]', '2025-12-02 00:31:58', '2025-12-03 23:24:28', '2025-12-03 23:24:28', 'public'),
(802, 1, 'TERRAMAXLSR2AT --22.5  WSW-1', 'TERRAMAXLSR2AT --22.5  WSW-1', 7, 'image/jpeg', 203483, 'products/terramaxlsr2at-225-wsw-1.jpg', '[]', '2025-12-02 00:31:59', '2025-12-03 23:24:28', '2025-12-03 23:24:28', 'public'),
(803, 1, 'TERRAMAXLSR2AT-0-1', 'TERRAMAXLSR2AT-0-1', 7, 'image/jpeg', 164534, 'products/terramaxlsr2at-0-1.jpg', '[]', '2025-12-02 00:32:00', '2025-12-03 23:24:28', '2025-12-03 23:24:28', 'public'),
(804, 1, 'TERRAMAXLSR2AT--0-1', 'TERRAMAXLSR2AT--0-1', 7, 'image/jpeg', 174646, 'products/terramaxlsr2at-0-1.jpg', '[]', '2025-12-02 00:32:01', '2025-12-03 23:24:28', '2025-12-03 23:24:28', 'public'),
(805, 1, 'TERRAMAXLSR2AT-22.5-1', 'TERRAMAXLSR2AT-22.5-1', 7, 'image/jpeg', 223793, 'products/terramaxlsr2at-225-1.jpg', '[]', '2025-12-02 00:32:02', '2025-12-03 23:24:28', '2025-12-03 23:24:28', 'public'),
(806, 1, 'THUNDERU09-0-1', 'THUNDERU09-0-1', 7, 'image/jpeg', 192674, 'products/thunderu09-0-1.jpg', '[]', '2025-12-02 00:32:02', '2025-12-03 23:24:28', '2025-12-03 23:24:28', 'public'),
(807, 1, 'THUNDERU09-22.5-1', 'THUNDERU09-22.5-1', 7, 'image/jpeg', 206631, 'products/thunderu09-225-1.jpg', '[]', '2025-12-02 00:32:03', '2025-12-03 23:24:28', '2025-12-03 23:24:28', 'public'),
(808, 1, 'TOPFORCE MT-0-1', 'TOPFORCE MT-0-1', 7, 'image/jpeg', 144263, 'products/topforce-mt-0-1.jpg', '[]', '2025-12-02 00:32:04', '2025-12-03 23:24:28', '2025-12-03 23:24:28', 'public'),
(809, 1, 'TOPFORCE MT-22.5-1', 'TOPFORCE MT-22.5-1', 7, 'image/jpeg', 211856, 'products/topforce-mt-225-1.jpg', '[]', '2025-12-02 00:32:05', '2025-12-03 23:24:28', '2025-12-03 23:24:28', 'public'),
(810, 1, 'TOURWAYS 52-0-1', 'TOURWAYS 52-0-1', 7, 'image/png', 6606157, 'products/tourways-52-0-1.png', '[]', '2025-12-02 00:32:10', '2025-12-03 23:24:28', '2025-12-03 23:24:28', 'public'),
(811, 1, 'TOURWAYS 52-22.5-1', 'TOURWAYS 52-22.5-1', 7, 'image/png', 12793333, 'products/tourways-52-225-1.png', '[]', '2025-12-02 00:32:17', '2025-12-03 23:24:28', '2025-12-03 23:24:28', 'public'),
(814, 1, 'L-COMFORT 68-0-2', 'L-COMFORT 68-0-2', 7, 'image/jpeg', 135463, 'products/l-comfort-68-0-2.jpg', '[]', '2025-12-02 00:32:33', '2025-12-03 23:24:28', '2025-12-03 23:24:28', 'public'),
(815, 1, 'L-COMFORT68-22.5-2', 'L-COMFORT68-22.5-2', 7, 'image/jpeg', 157015, 'products/l-comfort68-225-2.jpg', '[]', '2025-12-02 00:32:34', '2025-12-03 23:24:28', '2025-12-03 23:24:28', 'public'),
(816, 1, 'L-GRIP16-0-2', 'L-GRIP16-0-2', 7, 'image/jpeg', 121309, 'products/l-grip16-0-2.jpg', '[]', '2025-12-02 00:32:34', '2025-12-03 23:24:28', '2025-12-03 23:24:28', 'public'),
(817, 1, 'L-GRIP16-22.5-2', 'L-GRIP16-22.5-2', 7, 'image/jpeg', 162225, 'products/l-grip16-225-2.jpg', '[]', '2025-12-02 00:32:35', '2025-12-03 23:24:28', '2025-12-03 23:24:28', 'public'),
(818, 1, 'L-GRIP55-0-2', 'L-GRIP55-0-2', 7, 'image/png', 1343008, 'products/l-grip55-0-2.png', '[]', '2025-12-02 00:32:36', '2025-12-03 23:24:28', '2025-12-03 23:24:28', 'public'),
(819, 1, 'L-GRIP55-22.5-2', 'L-GRIP55-22.5-2', 7, 'image/png', 17886669, 'products/l-grip55-225-2.png', '[]', '2025-12-02 00:32:47', '2025-12-03 23:24:28', '2025-12-03 23:24:28', 'public'),
(820, 1, 'L-GRIP66-0-2', 'L-GRIP66-0-2', 7, 'image/jpeg', 168523, 'products/l-grip66-0-2.jpg', '[]', '2025-12-02 00:32:50', '2025-12-03 23:24:28', '2025-12-03 23:24:28', 'public'),
(821, 1, 'L-GRIP66-22.5-2', 'L-GRIP66-22.5-2', 7, 'image/jpeg', 233398, 'products/l-grip66-225-2.jpg', '[]', '2025-12-02 00:32:51', '2025-12-03 23:24:28', '2025-12-03 23:24:28', 'public'),
(822, 1, 'L-MAX 9-0-2', 'L-MAX 9-0-2', 7, 'image/jpeg', 170335, 'products/l-max-9-0-2.jpg', '[]', '2025-12-02 00:32:52', '2025-12-03 23:24:28', '2025-12-03 23:24:28', 'public'),
(823, 1, 'L-MAX 9--0-2', 'L-MAX 9--0-2', 7, 'image/jpeg', 152070, 'products/l-max-9-0-2.jpg', '[]', '2025-12-02 00:32:53', '2025-12-03 23:24:28', '2025-12-03 23:24:28', 'public'),
(824, 1, 'L-MAX 9--22.5  WSW-2', 'L-MAX 9--22.5  WSW-2', 7, 'image/jpeg', 238696, 'products/l-max-9-225-wsw-2.jpg', '[]', '2025-12-02 00:32:54', '2025-12-03 23:24:27', '2025-12-03 23:24:27', 'public'),
(825, 1, 'L-MAX 9-22.5-2', 'L-MAX 9-22.5-2', 7, 'image/jpeg', 138423, 'products/l-max-9-225-2.jpg', '[]', '2025-12-02 00:32:54', '2025-12-03 23:24:27', '2025-12-03 23:24:27', 'public'),
(826, 1, 'L-POWER 28-0-2', 'L-POWER 28-0-2', 7, 'image/jpeg', 159160, 'products/l-power-28-0-2.jpg', '[]', '2025-12-02 00:32:55', '2025-12-03 23:24:27', '2025-12-03 23:24:27', 'public'),
(827, 1, 'L-POWER28-22.5-2', 'L-POWER28-22.5-2', 7, 'image/jpeg', 268042, 'products/l-power28-225-2.jpg', '[]', '2025-12-02 00:32:56', '2025-12-03 23:24:27', '2025-12-03 23:24:27', 'public'),
(828, 1, 'L-ZEAL 56-0-2', 'L-ZEAL 56-0-2', 7, 'image/jpeg', 134360, 'products/l-zeal-56-0-2.jpg', '[]', '2025-12-02 00:32:57', '2025-12-03 23:24:27', '2025-12-03 23:24:27', 'public'),
(829, 1, 'L-ZEAL 56-22.5-2', 'L-ZEAL 56-22.5-2', 7, 'image/jpeg', 203921, 'products/l-zeal-56-225-2.jpg', '[]', '2025-12-02 00:32:58', '2025-12-03 23:24:27', '2025-12-03 23:24:27', 'public'),
(830, 1, 'Penterra RT-0-2', 'Penterra RT-0-2', 7, 'image/png', 3231421, 'products/penterra-rt-0-2.png', '[]', '2025-12-02 00:33:01', '2025-12-03 23:24:27', '2025-12-03 23:24:27', 'public'),
(831, 1, 'Penterra RT-22.5-2', 'Penterra RT-22.5-2', 7, 'image/png', 6075752, 'products/penterra-rt-225-2.png', '[]', '2025-12-02 00:33:06', '2025-12-03 23:24:27', '2025-12-03 23:24:27', 'public'),
(832, 1, 'POWERCITY 77-0-2', 'POWERCITY 77-0-2', 7, 'image/jpeg', 174732, 'products/powercity-77-0-2.jpg', '[]', '2025-12-02 00:33:08', '2025-12-03 23:24:27', '2025-12-03 23:24:27', 'public'),
(833, 1, 'POWERCITY 77--22.5-2', 'POWERCITY 77--22.5-2', 7, 'image/jpeg', 248927, 'products/powercity-77-225-2.jpg', '[]', '2025-12-02 00:33:09', '2025-12-03 23:24:27', '2025-12-03 23:24:27', 'public'),
(834, 1, 'powercity-79-0-2', 'POWERCITY 79-0-2', 7, 'image/jpeg', 158644, 'products/powercity-79-0-2.jpg', '[]', '2025-12-02 00:33:10', '2025-12-03 23:24:27', '2025-12-03 23:24:27', 'public'),
(835, 1, 'POWERCITY79-22.5-2', 'POWERCITY 79-22.5-2', 7, 'image/jpeg', 196268, 'products/powercity-79-225-2.jpg', '[]', '2025-12-02 00:33:10', '2025-12-03 23:24:27', '2025-12-03 23:24:27', 'public'),
(836, 1, 'SPEEDKING07-0-2', 'SPEEDKING07-0-2', 7, 'image/jpeg', 193669, 'products/speedking07-0-2.jpg', '[]', '2025-12-02 00:33:11', '2025-12-03 23:24:27', '2025-12-03 23:24:27', 'public'),
(837, 1, 'SPEEDKING07-22.5-2', 'SPEEDKING07-22.5-2', 7, 'image/jpeg', 241227, 'products/speedking07-225-2.jpg', '[]', '2025-12-02 00:33:11', '2025-12-03 23:24:27', '2025-12-03 23:24:27', 'public'),
(838, 1, 'STRATOUR E1.139-2', 'STRATOUR E1.139-2', 7, 'image/png', 772546, 'products/stratour-e1139-2.png', '[]', '2025-12-02 00:33:12', '2025-12-03 23:24:27', '2025-12-03 23:24:27', 'public'),
(839, 1, 'STRATOUR E1-2', 'STRATOUR E1-2', 7, 'image/png', 2281202, 'products/stratour-e1-2.png', '[]', '2025-12-02 00:33:15', '2025-12-03 23:24:27', '2025-12-03 23:24:27', 'public'),
(840, 1, 'TERRAMAXLSR1AT-0-2', 'TERRAMAXLSR1AT-0-2', 7, 'image/jpeg', 177947, 'products/terramaxlsr1at-0-2.jpg', '[]', '2025-12-02 00:33:16', '2025-12-03 23:24:27', '2025-12-03 23:24:27', 'public'),
(841, 1, 'TERRAMAXLSR1AT-22.5-2', 'TERRAMAXLSR1AT-22.5-2', 7, 'image/jpeg', 206931, 'products/terramaxlsr1at-225-2.jpg', '[]', '2025-12-02 00:33:17', '2025-12-03 23:24:27', '2025-12-03 23:24:27', 'public'),
(842, 1, 'TERRAMAXLSR2AT --22.5  WSW-2', 'TERRAMAXLSR2AT --22.5  WSW-2', 7, 'image/jpeg', 203483, 'products/terramaxlsr2at-225-wsw-2.jpg', '[]', '2025-12-02 00:33:18', '2025-12-03 23:24:27', '2025-12-03 23:24:27', 'public'),
(843, 1, 'TERRAMAXLSR2AT-0-2', 'TERRAMAXLSR2AT-0-2', 7, 'image/jpeg', 164534, 'products/terramaxlsr2at-0-2.jpg', '[]', '2025-12-02 00:33:18', '2025-12-03 23:24:27', '2025-12-03 23:24:27', 'public'),
(844, 1, 'TERRAMAXLSR2AT--0-2', 'TERRAMAXLSR2AT--0-2', 7, 'image/jpeg', 174646, 'products/terramaxlsr2at-0-2.jpg', '[]', '2025-12-02 00:33:19', '2025-12-03 23:24:27', '2025-12-03 23:24:27', 'public'),
(845, 1, 'TERRAMAXLSR2AT-22.5-2', 'TERRAMAXLSR2AT-22.5-2', 7, 'image/jpeg', 223793, 'products/terramaxlsr2at-225-2.jpg', '[]', '2025-12-02 00:33:20', '2025-12-03 23:24:27', '2025-12-03 23:24:27', 'public'),
(846, 1, 'THUNDERU09-0-2', 'THUNDERU09-0-2', 7, 'image/jpeg', 192674, 'products/thunderu09-0-2.jpg', '[]', '2025-12-02 00:33:21', '2025-12-03 23:24:27', '2025-12-03 23:24:27', 'public'),
(847, 1, 'THUNDERU09-22.5-2', 'THUNDERU09-22.5-2', 7, 'image/jpeg', 206631, 'products/thunderu09-225-2.jpg', '[]', '2025-12-02 00:33:22', '2025-12-03 23:24:27', '2025-12-03 23:24:27', 'public'),
(848, 1, 'TOPFORCE MT-0-2', 'TOPFORCE MT-0-2', 7, 'image/jpeg', 144263, 'products/topforce-mt-0-2.jpg', '[]', '2025-12-02 00:33:23', '2025-12-03 23:24:27', '2025-12-03 23:24:27', 'public'),
(849, 1, 'TOPFORCE MT-22.5-2', 'TOPFORCE MT-22.5-2', 7, 'image/jpeg', 211856, 'products/topforce-mt-225-2.jpg', '[]', '2025-12-02 00:33:23', '2025-12-03 23:24:26', '2025-12-03 23:24:26', 'public'),
(850, 1, 'TOURWAYS 52-0-2', 'TOURWAYS 52-0-2', 7, 'image/png', 6606157, 'products/tourways-52-0-2.png', '[]', '2025-12-02 00:33:29', '2025-12-03 23:24:26', '2025-12-03 23:24:26', 'public'),
(851, 1, 'TOURWAYS 52-22.5-2', 'TOURWAYS 52-22.5-2', 7, 'image/png', 12793333, 'products/tourways-52-225-2.png', '[]', '2025-12-02 00:33:37', '2025-12-03 23:24:26', '2025-12-03 23:24:26', 'public'),
(860, 1, '0FPyqA7U2zR9QadNydXVwBSqT5qt7Akw0ry3dEUp', '0FPyqA7U2zR9QadNydXVwBSqT5qt7Akw0ry3dEUp', 0, 'image/png', 157149, '0fpyqa7u2zr9qadnydxvwbsqt5qt7akw0ry3deup.png', '[]', '2025-12-02 01:02:56', '2025-12-02 01:02:56', NULL, 'public'),
(861, 1, '9_1 (1)', '9_1 (1)', 7, 'image/jpeg', 28023, 'products/9-1-1.jpg', '[]', '2025-12-02 01:04:02', '2025-12-03 23:24:26', '2025-12-03 23:24:26', 'public'),
(866, 1, 'WILDWOLFMT-225', 'WILDWOLFMT', 7, 'image/jpeg', 166028, 'products/wildwolfmt.jpg', '[]', '2025-12-02 01:11:09', '2025-12-03 23:24:26', '2025-12-03 23:24:26', 'public'),
(867, 1, 'WILDWOLFMT0', 'WILDWOLFMT0', 7, 'image/jpeg', 161184, 'products/wildwolfmt0.jpg', '[]', '2025-12-02 01:16:19', '2025-12-03 23:24:26', '2025-12-03 23:24:26', 'public'),
(868, 1, 'TOPFORCE MT-22.5-3', 'TOPFORCE MT-22.5-3', 7, 'image/jpeg', 211856, 'products/topforce-mt-225-3.jpg', '[]', '2025-12-02 01:18:30', '2025-12-03 23:24:26', '2025-12-03 23:24:26', 'public'),
(869, 1, 'FT162-22', 'FT162-22', 7, 'image/png', 1559141, 'products/ft162-22.png', '[]', '2025-12-02 03:50:55', '2025-12-03 23:24:26', '2025-12-03 23:24:26', 'public'),
(870, 1, 'FT162-0', 'FT162-0', 7, 'image/png', 689673, 'products/ft162-0.png', '[]', '2025-12-02 03:51:30', '2025-12-03 23:24:26', '2025-12-03 23:24:26', 'public'),
(871, 1, 'AD686-22', 'AD686-22', 7, 'image/png', 1182453, 'products/ad686-22.png', '[]', '2025-12-02 03:51:44', '2025-12-03 23:24:26', '2025-12-03 23:24:26', 'public'),
(872, 1, 'AD686-0', 'AD686-0', 7, 'image/png', 582113, 'products/ad686-0.png', '[]', '2025-12-02 03:51:56', '2025-12-03 23:24:26', '2025-12-03 23:24:26', 'public'),
(873, 1, 'AD675-22', 'AD675-22', 7, 'image/png', 1624424, 'products/ad675-22.png', '[]', '2025-12-02 03:52:39', '2025-12-03 23:24:26', '2025-12-03 23:24:26', 'public'),
(874, 1, 'AD675-0', 'AD675-0', 7, 'image/png', 703937, 'products/ad675-0.png', '[]', '2025-12-02 03:53:04', '2025-12-03 23:24:26', '2025-12-03 23:24:26', 'public'),
(875, 1, 'AD683-225', 'AD683-225', 7, 'image/png', 1026112, 'products/ad683-225.png', '[]', '2025-12-02 03:53:56', '2025-12-03 23:24:26', '2025-12-03 23:24:26', 'public'),
(876, 1, 'AD683-0', 'AD683-0', 7, 'image/png', 454931, 'products/ad683-0.png', '[]', '2025-12-02 03:54:19', '2025-12-03 23:24:26', '2025-12-03 23:24:26', 'public'),
(877, 1, 'AA112-22.5', 'AA112-22.5', 7, 'image/png', 6335535, 'products/aa112-225.png', '[]', '2025-12-02 03:55:12', '2025-12-03 23:24:26', '2025-12-03 23:24:26', 'public'),
(878, 1, 'AA112-225', 'AA112-225', 7, 'image/png', 6335535, 'products/aa112-225.png', '[]', '2025-12-02 03:55:50', '2025-12-03 23:24:26', '2025-12-03 23:24:26', 'public'),
(879, 1, 'AA112-0', 'AA112-0', 7, 'image/png', 4006209, 'products/aa112-0.png', '[]', '2025-12-02 03:56:13', '2025-12-03 23:24:26', '2025-12-03 23:24:26', 'public'),
(880, 1, 'FT126-22', 'FT126-22', 7, 'image/png', 1153656, 'products/ft126-22.png', '[]', '2025-12-02 03:56:54', '2025-12-03 23:24:26', '2025-12-03 23:24:26', 'public'),
(881, 1, 'FT126-0', 'FT126-0', 7, 'image/png', 590865, 'products/ft126-0.png', '[]', '2025-12-02 03:57:18', '2025-12-03 23:24:26', '2025-12-03 23:24:26', 'public'),
(882, 1, 'DD678-225', 'DD678-225', 7, 'image/png', 1030157, 'products/dd678-225.png', '[]', '2025-12-02 04:15:12', '2025-12-03 23:24:26', '2025-12-03 23:24:26', 'public'),
(883, 1, 'DD678-0', 'DD678-0', 7, 'image/png', 475174, 'products/dd678-0.png', '[]', '2025-12-02 04:15:38', '2025-12-03 23:24:26', '2025-12-03 23:24:26', 'public'),
(884, 1, '01', '01', 0, 'image/png', 328146, '01.png', '[]', '2025-12-03 23:21:09', '2025-12-03 23:21:09', NULL, 'public'),
(885, 1, '01-2', '01-2', 7, 'image/png', 328146, 'products/01-2.png', '[]', '2025-12-03 23:21:45', '2025-12-03 23:24:26', '2025-12-03 23:24:26', 'public'),
(922, 1, '4w-238-3528700093414-tire-michelin-pilot-sport-4-2', '4w-238-3528700093414-tire-michelin-pilot-sport-4-2', 7, 'image/webp', 33564, 'products/4w-238-3528700093414-tire-michelin-pilot-sport-4-2.webp', '[]', '2025-12-06 20:12:42', '2025-12-06 20:12:42', NULL, 'public'),
(927, 1, '64-1-2', '64-1-2', 7, 'image/jpeg', 22415, 'products/64-1-2.jpg', '[]', '2025-12-06 20:12:42', '2025-12-06 20:12:42', NULL, 'public'),
(968, 1, 'apollo-tyres-skid-steer-tyres-asr-614', 'apollo-tyres-skid-steer-tyres-asr-614', 7, 'image/png', 45304, 'products/apollo-tyres-skid-steer-tyres-asr-614.png', '[]', '2025-12-06 20:12:42', '2025-12-06 20:12:42', NULL, 'public'),
(973, 1, 'brutus_1', 'brutus_1', 7, 'image/png', 328146, 'products/brutus_1.png', '[]', '2025-12-06 20:12:42', '2025-12-06 20:12:42', NULL, 'public'),
(978, 1, 'brutus_2', 'brutus_2', 7, 'image/jpeg', 1763437, 'products/brutus_2.jpg', '[]', '2025-12-06 20:12:42', '2025-12-06 20:12:42', NULL, 'public'),
(983, 1, 'brutus_3', 'brutus_3', 7, 'image/jpeg', 110636, 'products/brutus_3.jpg', '[]', '2025-12-06 20:12:42', '2025-12-06 20:12:42', NULL, 'public'),
(988, 1, 'car-dunlop-tyres-dunlop-sp-tire-png-favpng-uattpyu', 'car-dunlop-tyres-dunlop-sp-tire-png-favpng-uattpyu', 7, 'image/jpeg', 96661, 'products/car-dunlop-tyres-dunlop-sp-tire-png-favpng-uattpyu.jpg', '[]', '2025-12-06 20:12:42', '2025-12-06 20:12:42', NULL, 'public'),
(993, 1, 'cf3000-1', 'cf3000-1', 7, 'image/jpeg', 67359, 'products/cf3000-1.jpg', '[]', '2025-12-06 20:12:42', '2025-12-06 20:12:42', NULL, 'public'),
(998, 1, 'cf350-1', 'cf350-1', 7, 'image/jpeg', 60624, 'products/cf350-1.jpg', '[]', '2025-12-06 20:12:42', '2025-12-06 20:12:42', NULL, 'public'),
(1003, 1, 'cf710-1', 'cf710-1', 7, 'image/jpeg', 53291, 'products/cf710-1.jpg', '[]', '2025-12-06 20:12:42', '2025-12-06 20:12:42', NULL, 'public'),
(1008, 1, 'circuit-racing-tyres-ztw4', 'circuit-racing-tyres-ztw4', 7, 'image/png', 160785, 'products/circuit-racing-tyres-ztw4.png', '[]', '2025-12-06 20:12:42', '2025-12-06 20:12:42', NULL, 'public'),
(1013, 1, 'crs20dsuo2', 'crs20dsuo2', 7, 'image/jpeg', 45617, 'products/crs20dsuo2.jpg', '[]', '2025-12-06 20:12:42', '2025-12-06 20:12:42', NULL, 'public'),
(1026, 1, 'dh02-1', 'dh02-1', 7, 'image/jpeg', 53531, 'products/dh02-1.jpg', '[]', '2025-12-06 20:12:42', '2025-12-06 20:12:42', NULL, 'public'),
(1031, 1, 'dh03-1', 'dh03-1', 7, 'image/jpeg', 29889, 'products/dh03-1.jpg', '[]', '2025-12-06 20:12:42', '2025-12-06 20:12:42', NULL, 'public'),
(1036, 1, 'dho1', 'dho1', 7, 'image/jpeg', 13049, 'products/dho1.jpg', '[]', '2025-12-06 20:12:42', '2025-12-06 20:12:42', NULL, 'public'),
(1041, 1, 'du01-1', 'du01-1', 7, 'image/jpeg', 47949, 'products/du01-1.jpg', '[]', '2025-12-06 20:12:42', '2025-12-06 20:12:42', NULL, 'public'),
(1046, 1, 'duramax28-1', 'duramax28-1', 7, 'image/jpeg', 11590, 'products/duramax28-1.jpg', '[]', '2025-12-06 20:12:43', '2025-12-06 20:12:43', NULL, 'public'),
(1051, 1, 'duratrac-1', 'duratrac-1', 7, 'image/jpeg', 50581, 'products/duratrac-1.jpg', '[]', '2025-12-06 20:12:43', '2025-12-06 20:12:43', NULL, 'public'),
(1056, 1, 'fronwayrockbladeat-1', 'fronwayrockbladeat-1', 7, 'image/jpeg', 23952, 'products/fronwayrockbladeat-1.jpg', '[]', '2025-12-06 20:12:43', '2025-12-06 20:12:43', NULL, 'public'),
(1077, 1, 'hd757-1-1', 'hd757-1-1', 7, 'image/jpeg', 41686, 'products/hd757-1-1.jpg', '[]', '2025-12-06 20:12:43', '2025-12-06 20:12:43', NULL, 'public'),
(1082, 1, 'hd757-1', 'hd757-1', 7, 'image/jpeg', 41686, 'products/hd757-1.jpg', '[]', '2025-12-06 20:12:43', '2025-12-06 20:12:43', NULL, 'public'),
(1087, 1, 'hd909-1', 'hd909-1', 7, 'image/jpeg', 43889, 'products/hd909-1.jpg', '[]', '2025-12-06 20:12:43', '2025-12-06 20:12:43', NULL, 'public'),
(1092, 1, 'hr701-1', 'hr701-1', 7, 'image/jpeg', 66630, 'products/hr701-1.jpg', '[]', '2025-12-06 20:12:43', '2025-12-06 20:12:43', NULL, 'public'),
(1105, 1, 'l-comfort68-0', 'l-comfort68-0', 7, 'image/jpeg', 135463, 'products/l-comfort68-0.jpg', '[]', '2025-12-06 20:12:43', '2025-12-06 20:12:43', NULL, 'public'),
(1126, 1, 'l-grip16-0', 'l-grip16-0', 7, 'image/jpeg', 121309, 'products/l-grip16-0.png', '[]', '2025-12-06 20:12:43', '2025-12-06 20:12:43', NULL, 'public'),
(1139, 1, 'l-grip16-225', 'l-grip16-225', 7, 'image/jpeg', 162225, 'products/l-grip16-225.png', '[]', '2025-12-06 20:12:43', '2025-12-06 20:12:43', NULL, 'public'),
(1204, 1, 'l-max9--225wsw', 'l-max9--225wsw', 7, 'image/jpeg', 238696, 'products/l-max9--225wsw.jpg', '[]', '2025-12-06 20:12:43', '2025-12-06 20:12:43', NULL, 'public'),
(1209, 1, 'l-max9–-0', 'l-max9–-0', 7, 'image/jpeg', 152070, 'products/l-max9–-0.jpg', '[]', '2025-12-06 20:12:43', '2025-12-06 20:12:43', NULL, 'public'),
(1218, 1, 'l-power28-0', 'l-power28-0', 7, 'image/jpeg', 159160, 'products/l-power28-0.jpg', '[]', '2025-12-06 20:12:43', '2025-12-06 20:12:43', NULL, 'public'),
(1247, 1, 'l-zeal56-0', 'l-zeal56-0', 7, 'image/jpeg', 134360, 'products/l-zeal56-0.jpg', '[]', '2025-12-06 20:12:43', '2025-12-06 20:12:43', NULL, 'public'),
(1252, 1, 'l-zeal56-225', 'l-zeal56-225', 7, 'image/jpeg', 203921, 'products/l-zeal56-225.jpg', '[]', '2025-12-06 20:12:43', '2025-12-06 20:12:43', NULL, 'public'),
(1265, 1, 'penterrart-0', 'penterrart-0', 7, 'image/png', 3231421, 'products/penterrart-0.png', '[]', '2025-12-06 20:12:44', '2025-12-06 20:12:44', NULL, 'public'),
(1270, 1, 'penterrart-225', 'penterrart-225', 7, 'image/png', 6075752, 'products/penterrart-225.png', '[]', '2025-12-06 20:12:44', '2025-12-06 20:12:44', NULL, 'public'),
(1275, 1, 'png-clipart-car-motor-vehicle-tires-dunlop-tyres-d', 'png-clipart-car-motor-vehicle-tires-dunlop-tyres-d', 7, 'image/png', 298436, 'products/png-clipart-car-motor-vehicle-tires-dunlop-tyres-d.png', '[]', '2025-12-06 20:12:44', '2025-12-06 20:12:44', NULL, 'public'),
(1296, 1, 'powercity77-0', 'powercity77-0', 7, 'image/jpeg', 174732, 'products/powercity77-0.jpg', '[]', '2025-12-06 20:12:44', '2025-12-06 20:12:44', NULL, 'public'),
(1301, 1, 'powercity77–-225', 'powercity77–-225', 7, 'image/jpeg', 248927, 'products/powercity77–-225.jpg', '[]', '2025-12-06 20:12:44', '2025-12-06 20:12:44', NULL, 'public'),
(1306, 1, 'powercity79-0', 'powercity79-0', 7, 'image/jpeg', 158644, 'products/powercity79-0.jpg', '[]', '2025-12-06 20:12:44', '2025-12-06 20:12:44', NULL, 'public'),
(1311, 1, 'powercity79-225', 'powercity79-225', 7, 'image/jpeg', 196268, 'products/powercity79-225.jpg', '[]', '2025-12-06 20:12:44', '2025-12-06 20:12:44', NULL, 'public'),
(1316, 1, 's-l1200', 's-l1200', 7, 'image/jpeg', 42013, 'products/s-l1200.jpg', '[]', '2025-12-06 20:12:44', '2025-12-06 20:12:44', NULL, 'public'),
(1321, 1, 'shoppingqtbnand9gcq8ibsmpz-noxul0yrn2wemrl-djym', 'shoppingqtbnand9gcq8ibsmpz-noxul0yrn2wemrl-djym', 7, 'image/webp', 34876, 'products/shoppingqtbnand9gcq8ibsmpz-noxul0yrn2wemrl-djym.webp', '[]', '2025-12-06 20:12:44', '2025-12-06 20:12:44', NULL, 'public'),
(1358, 1, 't01-1', 't01-1', 7, 'image/jpeg', 42347, 'products/t01-1.jpg?v=1765036348', '[]', '2025-12-06 20:12:44', '2025-12-06 20:22:28', NULL, 'public'),
(1359, 1, 'terramaxlsr1at-0-', 'terramaxlsr1at-0-', 7, 'image/jpeg', 177947, 'products/terramaxlsr1at-0-.jpg', '[]', '2025-12-06 20:12:44', '2025-12-06 20:12:44', NULL, 'public'),
(1380, 1, 'terramaxlsr2at--225wsw', 'terramaxlsr2at--225wsw', 7, 'image/jpeg', 203483, 'products/terramaxlsr2at--225wsw.jpg', '[]', '2025-12-06 20:12:44', '2025-12-06 20:12:44', NULL, 'public'),
(1433, 1, 'topforcemt-0', 'topforcemt-0', 7, 'image/jpeg', 144263, 'products/topforcemt-0.jpg', '[]', '2025-12-06 20:12:44', '2025-12-06 20:12:44', NULL, 'public'),
(1438, 1, 'topforcemt-225', 'topforcemt-225', 7, 'image/jpeg', 211856, 'products/topforcemt-225.jpg', '[]', '2025-12-06 20:12:44', '2025-12-06 20:12:44', NULL, 'public'),
(1451, 1, 'tourways52-0', 'tourways52-0', 7, 'image/png', 6606157, 'products/tourways52-0.png', '[]', '2025-12-06 20:12:44', '2025-12-06 20:12:44', NULL, 'public'),
(1456, 1, 'tourways52-225', 'tourways52-225', 7, 'image/png', 12793333, 'products/tourways52-225.png', '[]', '2025-12-06 20:12:44', '2025-12-06 20:12:44', NULL, 'public'),
(1461, 1, 'triplemax-1', 'triplemax-1', 7, 'image/jpeg', 58525, 'products/triplemax-1.jpg?v=1765036321', '[]', '2025-12-06 20:12:45', '2025-12-06 20:22:01', NULL, 'public'),
(1466, 1, 'wildwolfmt-0', 'wildwolfmt-0', 7, 'image/jpeg', 161184, 'products/wildwolfmt-0.jpg', '[]', '2025-12-06 20:12:45', '2025-12-06 20:12:45', NULL, 'public'),
(1471, 1, 'wildwolfmt-225', 'wildwolfmt-225', 7, 'image/jpeg', 166028, 'products/wildwolfmt-225.jpg', '[]', '2025-12-06 20:12:45', '2025-12-06 20:12:45', NULL, 'public'),
(1472, 7, 'Xbri', 'Xbri', 7, 'image/jpeg', 284914, 'products/xbri.jpg', '[]', '2025-12-07 03:13:16', '2025-12-07 03:13:16', NULL, 'public'),
(1473, 7, 'TOURWAYS 52-22.5-3', 'TOURWAYS 52-22.5-3', 7, 'image/png', 12793333, 'products/tourways-52-225-3.png', '[]', '2025-12-07 03:44:07', '2025-12-07 03:44:07', NULL, 'public'),
(1474, 7, 'TOURWAYS 52-0-3', 'TOURWAYS 52-0-3', 7, 'image/png', 6606157, 'products/tourways-52-0-3.png', '[]', '2025-12-07 03:44:16', '2025-12-07 03:44:16', NULL, 'public'),
(1475, 7, 'STRATOUR E1-3', 'STRATOUR E1-3', 7, 'image/png', 2281202, 'products/stratour-e1-3.png', '[]', '2025-12-07 03:44:19', '2025-12-07 03:44:19', NULL, 'public'),
(1476, 7, 'STRATOUR E1.139-3', 'STRATOUR E1.139-3', 7, 'image/png', 772546, 'products/stratour-e1139-3.png', '[]', '2025-12-07 03:44:21', '2025-12-07 03:44:21', NULL, 'public'),
(1477, 7, 'Penterra RT-22.5-3', 'Penterra RT-22.5-3', 7, 'image/png', 6075752, 'products/penterra-rt-225-3.png', '[]', '2025-12-07 03:44:26', '2025-12-07 03:44:26', NULL, 'public'),
(1478, 7, 'Penterra RT-0-3', 'Penterra RT-0-3', 7, 'image/png', 3231421, 'products/penterra-rt-0-3.png', '[]', '2025-12-07 03:44:32', '2025-12-07 03:44:32', NULL, 'public'),
(1479, 7, 'L-GRIP55-22.5-3', 'L-GRIP55-22.5-3', 7, 'image/png', 17886669, 'products/l-grip55-225-3.png', '[]', '2025-12-07 03:44:44', '2025-12-07 03:44:44', NULL, 'public'),
(1480, 7, 'L-GRIP55-0-3', 'L-GRIP55-0-3', 7, 'image/png', 1343008, 'products/l-grip55-0-3.png', '[]', '2025-12-07 03:44:51', '2025-12-07 03:44:51', NULL, 'public'),
(1481, 7, 'TT166-22.5', 'TT166-22.5', 7, 'image/png', 1148071, 'products/tt166-225.png', '[]', '2025-12-07 03:44:52', '2025-12-07 03:44:52', NULL, 'public'),
(1482, 7, 'TT166-0', 'TT166-0', 7, 'image/png', 545479, 'products/tt166-0.png', '[]', '2025-12-07 03:44:53', '2025-12-07 03:44:53', NULL, 'public'),
(1483, 7, 'TT136-22', 'TT136-22', 7, 'image/png', 9523752, 'products/tt136-22.png', '[]', '2025-12-07 03:45:04', '2025-12-07 03:45:04', NULL, 'public'),
(1484, 7, 'TT136-0', 'TT136-0', 7, 'image/png', 4021791, 'products/tt136-0.png', '[]', '2025-12-07 03:45:11', '2025-12-07 03:45:11', NULL, 'public'),
(1485, 7, 'FT628-22.5', 'FT628-22.5', 7, 'image/png', 1251033, 'products/ft628-225.png', '[]', '2025-12-07 03:45:14', '2025-12-07 03:45:14', NULL, 'public'),
(1486, 7, 'FT628-0', 'FT628-0', 7, 'image/png', 644292, 'products/ft628-0.png', '[]', '2025-12-07 03:45:15', '2025-12-07 03:45:15', NULL, 'public'),
(1487, 7, 'FT191-0', 'FT191-0', 7, 'image/png', 430293, 'products/ft191-0.png', '[]', '2025-12-07 03:45:16', '2025-12-07 03:45:16', NULL, 'public'),
(1488, 7, 'FT191-22', 'FT191-22', 7, 'image/png', 1018977, 'products/ft191-22.png', '[]', '2025-12-07 03:45:18', '2025-12-07 03:45:18', NULL, 'public'),
(1489, 7, 'FT172-22.5', 'FT172-22.5', 7, 'image/png', 988141, 'products/ft172-225.png', '[]', '2025-12-07 03:45:19', '2025-12-07 03:45:19', NULL, 'public'),
(1490, 7, 'FT172-0', 'FT172-0', 7, 'image/png', 443720, 'products/ft172-0.png', '[]', '2025-12-07 03:45:20', '2025-12-07 03:45:20', NULL, 'public'),
(1491, 7, 'FT168-0', 'FT168-0', 7, 'image/png', 471713, 'products/ft168-0.png', '[]', '2025-12-07 03:45:21', '2025-12-07 03:45:21', NULL, 'public'),
(1492, 7, 'FT168-22', 'FT168-22', 7, 'image/png', 1066484, 'products/ft168-22.png', '[]', '2025-12-07 03:45:23', '2025-12-07 03:45:23', NULL, 'public'),
(1493, 7, 'FT167-22.5', 'FT167-22.5', 7, 'image/png', 1149230, 'products/ft167-225.png', '[]', '2025-12-07 03:45:24', '2025-12-07 03:45:24', NULL, 'public'),
(1494, 7, 'FT167-0', 'FT167-0', 7, 'image/png', 487600, 'products/ft167-0.png', '[]', '2025-12-07 03:45:25', '2025-12-07 03:45:25', NULL, 'public'),
(1495, 7, 'FT162-22-1', 'FT162-22-1', 7, 'image/png', 1559141, 'products/ft162-22-1.png', '[]', '2025-12-07 03:45:27', '2025-12-07 03:45:27', NULL, 'public'),
(1496, 7, 'FT162-0-1', 'FT162-0-1', 7, 'image/png', 689673, 'products/ft162-0-1.png', '[]', '2025-12-07 03:45:28', '2025-12-07 03:45:28', NULL, 'public'),
(1497, 7, 'FT156-22', 'FT156-22', 7, 'image/png', 1619558, 'products/ft156-22.png', '[]', '2025-12-07 03:45:30', '2025-12-07 03:45:30', NULL, 'public'),
(1498, 7, 'FT156-0', 'FT156-0', 7, 'image/png', 726498, 'products/ft156-0.png', '[]', '2025-12-07 03:45:32', '2025-12-07 03:45:32', NULL, 'public'),
(1499, 7, 'FT152-22', 'FT152-22', 7, 'image/png', 1150457, 'products/ft152-22.png', '[]', '2025-12-07 03:45:35', '2025-12-07 03:45:35', NULL, 'public'),
(1500, 7, 'FT152-0', 'FT152-0', 7, 'image/png', 572769, 'products/ft152-0.png', '[]', '2025-12-07 03:45:36', '2025-12-07 03:45:36', NULL, 'public'),
(1501, 7, 'FT151-0', 'FT151-0', 7, 'image/png', 438504, 'products/ft151-0.png', '[]', '2025-12-07 03:45:37', '2025-12-07 03:45:37', NULL, 'public'),
(1502, 7, 'FT151-22.5', 'FT151-22.5', 7, 'image/png', 1065068, 'products/ft151-225.png', '[]', '2025-12-07 03:45:38', '2025-12-07 03:45:38', NULL, 'public'),
(1503, 7, 'FT138-0', 'FT138-0', 7, 'image/png', 481677, 'products/ft138-0.png', '[]', '2025-12-07 03:45:40', '2025-12-07 03:45:40', NULL, 'public'),
(1504, 7, 'FT138-22.5', 'FT138-22.5', 7, 'image/png', 1028058, 'products/ft138-225.png', '[]', '2025-12-07 03:45:41', '2025-12-07 03:45:41', NULL, 'public'),
(1505, 7, 'FT133-22', 'FT133-22', 7, 'image/png', 1085060, 'products/ft133-22.png', '[]', '2025-12-07 03:45:42', '2025-12-07 03:45:42', NULL, 'public'),
(1506, 7, 'FT133-0', 'FT133-0', 7, 'image/png', 503049, 'products/ft133-0.png', '[]', '2025-12-07 03:45:44', '2025-12-07 03:45:44', NULL, 'public'),
(1507, 7, 'FT132-22', 'FT132-22', 7, 'image/png', 1016949, 'products/ft132-22.png', '[]', '2025-12-07 03:45:45', '2025-12-07 03:45:45', NULL, 'public'),
(1508, 7, 'FT132-0', 'FT132-0', 7, 'image/png', 351930, 'products/ft132-0.png', '[]', '2025-12-07 03:45:46', '2025-12-07 03:45:46', NULL, 'public'),
(1509, 7, 'FT129-22', 'FT129-22', 7, 'image/png', 1046857, 'products/ft129-22.png', '[]', '2025-12-07 03:45:47', '2025-12-07 03:45:47', NULL, 'public'),
(1510, 7, 'FT129-0', 'FT129-0', 7, 'image/png', 417761, 'products/ft129-0.png', '[]', '2025-12-07 03:45:48', '2025-12-07 03:45:48', NULL, 'public'),
(1511, 7, 'FT127-0', 'FT127-0', 7, 'image/png', 822697, 'products/ft127-0.png', '[]', '2025-12-07 03:45:50', '2025-12-07 03:45:50', NULL, 'public'),
(1512, 7, 'FT127-22', 'FT127-22', 7, 'image/png', 1687067, 'products/ft127-22.png', '[]', '2025-12-07 03:45:51', '2025-12-07 03:45:51', NULL, 'public'),
(1513, 7, 'FT126-22-1', 'FT126-22-1', 7, 'image/png', 1153656, 'products/ft126-22-1.png', '[]', '2025-12-07 03:45:53', '2025-12-07 03:45:53', NULL, 'public'),
(1514, 7, 'FT126-0-1', 'FT126-0-1', 7, 'image/png', 590865, 'products/ft126-0-1.png', '[]', '2025-12-07 03:45:54', '2025-12-07 03:45:54', NULL, 'public'),
(1515, 7, 'FT125-22', 'FT125-22', 7, 'image/png', 1407308, 'products/ft125-22.png', '[]', '2025-12-07 03:45:56', '2025-12-07 03:45:56', NULL, 'public'),
(1516, 7, 'FT125-0', 'FT125-0', 7, 'image/png', 678595, 'products/ft125-0.png', '[]', '2025-12-07 03:45:57', '2025-12-07 03:45:57', NULL, 'public'),
(1517, 7, 'FT118-22', 'FT118-22', 7, 'image/png', 1060899, 'products/ft118-22.png', '[]', '2025-12-07 03:45:58', '2025-12-07 03:45:58', NULL, 'public'),
(1518, 7, 'FT118-0', 'FT118-0', 7, 'image/png', 449551, 'products/ft118-0.png', '[]', '2025-12-07 03:45:59', '2025-12-07 03:45:59', NULL, 'public'),
(1519, 7, 'FT102（M02）-0', 'FT102（M02）-0', 7, 'image/png', 418087, 'products/ft102m02-0.png', '[]', '2025-12-07 03:46:01', '2025-12-07 03:46:01', NULL, 'public'),
(1520, 7, 'FT102（M02）-22', 'FT102（M02）-22', 7, 'image/png', 1010764, 'products/ft102m02-22.png', '[]', '2025-12-07 03:46:02', '2025-12-07 03:46:02', NULL, 'public'),
(1521, 7, 'FT101-0 拷贝', 'FT101-0 拷贝', 7, 'image/png', 502592, 'products/ft101-0.png', '[]', '2025-12-07 03:46:03', '2025-12-07 03:46:03', NULL, 'public'),
(1522, 7, 'FT101-22', 'FT101-22', 7, 'image/png', 1073448, 'products/ft101-22.png', '[]', '2025-12-07 03:46:04', '2025-12-07 03:46:04', NULL, 'public'),
(1523, 7, 'FT100-0', 'FT100-0', 7, 'image/png', 273282, 'products/ft100-0.png', '[]', '2025-12-07 03:46:05', '2025-12-07 03:46:05', NULL, 'public'),
(1524, 7, 'FT100-22.5', 'FT100-22.5', 7, 'image/png', 697746, 'products/ft100-225.png', '[]', '2025-12-07 03:46:06', '2025-12-07 03:46:06', NULL, 'public'),
(1525, 7, 'DT699-0', 'DT699-0', 7, 'image/png', 691917, 'products/dt699-0.png', '[]', '2025-12-07 03:46:07', '2025-12-07 03:46:07', NULL, 'public'),
(1526, 7, 'DT699-22.5', 'DT699-22.5', 7, 'image/png', 1264900, 'products/dt699-225.png', '[]', '2025-12-07 03:46:09', '2025-12-07 03:46:09', NULL, 'public'),
(1527, 7, 'DT688-0', 'DT688-0', 7, 'image/png', 448687, 'products/dt688-0.png', '[]', '2025-12-07 03:46:10', '2025-12-07 03:46:10', NULL, 'public'),
(1528, 7, 'DT688-22.5', 'DT688-22.5', 7, 'image/png', 1005629, 'products/dt688-225.png', '[]', '2025-12-07 03:46:14', '2025-12-07 03:46:14', NULL, 'public'),
(1529, 7, 'DT663-0', 'DT663-0', 7, 'image/png', 441004, 'products/dt663-0.png', '[]', '2025-12-07 03:46:17', '2025-12-07 03:46:17', NULL, 'public'),
(1530, 7, 'DT663-22.5', 'DT663-22.5', 7, 'image/png', 983948, 'products/dt663-225.png', '[]', '2025-12-07 03:46:21', '2025-12-07 03:46:21', NULL, 'public'),
(1531, 7, 'DT633-0', 'DT633-0', 7, 'image/png', 437058, 'products/dt633-0.png', '[]', '2025-12-07 03:46:23', '2025-12-07 03:46:23', NULL, 'public'),
(1532, 7, 'DT633-22', 'DT633-22', 7, 'image/png', 1053460, 'products/dt633-22.png', '[]', '2025-12-07 03:46:26', '2025-12-07 03:46:26', NULL, 'public'),
(1533, 7, 'DT618-0', 'DT618-0', 7, 'image/png', 773524, 'products/dt618-0.png', '[]', '2025-12-07 03:46:28', '2025-12-07 03:46:28', NULL, 'public'),
(1534, 7, 'DT618-22', 'DT618-22', 7, 'image/png', 1747687, 'products/dt618-22.png', '[]', '2025-12-07 03:46:30', '2025-12-07 03:46:30', NULL, 'public'),
(1535, 7, 'DT177-22.5', 'DT177-22.5', 7, 'image/png', 1193713, 'products/dt177-225.png', '[]', '2025-12-07 03:46:33', '2025-12-07 03:46:33', NULL, 'public'),
(1536, 7, 'DT177-0', 'DT177-0', 7, 'image/png', 675129, 'products/dt177-0.png', '[]', '2025-12-07 03:46:35', '2025-12-07 03:46:35', NULL, 'public'),
(1537, 7, 'DD679-22.5', 'DD679-22.5', 7, 'image/png', 1043289, 'products/dd679-225.png', '[]', '2025-12-07 03:46:36', '2025-12-07 03:46:36', NULL, 'public'),
(1538, 7, 'DD679-0', 'DD679-0', 7, 'image/png', 519615, 'products/dd679-0.png', '[]', '2025-12-07 03:46:38', '2025-12-07 03:46:38', NULL, 'public'),
(1539, 7, 'DD678-22.5', 'DD678-22.5', 7, 'image/png', 1030157, 'products/dd678-225.png', '[]', '2025-12-07 03:46:40', '2025-12-07 03:46:40', NULL, 'public'),
(1540, 7, 'DD678-0-1', 'DD678-0-1', 7, 'image/png', 475174, 'products/dd678-0-1.png', '[]', '2025-12-07 03:46:42', '2025-12-07 03:46:42', NULL, 'public'),
(1541, 7, 'DD635-22.5', 'DD635-22.5', 7, 'image/png', 1645457, 'products/dd635-225.png', '[]', '2025-12-07 03:46:44', '2025-12-07 03:46:44', NULL, 'public'),
(1542, 7, 'DD635-0', 'DD635-0', 7, 'image/png', 788419, 'products/dd635-0.png', '[]', '2025-12-07 03:46:45', '2025-12-07 03:46:45', NULL, 'public'),
(1543, 7, 'AT169-22', 'AT169-22', 7, 'image/png', 1215702, 'products/at169-22.png', '[]', '2025-12-07 03:46:47', '2025-12-07 03:46:47', NULL, 'public'),
(1544, 7, 'AT169-', 'AT169-', 7, 'image/png', 639010, 'products/at169.png', '[]', '2025-12-07 03:46:48', '2025-12-07 03:46:48', NULL, 'public'),
(1545, 7, 'AD899-0', 'AD899-0', 7, 'image/png', 695865, 'products/ad899-0.png', '[]', '2025-12-07 03:46:49', '2025-12-07 03:46:49', NULL, 'public'),
(1546, 7, 'AD899-22', 'AD899-22', 7, 'image/png', 1235513, 'products/ad899-22.png', '[]', '2025-12-07 03:46:51', '2025-12-07 03:46:51', NULL, 'public'),
(1547, 7, 'AD893-22', 'AD893-22', 7, 'image/png', 2227742, 'products/ad893-22.png', '[]', '2025-12-07 03:46:53', '2025-12-07 03:46:53', NULL, 'public'),
(1548, 7, 'AD893-0', 'AD893-0', 7, 'image/png', 1494751, 'products/ad893-0.png', '[]', '2025-12-07 03:46:54', '2025-12-07 03:46:54', NULL, 'public'),
(1549, 7, 'AD888-22', 'AD888-22', 7, 'image/png', 1570194, 'products/ad888-22.png', '[]', '2025-12-07 03:46:57', '2025-12-07 03:46:57', NULL, 'public'),
(1550, 7, 'AD888-0', 'AD888-0', 7, 'image/png', 561206, 'products/ad888-0.png', '[]', '2025-12-07 03:46:59', '2025-12-07 03:46:59', NULL, 'public'),
(1551, 7, 'AD887-22', 'AD887-22', 7, 'image/png', 1381490, 'products/ad887-22.png', '[]', '2025-12-07 03:47:02', '2025-12-07 03:47:02', NULL, 'public'),
(1552, 7, 'AD887-0', 'AD887-0', 7, 'image/png', 510715, 'products/ad887-0.png', '[]', '2025-12-07 03:47:04', '2025-12-07 03:47:04', NULL, 'public'),
(1553, 7, 'AD886-22', 'AD886-22', 7, 'image/png', 1459862, 'products/ad886-22.png', '[]', '2025-12-07 03:47:07', '2025-12-07 03:47:07', NULL, 'public'),
(1554, 7, 'AD886-0', 'AD886-0', 7, 'image/png', 580254, 'products/ad886-0.png', '[]', '2025-12-07 03:47:08', '2025-12-07 03:47:08', NULL, 'public'),
(1555, 7, 'AD885-0', 'AD885-0', 7, 'image/png', 368611, 'products/ad885-0.png', '[]', '2025-12-07 03:47:09', '2025-12-07 03:47:09', NULL, 'public'),
(1556, 7, 'AD885-22.5', 'AD885-22.5', 7, 'image/png', 955947, 'products/ad885-225.png', '[]', '2025-12-07 03:47:10', '2025-12-07 03:47:10', NULL, 'public'),
(1557, 7, 'AD866（M08）-22', 'AD866（M08）-22', 7, 'image/png', 1271005, 'products/ad866m08-22.png', '[]', '2025-12-07 03:47:12', '2025-12-07 03:47:12', NULL, 'public'),
(1558, 7, 'AD866（M08）-0 ', 'AD866（M08）-0 ', 7, 'image/png', 810463, 'products/ad866m08-0.png', '[]', '2025-12-07 03:47:13', '2025-12-07 03:47:13', NULL, 'public'),
(1559, 7, 'AD866（G66）-22', 'AD866（G66）-22', 7, 'image/png', 1409961, 'products/ad866g66-22.png', '[]', '2025-12-07 03:47:15', '2025-12-07 03:47:15', NULL, 'public'),
(1560, 7, 'AD866（G66）-0', 'AD866（G66）-0', 7, 'image/png', 958229, 'products/ad866g66-0.png', '[]', '2025-12-07 03:47:16', '2025-12-07 03:47:16', NULL, 'public'),
(1561, 7, 'AD858-22', 'AD858-22', 7, 'image/png', 956519, 'products/ad858-22.png', '[]', '2025-12-07 03:47:18', '2025-12-07 03:47:18', NULL, 'public'),
(1562, 7, 'AD858-0', 'AD858-0', 7, 'image/png', 358943, 'products/ad858-0.png', '[]', '2025-12-07 03:47:19', '2025-12-07 03:47:19', NULL, 'public'),
(1563, 7, 'AD809-22', 'AD809-22', 7, 'image/png', 916323, 'products/ad809-22.png', '[]', '2025-12-07 03:47:20', '2025-12-07 03:47:20', NULL, 'public'),
(1564, 7, 'AD809-0', 'AD809-0', 7, 'image/png', 312669, 'products/ad809-0.png', '[]', '2025-12-07 03:47:21', '2025-12-07 03:47:21', NULL, 'public'),
(1565, 7, 'AD696-22', 'AD696-22', 7, 'image/png', 1404579, 'products/ad696-22.png', '[]', '2025-12-07 03:47:22', '2025-12-07 03:47:22', NULL, 'public'),
(1566, 7, 'AD696-0', 'AD696-0', 7, 'image/png', 549693, 'products/ad696-0.png', '[]', '2025-12-07 03:47:23', '2025-12-07 03:47:23', NULL, 'public'),
(1567, 7, 'AD695-0', 'AD695-0', 7, 'image/png', 433683, 'products/ad695-0.png', '[]', '2025-12-07 03:47:24', '2025-12-07 03:47:24', NULL, 'public'),
(1568, 7, 'AD695-22', 'AD695-22', 7, 'image/png', 1036546, 'products/ad695-22.png', '[]', '2025-12-07 03:47:25', '2025-12-07 03:47:25', NULL, 'public'),
(1569, 7, 'AD693-22', 'AD693-22', 7, 'image/png', 1085579, 'products/ad693-22.png', '[]', '2025-12-07 03:47:27', '2025-12-07 03:47:27', NULL, 'public'),
(1570, 7, 'AD693-0', 'AD693-0', 7, 'image/png', 533665, 'products/ad693-0.png', '[]', '2025-12-07 03:47:28', '2025-12-07 03:47:28', NULL, 'public'),
(1571, 7, 'AD689-22', 'AD689-22', 7, 'image/png', 1436461, 'products/ad689-22.png', '[]', '2025-12-07 03:47:29', '2025-12-07 03:47:29', NULL, 'public'),
(1572, 7, 'AD689-0', 'AD689-0', 7, 'image/png', 720712, 'products/ad689-0.png', '[]', '2025-12-07 03:47:31', '2025-12-07 03:47:31', NULL, 'public'),
(1573, 7, 'AD687-0', 'AD687-0', 7, 'image/png', 494478, 'products/ad687-0.png', '[]', '2025-12-07 03:47:32', '2025-12-07 03:47:32', NULL, 'public'),
(1574, 7, 'AD687-22', 'AD687-22', 7, 'image/png', 1090510, 'products/ad687-22.png', '[]', '2025-12-07 03:47:33', '2025-12-07 03:47:33', NULL, 'public'),
(1575, 7, 'AD686-22-1', 'AD686-22-1', 7, 'image/png', 1182453, 'products/ad686-22-1.png', '[]', '2025-12-07 03:47:35', '2025-12-07 03:47:35', NULL, 'public'),
(1576, 7, 'AD686-0-1', 'AD686-0-1', 7, 'image/png', 582113, 'products/ad686-0-1.png', '[]', '2025-12-07 03:47:36', '2025-12-07 03:47:36', NULL, 'public'),
(1577, 7, 'AD685-0', 'AD685-0', 7, 'image/png', 505310, 'products/ad685-0.png', '[]', '2025-12-07 03:47:37', '2025-12-07 03:47:37', NULL, 'public'),
(1578, 7, 'AD685-22', 'AD685-22', 7, 'image/png', 1065513, 'products/ad685-22.png', '[]', '2025-12-07 03:47:38', '2025-12-07 03:47:38', NULL, 'public'),
(1579, 7, 'AD683-22.5', 'AD683-22.5', 7, 'image/png', 1026112, 'products/ad683-225.png', '[]', '2025-12-07 03:47:39', '2025-12-07 03:47:39', NULL, 'public'),
(1580, 7, 'AD683-0-1', 'AD683-0-1', 7, 'image/png', 454931, 'products/ad683-0-1.png', '[]', '2025-12-07 03:47:40', '2025-12-07 03:47:40', NULL, 'public'),
(1581, 7, 'AD682-22.5', 'AD682-22.5', 7, 'image/png', 1026984, 'products/ad682-225.png', '[]', '2025-12-07 03:47:42', '2025-12-07 03:47:42', NULL, 'public'),
(1582, 7, 'AD682-0', 'AD682-0', 7, 'image/png', 500102, 'products/ad682-0.png', '[]', '2025-12-07 03:47:43', '2025-12-07 03:47:43', NULL, 'public'),
(1583, 7, 'AD677-0 拷贝', 'AD677-0 拷贝', 7, 'image/png', 473087, 'products/ad677-0.png', '[]', '2025-12-07 03:47:44', '2025-12-07 03:47:44', NULL, 'public'),
(1584, 7, 'AD677-22', 'AD677-22', 7, 'image/png', 1047823, 'products/ad677-22.png', '[]', '2025-12-07 03:47:45', '2025-12-07 03:47:45', NULL, 'public'),
(1585, 7, 'AD676-0', 'AD676-0', 7, 'image/png', 659816, 'products/ad676-0.png', '[]', '2025-12-07 03:47:47', '2025-12-07 03:47:47', NULL, 'public'),
(1586, 7, 'AD676-22', 'AD676-22', 7, 'image/png', 1592707, 'products/ad676-22.png', '[]', '2025-12-07 03:47:49', '2025-12-07 03:47:49', NULL, 'public'),
(1587, 7, 'AD675-22-1', 'AD675-22-1', 7, 'image/png', 1624424, 'products/ad675-22-1.png', '[]', '2025-12-07 03:47:51', '2025-12-07 03:47:51', NULL, 'public'),
(1588, 7, 'AD675-0-1', 'AD675-0-1', 7, 'image/png', 703937, 'products/ad675-0-1.png', '[]', '2025-12-07 03:47:52', '2025-12-07 03:47:52', NULL, 'public'),
(1589, 7, 'AD673-22', 'AD673-22', 7, 'image/png', 1059125, 'products/ad673-22.png', '[]', '2025-12-07 03:47:54', '2025-12-07 03:47:54', NULL, 'public'),
(1590, 7, 'AD673-0', 'AD673-0', 7, 'image/png', 473447, 'products/ad673-0.png', '[]', '2025-12-07 03:47:55', '2025-12-07 03:47:55', NULL, 'public'),
(1591, 7, 'AD671-0', 'AD671-0', 7, 'image/png', 531766, 'products/ad671-0.png', '[]', '2025-12-07 03:47:56', '2025-12-07 03:47:56', NULL, 'public'),
(1592, 7, 'AD671-22', 'AD671-22', 7, 'image/png', 1055739, 'products/ad671-22.png', '[]', '2025-12-07 03:47:57', '2025-12-07 03:47:57', NULL, 'public'),
(1593, 7, 'AD669-0', 'AD669-0', 7, 'image/png', 496512, 'products/ad669-0.png', '[]', '2025-12-07 03:47:59', '2025-12-07 03:47:59', NULL, 'public'),
(1594, 7, 'AD669-22.5', 'AD669-22.5', 7, 'image/png', 1053605, 'products/ad669-225.png', '[]', '2025-12-07 03:48:00', '2025-12-07 03:48:00', NULL, 'public'),
(1595, 7, 'AD668-22.5', 'AD668-22.5', 7, 'image/png', 1095383, 'products/ad668-225.png', '[]', '2025-12-07 03:48:02', '2025-12-07 03:48:02', NULL, 'public'),
(1596, 7, 'AD668-0', 'AD668-0', 7, 'image/png', 539318, 'products/ad668-0.png', '[]', '2025-12-07 03:48:03', '2025-12-07 03:48:03', NULL, 'public'),
(1597, 7, 'AD667-0', 'AD667-0', 7, 'image/png', 471408, 'products/ad667-0.png', '[]', '2025-12-07 03:48:04', '2025-12-07 03:48:04', NULL, 'public'),
(1598, 7, 'AD667-22', 'AD667-22', 7, 'image/png', 1002396, 'products/ad667-22.png', '[]', '2025-12-07 03:48:05', '2025-12-07 03:48:05', NULL, 'public'),
(1599, 7, 'AD658-22', 'AD658-22', 7, 'image/png', 1062443, 'products/ad658-22.png', '[]', '2025-12-07 03:48:07', '2025-12-07 03:48:07', NULL, 'public'),
(1600, 7, 'AD658-0', 'AD658-0', 7, 'image/png', 488870, 'products/ad658-0.png', '[]', '2025-12-07 03:48:08', '2025-12-07 03:48:08', NULL, 'public'),
(1601, 7, 'AD657-0', 'AD657-0', 7, 'image/png', 469106, 'products/ad657-0.png', '[]', '2025-12-07 03:48:09', '2025-12-07 03:48:09', NULL, 'public'),
(1602, 7, 'AD657-22.5', 'AD657-22.5', 7, 'image/png', 1049683, 'products/ad657-225.png', '[]', '2025-12-07 03:48:10', '2025-12-07 03:48:10', NULL, 'public'),
(1603, 7, 'AD656-0', 'AD656-0', 7, 'image/png', 7722029, 'products/ad656-0.png', '[]', '2025-12-07 03:48:20', '2025-12-07 03:48:20', NULL, 'public'),
(1604, 7, 'AD656-22', 'AD656-22', 7, 'image/png', 933163, 'products/ad656-22.png', '[]', '2025-12-07 03:48:27', '2025-12-07 03:48:27', NULL, 'public'),
(1605, 7, 'AD653(X3)-22.', 'AD653(X3)-22.', 7, 'image/png', 1138776, 'products/ad653x3-22.png', '[]', '2025-12-07 03:48:29', '2025-12-07 03:48:29', NULL, 'public'),
(1606, 7, 'AD653(X3)-0', 'AD653(X3)-0', 7, 'image/png', 565953, 'products/ad653x3-0.png', '[]', '2025-12-07 03:48:30', '2025-12-07 03:48:30', NULL, 'public'),
(1607, 7, 'AD651-22', 'AD651-22', 7, 'image/png', 1066347, 'products/ad651-22.png', '[]', '2025-12-07 03:48:31', '2025-12-07 03:48:31', NULL, 'public'),
(1608, 7, 'AD651-0', 'AD651-0', 7, 'image/png', 527987, 'products/ad651-0.png', '[]', '2025-12-07 03:48:32', '2025-12-07 03:48:32', NULL, 'public'),
(1609, 7, 'AD650-22', 'AD650-22', 7, 'image/png', 1079542, 'products/ad650-22.png', '[]', '2025-12-07 03:48:34', '2025-12-07 03:48:34', NULL, 'public'),
(1610, 7, 'AD650-0', 'AD650-0', 7, 'image/png', 537995, 'products/ad650-0.png', '[]', '2025-12-07 03:48:35', '2025-12-07 03:48:35', NULL, 'public'),
(1611, 7, 'AD639-22', 'AD639-22', 7, 'image/png', 1333228, 'products/ad639-22.png', '[]', '2025-12-07 03:48:36', '2025-12-07 03:48:36', NULL, 'public'),
(1612, 7, 'AD639-0', 'AD639-0', 7, 'image/png', 703766, 'products/ad639-0.png', '[]', '2025-12-07 03:48:37', '2025-12-07 03:48:37', NULL, 'public'),
(1613, 7, 'AD638-22', 'AD638-22', 7, 'image/png', 1093890, 'products/ad638-22.png', '[]', '2025-12-07 03:48:39', '2025-12-07 03:48:39', NULL, 'public'),
(1614, 7, 'AD627-22', 'AD627-22', 7, 'image/png', 1483166, 'products/ad627-22.png', '[]', '2025-12-07 03:48:40', '2025-12-07 03:48:40', NULL, 'public'),
(1615, 7, 'AD627-22.5', 'AD627-22.5', 7, 'image/png', 1612018, 'products/ad627-225.png', '[]', '2025-12-07 03:48:42', '2025-12-07 03:48:42', NULL, 'public'),
(1616, 7, 'AD627-0', 'AD627-0', 7, 'image/png', 612604, 'products/ad627-0.png', '[]', '2025-12-07 03:48:44', '2025-12-07 03:48:44', NULL, 'public'),
(1617, 7, 'AD626-22', 'AD626-22', 7, 'image/png', 1077483, 'products/ad626-22.png', '[]', '2025-12-07 03:48:45', '2025-12-07 03:48:45', NULL, 'public'),
(1618, 7, 'AD626-0', 'AD626-0', 7, 'image/png', 452857, 'products/ad626-0.png', '[]', '2025-12-07 03:48:46', '2025-12-07 03:48:46', NULL, 'public'),
(1619, 7, 'AD625-0', 'AD625-0', 7, 'image/png', 509106, 'products/ad625-0.png', '[]', '2025-12-07 03:48:47', '2025-12-07 03:48:47', NULL, 'public'),
(1620, 7, 'AD625-22.5', 'AD625-22.5', 7, 'image/png', 1137604, 'products/ad625-225.png', '[]', '2025-12-07 03:48:48', '2025-12-07 03:48:48', NULL, 'public'),
(1621, 7, 'AD623-22', 'AD623-22', 7, 'image/png', 1034365, 'products/ad623-22.png', '[]', '2025-12-07 03:48:50', '2025-12-07 03:48:50', NULL, 'public'),
(1622, 7, 'AD623-0', 'AD623-0', 7, 'image/png', 473644, 'products/ad623-0.png', '[]', '2025-12-07 03:48:51', '2025-12-07 03:48:51', NULL, 'public'),
(1623, 7, 'AD621-22', 'AD621-22', 7, 'image/png', 1176008, 'products/ad621-22.png', '[]', '2025-12-07 03:48:52', '2025-12-07 03:48:52', NULL, 'public'),
(1624, 7, 'AD621-0', 'AD621-0', 7, 'image/png', 507641, 'products/ad621-0.png', '[]', '2025-12-07 03:48:53', '2025-12-07 03:48:53', NULL, 'public'),
(1625, 7, 'AD617-22', 'AD617-22', 7, 'image/png', 1178903, 'products/ad617-22.png', '[]', '2025-12-07 03:48:55', '2025-12-07 03:48:55', NULL, 'public'),
(1626, 7, 'AD617-0', 'AD617-0', 7, 'image/png', 621482, 'products/ad617-0.png', '[]', '2025-12-07 03:48:56', '2025-12-07 03:48:56', NULL, 'public'),
(1627, 7, 'AD616-22', 'AD616-22', 7, 'image/png', 1208923, 'products/ad616-22.png', '[]', '2025-12-07 03:48:57', '2025-12-07 03:48:57', NULL, 'public'),
(1628, 7, 'AD616-0', 'AD616-0', 7, 'image/png', 656006, 'products/ad616-0.png', '[]', '2025-12-07 03:48:58', '2025-12-07 03:48:58', NULL, 'public'),
(1629, 7, 'AD615-22.5', 'AD615-22.5', 7, 'image/png', 1418314, 'products/ad615-225.png', '[]', '2025-12-07 03:49:00', '2025-12-07 03:49:00', NULL, 'public'),
(1630, 7, 'AD615-0', 'AD615-0', 7, 'image/png', 520259, 'products/ad615-0.png', '[]', '2025-12-07 03:49:02', '2025-12-07 03:49:02', NULL, 'public'),
(1631, 7, 'AD613-0', 'AD613-0', 7, 'image/png', 504503, 'products/ad613-0.png', '[]', '2025-12-07 03:49:03', '2025-12-07 03:49:03', NULL, 'public'),
(1632, 7, 'AD613-22', 'AD613-22', 7, 'image/png', 1088572, 'products/ad613-22.png', '[]', '2025-12-07 03:49:04', '2025-12-07 03:49:04', NULL, 'public'),
(1633, 7, 'AD610-22', 'AD610-22', 7, 'image/png', 1052324, 'products/ad610-22.png', '[]', '2025-12-07 03:49:05', '2025-12-07 03:49:05', NULL, 'public'),
(1634, 7, 'AD610-0', 'AD610-0', 7, 'image/png', 500476, 'products/ad610-0.png', '[]', '2025-12-07 03:49:07', '2025-12-07 03:49:07', NULL, 'public'),
(1635, 7, 'AD609-22', 'AD609-22', 7, 'image/png', 1050102, 'products/ad609-22.png', '[]', '2025-12-07 03:49:08', '2025-12-07 03:49:08', NULL, 'public'),
(1636, 7, 'AD609-0', 'AD609-0', 7, 'image/png', 455081, 'products/ad609-0.png', '[]', '2025-12-07 03:49:09', '2025-12-07 03:49:09', NULL, 'public'),
(1637, 7, 'AD607-0', 'AD607-0', 7, 'image/png', 512933, 'products/ad607-0.png', '[]', '2025-12-07 03:49:10', '2025-12-07 03:49:10', NULL, 'public'),
(1638, 7, 'AD607-22', 'AD607-22', 7, 'image/png', 1099396, 'products/ad607-22.png', '[]', '2025-12-07 03:49:11', '2025-12-07 03:49:11', NULL, 'public'),
(1639, 7, 'AD605-22.5', 'AD605-22.5', 7, 'image/png', 1108231, 'products/ad605-225.png', '[]', '2025-12-07 03:49:13', '2025-12-07 03:49:13', NULL, 'public'),
(1640, 7, 'AD605-0', 'AD605-0', 7, 'image/png', 502653, 'products/ad605-0.png', '[]', '2025-12-07 03:49:14', '2025-12-07 03:49:14', NULL, 'public'),
(1641, 7, 'AD603-0', 'AD603-0', 7, 'image/png', 528370, 'products/ad603-0.png', '[]', '2025-12-07 03:49:15', '2025-12-07 03:49:15', NULL, 'public'),
(1642, 7, 'AD603-22.5', 'AD603-22.5', 7, 'image/png', 1078356, 'products/ad603-225.png', '[]', '2025-12-07 03:49:16', '2025-12-07 03:49:16', NULL, 'public'),
(1643, 7, 'AD183-0', 'AD183-0', 7, 'image/png', 498625, 'products/ad183-0.png', '[]', '2025-12-07 03:49:17', '2025-12-07 03:49:17', NULL, 'public'),
(1644, 7, 'AD183-22', 'AD183-22', 7, 'image/png', 1035865, 'products/ad183-22.png', '[]', '2025-12-07 03:49:19', '2025-12-07 03:49:19', NULL, 'public'),
(1645, 7, 'AD181-22.5', 'AD181-22.5', 7, 'image/png', 1001591, 'products/ad181-225.png', '[]', '2025-12-07 03:49:20', '2025-12-07 03:49:20', NULL, 'public'),
(1646, 7, 'AD181-0', 'AD181-0', 7, 'image/png', 464547, 'products/ad181-0.png', '[]', '2025-12-07 03:49:21', '2025-12-07 03:49:21', NULL, 'public'),
(1647, 7, 'AD165-0', 'AD165-0', 7, 'image/png', 449021, 'products/ad165-0.png', '[]', '2025-12-07 03:49:22', '2025-12-07 03:49:22', NULL, 'public'),
(1648, 7, 'AD165-22', 'AD165-22', 7, 'image/png', 1103569, 'products/ad165-22.png', '[]', '2025-12-07 03:49:23', '2025-12-07 03:49:23', NULL, 'public'),
(1649, 7, 'AD163-22', 'AD163-22', 7, 'image/png', 1462779, 'products/ad163-22.png', '[]', '2025-12-07 03:49:25', '2025-12-07 03:49:25', NULL, 'public'),
(1650, 7, 'AD163-0', 'AD163-0', 7, 'image/png', 767172, 'products/ad163-0.png', '[]', '2025-12-07 03:49:26', '2025-12-07 03:49:26', NULL, 'public'),
(1651, 7, 'AD153-22', 'AD153-22', 7, 'image/png', 1263414, 'products/ad153-22.png', '[]', '2025-12-07 03:49:28', '2025-12-07 03:49:28', NULL, 'public'),
(1652, 7, 'AD153-0', 'AD153-0', 7, 'image/png', 582519, 'products/ad153-0.png', '[]', '2025-12-07 03:49:29', '2025-12-07 03:49:29', NULL, 'public');
INSERT INTO `media_files` (`id`, `user_id`, `name`, `alt`, `folder_id`, `mime_type`, `size`, `url`, `options`, `created_at`, `updated_at`, `deleted_at`, `visibility`) VALUES
(1653, 7, 'AD131-22', 'AD131-22', 7, 'image/png', 1049858, 'products/ad131-22.png', '[]', '2025-12-07 03:49:30', '2025-12-07 03:49:30', NULL, 'public'),
(1654, 7, 'AD131-0', 'AD131-0', 7, 'image/png', 444287, 'products/ad131-0.png', '[]', '2025-12-07 03:49:31', '2025-12-07 03:49:31', NULL, 'public'),
(1655, 7, 'AD123-22.5', 'AD123-22.5', 7, 'image/png', 1019357, 'products/ad123-225.png', '[]', '2025-12-07 03:49:33', '2025-12-07 03:49:33', NULL, 'public'),
(1656, 7, 'AD123-0', 'AD123-0', 7, 'image/png', 476394, 'products/ad123-0.png', '[]', '2025-12-07 03:49:34', '2025-12-07 03:49:34', NULL, 'public'),
(1657, 7, 'AD109-22', 'AD109-22', 7, 'image/png', 1097803, 'products/ad109-22.png', '[]', '2025-12-07 03:49:35', '2025-12-07 03:49:35', NULL, 'public'),
(1658, 7, 'AD109-0', 'AD109-0', 7, 'image/png', 535383, 'products/ad109-0.png', '[]', '2025-12-07 03:49:36', '2025-12-07 03:49:36', NULL, 'public'),
(1659, 7, 'AA611-0', 'AA611-0', 7, 'image/png', 534742, 'products/aa611-0.png', '[]', '2025-12-07 03:49:37', '2025-12-07 03:49:37', NULL, 'public'),
(1660, 7, 'AA611-22', 'AA611-22', 7, 'image/png', 1127621, 'products/aa611-22.png', '[]', '2025-12-07 03:49:38', '2025-12-07 03:49:38', NULL, 'public'),
(1661, 7, 'AA609-22', 'AA609-22', 7, 'image/png', 1059158, 'products/aa609-22.png', '[]', '2025-12-07 03:49:40', '2025-12-07 03:49:40', NULL, 'public'),
(1662, 7, 'AA609-0', 'AA609-0', 7, 'image/png', 454784, 'products/aa609-0.png', '[]', '2025-12-07 03:49:41', '2025-12-07 03:49:41', NULL, 'public'),
(1663, 7, 'AA602-0', 'AA602-0', 7, 'image/png', 501340, 'products/aa602-0.png', '[]', '2025-12-07 03:49:42', '2025-12-07 03:49:42', NULL, 'public'),
(1664, 7, 'AA602-22', 'AA602-22', 7, 'image/png', 1167028, 'products/aa602-22.png', '[]', '2025-12-07 03:49:43', '2025-12-07 03:49:43', NULL, 'public'),
(1665, 7, 'AA601-22', 'AA601-22', 7, 'image/png', 1128369, 'products/aa601-22.png', '[]', '2025-12-07 03:49:45', '2025-12-07 03:49:45', NULL, 'public'),
(1666, 7, 'AA601-0', 'AA601-0', 7, 'image/png', 512390, 'products/aa601-0.png', '[]', '2025-12-07 03:49:46', '2025-12-07 03:49:46', NULL, 'public'),
(1667, 7, 'AA198-22', 'AA198-22', 7, 'image/png', 9564328, 'products/aa198-22.png', '[]', '2025-12-07 03:49:54', '2025-12-07 03:49:54', NULL, 'public'),
(1668, 7, 'AA198-0', 'AA198-0', 7, 'image/png', 4000954, 'products/aa198-0.png', '[]', '2025-12-07 03:50:01', '2025-12-07 03:50:01', NULL, 'public'),
(1669, 7, 'AA197-0', 'AA197-0', 7, 'image/png', 481746, 'products/aa197-0.png', '[]', '2025-12-07 03:50:04', '2025-12-07 03:50:04', NULL, 'public'),
(1670, 7, 'AA197-22.5', 'AA197-22.5', 7, 'image/png', 1071291, 'products/aa197-225.png', '[]', '2025-12-07 03:50:05', '2025-12-07 03:50:05', NULL, 'public'),
(1671, 7, 'AA192-22', 'AA192-22', 7, 'image/png', 1164316, 'products/aa192-22.png', '[]', '2025-12-07 03:50:07', '2025-12-07 03:50:07', NULL, 'public'),
(1672, 7, 'AA192-0', 'AA192-0', 7, 'image/png', 501457, 'products/aa192-0.png', '[]', '2025-12-07 03:50:08', '2025-12-07 03:50:08', NULL, 'public'),
(1673, 7, 'AA182-22.5', 'AA182-22.5', 7, 'image/png', 1055913, 'products/aa182-225.png', '[]', '2025-12-07 03:50:09', '2025-12-07 03:50:09', NULL, 'public'),
(1674, 7, 'AA182-0', 'AA182-0', 7, 'image/png', 454012, 'products/aa182-0.png', '[]', '2025-12-07 03:50:11', '2025-12-07 03:50:11', NULL, 'public'),
(1675, 7, 'AA176-22', 'AA176-22', 7, 'image/png', 1597062, 'products/aa176-22.png', '[]', '2025-12-07 03:50:12', '2025-12-07 03:50:12', NULL, 'public'),
(1676, 7, 'AA176-0', 'AA176-0', 7, 'image/png', 705658, 'products/aa176-0.png', '[]', '2025-12-07 03:50:14', '2025-12-07 03:50:14', NULL, 'public'),
(1677, 7, 'AA173-0', 'AA173-0', 7, 'image/png', 463234, 'products/aa173-0.png', '[]', '2025-12-07 03:50:15', '2025-12-07 03:50:15', NULL, 'public'),
(1678, 7, 'AA173-22', 'AA173-22', 7, 'image/png', 1102388, 'products/aa173-22.png', '[]', '2025-12-07 03:50:16', '2025-12-07 03:50:16', NULL, 'public'),
(1679, 7, 'AA171-22', 'AA171-22', 7, 'image/png', 1081641, 'products/aa171-22.png', '[]', '2025-12-07 03:50:17', '2025-12-07 03:50:17', NULL, 'public'),
(1680, 7, 'AA171-0', 'AA171-0', 7, 'image/png', 409197, 'products/aa171-0.png', '[]', '2025-12-07 03:50:19', '2025-12-07 03:50:19', NULL, 'public'),
(1681, 7, 'AA161（GR661）-22.5', 'AA161（GR661）-22.5', 7, 'image/png', 1576409, 'products/aa161gr661-225.png', '[]', '2025-12-07 03:50:20', '2025-12-07 03:50:20', NULL, 'public'),
(1682, 7, 'AA161（GR661）-0', 'AA161（GR661）-0', 7, 'image/png', 762576, 'products/aa161gr661-0.png', '[]', '2025-12-07 03:50:22', '2025-12-07 03:50:22', NULL, 'public'),
(1683, 7, 'AA161（GR661H）-0', 'AA161（GR661H）-0', 7, 'image/png', 393121, 'products/aa161gr661h-0.png', '[]', '2025-12-07 03:50:23', '2025-12-07 03:50:23', NULL, 'public'),
(1684, 7, 'AA161（GR661H）-22.5', 'AA161（GR661H）-22.5', 7, 'image/png', 987855, 'products/aa161gr661h-225.png', '[]', '2025-12-07 03:50:24', '2025-12-07 03:50:24', NULL, 'public'),
(1685, 7, 'AA130-22', 'AA130-22', 7, 'image/png', 1056549, 'products/aa130-22.png', '[]', '2025-12-07 03:50:26', '2025-12-07 03:50:26', NULL, 'public'),
(1686, 7, 'AA130-0', 'AA130-0', 7, 'image/png', 474252, 'products/aa130-0.png', '[]', '2025-12-07 03:50:27', '2025-12-07 03:50:27', NULL, 'public'),
(1687, 7, 'AA128-22', 'AA128-22', 7, 'image/png', 1068701, 'products/aa128-22.png', '[]', '2025-12-07 03:50:28', '2025-12-07 03:50:28', NULL, 'public'),
(1688, 7, 'AA128-0', 'AA128-0', 7, 'image/png', 519954, 'products/aa128-0.png', '[]', '2025-12-07 03:50:29', '2025-12-07 03:50:29', NULL, 'public'),
(1689, 7, 'AA122-22', 'AA122-22', 7, 'image/png', 8243556, 'products/aa122-22.png', '[]', '2025-12-07 03:50:36', '2025-12-07 03:50:36', NULL, 'public'),
(1690, 7, 'AA122-0', 'AA122-0', 7, 'image/png', 2050622, 'products/aa122-0.png', '[]', '2025-12-07 03:50:40', '2025-12-07 03:50:40', NULL, 'public'),
(1691, 7, 'AA121-0', 'AA121-0', 7, 'image/png', 584007, 'products/aa121-0.png', '[]', '2025-12-07 03:50:42', '2025-12-07 03:50:42', NULL, 'public'),
(1692, 7, 'AA121-22.5', 'AA121-22.5', 7, 'image/png', 1191778, 'products/aa121-225.png', '[]', '2025-12-07 03:50:43', '2025-12-07 03:50:43', NULL, 'public'),
(1693, 7, 'AA116-22', 'AA116-22', 7, 'image/png', 1564346, 'products/aa116-22.png', '[]', '2025-12-07 03:50:46', '2025-12-07 03:50:46', NULL, 'public'),
(1694, 7, 'AA116-0', 'AA116-0', 7, 'image/png', 737437, 'products/aa116-0.png', '[]', '2025-12-07 03:50:47', '2025-12-07 03:50:47', NULL, 'public'),
(1695, 7, 'AA112-22.5-1', 'AA112-22.5-1', 7, 'image/png', 6335535, 'products/aa112-225-1.png', '[]', '2025-12-07 03:50:53', '2025-12-07 03:50:53', NULL, 'public'),
(1696, 7, 'AA112-0-1', 'AA112-0-1', 7, 'image/png', 4006209, 'products/aa112-0-1.png', '[]', '2025-12-07 03:50:59', '2025-12-07 03:50:59', NULL, 'public'),
(1697, 7, 'AA106-22', 'AA106-22', 7, 'image/png', 1090464, 'products/aa106-22.png', '[]', '2025-12-07 03:51:02', '2025-12-07 03:51:02', NULL, 'public'),
(1698, 7, 'AA106-0', 'AA106-0', 7, 'image/png', 446241, 'products/aa106-0.png', '[]', '2025-12-07 03:51:03', '2025-12-07 03:51:03', NULL, 'public'),
(1699, 7, 'A117-22', 'A117-22', 7, 'image/png', 1620913, 'products/a117-22.png', '[]', '2025-12-07 03:51:05', '2025-12-07 03:51:05', NULL, 'public'),
(1700, 7, 'A117-0', 'A117-0', 7, 'image/png', 235748, 'products/a117-0.png', '[]', '2025-12-07 03:51:06', '2025-12-07 03:51:06', NULL, 'public'),
(1701, 7, 'WILDWOLFMT-0-1', 'WILDWOLFMT-0-1', 7, 'image/jpeg', 161184, 'products/wildwolfmt-0-1.jpg', '[]', '2025-12-07 03:51:06', '2025-12-07 03:51:06', NULL, 'public'),
(1702, 7, 'WILDWOLFMT-22.5', 'WILDWOLFMT-22.5', 7, 'image/jpeg', 166028, 'products/wildwolfmt-225.jpg', '[]', '2025-12-07 03:51:07', '2025-12-07 03:51:07', NULL, 'public'),
(1703, 7, 'TOPFORCE MT-0-3', 'TOPFORCE MT-0-3', 7, 'image/jpeg', 144263, 'products/topforce-mt-0-3.jpg', '[]', '2025-12-07 03:51:08', '2025-12-07 03:51:08', NULL, 'public'),
(1704, 7, 'TOPFORCE MT-22.5-4', 'TOPFORCE MT-22.5-4', 7, 'image/jpeg', 211856, 'products/topforce-mt-225-4.jpg', '[]', '2025-12-07 03:51:09', '2025-12-07 03:51:09', NULL, 'public'),
(1705, 7, 'THUNDERU09-0-3', 'THUNDERU09-0-3', 7, 'image/jpeg', 192674, 'products/thunderu09-0-3.jpg', '[]', '2025-12-07 03:51:09', '2025-12-07 03:51:09', NULL, 'public'),
(1706, 7, 'THUNDERU09-22.5-3', 'THUNDERU09-22.5-3', 7, 'image/jpeg', 206631, 'products/thunderu09-225-3.jpg', '[]', '2025-12-07 03:51:10', '2025-12-07 03:51:10', NULL, 'public'),
(1707, 7, 'TERRAMAXLSR2AT-0-3', 'TERRAMAXLSR2AT-0-3', 7, 'image/jpeg', 164534, 'products/terramaxlsr2at-0-3.jpg', '[]', '2025-12-07 03:51:11', '2025-12-07 03:51:11', NULL, 'public'),
(1708, 7, 'TERRAMAXLSR2AT-22.5-3', 'TERRAMAXLSR2AT-22.5-3', 7, 'image/jpeg', 223793, 'products/terramaxlsr2at-225-3.jpg', '[]', '2025-12-07 03:51:12', '2025-12-07 03:51:12', NULL, 'public'),
(1709, 7, 'TERRAMAXLSR2AT --22.5  WSW-3', 'TERRAMAXLSR2AT --22.5  WSW-3', 7, 'image/jpeg', 203483, 'products/terramaxlsr2at-225-wsw-3.jpg', '[]', '2025-12-07 03:51:13', '2025-12-07 03:51:13', NULL, 'public'),
(1710, 7, 'TERRAMAXLSR2AT--0-3', 'TERRAMAXLSR2AT--0-3', 7, 'image/jpeg', 174646, 'products/terramaxlsr2at-0-3.jpg', '[]', '2025-12-07 03:51:14', '2025-12-07 03:51:14', NULL, 'public'),
(1711, 7, 'TERRAMAXLSR1AT-0-3', 'TERRAMAXLSR1AT-0-3', 7, 'image/jpeg', 177947, 'products/terramaxlsr1at-0-3.jpg', '[]', '2025-12-07 03:51:15', '2025-12-07 03:51:15', NULL, 'public'),
(1712, 7, 'TERRAMAXLSR1AT-22.5-3', 'TERRAMAXLSR1AT-22.5-3', 7, 'image/jpeg', 206931, 'products/terramaxlsr1at-225-3.jpg', '[]', '2025-12-07 03:51:16', '2025-12-07 03:51:16', NULL, 'public'),
(1713, 7, 'SPEEDKING07-0-3', 'SPEEDKING07-0-3', 7, 'image/jpeg', 193669, 'products/speedking07-0-3.jpg', '[]', '2025-12-07 03:51:17', '2025-12-07 03:51:17', NULL, 'public'),
(1714, 7, 'SPEEDKING07-22.5-3', 'SPEEDKING07-22.5-3', 7, 'image/jpeg', 241227, 'products/speedking07-225-3.jpg', '[]', '2025-12-07 03:51:18', '2025-12-07 03:51:18', NULL, 'public'),
(1715, 7, 'POWERCITY 79-22.5-2', 'POWERCITY 79-22.5-2', 7, 'image/jpeg', 196268, 'products/powercity-79-225-2.jpg', '[]', '2025-12-07 03:51:19', '2025-12-07 03:51:19', NULL, 'public'),
(1716, 7, 'POWERCITY 79-0-2', 'POWERCITY 79-0-2', 7, 'image/jpeg', 158644, 'products/powercity-79-0-2.jpg', '[]', '2025-12-07 03:51:19', '2025-12-07 03:51:19', NULL, 'public'),
(1717, 7, 'POWERCITY 77-0-3', 'POWERCITY 77-0-3', 7, 'image/jpeg', 174732, 'products/powercity-77-0-3.jpg', '[]', '2025-12-07 03:51:20', '2025-12-07 03:51:20', NULL, 'public'),
(1718, 7, 'POWERCITY 77--22.5-3', 'POWERCITY 77--22.5-3', 7, 'image/jpeg', 248927, 'products/powercity-77-225-3.jpg', '[]', '2025-12-07 03:51:21', '2025-12-07 03:51:21', NULL, 'public'),
(1719, 7, 'L-ZEAL 56-0-3', 'L-ZEAL 56-0-3', 7, 'image/jpeg', 134360, 'products/l-zeal-56-0-3.jpg', '[]', '2025-12-07 03:51:22', '2025-12-07 03:51:22', NULL, 'public'),
(1720, 7, 'L-ZEAL 56-22.5-3', 'L-ZEAL 56-22.5-3', 7, 'image/jpeg', 203921, 'products/l-zeal-56-225-3.jpg', '[]', '2025-12-07 03:51:23', '2025-12-07 03:51:23', NULL, 'public'),
(1721, 7, 'L-POWER28-22.5-3', 'L-POWER28-22.5-3', 7, 'image/jpeg', 268042, 'products/l-power28-225-3.jpg', '[]', '2025-12-07 03:51:24', '2025-12-07 03:51:24', NULL, 'public'),
(1722, 7, 'L-POWER 28-0-3', 'L-POWER 28-0-3', 7, 'image/jpeg', 159160, 'products/l-power-28-0-3.jpg', '[]', '2025-12-07 03:51:25', '2025-12-07 03:51:25', NULL, 'public'),
(1723, 7, 'L-MAX 9-0-3', 'L-MAX 9-0-3', 7, 'image/jpeg', 170335, 'products/l-max-9-0-3.jpg', '[]', '2025-12-07 03:51:25', '2025-12-07 03:51:25', NULL, 'public'),
(1724, 7, 'L-MAX 9-22.5-3', 'L-MAX 9-22.5-3', 7, 'image/jpeg', 138423, 'products/l-max-9-225-3.jpg', '[]', '2025-12-07 03:51:26', '2025-12-07 03:51:26', NULL, 'public'),
(1725, 7, 'L-MAX 9--22.5  WSW-3', 'L-MAX 9--22.5  WSW-3', 7, 'image/jpeg', 238696, 'products/l-max-9-225-wsw-3.jpg', '[]', '2025-12-07 03:51:27', '2025-12-07 03:51:27', NULL, 'public'),
(1726, 7, 'L-MAX 9--0-3', 'L-MAX 9--0-3', 7, 'image/jpeg', 152070, 'products/l-max-9-0-3.jpg', '[]', '2025-12-07 03:51:28', '2025-12-07 03:51:28', NULL, 'public'),
(1727, 7, 'L-GRIP66-22.5-3', 'L-GRIP66-22.5-3', 7, 'image/jpeg', 233398, 'products/l-grip66-225-3.jpg', '[]', '2025-12-07 03:51:29', '2025-12-07 03:51:29', NULL, 'public'),
(1728, 7, 'L-GRIP66-0-3', 'L-GRIP66-0-3', 7, 'image/jpeg', 168523, 'products/l-grip66-0-3.jpg', '[]', '2025-12-07 03:51:30', '2025-12-07 03:51:30', NULL, 'public'),
(1729, 7, 'L-GRIP16-22.5-3', 'L-GRIP16-22.5-3', 7, 'image/jpeg', 162225, 'products/l-grip16-225-3.jpg', '[]', '2025-12-07 03:51:30', '2025-12-07 03:51:30', NULL, 'public'),
(1730, 7, 'L-GRIP16-0-3', 'L-GRIP16-0-3', 7, 'image/jpeg', 121309, 'products/l-grip16-0-3.jpg', '[]', '2025-12-07 03:51:31', '2025-12-07 03:51:31', NULL, 'public'),
(1731, 7, 'L-COMFORT68-22.5-3', 'L-COMFORT68-22.5-3', 7, 'image/jpeg', 157015, 'products/l-comfort68-225-3.jpg', '[]', '2025-12-07 03:51:32', '2025-12-07 03:51:32', NULL, 'public'),
(1732, 7, 'L-COMFORT 68-0-3', 'L-COMFORT 68-0-3', 7, 'image/jpeg', 135463, 'products/l-comfort-68-0-3.jpg', '[]', '2025-12-07 03:51:33', '2025-12-07 03:51:33', NULL, 'public'),
(1733, 7, 'ilink-l-strong-36', 'ilink-l-strong-36', 7, 'image/jpeg', 5452, 'products/ilink-l-strong-36.jpg', '[]', '2025-12-07 04:04:54', '2025-12-07 04:04:54', NULL, 'public'),
(1734, 7, 'master-ev-2', 'master-ev-2', 7, 'image/jpeg', 29801, 'products/master-ev-2.jpeg', '[]', '2025-12-07 04:07:24', '2025-12-07 04:07:24', NULL, 'public'),
(1735, 7, 'master-ev-1', 'master-ev-1', 7, 'image/jpeg', 55842, 'products/master-ev-1.jpeg', '[]', '2025-12-07 04:07:25', '2025-12-07 04:07:25', NULL, 'public'),
(1736, 7, 'smarttoure1-2', 'smarttoure1-2', 7, 'image/jpeg', 29444, 'products/smarttoure1-2.jpeg', '[]', '2025-12-07 04:13:54', '2025-12-07 04:13:54', NULL, 'public'),
(1737, 7, 'smarttoure1-1', 'smarttoure1-1', 7, 'image/jpeg', 42662, 'products/smarttoure1-1.jpeg', '[]', '2025-12-07 04:13:55', '2025-12-07 04:13:55', NULL, 'public'),
(1738, 7, 'ak3', 'ak3', 7, 'image/png', 272082, 'products/ak3.png', '[]', '2025-12-07 04:43:27', '2025-12-07 04:43:27', NULL, 'public'),
(1739, 7, 'haulstar_ha109', 'haulstar_ha109', 7, 'image/jpeg', 33615, 'products/haulstar-ha109.jpg', '[]', '2025-12-07 04:48:51', '2025-12-07 04:48:51', NULL, 'public'),
(1740, 7, 'ha615-2', 'ha615-2', 7, 'image/jpeg', 26032, 'products/ha615-2.jpg', '[]', '2025-12-07 04:50:08', '2025-12-07 04:50:08', NULL, 'public'),
(1741, 7, 'ha615-1', 'ha615-1', 7, 'image/jpeg', 39896, 'products/ha615-1.jpg', '[]', '2025-12-07 04:50:09', '2025-12-07 04:50:09', NULL, 'public'),
(1742, 7, 'ha635-2', 'ha635-2', 7, 'image/jpeg', 26460, 'products/ha635-2.jpg', '[]', '2025-12-07 04:51:59', '2025-12-07 04:51:59', NULL, 'public'),
(1743, 7, 'ha635-1', 'ha635-1', 7, 'image/jpeg', 41276, 'products/ha635-1.jpg', '[]', '2025-12-07 04:52:00', '2025-12-07 04:52:00', NULL, 'public'),
(1744, 7, 'hr601', 'hr601', 7, 'image/jpeg', 27926, 'products/hr601.jpg', '[]', '2025-12-07 05:00:30', '2025-12-07 05:00:30', NULL, 'public'),
(1745, 7, 'hr701', 'hr701', 7, 'image/jpeg', 30690, 'products/hr701.jpg', '[]', '2025-12-07 05:01:06', '2025-12-07 05:01:06', NULL, 'public'),
(1746, 7, 'hr805', 'hr805', 7, 'image/jpeg', 29281, 'products/hr805.jpg', '[]', '2025-12-07 05:01:41', '2025-12-07 05:01:41', NULL, 'public'),
(1747, 7, 't01-2', 't01-2', 7, 'image/png', 640958, 'products/t01-2.png', '[]', '2025-12-07 05:04:22', '2025-12-07 05:04:22', NULL, 'public'),
(1748, 7, 't01', 't01', 7, 'image/jpeg', 38511, 'products/t01.jpg', '[]', '2025-12-07 05:04:22', '2025-12-07 05:04:22', NULL, 'public'),
(1749, 7, 'cargoplus_m', 'cargoplus_m', 7, 'image/jpeg', 46100, 'products/cargoplus-m.jpg', '[]', '2025-12-07 05:10:17', '2025-12-07 05:10:17', NULL, 'public'),
(1750, 7, 'cf3000', 'cf3000', 7, 'image/jpeg', 67407, 'products/cf3000.jpg', '[]', '2025-12-07 05:11:59', '2025-12-07 05:11:59', NULL, 'public'),
(1751, 7, 'cf3300', 'cf3300', 7, 'image/jpeg', 46049, 'products/cf3300.jpg', '[]', '2025-12-07 05:13:43', '2025-12-07 05:13:43', NULL, 'public'),
(1752, 7, 'cf350', 'cf350', 7, 'image/jpeg', 60624, 'products/cf350.jpg', '[]', '2025-12-07 05:15:47', '2025-12-07 05:15:47', NULL, 'public'),
(1753, 7, 'cf9000', 'cf9000', 7, 'image/jpeg', 49426, 'products/cf9000.jpg', '[]', '2025-12-07 05:16:59', '2025-12-07 05:16:59', NULL, 'public'),
(1754, 7, 'dh01', 'dh01', 7, 'image/png', 36778, 'products/dh01.png', '[]', '2025-12-07 05:22:46', '2025-12-07 05:22:46', NULL, 'public'),
(1755, 7, 'dh03', 'dh03', 7, 'image/png', 15673, 'products/dh03.png', '[]', '2025-12-07 05:23:16', '2025-12-07 05:23:16', NULL, 'public'),
(1756, 7, 'dh05', 'dh05', 7, 'image/png', 22565, 'products/dh05.png', '[]', '2025-12-07 05:24:09', '2025-12-07 05:24:09', NULL, 'public'),
(1757, 7, 'dl01', 'dl01', 7, 'image/png', 11220, 'products/dl01.png', '[]', '2025-12-07 05:24:33', '2025-12-07 05:24:33', NULL, 'public'),
(1758, 7, 'dl01-1', 'dl01-1', 7, 'image/png', 11220, 'products/dl01-1.png', '[]', '2025-12-07 05:25:02', '2025-12-07 05:25:02', NULL, 'public'),
(1759, 7, 'ds01', 'ds01', 7, 'image/png', 19850, 'products/ds01.png', '[]', '2025-12-07 05:25:57', '2025-12-07 05:25:57', NULL, 'public'),
(1760, 7, 'ru01', 'ru01', 7, 'image/jpeg', 50047, 'products/ru01.jpg', '[]', '2025-12-07 05:29:19', '2025-12-07 05:29:19', NULL, 'public'),
(1761, 7, 'rs01', 'rs01', 7, 'image/png', 354127, 'products/rs01.png', '[]', '2025-12-07 05:38:03', '2025-12-07 05:38:03', NULL, 'public'),
(1762, 7, 'radial109', 'radial109', 7, 'image/jpeg', 22545, 'products/radial109.jpg', '[]', '2025-12-07 05:41:35', '2025-12-07 05:41:35', NULL, 'public'),
(1763, 7, 'fastwayc1', 'fastwayc1', 7, 'image/jpeg', 19847, 'products/fastwayc1.jpg', '[]', '2025-12-07 05:44:19', '2025-12-07 05:44:19', NULL, 'public'),
(1764, 7, 'fastwayy1', 'fastwayy1', 7, 'image/jpeg', 18067, 'products/fastwayy1.jpg', '[]', '2025-12-07 05:46:20', '2025-12-07 05:46:20', NULL, 'public'),
(1765, 7, 'rh05', 'rh05', 7, 'image/jpeg', 27345, 'products/rh05.jpg', '[]', '2025-12-07 05:47:25', '2025-12-07 05:47:25', NULL, 'public'),
(1766, 7, 'f105', 'f105', 7, 'image/jpeg', 20959, 'products/f105.jpg', '[]', '2025-12-07 05:49:12', '2025-12-07 05:49:12', NULL, 'public'),
(1767, 7, 'fastwayc2', 'fastwayc2', 7, 'image/jpeg', 17128, 'products/fastwayc2.jpg', '[]', '2025-12-07 05:50:04', '2025-12-07 05:50:04', NULL, 'public'),
(1768, 7, 'hu901', 'hu901', 7, 'image/jpeg', 15676, 'products/hu901.jpg', '[]', '2025-12-07 05:51:24', '2025-12-07 05:51:24', NULL, 'public'),
(1769, 7, 'hh301', 'hh301', 7, 'image/jpeg', 22734, 'products/hh301.jpg', '[]', '2025-12-07 05:53:19', '2025-12-07 05:53:19', NULL, 'public'),
(1770, 7, 'kr26', 'kr26', 7, 'image/jpeg', 19953, 'products/kr26.jpg', '[]', '2025-12-07 05:53:57', '2025-12-07 05:53:57', NULL, 'public'),
(1771, 7, 'c30', 'c30', 7, 'image/jpeg', 41152, 'products/c30.jpeg', '[]', '2025-12-07 05:54:43', '2025-12-07 05:54:43', NULL, 'public'),
(1772, 7, 'SH91', 'SH91', 7, 'image/jpeg', 6589, 'products/sh91.jpeg', '[]', '2025-12-07 06:00:51', '2025-12-07 06:00:51', NULL, 'public'),
(1773, 7, 'HS63', 'HS63', 7, 'image/png', 286816, 'products/hs63.png', '[]', '2025-12-07 06:03:53', '2025-12-07 06:03:53', NULL, 'public'),
(1774, 7, 'ilinkbanner_49cf94a1.jpg_20241104114139_1920x0', 'ilinkbanner_49cf94a1.jpg_20241104114139_1920x0', 0, 'image/jpeg', 122528, 'ilinkbanner-49cf94a1jpg-20241104114139-1920x0.jpeg', '[]', '2025-12-07 09:06:36', '2025-12-07 09:06:36', NULL, 'public'),
(1775, 7, 'dd906', 'dd906', 7, 'image/jpeg', 29927, 'products/dd906.jpg', '[]', '2025-12-07 19:06:22', '2025-12-07 19:06:22', NULL, 'public'),
(1776, 7, 'dss02', 'dss02', 7, 'image/png', 22152, 'products/dss02.png', '[]', '2025-12-07 19:10:18', '2025-12-07 19:10:18', NULL, 'public'),
(1777, 7, 'dsu02', 'dsu02', 7, 'image/jpeg', 39320, 'products/dsu02.jpg', '[]', '2025-12-07 19:11:57', '2025-12-07 19:11:57', NULL, 'public'),
(1778, 7, 'DU01', 'DU01', 7, 'image/jpeg', 5953, 'products/du01.jpg', '[]', '2025-12-07 19:13:55', '2025-12-07 19:13:55', NULL, 'public'),
(1779, 7, 'ecologyc1', 'ecologyc1', 7, 'image/jpeg', 69439, 'products/ecologyc1.jpg', '[]', '2025-12-07 20:35:27', '2025-12-07 20:35:27', NULL, 'public'),
(1780, 7, 'rf10', 'rf10', 7, 'image/jpeg', 38568, 'products/rf10.jpg', '[]', '2025-12-07 20:40:17', '2025-12-07 20:40:17', NULL, 'public'),
(1781, 7, 'rf11', 'rf11', 7, 'image/jpeg', 52220, 'products/rf11.jpg', '[]', '2025-12-07 20:45:08', '2025-12-07 20:45:08', NULL, 'public'),
(1782, 7, 'forzac1', 'forzac1', 7, 'image/jpeg', 70490, 'products/forzac1.jpg', '[]', '2025-12-07 20:49:07', '2025-12-07 20:49:07', NULL, 'public'),
(1783, 7, 'forzamt', 'forzamt', 7, 'image/jpeg', 61356, 'products/forzamt.jpg', '[]', '2025-12-07 20:51:15', '2025-12-07 20:51:15', NULL, 'public'),
(1784, 7, 'sport+', 'sport+', 7, 'image/jpeg', 55966, 'products/sport.jpg', '[]', '2025-12-07 20:53:21', '2025-12-07 20:53:21', NULL, 'public'),
(1785, 7, 'sportline', 'sportline', 7, 'image/jpeg', 52313, 'products/sportline.jpg', '[]', '2025-12-07 20:55:51', '2025-12-07 20:55:51', NULL, 'public');

-- --------------------------------------------------------

--
-- Table structure for table `media_folders`
--

CREATE TABLE `media_folders` (
  `id` bigint UNSIGNED NOT NULL,
  `user_id` bigint UNSIGNED NOT NULL,
  `name` varchar(191) COLLATE utf8mb4_unicode_ci DEFAULT NULL,
  `color` varchar(191) COLLATE utf8mb4_unicode_ci DEFAULT NULL,
  `slug` varchar(191) COLLATE utf8mb4_unicode_ci DEFAULT NULL,
  `parent_id` bigint UNSIGNED NOT NULL DEFAULT '0',
  `created_at` timestamp NULL DEFAULT NULL,
  `updated_at` timestamp NULL DEFAULT NULL,
  `deleted_at` timestamp NULL DEFAULT NULL
) ENGINE=InnoDB DEFAULT CHARSET=utf8mb4 COLLATE=utf8mb4_unicode_ci;

--
-- Dumping data for table `media_folders`
--

INSERT INTO `media_folders` (`id`, `user_id`, `name`, `color`, `slug`, `parent_id`, `created_at`, `updated_at`, `deleted_at`) VALUES
(1, 0, 'homepage1', NULL, 'homepage1', 0, '2025-05-03 11:18:26', '2025-05-03 11:18:26', NULL),
(2, 0, 'company', NULL, 'company', 0, '2025-05-03 11:18:30', '2025-05-03 11:18:30', NULL),
(3, 0, 'news', NULL, 'news', 0, '2025-05-03 11:18:32', '2025-05-03 11:18:32', NULL),
(4, 0, 'testimonials', NULL, 'testimonials', 0, '2025-05-03 11:18:35', '2025-05-03 11:18:35', NULL),
(5, 0, 'brands', NULL, 'brands', 0, '2025-05-03 11:18:36', '2025-05-03 11:18:36', NULL),
(6, 0, 'product-categories', NULL, 'product-categories', 0, '2025-05-03 11:18:37', '2025-05-03 11:18:37', NULL),
(7, 0, 'products', NULL, 'products', 0, '2025-05-03 11:18:38', '2025-05-03 11:18:38', NULL),
(8, 0, 'customers', NULL, 'customers', 0, '2025-05-03 11:19:19', '2025-05-03 11:19:19', NULL),
(9, 0, 'general', NULL, 'general', 0, '2025-05-03 11:19:26', '2025-05-03 11:19:26', NULL),
(10, 1, 'Logos', NULL, 'logos', 0, '2025-10-09 06:42:23', '2025-10-09 06:42:23', NULL),
(11, 0, '1', NULL, '1', 8, '2025-11-03 09:46:59', '2025-11-03 09:46:59', NULL);

-- --------------------------------------------------------

--
-- Table structure for table `media_settings`
--

CREATE TABLE `media_settings` (
  `id` bigint UNSIGNED NOT NULL,
  `key` varchar(120) COLLATE utf8mb4_unicode_ci NOT NULL,
  `value` text COLLATE utf8mb4_unicode_ci,
  `media_id` bigint UNSIGNED DEFAULT NULL,
  `user_id` bigint UNSIGNED DEFAULT NULL,
  `created_at` timestamp NULL DEFAULT NULL,
  `updated_at` timestamp NULL DEFAULT NULL
) ENGINE=InnoDB DEFAULT CHARSET=utf8mb4 COLLATE=utf8mb4_unicode_ci;

--
-- Dumping data for table `media_settings`
--

INSERT INTO `media_settings` (`id`, `key`, `value`, `media_id`, `user_id`, `created_at`, `updated_at`) VALUES
(1, 'recent_items', '[{\"id\":1358,\"is_folder\":false},{\"id\":1461,\"is_folder\":false},{\"id\":1316,\"is_folder\":false},{\"id\":1211,\"is_folder\":false},{\"id\":7,\"is_folder\":true},{\"id\":1281,\"is_folder\":false},{\"id\":1367,\"is_folder\":false},{\"id\":8,\"is_folder\":true},{\"id\":11,\"is_folder\":true},{\"id\":9,\"is_folder\":true},{\"id\":886,\"is_folder\":false},{\"id\":459,\"is_folder\":false},{\"id\":884,\"is_folder\":false},{\"id\":477,\"is_folder\":false},{\"id\":478,\"is_folder\":false},{\"id\":723,\"is_folder\":false},{\"id\":885,\"is_folder\":false},{\"id\":726,\"is_folder\":false},{\"id\":727,\"is_folder\":false},{\"id\":725,\"is_folder\":false}]', NULL, 1, '2025-10-08 20:38:08', '2025-12-06 20:22:06'),
(2, 'recent_items', '[{\"id\":1772,\"is_folder\":false},{\"id\":1768,\"is_folder\":false},{\"id\":1785,\"is_folder\":false},{\"id\":1784,\"is_folder\":false},{\"id\":1783,\"is_folder\":false},{\"id\":1782,\"is_folder\":false},{\"id\":1781,\"is_folder\":false},{\"id\":1780,\"is_folder\":false},{\"id\":1779,\"is_folder\":false},{\"id\":1778,\"is_folder\":false},{\"id\":1777,\"is_folder\":false},{\"id\":1776,\"is_folder\":false},{\"id\":1775,\"is_folder\":false},{\"id\":1773,\"is_folder\":false},{\"id\":1744,\"is_folder\":false},{\"id\":1770,\"is_folder\":false},{\"id\":1765,\"is_folder\":false},{\"id\":1771,\"is_folder\":false},{\"id\":1763,\"is_folder\":false},{\"id\":1767,\"is_folder\":false}]', NULL, 7, '2025-12-06 09:54:52', '2025-12-07 21:03:37');

-- --------------------------------------------------------

--
-- Table structure for table `menus`
--

CREATE TABLE `menus` (
  `id` bigint UNSIGNED NOT NULL,
  `name` varchar(120) COLLATE utf8mb4_unicode_ci NOT NULL,
  `slug` varchar(120) COLLATE utf8mb4_unicode_ci DEFAULT NULL,
  `status` varchar(60) COLLATE utf8mb4_unicode_ci NOT NULL DEFAULT 'published',
  `created_at` timestamp NULL DEFAULT NULL,
  `updated_at` timestamp NULL DEFAULT NULL
) ENGINE=InnoDB DEFAULT CHARSET=utf8mb4 COLLATE=utf8mb4_unicode_ci;

--
-- Dumping data for table `menus`
--

INSERT INTO `menus` (`id`, `name`, `slug`, `status`, `created_at`, `updated_at`) VALUES
(1, 'Main menu', 'main-menu', 'published', '2025-05-03 11:19:46', '2025-11-27 03:36:37'),
(2, 'About Us', 'about-us', 'published', '2025-05-03 11:19:47', '2025-10-11 11:11:37'),
(3, 'Discover', 'discover', 'published', '2025-05-03 11:19:47', '2025-10-14 12:29:41'),
(4, 'Support', 'support', 'published', '2025-05-03 11:19:47', '2025-11-07 10:35:40'),
(5, 'Useful links', 'useful-links', 'published', '2025-05-03 11:19:47', '2025-05-03 11:19:47'),
(6, 'Footer bottom menu', 'footer-bottom-menu', 'published', '2025-05-03 11:19:47', '2025-11-06 07:11:54'),
(7, 'Contact Information', 'contact-information', 'published', '2025-10-11 11:50:58', '2025-10-11 12:53:09');

-- --------------------------------------------------------

--
-- Table structure for table `menu_locations`
--

CREATE TABLE `menu_locations` (
  `id` bigint UNSIGNED NOT NULL,
  `menu_id` bigint UNSIGNED NOT NULL,
  `location` varchar(191) COLLATE utf8mb4_unicode_ci NOT NULL,
  `created_at` timestamp NULL DEFAULT NULL,
  `updated_at` timestamp NULL DEFAULT NULL
) ENGINE=InnoDB DEFAULT CHARSET=utf8mb4 COLLATE=utf8mb4_unicode_ci;

--
-- Dumping data for table `menu_locations`
--

INSERT INTO `menu_locations` (`id`, `menu_id`, `location`, `created_at`, `updated_at`) VALUES
(1, 1, 'main-menu', '2025-05-03 11:19:46', '2025-05-03 11:19:46'),
(2, 6, 'footer-bottom-menu', '2025-05-03 11:19:47', '2025-05-03 11:19:47');

-- --------------------------------------------------------

--
-- Table structure for table `menu_nodes`
--

CREATE TABLE `menu_nodes` (
  `id` bigint UNSIGNED NOT NULL,
  `menu_id` bigint UNSIGNED NOT NULL,
  `parent_id` bigint UNSIGNED NOT NULL DEFAULT '0',
  `reference_id` bigint UNSIGNED DEFAULT NULL,
  `reference_type` varchar(191) COLLATE utf8mb4_unicode_ci DEFAULT NULL,
  `url` varchar(191) COLLATE utf8mb4_unicode_ci DEFAULT NULL,
  `icon_font` varchar(191) COLLATE utf8mb4_unicode_ci DEFAULT NULL,
  `position` tinyint UNSIGNED NOT NULL DEFAULT '0',
  `title` varchar(191) COLLATE utf8mb4_unicode_ci DEFAULT NULL,
  `css_class` varchar(191) COLLATE utf8mb4_unicode_ci DEFAULT NULL,
  `target` varchar(20) COLLATE utf8mb4_unicode_ci NOT NULL DEFAULT '_self',
  `has_child` tinyint UNSIGNED NOT NULL DEFAULT '0',
  `created_at` timestamp NULL DEFAULT NULL,
  `updated_at` timestamp NULL DEFAULT NULL
) ENGINE=InnoDB DEFAULT CHARSET=utf8mb4 COLLATE=utf8mb4_unicode_ci;

--
-- Dumping data for table `menu_nodes`
--

INSERT INTO `menu_nodes` (`id`, `menu_id`, `parent_id`, `reference_id`, `reference_type`, `url`, `icon_font`, `position`, `title`, `css_class`, `target`, `has_child`, `created_at`, `updated_at`) VALUES
(7, 1, 0, 13, 'Botble\\Page\\Models\\Page', '', '', 0, 'Home', '', '_self', 0, '2025-05-03 11:19:46', '2025-11-27 03:36:37'),
(32, 1, 0, 0, NULL, '/products', '', 2, 'Shop', '', '_self', 0, '2025-05-03 11:19:47', '2025-11-27 03:36:37'),
(38, 2, 0, 0, NULL, '/', '', 0, 'Mission & Vision', '', '_self', 0, '2025-05-03 11:19:47', '2025-10-11 11:11:37'),
(39, 2, 0, 0, NULL, '/', '', 1, 'Our Team', '', '_self', 0, '2025-05-03 11:19:47', '2025-10-11 11:11:37'),
(40, 2, 0, 19, 'Botble\\Page\\Models\\Page', '/career', '', 2, 'Careers', '', '_self', 0, '2025-05-03 11:19:47', '2025-10-11 11:11:37'),
(41, 2, 0, 0, NULL, '/', '', 3, 'Press & Media', '', '_self', 0, '2025-05-03 11:19:47', '2025-10-11 11:11:37'),
(42, 2, 0, 0, NULL, '/', '', 4, 'Advertising', '', '_self', 0, '2025-05-03 11:19:47', '2025-10-11 11:11:37'),
(43, 2, 0, 0, NULL, '/', '', 5, 'Testimonials', '', '_self', 0, '2025-05-03 11:19:47', '2025-10-11 11:11:38'),
(47, 3, 0, 4, 'Botble\\Page\\Models\\Page', '/cookie-policy', '', 3, 'Cookie Policy', '', '_self', 0, '2025-05-03 11:19:47', '2025-10-14 12:29:41'),
(48, 3, 0, 0, NULL, '/contact', 'ti ti-friends', 1, 'FAQs', '', '_self', 0, '2025-05-03 11:19:47', '2025-10-14 12:29:41'),
(54, 4, 0, 3, 'Botble\\Page\\Models\\Page', '/contact-us', '', 0, 'Contact Us', '', '_self', 0, '2025-05-03 11:19:47', '2025-12-06 01:40:36'),
(56, 5, 0, NULL, NULL, '/', NULL, 0, 'Request an offer', NULL, '_self', 0, '2025-05-03 11:19:47', '2025-05-03 11:19:47'),
(57, 5, 0, NULL, NULL, '/', NULL, 0, 'How it works', NULL, '_self', 0, '2025-05-03 11:19:47', '2025-05-03 11:19:47'),
(58, 5, 0, 17, 'Botble\\Page\\Models\\Page', '/pricing-2', NULL, 0, 'Pricing', NULL, '_self', 0, '2025-05-03 11:19:47', '2025-05-03 11:19:47'),
(59, 5, 0, NULL, NULL, '/', NULL, 0, 'Reviews', NULL, '_self', 0, '2025-05-03 11:19:47', '2025-05-03 11:19:47'),
(60, 5, 0, NULL, NULL, '/', NULL, 0, 'Stories', NULL, '_self', 0, '2025-05-03 11:19:47', '2025-05-03 11:19:47'),
(62, 6, 0, 4, 'Botble\\Page\\Models\\Page', '/cookie-policy', '', 1, 'Cookies', '', '_self', 0, '2025-05-03 11:19:47', '2025-11-06 07:11:54'),
(64, 1, 0, 5, 'Botble\\Page\\Models\\Page', '/about-us', '', 1, 'About Us', '', '_self', 0, '2025-10-09 09:23:41', '2025-11-27 03:36:37'),
(65, 1, 0, 19, 'Botble\\Page\\Models\\Page', '/career', '', 4, 'Career', '', '_self', 0, '2025-10-10 08:37:28', '2025-11-27 03:36:37'),
(67, 1, 0, 3, 'Botble\\Page\\Models\\Page', '/contact-us', '', 5, 'Contact Us', '', '_self', 0, '2025-10-11 07:22:20', '2025-12-06 01:40:36'),
(68, 3, 0, 5, 'Botble\\Page\\Models\\Page', '/about-us', '', 0, 'About us', '', '_self', 0, '2025-10-11 11:16:17', '2025-10-14 12:29:41'),
(69, 4, 0, 24, 'Botble\\Page\\Models\\Page', '/terms-and-conditions', '', 1, 'Terms and Conditions', '', '_self', 0, '2025-10-11 11:25:26', '2025-11-07 10:35:40'),
(70, 4, 0, 25, 'Botble\\Page\\Models\\Page', '/return-refund-policy', '', 2, 'Return & Refund Policy', '', '_self', 0, '2025-10-11 11:27:57', '2025-11-07 10:35:40'),
(71, 4, 0, 26, 'Botble\\Page\\Models\\Page', '/privacy-policy', '', 3, 'Privacy Policy', '', '_self', 0, '2025-10-11 11:33:00', '2025-11-07 10:35:41'),
(73, 1, 0, 23, 'Botble\\Page\\Models\\Page', '/blog', '', 3, 'Blog', '', '_self', 0, '2025-10-13 10:26:27', '2025-11-27 03:36:37'),
(74, 3, 0, 23, 'Botble\\Page\\Models\\Page', '/blog', '', 2, 'Our Blogs', '', '_self', 0, '2025-10-14 12:27:21', '2025-10-14 12:29:41'),
(75, 6, 0, 26, 'Botble\\Page\\Models\\Page', '/privacy-policy', '', 0, 'Privacy Policy', '', '_self', 0, '2025-11-06 07:05:40', '2025-11-06 07:11:54'),
(76, 6, 0, 25, 'Botble\\Page\\Models\\Page', '/return-refund-policy', NULL, 2, 'Return & Refund Policy', NULL, '_self', 0, '2025-11-06 07:11:52', '2025-11-06 07:11:54'),
(79, 4, 0, 28, 'Botble\\Page\\Models\\Page', '/disclaimer', NULL, 4, 'Disclaimer', NULL, '_self', 0, '2025-11-07 10:35:12', '2025-11-07 10:35:41'),
(80, 1, 0, 0, NULL, '/orders/tracking', NULL, 6, 'Order Tracking', '', '_self', 0, '2025-11-27 03:36:30', '2025-11-27 03:36:37');

-- --------------------------------------------------------

--
-- Table structure for table `meta_boxes`
--

CREATE TABLE `meta_boxes` (
  `id` bigint UNSIGNED NOT NULL,
  `meta_key` varchar(191) COLLATE utf8mb4_unicode_ci NOT NULL,
  `meta_value` text COLLATE utf8mb4_unicode_ci,
  `reference_id` bigint UNSIGNED NOT NULL,
  `reference_type` varchar(120) COLLATE utf8mb4_unicode_ci NOT NULL,
  `created_at` timestamp NULL DEFAULT NULL,
  `updated_at` timestamp NULL DEFAULT NULL
) ENGINE=InnoDB DEFAULT CHARSET=utf8mb4 COLLATE=utf8mb4_unicode_ci;

--
-- Dumping data for table `meta_boxes`
--

INSERT INTO `meta_boxes` (`id`, `meta_key`, `meta_value`, `reference_id`, `reference_type`, `created_at`, `updated_at`) VALUES
(1, 'header_css_class', '[\"header-style-5\"]', 8, 'Botble\\Page\\Models\\Page', '2025-05-03 11:18:31', '2025-05-03 11:18:31'),
(2, 'header_css_class', '[\"header-style-2\"]', 11, 'Botble\\Page\\Models\\Page', '2025-05-03 11:18:31', '2025-05-03 11:18:31'),
(3, 'header_css_class', '[\"header-style-3\"]', 21, 'Botble\\Page\\Models\\Page', '2025-05-03 11:18:32', '2025-05-03 11:18:32'),
(4, 'title', '[\"Satisfied client testimonial\"]', 1, 'Botble\\Testimonial\\Models\\Testimonial', '2025-05-03 11:18:36', '2025-05-03 11:18:36'),
(5, 'title', '[\"98% of residents recommend us\"]', 2, 'Botble\\Testimonial\\Models\\Testimonial', '2025-05-03 11:18:36', '2025-05-03 11:18:36'),
(6, 'title', '[\"Our success stories\"]', 3, 'Botble\\Testimonial\\Models\\Testimonial', '2025-05-03 11:18:36', '2025-05-03 11:18:36'),
(7, 'title', '[\"This is simply unbelievable\"]', 4, 'Botble\\Testimonial\\Models\\Testimonial', '2025-05-03 11:18:36', '2025-05-03 11:18:36'),
(73, 'image', '[\"general\\/icon-acquis.png\"]', 1, 'Botble\\Career\\Models\\Career', '2025-05-03 11:19:46', '2025-05-03 11:19:46'),
(74, 'image', '[\"general\\/icon-active.png\"]', 2, 'Botble\\Career\\Models\\Career', '2025-05-03 11:19:46', '2025-05-03 11:19:46'),
(75, 'image', '[\"general\\/icon-retent.png\"]', 3, 'Botble\\Career\\Models\\Career', '2025-05-03 11:19:46', '2025-05-03 11:19:46'),
(76, 'image', '[\"general\\/icon-acquis.png\"]', 4, 'Botble\\Career\\Models\\Career', '2025-05-03 11:19:46', '2025-05-03 11:19:46'),
(77, 'image', '[\"general\\/icon-retent.png\"]', 5, 'Botble\\Career\\Models\\Career', '2025-05-03 11:19:46', '2025-05-03 11:19:46'),
(78, 'image', '[\"general\\/icon-acquis.png\"]', 6, 'Botble\\Career\\Models\\Career', '2025-05-03 11:19:46', '2025-05-03 11:19:46'),
(79, 'child_style', '[\"two_col\"]', 1, 'Botble\\Menu\\Models\\MenuNode', '2025-05-03 11:19:46', '2025-05-03 11:19:46'),
(80, 'child_style', '[\"hr_per_2_child\"]', 10, 'Botble\\Menu\\Models\\MenuNode', '2025-05-03 11:19:46', '2025-05-03 11:19:46'),
(81, 'child_style', '[\"hr_per_2_child\"]', 28, 'Botble\\Menu\\Models\\MenuNode', '2025-05-03 11:19:47', '2025-05-03 11:19:47'),
(82, 'header_css_class', '[null]', 13, 'Botble\\Page\\Models\\Page', '2025-10-09 05:31:11', '2025-10-09 05:31:11'),
(83, 'header_css_class', '[null]', 5, 'Botble\\Page\\Models\\Page', '2025-10-09 09:27:58', '2025-10-09 09:27:58'),
(84, 'seo_meta', '[{\"index\":\"index\"}]', 5, 'Botble\\Page\\Models\\Page', '2025-10-09 09:27:58', '2025-10-09 09:27:58'),
(85, 'header_css_class', '[null]', 3, 'Botble\\Page\\Models\\Page', '2025-10-09 12:04:50', '2025-10-09 12:04:50'),
(86, 'seo_meta', '[{\"index\":\"index\"}]', 3, 'Botble\\Page\\Models\\Page', '2025-10-09 12:04:50', '2025-10-09 12:04:50'),
(89, 'header_image', '[\"rj-strang-tyres-header.jpg\"]', 7, 'Botble\\Blog\\Models\\Post', '2025-10-09 13:01:56', '2025-10-14 12:36:43'),
(90, 'seo_meta', '[{\"index\":\"index\"}]', 7, 'Botble\\Blog\\Models\\Post', '2025-10-09 13:01:56', '2025-10-09 13:01:56'),
(91, 'header_image', '[\"rj-strang-tyres-header.jpg\"]', 8, 'Botble\\Blog\\Models\\Post', '2025-10-09 13:02:23', '2025-10-14 12:36:28'),
(92, 'seo_meta', '[{\"index\":\"index\"}]', 8, 'Botble\\Blog\\Models\\Post', '2025-10-09 13:02:23', '2025-10-09 13:02:23'),
(93, 'header_css_class', '[null]', 2, 'Botble\\Page\\Models\\Page', '2025-10-10 08:22:16', '2025-10-13 09:37:47'),
(94, 'seo_meta', '[{\"index\":\"index\"}]', 2, 'Botble\\Page\\Models\\Page', '2025-10-10 08:22:16', '2025-10-10 08:22:16'),
(95, 'header_css_class', '[null]', 23, 'Botble\\Page\\Models\\Page', '2025-10-10 09:11:26', '2025-10-10 09:11:26'),
(96, 'seo_meta', '[{\"index\":\"index\"}]', 23, 'Botble\\Page\\Models\\Page', '2025-10-10 09:11:26', '2025-10-10 09:11:26'),
(97, 'header_css_class', '[null]', 19, 'Botble\\Page\\Models\\Page', '2025-10-10 09:15:37', '2025-10-10 09:15:37'),
(98, 'seo_meta', '[{\"index\":\"index\"}]', 19, 'Botble\\Page\\Models\\Page', '2025-10-10 09:15:37', '2025-10-10 09:15:37'),
(99, 'header_image', '[\"captivating-image-showcases-intricate-pattern-tire.jpg\"]', 9, 'Botble\\Blog\\Models\\Post', '2025-10-10 09:37:55', '2025-10-14 11:32:04'),
(100, 'seo_meta', '[{\"index\":\"index\"}]', 9, 'Botble\\Blog\\Models\\Post', '2025-10-10 09:37:55', '2025-10-10 09:37:55'),
(103, 'header_image', '[\"rj-strang-tyres-header.jpg\"]', 10, 'Botble\\Blog\\Models\\Post', '2025-10-10 09:43:10', '2025-10-14 12:37:09'),
(104, 'seo_meta', '[{\"index\":\"index\"}]', 10, 'Botble\\Blog\\Models\\Post', '2025-10-10 09:43:10', '2025-10-10 09:43:10'),
(105, 'header_image', '[\"rj-strang-tyres-header.jpg\"]', 11, 'Botble\\Blog\\Models\\Post', '2025-10-10 09:43:25', '2025-10-14 12:37:22'),
(106, 'seo_meta', '[{\"index\":\"index\"}]', 11, 'Botble\\Blog\\Models\\Post', '2025-10-10 09:43:26', '2025-10-10 09:43:26'),
(107, 'header_image', '[\"rj-strang-tyres-header.jpg\"]', 12, 'Botble\\Blog\\Models\\Post', '2025-10-10 09:43:41', '2025-10-14 12:37:32'),
(108, 'seo_meta', '[{\"index\":\"index\"}]', 12, 'Botble\\Blog\\Models\\Post', '2025-10-10 09:43:41', '2025-10-10 09:43:41'),
(109, 'header_image', '[\"rj-strang-tyres-header.jpg\"]', 13, 'Botble\\Blog\\Models\\Post', '2025-10-10 09:44:01', '2025-10-14 12:37:41'),
(110, 'seo_meta', '[{\"index\":\"index\"}]', 13, 'Botble\\Blog\\Models\\Post', '2025-10-10 09:44:01', '2025-10-10 09:44:01'),
(113, 'title', '[\"test\"]', 5, 'Botble\\Testimonial\\Models\\Testimonial', '2025-10-10 10:15:15', '2025-10-10 10:15:15'),
(114, 'icon_image', '[\"2.webp\"]', 48, 'Botble\\Menu\\Models\\MenuNode', '2025-10-11 11:16:02', '2025-10-11 11:16:02'),
(115, 'header_css_class', '[null]', 24, 'Botble\\Page\\Models\\Page', '2025-10-11 11:25:03', '2025-10-11 11:25:03'),
(116, 'seo_meta', '[{\"index\":\"index\"}]', 24, 'Botble\\Page\\Models\\Page', '2025-10-11 11:25:03', '2025-10-11 11:25:03'),
(117, 'header_css_class', '[null]', 25, 'Botble\\Page\\Models\\Page', '2025-10-11 11:27:44', '2025-10-11 11:27:44'),
(118, 'seo_meta', '[{\"index\":\"index\"}]', 25, 'Botble\\Page\\Models\\Page', '2025-10-11 11:27:44', '2025-10-11 11:27:44'),
(119, 'header_css_class', '[null]', 26, 'Botble\\Page\\Models\\Page', '2025-10-11 11:32:43', '2025-10-11 11:32:43'),
(120, 'seo_meta', '[{\"index\":\"index\"}]', 26, 'Botble\\Page\\Models\\Page', '2025-10-11 11:32:43', '2025-10-11 11:32:43'),
(197, 'header_css_class', '[null]', 28, 'Botble\\Page\\Models\\Page', '2025-11-07 10:32:37', '2025-11-07 10:32:37'),
(198, 'seo_meta', '[{\"index\":\"index\"}]', 28, 'Botble\\Page\\Models\\Page', '2025-11-07 10:32:37', '2025-11-07 10:32:37'),
(205, 'faq_ids', '[[]]', 287, 'Botble\\Ecommerce\\Models\\Product', '2025-11-30 18:56:15', '2025-11-30 18:56:15'),
(206, 'faq_ids', '[[]]', 1, 'Botble\\Ecommerce\\Models\\Product', '2025-12-01 16:34:21', '2025-12-01 16:34:21'),
(207, 'faq_ids', '[[]]', 3, 'Botble\\Ecommerce\\Models\\Product', '2025-12-01 16:34:22', '2025-12-01 16:34:22'),
(208, 'faq_ids', '[[]]', 5, 'Botble\\Ecommerce\\Models\\Product', '2025-12-01 16:34:23', '2025-12-01 16:34:23'),
(209, 'faq_ids', '[[]]', 7, 'Botble\\Ecommerce\\Models\\Product', '2025-12-01 16:34:24', '2025-12-01 16:34:24'),
(210, 'faq_ids', '[[]]', 9, 'Botble\\Ecommerce\\Models\\Product', '2025-12-01 16:34:25', '2025-12-01 16:34:25'),
(211, 'faq_ids', '[[]]', 11, 'Botble\\Ecommerce\\Models\\Product', '2025-12-01 16:34:26', '2025-12-01 16:34:26'),
(212, 'faq_ids', '[[]]', 13, 'Botble\\Ecommerce\\Models\\Product', '2025-12-01 16:34:27', '2025-12-01 16:34:27'),
(213, 'faq_ids', '[[]]', 15, 'Botble\\Ecommerce\\Models\\Product', '2025-12-01 16:34:28', '2025-12-01 16:34:28'),
(214, 'faq_ids', '[[]]', 17, 'Botble\\Ecommerce\\Models\\Product', '2025-12-01 16:34:29', '2025-12-01 16:34:29'),
(215, 'faq_ids', '[[]]', 19, 'Botble\\Ecommerce\\Models\\Product', '2025-12-01 16:34:30', '2025-12-01 16:34:30'),
(216, 'faq_ids', '[[]]', 21, 'Botble\\Ecommerce\\Models\\Product', '2025-12-01 16:34:32', '2025-12-01 16:34:32'),
(217, 'faq_ids', '[[]]', 23, 'Botble\\Ecommerce\\Models\\Product', '2025-12-01 16:34:33', '2025-12-01 16:34:33'),
(218, 'faq_ids', '[[]]', 25, 'Botble\\Ecommerce\\Models\\Product', '2025-12-01 16:34:34', '2025-12-01 16:34:34'),
(219, 'faq_ids', '[[]]', 27, 'Botble\\Ecommerce\\Models\\Product', '2025-12-01 16:34:35', '2025-12-01 16:34:35'),
(220, 'faq_ids', '[[]]', 29, 'Botble\\Ecommerce\\Models\\Product', '2025-12-01 16:34:36', '2025-12-01 16:34:36'),
(221, 'faq_ids', '[[]]', 31, 'Botble\\Ecommerce\\Models\\Product', '2025-12-01 16:34:37', '2025-12-01 16:34:37'),
(222, 'faq_ids', '[[]]', 33, 'Botble\\Ecommerce\\Models\\Product', '2025-12-01 16:34:38', '2025-12-01 16:34:38'),
(223, 'faq_ids', '[[]]', 35, 'Botble\\Ecommerce\\Models\\Product', '2025-12-01 16:34:39', '2025-12-01 16:34:39'),
(224, 'faq_ids', '[[]]', 37, 'Botble\\Ecommerce\\Models\\Product', '2025-12-01 16:34:40', '2025-12-01 16:34:40'),
(225, 'faq_ids', '[[]]', 39, 'Botble\\Ecommerce\\Models\\Product', '2025-12-01 16:34:41', '2025-12-01 16:34:41'),
(226, 'faq_ids', '[[]]', 41, 'Botble\\Ecommerce\\Models\\Product', '2025-12-01 16:34:43', '2025-12-01 16:34:43'),
(227, 'faq_ids', '[[]]', 43, 'Botble\\Ecommerce\\Models\\Product', '2025-12-01 16:34:44', '2025-12-01 16:34:44'),
(228, 'faq_ids', '[[]]', 45, 'Botble\\Ecommerce\\Models\\Product', '2025-12-01 16:34:45', '2025-12-01 16:34:45'),
(229, 'faq_ids', '[[]]', 47, 'Botble\\Ecommerce\\Models\\Product', '2025-12-01 16:34:46', '2025-12-01 16:34:46'),
(230, 'faq_ids', '[[]]', 49, 'Botble\\Ecommerce\\Models\\Product', '2025-12-01 16:34:47', '2025-12-01 16:34:47'),
(231, 'faq_ids', '[[]]', 51, 'Botble\\Ecommerce\\Models\\Product', '2025-12-01 16:34:49', '2025-12-01 16:34:49'),
(232, 'faq_ids', '[[]]', 53, 'Botble\\Ecommerce\\Models\\Product', '2025-12-01 16:34:50', '2025-12-01 16:34:50'),
(233, 'faq_ids', '[[]]', 55, 'Botble\\Ecommerce\\Models\\Product', '2025-12-01 16:34:51', '2025-12-01 16:34:51'),
(234, 'faq_ids', '[[]]', 57, 'Botble\\Ecommerce\\Models\\Product', '2025-12-01 16:34:52', '2025-12-01 16:34:52'),
(235, 'faq_ids', '[[]]', 59, 'Botble\\Ecommerce\\Models\\Product', '2025-12-01 16:34:53', '2025-12-01 16:34:53'),
(236, 'faq_ids', '[[]]', 61, 'Botble\\Ecommerce\\Models\\Product', '2025-12-01 16:34:55', '2025-12-01 16:34:55'),
(237, 'faq_ids', '[[]]', 63, 'Botble\\Ecommerce\\Models\\Product', '2025-12-01 16:34:56', '2025-12-01 16:34:56'),
(238, 'faq_ids', '[[]]', 65, 'Botble\\Ecommerce\\Models\\Product', '2025-12-01 16:34:57', '2025-12-01 16:34:57'),
(239, 'faq_ids', '[[]]', 67, 'Botble\\Ecommerce\\Models\\Product', '2025-12-01 16:34:58', '2025-12-01 16:34:58'),
(240, 'faq_ids', '[[]]', 69, 'Botble\\Ecommerce\\Models\\Product', '2025-12-01 16:34:59', '2025-12-01 16:34:59'),
(241, 'faq_ids', '[[]]', 71, 'Botble\\Ecommerce\\Models\\Product', '2025-12-01 16:35:01', '2025-12-01 16:35:01'),
(242, 'faq_ids', '[[]]', 73, 'Botble\\Ecommerce\\Models\\Product', '2025-12-01 16:35:02', '2025-12-01 16:35:02'),
(243, 'faq_ids', '[[]]', 75, 'Botble\\Ecommerce\\Models\\Product', '2025-12-01 16:35:03', '2025-12-01 16:35:03'),
(244, 'faq_ids', '[[]]', 77, 'Botble\\Ecommerce\\Models\\Product', '2025-12-01 16:35:04', '2025-12-01 16:35:04'),
(245, 'faq_ids', '[[]]', 79, 'Botble\\Ecommerce\\Models\\Product', '2025-12-01 16:35:05', '2025-12-01 16:35:05'),
(246, 'faq_ids', '[[]]', 81, 'Botble\\Ecommerce\\Models\\Product', '2025-12-01 16:35:07', '2025-12-01 16:35:07'),
(247, 'faq_ids', '[[]]', 83, 'Botble\\Ecommerce\\Models\\Product', '2025-12-01 16:35:08', '2025-12-01 16:35:08'),
(248, 'faq_ids', '[[]]', 85, 'Botble\\Ecommerce\\Models\\Product', '2025-12-01 16:35:09', '2025-12-01 16:35:09'),
(249, 'faq_ids', '[[]]', 87, 'Botble\\Ecommerce\\Models\\Product', '2025-12-01 16:35:11', '2025-12-01 16:35:11'),
(250, 'faq_ids', '[[]]', 89, 'Botble\\Ecommerce\\Models\\Product', '2025-12-01 16:35:12', '2025-12-01 16:35:12'),
(251, 'faq_ids', '[[]]', 91, 'Botble\\Ecommerce\\Models\\Product', '2025-12-01 16:35:14', '2025-12-01 16:35:14'),
(252, 'faq_ids', '[[]]', 93, 'Botble\\Ecommerce\\Models\\Product', '2025-12-01 16:35:15', '2025-12-01 16:35:15'),
(253, 'faq_ids', '[[]]', 95, 'Botble\\Ecommerce\\Models\\Product', '2025-12-01 16:35:16', '2025-12-01 16:35:16'),
(254, 'faq_ids', '[[]]', 97, 'Botble\\Ecommerce\\Models\\Product', '2025-12-01 16:35:17', '2025-12-01 16:35:17'),
(255, 'faq_ids', '[[]]', 99, 'Botble\\Ecommerce\\Models\\Product', '2025-12-01 16:35:19', '2025-12-01 16:35:19'),
(256, 'faq_ids', '[[]]', 101, 'Botble\\Ecommerce\\Models\\Product', '2025-12-01 16:35:20', '2025-12-01 16:35:20'),
(257, 'faq_ids', '[[]]', 103, 'Botble\\Ecommerce\\Models\\Product', '2025-12-01 16:35:21', '2025-12-01 16:35:21'),
(258, 'faq_ids', '[[]]', 105, 'Botble\\Ecommerce\\Models\\Product', '2025-12-01 16:35:23', '2025-12-01 16:35:23'),
(259, 'faq_ids', '[[]]', 107, 'Botble\\Ecommerce\\Models\\Product', '2025-12-01 16:35:24', '2025-12-01 16:35:24'),
(260, 'faq_ids', '[[]]', 109, 'Botble\\Ecommerce\\Models\\Product', '2025-12-01 16:35:25', '2025-12-01 16:35:25'),
(261, 'faq_ids', '[[]]', 111, 'Botble\\Ecommerce\\Models\\Product', '2025-12-01 16:35:27', '2025-12-01 16:35:27'),
(262, 'faq_ids', '[[]]', 113, 'Botble\\Ecommerce\\Models\\Product', '2025-12-01 16:35:28', '2025-12-01 16:35:28'),
(263, 'faq_ids', '[[]]', 115, 'Botble\\Ecommerce\\Models\\Product', '2025-12-01 16:35:29', '2025-12-01 16:35:29'),
(264, 'faq_ids', '[[]]', 117, 'Botble\\Ecommerce\\Models\\Product', '2025-12-01 16:35:30', '2025-12-01 16:35:30'),
(265, 'faq_ids', '[[]]', 119, 'Botble\\Ecommerce\\Models\\Product', '2025-12-01 16:35:32', '2025-12-01 16:35:32'),
(266, 'faq_ids', '[[]]', 121, 'Botble\\Ecommerce\\Models\\Product', '2025-12-01 16:35:34', '2025-12-01 16:35:34'),
(267, 'faq_ids', '[[]]', 123, 'Botble\\Ecommerce\\Models\\Product', '2025-12-01 16:35:35', '2025-12-01 16:35:35'),
(268, 'faq_ids', '[[]]', 125, 'Botble\\Ecommerce\\Models\\Product', '2025-12-01 16:35:36', '2025-12-01 16:35:36'),
(269, 'faq_ids', '[[]]', 127, 'Botble\\Ecommerce\\Models\\Product', '2025-12-01 16:35:37', '2025-12-01 16:35:37'),
(270, 'faq_ids', '[[]]', 129, 'Botble\\Ecommerce\\Models\\Product', '2025-12-01 16:35:39', '2025-12-01 16:35:39'),
(271, 'faq_ids', '[[]]', 131, 'Botble\\Ecommerce\\Models\\Product', '2025-12-01 16:35:41', '2025-12-01 16:35:41'),
(272, 'faq_ids', '[[]]', 133, 'Botble\\Ecommerce\\Models\\Product', '2025-12-01 16:35:42', '2025-12-01 16:35:42'),
(273, 'faq_ids', '[[]]', 135, 'Botble\\Ecommerce\\Models\\Product', '2025-12-01 16:35:43', '2025-12-01 16:35:43'),
(274, 'faq_ids', '[[]]', 137, 'Botble\\Ecommerce\\Models\\Product', '2025-12-01 16:35:45', '2025-12-01 16:35:45'),
(275, 'faq_ids', '[[]]', 139, 'Botble\\Ecommerce\\Models\\Product', '2025-12-01 16:35:46', '2025-12-01 16:35:46'),
(276, 'faq_ids', '[[]]', 141, 'Botble\\Ecommerce\\Models\\Product', '2025-12-01 16:35:48', '2025-12-01 16:35:48'),
(277, 'faq_ids', '[[]]', 143, 'Botble\\Ecommerce\\Models\\Product', '2025-12-01 16:35:49', '2025-12-01 16:35:49'),
(278, 'faq_ids', '[[]]', 145, 'Botble\\Ecommerce\\Models\\Product', '2025-12-01 16:35:50', '2025-12-01 16:35:50'),
(279, 'faq_ids', '[[]]', 147, 'Botble\\Ecommerce\\Models\\Product', '2025-12-01 16:35:51', '2025-12-01 16:35:51'),
(280, 'faq_ids', '[[]]', 149, 'Botble\\Ecommerce\\Models\\Product', '2025-12-01 16:35:52', '2025-12-01 16:35:52'),
(281, 'faq_ids', '[[]]', 151, 'Botble\\Ecommerce\\Models\\Product', '2025-12-01 16:35:55', '2025-12-01 16:35:55'),
(282, 'faq_ids', '[[]]', 153, 'Botble\\Ecommerce\\Models\\Product', '2025-12-01 16:35:56', '2025-12-01 16:35:56'),
(283, 'faq_ids', '[[]]', 155, 'Botble\\Ecommerce\\Models\\Product', '2025-12-01 16:35:57', '2025-12-01 16:35:57'),
(284, 'faq_ids', '[[]]', 157, 'Botble\\Ecommerce\\Models\\Product', '2025-12-01 16:35:58', '2025-12-01 16:35:58'),
(285, 'faq_ids', '[[]]', 159, 'Botble\\Ecommerce\\Models\\Product', '2025-12-01 16:35:59', '2025-12-01 16:35:59'),
(286, 'faq_ids', '[[]]', 161, 'Botble\\Ecommerce\\Models\\Product', '2025-12-01 16:36:01', '2025-12-01 16:36:01'),
(287, 'faq_ids', '[[]]', 163, 'Botble\\Ecommerce\\Models\\Product', '2025-12-01 16:36:03', '2025-12-01 16:36:03'),
(288, 'faq_ids', '[[]]', 165, 'Botble\\Ecommerce\\Models\\Product', '2025-12-01 16:36:04', '2025-12-01 16:36:04'),
(289, 'faq_ids', '[[]]', 167, 'Botble\\Ecommerce\\Models\\Product', '2025-12-01 16:36:05', '2025-12-01 16:36:05'),
(290, 'faq_ids', '[[]]', 169, 'Botble\\Ecommerce\\Models\\Product', '2025-12-01 16:36:06', '2025-12-01 16:36:06'),
(291, 'faq_ids', '[[]]', 171, 'Botble\\Ecommerce\\Models\\Product', '2025-12-01 16:36:08', '2025-12-01 16:36:08'),
(292, 'faq_ids', '[[]]', 173, 'Botble\\Ecommerce\\Models\\Product', '2025-12-01 16:36:09', '2025-12-01 16:36:09'),
(293, 'faq_ids', '[[]]', 175, 'Botble\\Ecommerce\\Models\\Product', '2025-12-01 16:36:11', '2025-12-01 16:36:11'),
(294, 'faq_ids', '[[]]', 177, 'Botble\\Ecommerce\\Models\\Product', '2025-12-01 16:36:12', '2025-12-01 16:36:12'),
(295, 'faq_ids', '[[]]', 179, 'Botble\\Ecommerce\\Models\\Product', '2025-12-01 16:36:13', '2025-12-01 16:36:13'),
(296, 'faq_ids', '[[]]', 181, 'Botble\\Ecommerce\\Models\\Product', '2025-12-01 16:36:15', '2025-12-01 16:36:15'),
(298, 'faq_ids', '[[]]', 185, 'Botble\\Ecommerce\\Models\\Product', '2025-12-01 16:36:18', '2025-12-01 16:36:18'),
(299, 'faq_ids', '[[]]', 187, 'Botble\\Ecommerce\\Models\\Product', '2025-12-01 16:36:19', '2025-12-01 16:36:19'),
(300, 'faq_ids', '[[]]', 189, 'Botble\\Ecommerce\\Models\\Product', '2025-12-01 16:36:20', '2025-12-01 16:36:20'),
(301, 'faq_ids', '[[]]', 191, 'Botble\\Ecommerce\\Models\\Product', '2025-12-01 16:36:22', '2025-12-01 16:36:22'),
(302, 'faq_ids', '[[]]', 193, 'Botble\\Ecommerce\\Models\\Product', '2025-12-01 16:36:23', '2025-12-01 16:36:23'),
(303, 'faq_ids', '[[]]', 195, 'Botble\\Ecommerce\\Models\\Product', '2025-12-01 16:36:25', '2025-12-01 16:36:25'),
(304, 'faq_ids', '[[]]', 197, 'Botble\\Ecommerce\\Models\\Product', '2025-12-01 16:36:26', '2025-12-01 16:36:26'),
(305, 'faq_ids', '[[]]', 199, 'Botble\\Ecommerce\\Models\\Product', '2025-12-01 16:36:27', '2025-12-01 16:36:27'),
(306, 'faq_ids', '[[]]', 201, 'Botble\\Ecommerce\\Models\\Product', '2025-12-01 16:36:29', '2025-12-01 16:36:29'),
(307, 'faq_ids', '[[]]', 203, 'Botble\\Ecommerce\\Models\\Product', '2025-12-01 16:36:31', '2025-12-01 16:36:31'),
(308, 'faq_ids', '[[]]', 205, 'Botble\\Ecommerce\\Models\\Product', '2025-12-01 16:36:32', '2025-12-01 16:36:32'),
(309, 'faq_ids', '[[]]', 207, 'Botble\\Ecommerce\\Models\\Product', '2025-12-01 16:36:33', '2025-12-01 16:36:33'),
(310, 'faq_ids', '[[]]', 209, 'Botble\\Ecommerce\\Models\\Product', '2025-12-01 16:36:34', '2025-12-01 16:36:34'),
(311, 'faq_ids', '[[]]', 211, 'Botble\\Ecommerce\\Models\\Product', '2025-12-01 16:36:37', '2025-12-01 16:36:37'),
(312, 'faq_ids', '[[]]', 213, 'Botble\\Ecommerce\\Models\\Product', '2025-12-01 16:36:38', '2025-12-01 16:36:38'),
(313, 'faq_ids', '[[]]', 215, 'Botble\\Ecommerce\\Models\\Product', '2025-12-01 16:36:39', '2025-12-01 16:36:39'),
(314, 'faq_ids', '[[]]', 217, 'Botble\\Ecommerce\\Models\\Product', '2025-12-01 16:36:41', '2025-12-01 16:36:41'),
(315, 'faq_ids', '[[]]', 219, 'Botble\\Ecommerce\\Models\\Product', '2025-12-01 16:36:44', '2025-12-01 16:36:44'),
(316, 'faq_ids', '[[]]', 221, 'Botble\\Ecommerce\\Models\\Product', '2025-12-01 16:36:46', '2025-12-01 16:36:46'),
(317, 'faq_ids', '[[]]', 223, 'Botble\\Ecommerce\\Models\\Product', '2025-12-01 16:36:47', '2025-12-01 16:36:47'),
(318, 'faq_ids', '[[]]', 225, 'Botble\\Ecommerce\\Models\\Product', '2025-12-01 16:36:48', '2025-12-01 16:36:48'),
(319, 'faq_ids', '[[]]', 227, 'Botble\\Ecommerce\\Models\\Product', '2025-12-01 16:36:50', '2025-12-01 16:36:50'),
(320, 'faq_ids', '[[]]', 229, 'Botble\\Ecommerce\\Models\\Product', '2025-12-01 16:36:51', '2025-12-01 16:36:51'),
(321, 'faq_ids', '[[]]', 231, 'Botble\\Ecommerce\\Models\\Product', '2025-12-01 16:36:54', '2025-12-01 16:36:54'),
(322, 'faq_ids', '[[]]', 233, 'Botble\\Ecommerce\\Models\\Product', '2025-12-01 16:36:55', '2025-12-01 16:36:55'),
(323, 'faq_ids', '[[]]', 235, 'Botble\\Ecommerce\\Models\\Product', '2025-12-01 16:36:56', '2025-12-01 16:36:56'),
(324, 'faq_ids', '[[]]', 237, 'Botble\\Ecommerce\\Models\\Product', '2025-12-01 16:36:58', '2025-12-01 16:36:58'),
(325, 'faq_ids', '[[]]', 239, 'Botble\\Ecommerce\\Models\\Product', '2025-12-01 16:36:59', '2025-12-01 16:36:59'),
(326, 'faq_ids', '[[]]', 241, 'Botble\\Ecommerce\\Models\\Product', '2025-12-01 16:37:01', '2025-12-01 16:37:01'),
(327, 'faq_ids', '[[]]', 243, 'Botble\\Ecommerce\\Models\\Product', '2025-12-01 16:37:02', '2025-12-01 16:37:02'),
(328, 'faq_ids', '[[]]', 245, 'Botble\\Ecommerce\\Models\\Product', '2025-12-01 16:37:04', '2025-12-01 16:37:04'),
(329, 'faq_ids', '[[]]', 247, 'Botble\\Ecommerce\\Models\\Product', '2025-12-01 16:37:05', '2025-12-01 16:37:05'),
(330, 'faq_ids', '[[]]', 249, 'Botble\\Ecommerce\\Models\\Product', '2025-12-01 16:37:06', '2025-12-01 16:37:06'),
(331, 'faq_ids', '[[]]', 251, 'Botble\\Ecommerce\\Models\\Product', '2025-12-01 16:37:08', '2025-12-01 16:37:08'),
(332, 'faq_ids', '[[]]', 253, 'Botble\\Ecommerce\\Models\\Product', '2025-12-01 16:37:09', '2025-12-01 16:37:09'),
(333, 'faq_ids', '[[]]', 255, 'Botble\\Ecommerce\\Models\\Product', '2025-12-01 16:37:10', '2025-12-01 16:37:10'),
(334, 'faq_ids', '[[]]', 257, 'Botble\\Ecommerce\\Models\\Product', '2025-12-01 16:37:11', '2025-12-01 16:37:11'),
(335, 'faq_ids', '[[]]', 259, 'Botble\\Ecommerce\\Models\\Product', '2025-12-01 16:37:13', '2025-12-01 16:37:13'),
(336, 'faq_ids', '[[]]', 261, 'Botble\\Ecommerce\\Models\\Product', '2025-12-01 16:37:15', '2025-12-01 16:37:15'),
(337, 'faq_ids', '[[]]', 263, 'Botble\\Ecommerce\\Models\\Product', '2025-12-01 16:37:16', '2025-12-01 16:37:16'),
(338, 'faq_ids', '[[]]', 265, 'Botble\\Ecommerce\\Models\\Product', '2025-12-01 16:37:18', '2025-12-01 16:37:18'),
(339, 'faq_ids', '[[]]', 267, 'Botble\\Ecommerce\\Models\\Product', '2025-12-01 16:37:19', '2025-12-01 16:37:19'),
(340, 'faq_ids', '[[]]', 269, 'Botble\\Ecommerce\\Models\\Product', '2025-12-01 16:37:20', '2025-12-01 16:37:20'),
(341, 'faq_ids', '[[]]', 271, 'Botble\\Ecommerce\\Models\\Product', '2025-12-01 16:37:23', '2025-12-01 16:37:23'),
(342, 'faq_ids', '[[]]', 273, 'Botble\\Ecommerce\\Models\\Product', '2025-12-01 16:37:24', '2025-12-01 16:37:24'),
(343, 'faq_ids', '[[]]', 275, 'Botble\\Ecommerce\\Models\\Product', '2025-12-01 16:37:25', '2025-12-01 16:37:25'),
(344, 'faq_ids', '[[]]', 277, 'Botble\\Ecommerce\\Models\\Product', '2025-12-01 16:37:26', '2025-12-01 16:37:26'),
(345, 'faq_ids', '[[]]', 279, 'Botble\\Ecommerce\\Models\\Product', '2025-12-01 16:37:28', '2025-12-01 16:37:28'),
(346, 'faq_ids', '[[]]', 281, 'Botble\\Ecommerce\\Models\\Product', '2025-12-01 16:37:30', '2025-12-01 16:37:30'),
(347, 'faq_ids', '[[]]', 283, 'Botble\\Ecommerce\\Models\\Product', '2025-12-01 16:37:32', '2025-12-01 16:37:32'),
(348, 'faq_ids', '[[]]', 285, 'Botble\\Ecommerce\\Models\\Product', '2025-12-01 16:37:33', '2025-12-01 16:37:33'),
(349, 'faq_ids', '[[]]', 289, 'Botble\\Ecommerce\\Models\\Product', '2025-12-01 16:37:36', '2025-12-01 16:37:36'),
(350, 'faq_ids', '[[]]', 291, 'Botble\\Ecommerce\\Models\\Product', '2025-12-01 16:37:38', '2025-12-01 16:37:38'),
(351, 'faq_ids', '[[]]', 293, 'Botble\\Ecommerce\\Models\\Product', '2025-12-01 16:37:39', '2025-12-01 16:37:39'),
(352, 'faq_ids', '[[]]', 295, 'Botble\\Ecommerce\\Models\\Product', '2025-12-01 16:37:41', '2025-12-01 16:37:41'),
(353, 'faq_ids', '[[]]', 297, 'Botble\\Ecommerce\\Models\\Product', '2025-12-01 16:37:42', '2025-12-01 16:37:42'),
(354, 'faq_ids', '[[]]', 299, 'Botble\\Ecommerce\\Models\\Product', '2025-12-01 16:37:43', '2025-12-01 16:37:43'),
(355, 'faq_ids', '[[]]', 301, 'Botble\\Ecommerce\\Models\\Product', '2025-12-01 16:37:46', '2025-12-01 16:37:46'),
(356, 'faq_ids', '[[]]', 303, 'Botble\\Ecommerce\\Models\\Product', '2025-12-01 16:37:47', '2025-12-01 16:37:47'),
(357, 'faq_ids', '[[]]', 305, 'Botble\\Ecommerce\\Models\\Product', '2025-12-01 16:37:48', '2025-12-01 16:37:48'),
(358, 'faq_ids', '[[]]', 307, 'Botble\\Ecommerce\\Models\\Product', '2025-12-01 16:37:50', '2025-12-01 16:37:50'),
(359, 'faq_ids', '[[]]', 309, 'Botble\\Ecommerce\\Models\\Product', '2025-12-01 16:37:51', '2025-12-01 16:37:51'),
(360, 'faq_ids', '[[]]', 311, 'Botble\\Ecommerce\\Models\\Product', '2025-12-01 16:37:54', '2025-12-01 16:37:54'),
(361, 'faq_ids', '[[]]', 313, 'Botble\\Ecommerce\\Models\\Product', '2025-12-01 16:37:55', '2025-12-01 16:37:55'),
(362, 'faq_ids', '[[]]', 315, 'Botble\\Ecommerce\\Models\\Product', '2025-12-01 16:37:56', '2025-12-01 16:37:56'),
(363, 'faq_ids', '[[]]', 317, 'Botble\\Ecommerce\\Models\\Product', '2025-12-01 16:37:58', '2025-12-01 16:37:58'),
(364, 'faq_ids', '[[]]', 319, 'Botble\\Ecommerce\\Models\\Product', '2025-12-01 16:37:59', '2025-12-01 16:37:59'),
(365, 'faq_ids', '[[]]', 321, 'Botble\\Ecommerce\\Models\\Product', '2025-12-01 16:38:01', '2025-12-01 16:38:01'),
(366, 'faq_ids', '[[]]', 323, 'Botble\\Ecommerce\\Models\\Product', '2025-12-01 16:38:03', '2025-12-01 16:38:03'),
(367, 'faq_ids', '[[]]', 325, 'Botble\\Ecommerce\\Models\\Product', '2025-12-01 16:38:04', '2025-12-01 16:38:04'),
(368, 'faq_ids', '[[]]', 327, 'Botble\\Ecommerce\\Models\\Product', '2025-12-01 16:38:06', '2025-12-01 16:38:06'),
(369, 'faq_ids', '[[]]', 329, 'Botble\\Ecommerce\\Models\\Product', '2025-12-01 16:38:07', '2025-12-01 16:38:07'),
(370, 'faq_ids', '[[]]', 331, 'Botble\\Ecommerce\\Models\\Product', '2025-12-01 16:38:09', '2025-12-01 16:38:09'),
(371, 'faq_ids', '[[]]', 333, 'Botble\\Ecommerce\\Models\\Product', '2025-12-01 16:38:11', '2025-12-01 16:38:11'),
(372, 'faq_ids', '[[]]', 335, 'Botble\\Ecommerce\\Models\\Product', '2025-12-01 16:38:12', '2025-12-01 16:38:12'),
(373, 'faq_ids', '[[]]', 337, 'Botble\\Ecommerce\\Models\\Product', '2025-12-01 16:38:13', '2025-12-01 16:38:13'),
(374, 'faq_ids', '[[]]', 339, 'Botble\\Ecommerce\\Models\\Product', '2025-12-01 16:38:15', '2025-12-01 16:38:15'),
(375, 'faq_ids', '[[]]', 341, 'Botble\\Ecommerce\\Models\\Product', '2025-12-01 16:38:17', '2025-12-01 16:38:17'),
(376, 'faq_ids', '[[]]', 343, 'Botble\\Ecommerce\\Models\\Product', '2025-12-01 16:38:18', '2025-12-01 16:38:18'),
(377, 'faq_ids', '[[]]', 345, 'Botble\\Ecommerce\\Models\\Product', '2025-12-01 16:38:20', '2025-12-01 16:38:20'),
(378, 'faq_ids', '[[]]', 347, 'Botble\\Ecommerce\\Models\\Product', '2025-12-01 16:38:21', '2025-12-01 16:38:21'),
(379, 'faq_ids', '[[]]', 349, 'Botble\\Ecommerce\\Models\\Product', '2025-12-01 16:38:22', '2025-12-01 16:38:22'),
(380, 'faq_ids', '[[]]', 351, 'Botble\\Ecommerce\\Models\\Product', '2025-12-01 16:38:25', '2025-12-01 16:38:25'),
(381, 'faq_ids', '[[]]', 353, 'Botble\\Ecommerce\\Models\\Product', '2025-12-01 16:38:26', '2025-12-01 16:38:26'),
(382, 'faq_ids', '[[]]', 355, 'Botble\\Ecommerce\\Models\\Product', '2025-12-01 16:38:27', '2025-12-01 16:38:27'),
(383, 'faq_ids', '[[]]', 357, 'Botble\\Ecommerce\\Models\\Product', '2025-12-01 16:38:28', '2025-12-01 16:38:28'),
(384, 'faq_ids', '[[]]', 359, 'Botble\\Ecommerce\\Models\\Product', '2025-12-01 16:38:30', '2025-12-01 16:38:30'),
(385, 'faq_ids', '[[]]', 361, 'Botble\\Ecommerce\\Models\\Product', '2025-12-01 16:38:32', '2025-12-01 16:38:32'),
(386, 'faq_ids', '[[]]', 363, 'Botble\\Ecommerce\\Models\\Product', '2025-12-01 16:38:34', '2025-12-01 16:38:34'),
(387, 'faq_ids', '[[]]', 365, 'Botble\\Ecommerce\\Models\\Product', '2025-12-01 16:38:35', '2025-12-01 16:38:35'),
(388, 'faq_ids', '[[]]', 367, 'Botble\\Ecommerce\\Models\\Product', '2025-12-01 16:38:36', '2025-12-01 16:38:36'),
(389, 'faq_ids', '[[]]', 369, 'Botble\\Ecommerce\\Models\\Product', '2025-12-01 16:38:38', '2025-12-01 16:38:38'),
(390, 'faq_ids', '[[]]', 371, 'Botble\\Ecommerce\\Models\\Product', '2025-12-01 16:38:40', '2025-12-01 16:38:40'),
(391, 'faq_ids', '[[]]', 373, 'Botble\\Ecommerce\\Models\\Product', '2025-12-01 16:38:41', '2025-12-01 16:38:41'),
(392, 'faq_ids', '[[]]', 375, 'Botble\\Ecommerce\\Models\\Product', '2025-12-01 16:38:43', '2025-12-01 16:38:43'),
(393, 'faq_ids', '[[]]', 377, 'Botble\\Ecommerce\\Models\\Product', '2025-12-01 16:38:44', '2025-12-01 16:38:44'),
(394, 'faq_ids', '[[]]', 379, 'Botble\\Ecommerce\\Models\\Product', '2025-12-01 16:38:46', '2025-12-01 16:38:46'),
(395, 'faq_ids', '[[]]', 381, 'Botble\\Ecommerce\\Models\\Product', '2025-12-01 16:38:48', '2025-12-01 16:38:48'),
(396, 'faq_ids', '[[]]', 383, 'Botble\\Ecommerce\\Models\\Product', '2025-12-01 16:38:49', '2025-12-01 16:38:49'),
(397, 'faq_ids', '[[]]', 385, 'Botble\\Ecommerce\\Models\\Product', '2025-12-01 16:38:51', '2025-12-01 16:38:51'),
(398, 'faq_ids', '[[]]', 387, 'Botble\\Ecommerce\\Models\\Product', '2025-12-01 16:38:52', '2025-12-01 16:38:52'),
(399, 'faq_ids', '[[]]', 389, 'Botble\\Ecommerce\\Models\\Product', '2025-12-01 16:38:54', '2025-12-01 16:38:54'),
(400, 'faq_ids', '[[]]', 391, 'Botble\\Ecommerce\\Models\\Product', '2025-12-01 16:38:56', '2025-12-01 16:38:56'),
(401, 'faq_ids', '[[]]', 393, 'Botble\\Ecommerce\\Models\\Product', '2025-12-01 16:38:58', '2025-12-01 16:38:58'),
(402, 'faq_ids', '[[]]', 395, 'Botble\\Ecommerce\\Models\\Product', '2025-12-01 16:38:59', '2025-12-01 16:38:59'),
(403, 'faq_ids', '[[]]', 397, 'Botble\\Ecommerce\\Models\\Product', '2025-12-01 16:39:00', '2025-12-01 16:39:00'),
(404, 'faq_ids', '[[]]', 399, 'Botble\\Ecommerce\\Models\\Product', '2025-12-01 16:39:02', '2025-12-01 16:39:02'),
(405, 'faq_ids', '[[]]', 401, 'Botble\\Ecommerce\\Models\\Product', '2025-12-01 16:39:04', '2025-12-01 16:39:04'),
(406, 'faq_ids', '[[]]', 403, 'Botble\\Ecommerce\\Models\\Product', '2025-12-01 16:39:05', '2025-12-01 16:39:05'),
(407, 'faq_ids', '[[]]', 405, 'Botble\\Ecommerce\\Models\\Product', '2025-12-01 16:39:07', '2025-12-01 16:39:07'),
(408, 'faq_ids', '[[]]', 407, 'Botble\\Ecommerce\\Models\\Product', '2025-12-01 16:39:08', '2025-12-01 16:39:08'),
(409, 'faq_ids', '[[]]', 409, 'Botble\\Ecommerce\\Models\\Product', '2025-12-01 16:39:09', '2025-12-01 16:39:09'),
(410, 'faq_ids', '[[]]', 411, 'Botble\\Ecommerce\\Models\\Product', '2025-12-01 16:40:19', '2025-12-01 16:40:19'),
(411, 'faq_ids', '[[]]', 413, 'Botble\\Ecommerce\\Models\\Product', '2025-12-01 16:40:21', '2025-12-01 16:40:21'),
(412, 'faq_ids', '[[]]', 415, 'Botble\\Ecommerce\\Models\\Product', '2025-12-01 16:40:22', '2025-12-01 16:40:22'),
(413, 'faq_ids', '[[]]', 417, 'Botble\\Ecommerce\\Models\\Product', '2025-12-01 16:40:23', '2025-12-01 16:40:23'),
(414, 'faq_ids', '[[]]', 419, 'Botble\\Ecommerce\\Models\\Product', '2025-12-01 16:40:25', '2025-12-01 16:40:25'),
(415, 'faq_ids', '[[]]', 421, 'Botble\\Ecommerce\\Models\\Product', '2025-12-01 16:40:27', '2025-12-01 16:40:27'),
(416, 'faq_ids', '[[]]', 423, 'Botble\\Ecommerce\\Models\\Product', '2025-12-01 16:40:29', '2025-12-01 16:40:29'),
(417, 'faq_ids', '[[]]', 425, 'Botble\\Ecommerce\\Models\\Product', '2025-12-01 16:40:31', '2025-12-01 16:40:31'),
(418, 'faq_ids', '[[]]', 427, 'Botble\\Ecommerce\\Models\\Product', '2025-12-01 16:40:32', '2025-12-01 16:40:32'),
(419, 'faq_ids', '[[]]', 429, 'Botble\\Ecommerce\\Models\\Product', '2025-12-01 16:40:34', '2025-12-01 16:40:34'),
(420, 'faq_ids', '[[]]', 431, 'Botble\\Ecommerce\\Models\\Product', '2025-12-01 16:40:36', '2025-12-01 16:40:36'),
(421, 'faq_ids', '[[]]', 433, 'Botble\\Ecommerce\\Models\\Product', '2025-12-01 16:40:37', '2025-12-01 16:40:37'),
(422, 'faq_ids', '[[]]', 435, 'Botble\\Ecommerce\\Models\\Product', '2025-12-01 16:40:39', '2025-12-01 16:40:39'),
(423, 'faq_ids', '[[]]', 437, 'Botble\\Ecommerce\\Models\\Product', '2025-12-01 16:40:40', '2025-12-01 16:40:40'),
(424, 'faq_ids', '[[]]', 439, 'Botble\\Ecommerce\\Models\\Product', '2025-12-01 16:40:42', '2025-12-01 16:40:42'),
(425, 'faq_ids', '[[]]', 441, 'Botble\\Ecommerce\\Models\\Product', '2025-12-01 16:40:44', '2025-12-01 16:40:44'),
(426, 'faq_ids', '[[]]', 443, 'Botble\\Ecommerce\\Models\\Product', '2025-12-01 16:40:46', '2025-12-01 16:40:46'),
(427, 'faq_ids', '[[]]', 445, 'Botble\\Ecommerce\\Models\\Product', '2025-12-01 16:40:47', '2025-12-01 16:40:47'),
(428, 'faq_ids', '[[]]', 447, 'Botble\\Ecommerce\\Models\\Product', '2025-12-01 16:40:49', '2025-12-01 16:40:49'),
(429, 'faq_ids', '[[]]', 449, 'Botble\\Ecommerce\\Models\\Product', '2025-12-01 16:40:50', '2025-12-01 16:40:50'),
(430, 'faq_ids', '[[]]', 451, 'Botble\\Ecommerce\\Models\\Product', '2025-12-01 16:40:52', '2025-12-01 16:40:52'),
(431, 'faq_ids', '[[]]', 453, 'Botble\\Ecommerce\\Models\\Product', '2025-12-01 16:40:54', '2025-12-01 16:40:54'),
(432, 'faq_ids', '[[]]', 455, 'Botble\\Ecommerce\\Models\\Product', '2025-12-01 16:40:55', '2025-12-01 16:40:55'),
(433, 'faq_ids', '[[]]', 457, 'Botble\\Ecommerce\\Models\\Product', '2025-12-01 16:40:57', '2025-12-01 16:40:57'),
(434, 'faq_ids', '[[]]', 459, 'Botble\\Ecommerce\\Models\\Product', '2025-12-01 16:40:58', '2025-12-01 16:40:58'),
(435, 'faq_ids', '[[]]', 461, 'Botble\\Ecommerce\\Models\\Product', '2025-12-01 16:41:01', '2025-12-01 16:41:01'),
(436, 'faq_ids', '[[]]', 463, 'Botble\\Ecommerce\\Models\\Product', '2025-12-01 16:41:02', '2025-12-01 16:41:02'),
(437, 'faq_ids', '[[]]', 465, 'Botble\\Ecommerce\\Models\\Product', '2025-12-01 16:41:04', '2025-12-01 16:41:04'),
(438, 'faq_ids', '[[]]', 467, 'Botble\\Ecommerce\\Models\\Product', '2025-12-01 16:41:06', '2025-12-01 16:41:06'),
(439, 'faq_ids', '[[]]', 469, 'Botble\\Ecommerce\\Models\\Product', '2025-12-01 16:41:07', '2025-12-01 16:41:07'),
(440, 'faq_ids', '[[]]', 471, 'Botble\\Ecommerce\\Models\\Product', '2025-12-01 16:41:10', '2025-12-01 16:41:10'),
(441, 'faq_ids', '[[]]', 473, 'Botble\\Ecommerce\\Models\\Product', '2025-12-01 16:41:11', '2025-12-01 16:41:11'),
(442, 'faq_ids', '[[]]', 475, 'Botble\\Ecommerce\\Models\\Product', '2025-12-01 16:41:13', '2025-12-01 16:41:13'),
(443, 'faq_ids', '[[]]', 477, 'Botble\\Ecommerce\\Models\\Product', '2025-12-01 16:41:14', '2025-12-01 16:41:14'),
(444, 'faq_ids', '[[]]', 479, 'Botble\\Ecommerce\\Models\\Product', '2025-12-01 16:41:16', '2025-12-01 16:41:16'),
(445, 'faq_ids', '[[]]', 481, 'Botble\\Ecommerce\\Models\\Product', '2025-12-01 16:41:18', '2025-12-01 16:41:18'),
(446, 'faq_ids', '[[]]', 483, 'Botble\\Ecommerce\\Models\\Product', '2025-12-01 16:41:20', '2025-12-01 16:41:20'),
(447, 'faq_ids', '[[]]', 485, 'Botble\\Ecommerce\\Models\\Product', '2025-12-01 16:41:21', '2025-12-01 16:41:21'),
(448, 'faq_ids', '[[]]', 487, 'Botble\\Ecommerce\\Models\\Product', '2025-12-01 16:41:23', '2025-12-01 16:41:23'),
(449, 'faq_ids', '[[]]', 489, 'Botble\\Ecommerce\\Models\\Product', '2025-12-01 16:41:24', '2025-12-01 16:41:24'),
(450, 'faq_ids', '[[]]', 491, 'Botble\\Ecommerce\\Models\\Product', '2025-12-01 16:41:27', '2025-12-01 16:41:27'),
(451, 'faq_ids', '[[]]', 493, 'Botble\\Ecommerce\\Models\\Product', '2025-12-01 16:41:28', '2025-12-01 16:41:28'),
(452, 'faq_ids', '[[]]', 495, 'Botble\\Ecommerce\\Models\\Product', '2025-12-01 16:41:30', '2025-12-01 16:41:30'),
(453, 'faq_ids', '[[]]', 497, 'Botble\\Ecommerce\\Models\\Product', '2025-12-01 16:41:32', '2025-12-01 16:41:32'),
(454, 'faq_ids', '[[]]', 499, 'Botble\\Ecommerce\\Models\\Product', '2025-12-01 16:41:33', '2025-12-01 16:41:33'),
(455, 'faq_ids', '[[]]', 501, 'Botble\\Ecommerce\\Models\\Product', '2025-12-01 16:41:36', '2025-12-01 16:41:36'),
(456, 'faq_ids', '[[]]', 503, 'Botble\\Ecommerce\\Models\\Product', '2025-12-01 16:41:37', '2025-12-01 16:41:37'),
(457, 'faq_ids', '[[]]', 505, 'Botble\\Ecommerce\\Models\\Product', '2025-12-01 16:41:38', '2025-12-01 16:41:38'),
(458, 'faq_ids', '[[]]', 507, 'Botble\\Ecommerce\\Models\\Product', '2025-12-01 16:41:40', '2025-12-01 16:41:40'),
(459, 'faq_ids', '[[]]', 509, 'Botble\\Ecommerce\\Models\\Product', '2025-12-01 16:41:41', '2025-12-01 16:41:41'),
(460, 'faq_ids', '[[]]', 511, 'Botble\\Ecommerce\\Models\\Product', '2025-12-01 16:41:44', '2025-12-01 16:41:44'),
(461, 'faq_ids', '[[]]', 513, 'Botble\\Ecommerce\\Models\\Product', '2025-12-01 16:41:45', '2025-12-01 16:41:45'),
(462, 'faq_ids', '[[]]', 515, 'Botble\\Ecommerce\\Models\\Product', '2025-12-01 16:41:46', '2025-12-01 16:41:46'),
(463, 'faq_ids', '[[]]', 517, 'Botble\\Ecommerce\\Models\\Product', '2025-12-01 16:41:48', '2025-12-01 16:41:48'),
(464, 'faq_ids', '[[]]', 519, 'Botble\\Ecommerce\\Models\\Product', '2025-12-01 16:41:49', '2025-12-01 16:41:49'),
(465, 'faq_ids', '[[]]', 521, 'Botble\\Ecommerce\\Models\\Product', '2025-12-01 16:41:51', '2025-12-01 16:41:51'),
(466, 'faq_ids', '[[]]', 523, 'Botble\\Ecommerce\\Models\\Product', '2025-12-01 16:41:53', '2025-12-01 16:41:53'),
(467, 'faq_ids', '[[]]', 525, 'Botble\\Ecommerce\\Models\\Product', '2025-12-01 16:41:54', '2025-12-01 16:41:54'),
(468, 'faq_ids', '[[]]', 527, 'Botble\\Ecommerce\\Models\\Product', '2025-12-01 16:41:56', '2025-12-01 16:41:56'),
(469, 'faq_ids', '[[]]', 529, 'Botble\\Ecommerce\\Models\\Product', '2025-12-01 16:41:57', '2025-12-01 16:41:57'),
(470, 'faq_ids', '[[]]', 531, 'Botble\\Ecommerce\\Models\\Product', '2025-12-01 16:42:00', '2025-12-01 16:42:00'),
(471, 'faq_ids', '[[]]', 533, 'Botble\\Ecommerce\\Models\\Product', '2025-12-01 16:42:01', '2025-12-01 16:42:01'),
(472, 'faq_ids', '[[]]', 535, 'Botble\\Ecommerce\\Models\\Product', '2025-12-01 16:42:03', '2025-12-01 16:42:03'),
(473, 'faq_ids', '[[]]', 537, 'Botble\\Ecommerce\\Models\\Product', '2025-12-01 16:42:04', '2025-12-01 16:42:04'),
(474, 'faq_ids', '[[]]', 539, 'Botble\\Ecommerce\\Models\\Product', '2025-12-01 16:42:06', '2025-12-01 16:42:06'),
(475, 'faq_ids', '[[]]', 541, 'Botble\\Ecommerce\\Models\\Product', '2025-12-01 16:42:08', '2025-12-01 16:42:08'),
(476, 'faq_ids', '[[]]', 543, 'Botble\\Ecommerce\\Models\\Product', '2025-12-01 16:42:10', '2025-12-01 16:42:10'),
(477, 'faq_ids', '[[]]', 545, 'Botble\\Ecommerce\\Models\\Product', '2025-12-01 16:42:11', '2025-12-01 16:42:11'),
(478, 'faq_ids', '[[]]', 547, 'Botble\\Ecommerce\\Models\\Product', '2025-12-01 16:42:13', '2025-12-01 16:42:13'),
(479, 'faq_ids', '[[]]', 549, 'Botble\\Ecommerce\\Models\\Product', '2025-12-01 16:42:15', '2025-12-01 16:42:15'),
(480, 'faq_ids', '[[]]', 551, 'Botble\\Ecommerce\\Models\\Product', '2025-12-01 16:42:17', '2025-12-01 16:42:17'),
(481, 'faq_ids', '[[]]', 553, 'Botble\\Ecommerce\\Models\\Product', '2025-12-01 16:42:19', '2025-12-01 16:42:19'),
(482, 'faq_ids', '[[]]', 555, 'Botble\\Ecommerce\\Models\\Product', '2025-12-01 16:42:20', '2025-12-01 16:42:20'),
(483, 'faq_ids', '[[]]', 557, 'Botble\\Ecommerce\\Models\\Product', '2025-12-01 16:42:23', '2025-12-01 16:42:23'),
(484, 'faq_ids', '[[]]', 559, 'Botble\\Ecommerce\\Models\\Product', '2025-12-01 16:42:25', '2025-12-01 16:42:25'),
(485, 'faq_ids', '[[]]', 561, 'Botble\\Ecommerce\\Models\\Product', '2025-12-01 16:42:28', '2025-12-01 16:42:28'),
(486, 'faq_ids', '[[]]', 563, 'Botble\\Ecommerce\\Models\\Product', '2025-12-01 16:42:29', '2025-12-01 16:42:29'),
(487, 'faq_ids', '[[]]', 565, 'Botble\\Ecommerce\\Models\\Product', '2025-12-01 16:42:31', '2025-12-01 16:42:31'),
(488, 'faq_ids', '[[]]', 567, 'Botble\\Ecommerce\\Models\\Product', '2025-12-01 16:42:32', '2025-12-01 16:42:32'),
(489, 'faq_ids', '[[]]', 569, 'Botble\\Ecommerce\\Models\\Product', '2025-12-01 16:42:34', '2025-12-01 16:42:34'),
(490, 'faq_ids', '[[]]', 571, 'Botble\\Ecommerce\\Models\\Product', '2025-12-01 16:42:36', '2025-12-01 16:42:36'),
(491, 'faq_ids', '[[]]', 573, 'Botble\\Ecommerce\\Models\\Product', '2025-12-01 16:42:38', '2025-12-01 16:42:38'),
(492, 'faq_ids', '[[]]', 575, 'Botble\\Ecommerce\\Models\\Product', '2025-12-01 16:42:39', '2025-12-01 16:42:39'),
(493, 'faq_ids', '[[]]', 577, 'Botble\\Ecommerce\\Models\\Product', '2025-12-01 16:42:40', '2025-12-01 16:42:40'),
(494, 'faq_ids', '[[]]', 579, 'Botble\\Ecommerce\\Models\\Product', '2025-12-01 16:42:42', '2025-12-01 16:42:42'),
(495, 'faq_ids', '[[]]', 581, 'Botble\\Ecommerce\\Models\\Product', '2025-12-01 16:42:44', '2025-12-01 16:42:44'),
(496, 'faq_ids', '[[]]', 583, 'Botble\\Ecommerce\\Models\\Product', '2025-12-01 16:42:46', '2025-12-01 16:42:46'),
(497, 'faq_ids', '[[]]', 585, 'Botble\\Ecommerce\\Models\\Product', '2025-12-01 16:42:47', '2025-12-01 16:42:47'),
(498, 'faq_ids', '[[]]', 587, 'Botble\\Ecommerce\\Models\\Product', '2025-12-01 16:42:48', '2025-12-01 16:42:48'),
(499, 'faq_ids', '[[]]', 589, 'Botble\\Ecommerce\\Models\\Product', '2025-12-01 16:42:50', '2025-12-01 16:42:50'),
(500, 'faq_ids', '[[]]', 591, 'Botble\\Ecommerce\\Models\\Product', '2025-12-01 16:42:52', '2025-12-01 16:42:52'),
(501, 'faq_ids', '[[]]', 593, 'Botble\\Ecommerce\\Models\\Product', '2025-12-01 16:42:54', '2025-12-01 16:42:54'),
(502, 'faq_ids', '[[]]', 595, 'Botble\\Ecommerce\\Models\\Product', '2025-12-01 16:42:56', '2025-12-01 16:42:56'),
(503, 'faq_ids', '[[]]', 597, 'Botble\\Ecommerce\\Models\\Product', '2025-12-01 16:42:57', '2025-12-01 16:42:57'),
(504, 'faq_ids', '[[]]', 599, 'Botble\\Ecommerce\\Models\\Product', '2025-12-01 16:42:59', '2025-12-01 16:42:59'),
(505, 'faq_ids', '[[]]', 601, 'Botble\\Ecommerce\\Models\\Product', '2025-12-01 16:43:01', '2025-12-01 16:43:01'),
(506, 'faq_ids', '[[]]', 603, 'Botble\\Ecommerce\\Models\\Product', '2025-12-01 16:43:03', '2025-12-01 16:43:03'),
(507, 'faq_ids', '[[]]', 605, 'Botble\\Ecommerce\\Models\\Product', '2025-12-01 16:43:04', '2025-12-01 16:43:04'),
(508, 'faq_ids', '[[]]', 607, 'Botble\\Ecommerce\\Models\\Product', '2025-12-01 16:43:05', '2025-12-01 16:43:05'),
(509, 'faq_ids', '[[]]', 609, 'Botble\\Ecommerce\\Models\\Product', '2025-12-01 16:43:07', '2025-12-01 16:43:07'),
(510, 'faq_ids', '[[]]', 611, 'Botble\\Ecommerce\\Models\\Product', '2025-12-01 16:43:10', '2025-12-01 16:43:10'),
(511, 'faq_ids', '[[]]', 613, 'Botble\\Ecommerce\\Models\\Product', '2025-12-01 16:43:12', '2025-12-01 16:43:12'),
(512, 'faq_ids', '[[]]', 615, 'Botble\\Ecommerce\\Models\\Product', '2025-12-01 16:43:13', '2025-12-01 16:43:13'),
(513, 'faq_ids', '[[]]', 617, 'Botble\\Ecommerce\\Models\\Product', '2025-12-01 16:43:15', '2025-12-01 16:43:15'),
(514, 'faq_ids', '[[]]', 619, 'Botble\\Ecommerce\\Models\\Product', '2025-12-01 16:43:16', '2025-12-01 16:43:16'),
(515, 'faq_ids', '[[]]', 621, 'Botble\\Ecommerce\\Models\\Product', '2025-12-01 16:43:19', '2025-12-01 16:43:19'),
(516, 'faq_ids', '[[]]', 623, 'Botble\\Ecommerce\\Models\\Product', '2025-12-01 16:43:20', '2025-12-01 16:43:20'),
(517, 'faq_ids', '[[]]', 625, 'Botble\\Ecommerce\\Models\\Product', '2025-12-01 16:43:23', '2025-12-01 16:43:23'),
(518, 'faq_ids', '[[]]', 627, 'Botble\\Ecommerce\\Models\\Product', '2025-12-01 16:43:26', '2025-12-01 16:43:26'),
(519, 'faq_ids', '[[]]', 629, 'Botble\\Ecommerce\\Models\\Product', '2025-12-01 16:43:27', '2025-12-01 16:43:27'),
(520, 'faq_ids', '[[]]', 631, 'Botble\\Ecommerce\\Models\\Product', '2025-12-01 16:43:30', '2025-12-01 16:43:30'),
(521, 'faq_ids', '[[]]', 633, 'Botble\\Ecommerce\\Models\\Product', '2025-12-01 16:43:31', '2025-12-01 16:43:31'),
(522, 'faq_ids', '[[]]', 635, 'Botble\\Ecommerce\\Models\\Product', '2025-12-01 16:43:33', '2025-12-01 16:43:33'),
(523, 'faq_ids', '[[]]', 637, 'Botble\\Ecommerce\\Models\\Product', '2025-12-01 16:43:34', '2025-12-01 16:43:34'),
(524, 'faq_ids', '[[]]', 639, 'Botble\\Ecommerce\\Models\\Product', '2025-12-01 16:43:36', '2025-12-01 16:43:36'),
(525, 'faq_ids', '[[]]', 641, 'Botble\\Ecommerce\\Models\\Product', '2025-12-01 16:43:38', '2025-12-01 16:43:38'),
(526, 'faq_ids', '[[]]', 643, 'Botble\\Ecommerce\\Models\\Product', '2025-12-01 16:43:40', '2025-12-01 16:43:40'),
(527, 'faq_ids', '[[]]', 645, 'Botble\\Ecommerce\\Models\\Product', '2025-12-01 16:43:41', '2025-12-01 16:43:41'),
(528, 'faq_ids', '[[]]', 647, 'Botble\\Ecommerce\\Models\\Product', '2025-12-01 16:43:43', '2025-12-01 16:43:43'),
(529, 'faq_ids', '[[]]', 649, 'Botble\\Ecommerce\\Models\\Product', '2025-12-01 16:43:45', '2025-12-01 16:43:45'),
(530, 'faq_ids', '[[]]', 651, 'Botble\\Ecommerce\\Models\\Product', '2025-12-01 16:43:47', '2025-12-01 16:43:47'),
(531, 'faq_ids', '[[]]', 653, 'Botble\\Ecommerce\\Models\\Product', '2025-12-01 16:43:49', '2025-12-01 16:43:49'),
(532, 'faq_ids', '[[]]', 655, 'Botble\\Ecommerce\\Models\\Product', '2025-12-01 16:43:50', '2025-12-01 16:43:50'),
(533, 'faq_ids', '[[]]', 657, 'Botble\\Ecommerce\\Models\\Product', '2025-12-01 16:43:52', '2025-12-01 16:43:52'),
(534, 'faq_ids', '[[]]', 659, 'Botble\\Ecommerce\\Models\\Product', '2025-12-01 16:43:53', '2025-12-01 16:43:53'),
(535, 'faq_ids', '[[]]', 661, 'Botble\\Ecommerce\\Models\\Product', '2025-12-01 16:43:56', '2025-12-01 16:43:56'),
(536, 'faq_ids', '[[]]', 663, 'Botble\\Ecommerce\\Models\\Product', '2025-12-01 16:43:58', '2025-12-01 16:43:58'),
(537, 'faq_ids', '[[]]', 665, 'Botble\\Ecommerce\\Models\\Product', '2025-12-01 16:43:59', '2025-12-01 16:43:59'),
(538, 'faq_ids', '[[]]', 667, 'Botble\\Ecommerce\\Models\\Product', '2025-12-01 16:44:01', '2025-12-01 16:44:01'),
(539, 'faq_ids', '[[]]', 669, 'Botble\\Ecommerce\\Models\\Product', '2025-12-01 16:44:03', '2025-12-01 16:44:03'),
(540, 'faq_ids', '[[]]', 671, 'Botble\\Ecommerce\\Models\\Product', '2025-12-01 16:44:06', '2025-12-01 16:44:06'),
(541, 'faq_ids', '[[]]', 673, 'Botble\\Ecommerce\\Models\\Product', '2025-12-01 16:44:07', '2025-12-01 16:44:07'),
(542, 'faq_ids', '[[]]', 675, 'Botble\\Ecommerce\\Models\\Product', '2025-12-01 16:44:09', '2025-12-01 16:44:09'),
(543, 'faq_ids', '[[]]', 677, 'Botble\\Ecommerce\\Models\\Product', '2025-12-01 16:44:11', '2025-12-01 16:44:11'),
(544, 'faq_ids', '[[]]', 679, 'Botble\\Ecommerce\\Models\\Product', '2025-12-01 16:44:12', '2025-12-01 16:44:12'),
(545, 'faq_ids', '[[]]', 681, 'Botble\\Ecommerce\\Models\\Product', '2025-12-01 16:44:15', '2025-12-01 16:44:15'),
(546, 'faq_ids', '[[]]', 683, 'Botble\\Ecommerce\\Models\\Product', '2025-12-01 16:44:17', '2025-12-01 16:44:17'),
(547, 'faq_ids', '[[]]', 685, 'Botble\\Ecommerce\\Models\\Product', '2025-12-01 16:44:18', '2025-12-01 16:44:18'),
(548, 'faq_ids', '[[]]', 687, 'Botble\\Ecommerce\\Models\\Product', '2025-12-01 16:44:20', '2025-12-01 16:44:20'),
(549, 'faq_ids', '[[]]', 689, 'Botble\\Ecommerce\\Models\\Product', '2025-12-01 16:44:21', '2025-12-01 16:44:21'),
(550, 'faq_ids', '[[]]', 691, 'Botble\\Ecommerce\\Models\\Product', '2025-12-01 16:44:24', '2025-12-01 16:44:24'),
(551, 'faq_ids', '[[]]', 693, 'Botble\\Ecommerce\\Models\\Product', '2025-12-01 16:44:25', '2025-12-01 16:44:25'),
(552, 'faq_ids', '[[]]', 695, 'Botble\\Ecommerce\\Models\\Product', '2025-12-01 16:44:27', '2025-12-01 16:44:27'),
(553, 'faq_ids', '[[]]', 697, 'Botble\\Ecommerce\\Models\\Product', '2025-12-01 16:44:28', '2025-12-01 16:44:28'),
(554, 'faq_ids', '[[]]', 699, 'Botble\\Ecommerce\\Models\\Product', '2025-12-01 16:44:30', '2025-12-01 16:44:30'),
(555, 'faq_ids', '[[]]', 701, 'Botble\\Ecommerce\\Models\\Product', '2025-12-01 16:44:32', '2025-12-01 16:44:32'),
(556, 'faq_ids', '[[]]', 703, 'Botble\\Ecommerce\\Models\\Product', '2025-12-01 16:44:34', '2025-12-01 16:44:34'),
(557, 'faq_ids', '[[]]', 705, 'Botble\\Ecommerce\\Models\\Product', '2025-12-01 16:44:36', '2025-12-01 16:44:36'),
(558, 'faq_ids', '[[]]', 707, 'Botble\\Ecommerce\\Models\\Product', '2025-12-01 16:44:38', '2025-12-01 16:44:38'),
(559, 'faq_ids', '[[]]', 709, 'Botble\\Ecommerce\\Models\\Product', '2025-12-01 16:44:39', '2025-12-01 16:44:39'),
(560, 'faq_ids', '[[]]', 711, 'Botble\\Ecommerce\\Models\\Product', '2025-12-01 16:44:42', '2025-12-01 16:44:42'),
(561, 'faq_ids', '[[]]', 713, 'Botble\\Ecommerce\\Models\\Product', '2025-12-01 16:44:44', '2025-12-01 16:44:44'),
(562, 'faq_ids', '[[]]', 715, 'Botble\\Ecommerce\\Models\\Product', '2025-12-01 16:44:45', '2025-12-01 16:44:45'),
(563, 'faq_ids', '[[]]', 717, 'Botble\\Ecommerce\\Models\\Product', '2025-12-01 16:44:47', '2025-12-01 16:44:47'),
(564, 'faq_ids', '[[]]', 719, 'Botble\\Ecommerce\\Models\\Product', '2025-12-01 16:44:49', '2025-12-01 16:44:49'),
(565, 'faq_ids', '[[]]', 721, 'Botble\\Ecommerce\\Models\\Product', '2025-12-01 16:44:51', '2025-12-01 16:44:51'),
(566, 'faq_ids', '[[]]', 723, 'Botble\\Ecommerce\\Models\\Product', '2025-12-01 16:44:53', '2025-12-01 16:44:53'),
(567, 'faq_ids', '[[]]', 725, 'Botble\\Ecommerce\\Models\\Product', '2025-12-01 16:44:55', '2025-12-01 16:44:55'),
(568, 'faq_ids', '[[]]', 727, 'Botble\\Ecommerce\\Models\\Product', '2025-12-01 16:44:56', '2025-12-01 16:44:56'),
(569, 'faq_ids', '[[]]', 729, 'Botble\\Ecommerce\\Models\\Product', '2025-12-01 16:44:58', '2025-12-01 16:44:58'),
(570, 'faq_ids', '[[]]', 731, 'Botble\\Ecommerce\\Models\\Product', '2025-12-01 16:45:01', '2025-12-01 16:45:01'),
(571, 'faq_ids', '[[]]', 733, 'Botble\\Ecommerce\\Models\\Product', '2025-12-01 16:45:02', '2025-12-01 16:45:02'),
(572, 'faq_ids', '[[]]', 735, 'Botble\\Ecommerce\\Models\\Product', '2025-12-01 16:45:04', '2025-12-01 16:45:04'),
(573, 'faq_ids', '[[]]', 737, 'Botble\\Ecommerce\\Models\\Product', '2025-12-01 16:45:05', '2025-12-01 16:45:05'),
(574, 'faq_ids', '[[]]', 739, 'Botble\\Ecommerce\\Models\\Product', '2025-12-01 16:45:07', '2025-12-01 16:45:07'),
(575, 'faq_ids', '[[]]', 741, 'Botble\\Ecommerce\\Models\\Product', '2025-12-01 16:45:10', '2025-12-01 16:45:10'),
(576, 'faq_ids', '[[]]', 743, 'Botble\\Ecommerce\\Models\\Product', '2025-12-01 16:45:12', '2025-12-01 16:45:12'),
(577, 'faq_ids', '[[]]', 745, 'Botble\\Ecommerce\\Models\\Product', '2025-12-01 16:45:14', '2025-12-01 16:45:14'),
(578, 'faq_ids', '[[]]', 747, 'Botble\\Ecommerce\\Models\\Product', '2025-12-01 16:45:15', '2025-12-01 16:45:15'),
(579, 'faq_ids', '[[]]', 749, 'Botble\\Ecommerce\\Models\\Product', '2025-12-01 16:45:17', '2025-12-01 16:45:17'),
(580, 'faq_ids', '[[]]', 751, 'Botble\\Ecommerce\\Models\\Product', '2025-12-01 16:45:20', '2025-12-01 16:45:20'),
(581, 'faq_ids', '[[]]', 753, 'Botble\\Ecommerce\\Models\\Product', '2025-12-01 16:45:21', '2025-12-01 16:45:21'),
(582, 'faq_ids', '[[]]', 755, 'Botble\\Ecommerce\\Models\\Product', '2025-12-01 16:45:23', '2025-12-01 16:45:23'),
(583, 'faq_ids', '[[]]', 757, 'Botble\\Ecommerce\\Models\\Product', '2025-12-01 16:45:24', '2025-12-01 16:45:24'),
(584, 'faq_ids', '[[]]', 759, 'Botble\\Ecommerce\\Models\\Product', '2025-12-01 16:45:26', '2025-12-01 16:45:26'),
(585, 'faq_ids', '[[]]', 761, 'Botble\\Ecommerce\\Models\\Product', '2025-12-01 16:45:29', '2025-12-01 16:45:29'),
(586, 'faq_ids', '[[]]', 763, 'Botble\\Ecommerce\\Models\\Product', '2025-12-01 16:45:31', '2025-12-01 16:45:31'),
(587, 'faq_ids', '[[]]', 765, 'Botble\\Ecommerce\\Models\\Product', '2025-12-01 16:45:32', '2025-12-01 16:45:32'),
(588, 'faq_ids', '[[]]', 767, 'Botble\\Ecommerce\\Models\\Product', '2025-12-01 16:45:34', '2025-12-01 16:45:34'),
(589, 'faq_ids', '[[]]', 769, 'Botble\\Ecommerce\\Models\\Product', '2025-12-01 16:45:36', '2025-12-01 16:45:36');
INSERT INTO `meta_boxes` (`id`, `meta_key`, `meta_value`, `reference_id`, `reference_type`, `created_at`, `updated_at`) VALUES
(590, 'faq_ids', '[[]]', 771, 'Botble\\Ecommerce\\Models\\Product', '2025-12-01 16:45:39', '2025-12-01 16:45:39'),
(591, 'faq_ids', '[[]]', 773, 'Botble\\Ecommerce\\Models\\Product', '2025-12-01 16:45:40', '2025-12-01 16:45:40'),
(592, 'faq_ids', '[[]]', 775, 'Botble\\Ecommerce\\Models\\Product', '2025-12-01 16:45:42', '2025-12-01 16:45:42'),
(593, 'faq_ids', '[[]]', 777, 'Botble\\Ecommerce\\Models\\Product', '2025-12-01 16:45:44', '2025-12-01 16:45:44'),
(594, 'faq_ids', '[[]]', 779, 'Botble\\Ecommerce\\Models\\Product', '2025-12-01 16:45:45', '2025-12-01 16:45:45'),
(595, 'faq_ids', '[[]]', 781, 'Botble\\Ecommerce\\Models\\Product', '2025-12-01 16:45:48', '2025-12-01 16:45:48'),
(596, 'faq_ids', '[[]]', 783, 'Botble\\Ecommerce\\Models\\Product', '2025-12-01 16:45:50', '2025-12-01 16:45:50'),
(597, 'faq_ids', '[[]]', 785, 'Botble\\Ecommerce\\Models\\Product', '2025-12-01 16:45:51', '2025-12-01 16:45:51'),
(598, 'faq_ids', '[[]]', 787, 'Botble\\Ecommerce\\Models\\Product', '2025-12-01 16:45:53', '2025-12-01 16:45:53'),
(599, 'faq_ids', '[[]]', 789, 'Botble\\Ecommerce\\Models\\Product', '2025-12-01 16:45:55', '2025-12-01 16:45:55'),
(600, 'faq_ids', '[[]]', 791, 'Botble\\Ecommerce\\Models\\Product', '2025-12-01 16:45:58', '2025-12-01 16:45:58'),
(601, 'faq_ids', '[[]]', 793, 'Botble\\Ecommerce\\Models\\Product', '2025-12-01 16:45:59', '2025-12-01 16:45:59'),
(602, 'faq_ids', '[[]]', 795, 'Botble\\Ecommerce\\Models\\Product', '2025-12-01 16:46:01', '2025-12-01 16:46:01'),
(603, 'faq_ids', '[[]]', 797, 'Botble\\Ecommerce\\Models\\Product', '2025-12-01 16:46:02', '2025-12-01 16:46:02'),
(604, 'faq_ids', '[[]]', 799, 'Botble\\Ecommerce\\Models\\Product', '2025-12-01 16:46:04', '2025-12-01 16:46:04'),
(605, 'faq_ids', '[[]]', 801, 'Botble\\Ecommerce\\Models\\Product', '2025-12-01 16:46:07', '2025-12-01 16:46:07'),
(606, 'faq_ids', '[[]]', 803, 'Botble\\Ecommerce\\Models\\Product', '2025-12-01 16:46:09', '2025-12-01 16:46:09'),
(607, 'faq_ids', '[[]]', 805, 'Botble\\Ecommerce\\Models\\Product', '2025-12-01 16:46:10', '2025-12-01 16:46:10'),
(608, 'faq_ids', '[[]]', 807, 'Botble\\Ecommerce\\Models\\Product', '2025-12-01 16:46:12', '2025-12-01 16:46:12'),
(609, 'faq_ids', '[[]]', 809, 'Botble\\Ecommerce\\Models\\Product', '2025-12-01 16:46:14', '2025-12-01 16:46:14'),
(610, 'faq_ids', '[[]]', 811, 'Botble\\Ecommerce\\Models\\Product', '2025-12-01 16:46:17', '2025-12-01 16:46:17'),
(611, 'faq_ids', '[[]]', 813, 'Botble\\Ecommerce\\Models\\Product', '2025-12-01 16:46:18', '2025-12-01 16:46:18'),
(612, 'faq_ids', '[[]]', 815, 'Botble\\Ecommerce\\Models\\Product', '2025-12-01 16:46:20', '2025-12-01 16:46:20'),
(613, 'faq_ids', '[[]]', 817, 'Botble\\Ecommerce\\Models\\Product', '2025-12-01 16:46:22', '2025-12-01 16:46:22'),
(614, 'faq_ids', '[[]]', 819, 'Botble\\Ecommerce\\Models\\Product', '2025-12-01 16:46:23', '2025-12-01 16:46:23'),
(615, 'faq_ids', '[[]]', 821, 'Botble\\Ecommerce\\Models\\Product', '2025-12-01 17:35:05', '2025-12-01 17:35:05'),
(616, 'faq_ids', '[[]]', 823, 'Botble\\Ecommerce\\Models\\Product', '2025-12-06 08:40:37', '2025-12-06 08:40:37'),
(617, 'faq_ids', '[[]]', 825, 'Botble\\Ecommerce\\Models\\Product', '2025-12-06 08:42:46', '2025-12-06 08:42:46'),
(618, 'faq_ids', '[[]]', 827, 'Botble\\Ecommerce\\Models\\Product', '2025-12-06 08:49:35', '2025-12-06 08:49:35'),
(619, 'faq_ids', '[[]]', 829, 'Botble\\Ecommerce\\Models\\Product', '2025-12-06 08:50:51', '2025-12-06 08:50:51'),
(620, 'faq_ids', '[[]]', 831, 'Botble\\Ecommerce\\Models\\Product', '2025-12-06 08:52:18', '2025-12-06 08:52:18'),
(621, 'faq_ids', '[[]]', 833, 'Botble\\Ecommerce\\Models\\Product', '2025-12-06 08:53:32', '2025-12-06 08:53:32'),
(622, 'faq_ids', '[[]]', 835, 'Botble\\Ecommerce\\Models\\Product', '2025-12-06 08:54:34', '2025-12-06 08:54:34'),
(623, 'faq_ids', '[[]]', 837, 'Botble\\Ecommerce\\Models\\Product', '2025-12-06 09:02:18', '2025-12-06 09:02:18'),
(624, 'faq_ids', '[[]]', 839, 'Botble\\Ecommerce\\Models\\Product', '2025-12-06 09:04:24', '2025-12-06 09:04:24'),
(625, 'faq_ids', '[[]]', 841, 'Botble\\Ecommerce\\Models\\Product', '2025-12-06 09:06:00', '2025-12-06 09:06:00'),
(626, 'faq_ids', '[[]]', 843, 'Botble\\Ecommerce\\Models\\Product', '2025-12-06 09:08:03', '2025-12-06 09:08:03'),
(627, 'faq_ids', '[[]]', 845, 'Botble\\Ecommerce\\Models\\Product', '2025-12-06 09:09:12', '2025-12-06 09:09:12'),
(628, 'faq_ids', '[[]]', 847, 'Botble\\Ecommerce\\Models\\Product', '2025-12-06 09:10:37', '2025-12-06 09:10:37'),
(629, 'faq_ids', '[[]]', 849, 'Botble\\Ecommerce\\Models\\Product', '2025-12-06 09:11:33', '2025-12-06 09:11:33'),
(630, 'faq_ids', '[[]]', 851, 'Botble\\Ecommerce\\Models\\Product', '2025-12-06 09:12:33', '2025-12-06 09:12:33'),
(631, 'faq_ids', '[[]]', 853, 'Botble\\Ecommerce\\Models\\Product', '2025-12-06 09:14:22', '2025-12-06 09:14:22'),
(632, 'faq_ids', '[[]]', 855, 'Botble\\Ecommerce\\Models\\Product', '2025-12-06 09:15:18', '2025-12-06 09:15:18'),
(633, 'faq_ids', '[[]]', 857, 'Botble\\Ecommerce\\Models\\Product', '2025-12-06 09:16:37', '2025-12-06 09:16:37'),
(634, 'faq_ids', '[[]]', 859, 'Botble\\Ecommerce\\Models\\Product', '2025-12-06 09:19:09', '2025-12-06 09:19:09'),
(635, 'faq_ids', '[[]]', 861, 'Botble\\Ecommerce\\Models\\Product', '2025-12-06 09:20:03', '2025-12-06 09:20:03'),
(636, 'faq_ids', '[[]]', 863, 'Botble\\Ecommerce\\Models\\Product', '2025-12-06 09:20:58', '2025-12-06 09:20:58'),
(637, 'faq_ids', '[[]]', 865, 'Botble\\Ecommerce\\Models\\Product', '2025-12-06 09:21:59', '2025-12-06 09:21:59'),
(638, 'faq_ids', '[[]]', 867, 'Botble\\Ecommerce\\Models\\Product', '2025-12-06 09:22:58', '2025-12-06 09:22:58'),
(639, 'faq_ids', '[[]]', 869, 'Botble\\Ecommerce\\Models\\Product', '2025-12-06 09:23:47', '2025-12-06 09:23:47'),
(640, 'faq_ids', '[[]]', 871, 'Botble\\Ecommerce\\Models\\Product', '2025-12-06 09:25:17', '2025-12-06 09:25:17'),
(641, 'faq_ids', '[[]]', 873, 'Botble\\Ecommerce\\Models\\Product', '2025-12-06 09:37:36', '2025-12-06 09:37:36'),
(642, 'faq_ids', '[[]]', 875, 'Botble\\Ecommerce\\Models\\Product', '2025-12-06 09:38:28', '2025-12-06 09:38:28'),
(643, 'faq_ids', '[[]]', 877, 'Botble\\Ecommerce\\Models\\Product', '2025-12-06 09:39:21', '2025-12-06 09:39:21'),
(644, 'faq_ids', '[[]]', 879, 'Botble\\Ecommerce\\Models\\Product', '2025-12-06 09:41:16', '2025-12-06 09:41:16'),
(645, 'faq_ids', '[[]]', 881, 'Botble\\Ecommerce\\Models\\Product', '2025-12-06 09:42:10', '2025-12-06 09:42:10'),
(646, 'faq_ids', '[[]]', 883, 'Botble\\Ecommerce\\Models\\Product', '2025-12-06 09:43:01', '2025-12-06 09:43:01'),
(647, 'faq_ids', '[[]]', 885, 'Botble\\Ecommerce\\Models\\Product', '2025-12-06 09:44:19', '2025-12-06 09:44:19'),
(648, 'faq_ids', '[[]]', 887, 'Botble\\Ecommerce\\Models\\Product', '2025-12-06 09:45:43', '2025-12-06 09:45:43'),
(649, 'faq_ids', '[[]]', 889, 'Botble\\Ecommerce\\Models\\Product', '2025-12-06 09:46:39', '2025-12-06 09:46:39'),
(650, 'faq_ids', '[[]]', 891, 'Botble\\Ecommerce\\Models\\Product', '2025-12-06 09:47:42', '2025-12-06 09:47:42'),
(651, 'faq_ids', '[[]]', 893, 'Botble\\Ecommerce\\Models\\Product', '2025-12-06 09:48:33', '2025-12-06 09:48:33'),
(652, 'faq_ids', '[[]]', 895, 'Botble\\Ecommerce\\Models\\Product', '2025-12-06 09:49:23', '2025-12-06 09:49:23'),
(653, 'faq_ids', '[[]]', 897, 'Botble\\Ecommerce\\Models\\Product', '2025-12-06 09:50:17', '2025-12-06 09:50:17'),
(654, 'faq_ids', '[[]]', 899, 'Botble\\Ecommerce\\Models\\Product', '2025-12-06 09:53:13', '2025-12-06 09:53:13'),
(655, 'faq_ids', '[[]]', 901, 'Botble\\Ecommerce\\Models\\Product', '2025-12-06 09:55:48', '2025-12-06 09:55:48'),
(656, 'faq_ids', '[[]]', 903, 'Botble\\Ecommerce\\Models\\Product', '2025-12-06 09:56:50', '2025-12-06 09:56:50'),
(657, 'faq_ids', '[[]]', 905, 'Botble\\Ecommerce\\Models\\Product', '2025-12-06 09:58:12', '2025-12-06 09:58:12'),
(658, 'faq_ids', '[[]]', 907, 'Botble\\Ecommerce\\Models\\Product', '2025-12-06 09:59:11', '2025-12-06 09:59:11'),
(659, 'faq_ids', '[[]]', 909, 'Botble\\Ecommerce\\Models\\Product', '2025-12-06 09:59:59', '2025-12-06 09:59:59'),
(660, 'faq_ids', '[[]]', 911, 'Botble\\Ecommerce\\Models\\Product', '2025-12-06 10:00:50', '2025-12-06 10:00:50'),
(661, 'faq_ids', '[[]]', 913, 'Botble\\Ecommerce\\Models\\Product', '2025-12-06 10:01:41', '2025-12-06 10:01:41');

-- --------------------------------------------------------

--
-- Table structure for table `migrations`
--

CREATE TABLE `migrations` (
  `id` int UNSIGNED NOT NULL,
  `migration` varchar(191) COLLATE utf8mb4_unicode_ci NOT NULL,
  `batch` int NOT NULL
) ENGINE=InnoDB DEFAULT CHARSET=utf8mb4 COLLATE=utf8mb4_unicode_ci;

--
-- Dumping data for table `migrations`
--

INSERT INTO `migrations` (`id`, `migration`, `batch`) VALUES
(1, '0001_01_01_000001_create_cache_table', 1),
(2, '2013_04_09_032329_create_base_tables', 1),
(3, '2013_04_09_062329_create_revisions_table', 1),
(4, '2014_10_12_000000_create_users_table', 1),
(5, '2014_10_12_100000_create_password_reset_tokens_table', 1),
(6, '2016_06_10_230148_create_acl_tables', 1),
(7, '2016_06_14_230857_create_menus_table', 1),
(8, '2016_06_28_221418_create_pages_table', 1),
(9, '2016_10_05_074239_create_setting_table', 1),
(10, '2016_11_28_032840_create_dashboard_widget_tables', 1),
(11, '2016_12_16_084601_create_widgets_table', 1),
(12, '2017_05_09_070343_create_media_tables', 1),
(13, '2017_11_03_070450_create_slug_table', 1),
(14, '2019_01_05_053554_create_jobs_table', 1),
(15, '2019_08_19_000000_create_failed_jobs_table', 1),
(16, '2019_12_14_000001_create_personal_access_tokens_table', 1),
(17, '2022_04_20_100851_add_index_to_media_table', 1),
(18, '2022_04_20_101046_add_index_to_menu_table', 1),
(19, '2022_07_10_034813_move_lang_folder_to_root', 1),
(20, '2022_08_04_051940_add_missing_column_expires_at', 1),
(21, '2022_09_01_000001_create_admin_notifications_tables', 1),
(22, '2022_10_14_024629_drop_column_is_featured', 1),
(23, '2022_11_18_063357_add_missing_timestamp_in_table_settings', 1),
(24, '2022_12_02_093615_update_slug_index_columns', 1),
(25, '2023_01_30_024431_add_alt_to_media_table', 1),
(26, '2023_02_16_042611_drop_table_password_resets', 1),
(27, '2023_04_23_005903_add_column_permissions_to_admin_notifications', 1),
(28, '2023_05_10_075124_drop_column_id_in_role_users_table', 1),
(29, '2023_08_21_090810_make_page_content_nullable', 1),
(30, '2023_09_14_021936_update_index_for_slugs_table', 1),
(31, '2023_11_30_063150_remove_plugin_plugin_team', 1),
(32, '2023_12_07_095130_add_color_column_to_media_folders_table', 1),
(33, '2023_12_17_162208_make_sure_column_color_in_media_folders_nullable', 1),
(34, '2024_01_07_072057_update_theme_option_for_login_page', 1),
(35, '2024_04_04_110758_update_value_column_in_user_meta_table', 1),
(36, '2024_05_12_091229_add_column_visibility_to_table_media_files', 1),
(37, '2024_07_07_091316_fix_column_url_in_menu_nodes_table', 1),
(38, '2024_07_12_100000_change_random_hash_for_media', 1),
(39, '2024_09_30_024515_create_sessions_table', 1),
(40, '2024_04_27_100730_improve_analytics_setting', 2),
(41, '2023_08_11_060908_create_announcements_table', 3),
(42, '2015_06_29_025744_create_audit_history', 4),
(43, '2023_11_14_033417_change_request_column_in_table_audit_histories', 4),
(44, '2025_04_03_000001_add_user_type_to_audit_histories_table', 4),
(45, '2015_06_18_033822_create_blog_table', 5),
(46, '2021_02_16_092633_remove_default_value_for_author_type', 5),
(47, '2021_12_03_030600_create_blog_translations', 5),
(48, '2022_04_19_113923_add_index_to_table_posts', 5),
(49, '2023_08_29_074620_make_column_author_id_nullable', 5),
(50, '2024_07_30_091615_fix_order_column_in_categories_table', 5),
(51, '2025_01_06_033807_add_default_value_for_categories_author_type', 5),
(52, '2019_06_24_211801_create_career_table', 6),
(53, '2021_12_04_095357_create_careers_translations_table', 6),
(54, '2023_09_20_050420_add_missing_translation_column', 6),
(55, '2016_06_17_091537_create_contacts_table', 7),
(56, '2023_11_10_080225_migrate_contact_blacklist_email_domains_to_core', 7),
(57, '2024_03_20_080001_migrate_change_attribute_email_to_nullable_form_contacts_table', 7),
(58, '2024_03_25_000001_update_captcha_settings_for_contact', 7),
(59, '2024_04_19_063914_create_custom_fields_table', 7),
(60, '2020_03_05_041139_create_ecommerce_tables', 8),
(61, '2021_01_01_044147_ecommerce_create_flash_sale_table', 8),
(62, '2021_01_17_082713_add_column_is_featured_to_product_collections_table', 8),
(63, '2021_01_18_024333_add_zip_code_into_table_customer_addresses', 8),
(64, '2021_02_18_073505_update_table_ec_reviews', 8),
(65, '2021_03_10_024419_add_column_confirmed_at_to_table_ec_customers', 8),
(66, '2021_03_10_025153_change_column_tax_amount', 8),
(67, '2021_03_20_033103_add_column_availability_to_table_ec_products', 8),
(68, '2021_04_28_074008_ecommerce_create_product_label_table', 8),
(69, '2021_05_31_173037_ecommerce_create_ec_products_translations', 8),
(70, '2021_08_17_105016_remove_column_currency_id_in_some_tables', 8),
(71, '2021_08_30_142128_add_images_column_to_ec_reviews_table', 8),
(72, '2021_10_04_030050_add_column_created_by_to_table_ec_products', 8),
(73, '2021_10_05_122616_add_status_column_to_ec_customers_table', 8),
(74, '2021_11_03_025806_nullable_phone_number_in_ec_customer_addresses', 8),
(75, '2021_11_23_071403_correct_languages_for_product_variations', 8),
(76, '2021_11_28_031808_add_product_tags_translations', 8),
(77, '2021_12_01_031123_add_featured_image_to_ec_products', 8),
(78, '2022_01_01_033107_update_table_ec_shipments', 8),
(79, '2022_02_16_042457_improve_product_attribute_sets', 8),
(80, '2022_03_22_075758_correct_product_name', 8),
(81, '2022_04_19_113334_add_index_to_ec_products', 8),
(82, '2022_04_28_144405_remove_unused_table', 8),
(83, '2022_05_05_115015_create_ec_customer_recently_viewed_products_table', 8),
(84, '2022_05_18_143720_add_index_to_table_ec_product_categories', 8),
(85, '2022_06_16_095633_add_index_to_some_tables', 8),
(86, '2022_06_30_035148_create_order_referrals_table', 8),
(87, '2022_07_24_153815_add_completed_at_to_ec_orders_table', 8),
(88, '2022_08_14_032836_create_ec_order_returns_table', 8),
(89, '2022_08_14_033554_create_ec_order_return_items_table', 8),
(90, '2022_08_15_040324_add_billing_address', 8),
(91, '2022_08_30_091114_support_digital_products_table', 8),
(92, '2022_09_13_095744_create_options_table', 8),
(93, '2022_09_13_104347_create_option_value_table', 8),
(94, '2022_10_05_163518_alter_table_ec_order_product', 8),
(95, '2022_10_12_041517_create_invoices_table', 8),
(96, '2022_10_12_142226_update_orders_table', 8),
(97, '2022_10_13_024916_update_table_order_returns', 8),
(98, '2022_10_21_030830_update_columns_in_ec_shipments_table', 8),
(99, '2022_10_28_021046_update_columns_in_ec_shipments_table', 8),
(100, '2022_11_16_034522_update_type_column_in_ec_shipping_rules_table', 8),
(101, '2022_11_19_041643_add_ec_tax_product_table', 8),
(102, '2022_12_12_063830_update_tax_defadult_in_ec_tax_products_table', 8),
(103, '2022_12_17_041532_fix_address_in_order_invoice', 8),
(104, '2022_12_26_070329_create_ec_product_views_table', 8),
(105, '2023_01_04_033051_fix_product_categories', 8),
(106, '2023_01_09_050400_add_ec_global_options_translations_table', 8),
(107, '2023_01_10_093754_add_missing_option_value_id', 8),
(108, '2023_01_17_082713_add_column_barcode_and_cost_per_item_to_product_table', 8),
(109, '2023_01_26_021854_add_ec_customer_used_coupons_table', 8),
(110, '2023_02_08_015900_update_options_column_in_ec_order_product_table', 8),
(111, '2023_02_27_095752_remove_duplicate_reviews', 8),
(112, '2023_03_20_115757_add_user_type_column_to_ec_shipment_histories_table', 8),
(113, '2023_04_21_082427_create_ec_product_categorizables_table', 8),
(114, '2023_05_03_011331_add_missing_column_price_into_invoice_items_table', 8),
(115, '2023_05_17_025812_fix_invoice_issue', 8),
(116, '2023_05_26_073140_move_option_make_phone_field_optional_at_checkout_page_to_mandatory_fields', 8),
(117, '2023_05_27_144611_fix_exchange_rate_setting', 8),
(118, '2023_06_22_084331_add_generate_license_code_to_ec_products_table', 8),
(119, '2023_06_30_042512_create_ec_order_tax_information_table', 8),
(120, '2023_07_14_022724_remove_column_id_from_ec_product_collection_products', 8),
(121, '2023_08_09_012940_remove_column_status_in_ec_product_attributes', 8),
(122, '2023_08_15_064505_create_ec_tax_rules_table', 8),
(123, '2023_08_21_021819_make_column_address_in_ec_customer_addresses_nullable', 8),
(124, '2023_08_22_094114_drop_unique_for_barcode', 8),
(125, '2023_08_30_031811_add_apply_via_url_column_to_ec_discounts_table', 8),
(126, '2023_09_07_094312_add_index_to_product_sku_and_translations', 8),
(127, '2023_09_19_024955_create_discount_product_categories_table', 8),
(128, '2023_10_17_070728_add_icon_and_icon_image_to_product_categories_table', 8),
(129, '2023_11_22_154643_add_unique_in_table_ec_products_variations', 8),
(130, '2023_11_27_032313_add_price_columns_to_ec_product_cross_sale_relations_table', 8),
(131, '2023_12_06_023945_add_display_on_checkout_column_to_ec_discounts_table', 8),
(132, '2023_12_25_040604_ec_create_review_replies_table', 8),
(133, '2023_12_26_090340_add_private_notes_column_to_ec_customers_table', 8),
(134, '2024_01_16_070706_fix_translation_tables', 8),
(135, '2024_01_23_075227_add_proof_file_to_ec_orders_table', 8),
(136, '2024_03_26_041531_add_cancel_reason_to_ec_orders_table', 8),
(137, '2024_03_27_062402_create_ec_customer_deletion_requests_table', 8),
(138, '2024_03_29_042242_migrate_old_captcha_settings', 8),
(139, '2024_03_29_093946_create_ec_order_return_histories_table', 8),
(140, '2024_04_01_063523_add_customer_columns_to_ec_reviews_table', 8),
(141, '2024_04_15_092654_migrate_ecommerce_google_tag_manager_code_setting', 8),
(142, '2024_04_16_035713_add_min_max_order_quantity_columns_to_products_table', 8),
(143, '2024_05_07_073153_improve_table_wishlist', 8),
(144, '2024_05_07_093703_add_missing_zip_code_into_table_store_locators', 8),
(145, '2024_05_15_021503_fix_invoice_path', 8),
(146, '2024_06_20_160724_create_ec_shared_wishlists_table', 8),
(147, '2024_06_28_025104_add_notify_attachment_updated_column_to_ec_products_table', 8),
(148, '2024_07_03_030900_add_downloaded_at_column_to_ec_order_product_table', 8),
(149, '2024_07_14_071826_make_customer_email_nullable', 8),
(150, '2024_07_15_104916_add_video_media_column_to_ec_products_table', 8),
(151, '2024_07_26_052530_add_percentage_to_tax_rules_table', 8),
(152, '2024_08_14_123028_add_customer_delivered_confirmed_at_column_to_ec_shipments_table', 8),
(153, '2024_08_19_132849_create_specification_tables', 8),
(154, '2024_09_07_060744_add_author_column_to_specification_tables', 8),
(155, '2024_09_14_064023_add_can_use_with_flash_sale_column_to_ec_discounts_table', 8),
(156, '2024_09_25_073928_remove_wrong_product_slugs', 8),
(157, '2025_01_15_050230_migrate_old_theme_options', 8),
(158, '2025_01_17_082713_correct_column_barcode_and_cost_per_item_to_product_table', 8),
(159, '2025_01_24_044641_migrate_old_country_data', 8),
(160, '2025_01_28_233602_add_private_notes_into_ec_orders_table', 8),
(161, '2025_02_13_021247_add_tax_translations', 8),
(162, '2025_02_24_152621_add_text_color_to_product_labels_table', 8),
(163, '2025_04_12_000001_add_payment_fee_to_ec_orders_table', 8),
(164, '2025_04_12_000002_add_payment_fee_to_ec_invoices_table', 8),
(165, '2018_07_09_221238_create_faq_table', 9),
(166, '2021_12_03_082134_create_faq_translations', 9),
(167, '2023_11_17_063408_add_description_column_to_faq_categories_table', 9),
(168, '2016_10_03_032336_create_languages_table', 10),
(169, '2023_09_14_022423_add_index_for_language_table', 10),
(170, '2021_10_25_021023_fix-priority-load-for-language-advanced', 11),
(171, '2021_12_03_075608_create_page_translations', 11),
(172, '2023_07_06_011444_create_slug_translations_table', 11),
(173, '2019_11_18_061011_create_country_table', 12),
(174, '2021_12_03_084118_create_location_translations', 12),
(175, '2021_12_03_094518_migrate_old_location_data', 12),
(176, '2021_12_10_034440_switch_plugin_location_to_use_language_advanced', 12),
(177, '2022_01_16_085908_improve_plugin_location', 12),
(178, '2022_08_04_052122_delete_location_backup_tables', 12),
(179, '2023_04_23_061847_increase_state_translations_abbreviation_column', 12),
(180, '2023_07_26_041451_add_more_columns_to_location_table', 12),
(181, '2023_07_27_041451_add_more_columns_to_location_translation_table', 12),
(182, '2023_08_15_073307_drop_unique_in_states_cities_translations', 12),
(183, '2023_10_21_065016_make_state_id_in_table_cities_nullable', 12),
(184, '2024_08_17_094600_add_image_into_countries', 12),
(185, '2025_01_08_093652_add_zip_code_to_cities', 12),
(186, '2017_10_24_154832_create_newsletter_table', 13),
(187, '2024_03_25_000001_update_captcha_settings_for_newsletter', 13),
(188, '2017_05_18_080441_create_payment_tables', 14),
(189, '2021_03_27_144913_add_customer_type_into_table_payments', 14),
(190, '2021_05_24_034720_make_column_currency_nullable', 14),
(191, '2021_08_09_161302_add_metadata_column_to_payments_table', 14),
(192, '2021_10_19_020859_update_metadata_field', 14),
(193, '2022_06_28_151901_activate_paypal_stripe_plugin', 14),
(194, '2022_07_07_153354_update_charge_id_in_table_payments', 14),
(195, '2024_07_04_083133_create_payment_logs_table', 14),
(196, '2025_04_12_000003_add_payment_fee_to_payments_table', 14),
(197, '2025_05_22_000001_add_payment_fee_type_to_settings_table', 14),
(198, '2025_04_08_040931_create_social_logins_table', 15),
(199, '2018_07_09_214610_create_testimonial_table', 16),
(200, '2021_12_03_083642_create_testimonials_translations', 16),
(201, '2016_10_07_193005_create_translations_table', 17),
(202, '2023_12_12_105220_drop_translations_table', 17),
(203, '2025_05_05_000001_add_user_type_to_audit_histories_table', 18),
(204, '2025_05_05_092036_make_user_id_and_tax_amount_nullable', 18),
(205, '2025_05_15_082342_drop_email_unique_index_in_ec_customers_table', 18),
(206, '2025_06_07_081731_add_translations_for_specification_groups_and_tables', 18),
(207, '2025_10_13_134710_supplier_create_supplier_table', 19),
(208, '2025_10_10_034937_create_ec_terms_and_condition_table', 20),
(209, '2025_10_10_050332_create_ec_charges_table', 20),
(210, '2025_10_10_064137_update_ec_orders_table_add_new_columns', 20),
(211, '2025_10_10_064612_update_ec_order_product_table_add_saleprice_amount', 20),
(212, '2025_10_10_065259_create_ec_product_stock_table', 20),
(213, '2025_10_10_072405_create_ec_orders_log_table', 20),
(214, '2025_10_10_130709_create_mst_sales_payment_table', 20),
(215, '2025_10_14_091327_create_ec_note_table', 20),
(216, '2025_11_03_112314_add_column_phone_in_user_table', 21),
(217, '2025_11_03_114744_create_mst_timelines_table', 21),
(218, '2025_11_03_160211_create_mst_vendors_table', 21),
(219, '2025_11_04_100609_create_mst_contacts_table', 21),
(220, '2025_11_04_121542_add_column_type_in_timeline_table', 21),
(221, '2025_11_04_122328_create_mst_notes_table', 21),
(222, '2025_11_04_133835_add_column_first_name_and_any_other_in_ec_customers_table', 21),
(223, '2025_11_04_104042_add_price_to_ec_product_stock_table', 22),
(224, '2025_11_04_104243_create_ec_opening_stock_table', 22),
(225, '2025_11_04_104741_create_ec_opening_stock_details_table', 22),
(226, '2025_11_04_113739_create_ec_opening_stock_log_table', 22),
(227, '2025_11_05_111515_create_ec_stock_adjustments_table', 22),
(228, '2025_11_05_111554_create_ec_stock_adjustment_details_table', 22),
(229, '2025_11_05_111716_create_ec_stock_adjustments_log_table', 22),
(230, '2025_11_05_135207_create_mst_admin_addresses_table', 23),
(231, '2025_11_05_135230_create_mst_vendor_addresses_table', 23),
(232, '2025_11_05_162217_create_mst_purchase_orders_table', 24),
(233, '2025_11_05_162640_create_mst_purchase_order_lists_table', 24),
(234, '2025_11_05_174622_create_mst_purchase_order_logs_table', 24),
(235, '2025_11_06_113417_create_mst_purchase_order_payments_table', 24),
(236, '2025_11_06_154953_add_column_billing_address_and_shipping_address_to_mst_purchase_order_table', 24),
(237, '2025_11_06_125320_add_group_wise_discount_to_ec_products_table', 25),
(238, '2025_11_07_035826_add_display_attributes_layout_to_ec_product_attribute_sets_table', 25),
(239, '2025_11_10_053949_create_ec_banner_table', 26),
(240, '2025_11_12_085115_create_mst_document_types_table', 27),
(241, '2025_11_12_095833_add_column_company_details_column_form_vendor_table_and_customer_table', 27),
(242, '2025_11_12_105425_add_is_default_to_mst_document_type_table', 27),
(243, '2025_11_12_113823_create_user_documents_table', 27),
(244, '2025_11_13_105728_add_company_tax_code_to_ec_customers_table', 28),
(245, '2025_11_15_092856_add_address_ids_to_ec_orders_table', 28),
(246, '2025_11_18_085050_change_address_column_string_log_text_to_ec_customer_addresses_table', 29),
(247, '2025_11_18_103616_add_column_country_state_and_city_to_ec_customer_table', 29),
(248, '2025_11_19_125652_add_column_add_status_column_to_user_table', 30),
(249, '2025_11_20_082236_add_is_public_to_announcements_table', 31),
(250, '2025_11_19_130346_add_country_state_city__column_in_ec_customer_table', 32),
(251, '2025_11_20_104518_create_ec_postcode_table', 32),
(252, '2025_11_21_100802_add_zip_code_to_ec_customers_table', 32),
(253, '2025_11_21_125037_add_location_fields_to_mst_vendors_table', 32),
(254, '2025_11_21_130037_add_location_fields_to_users_table', 32),
(255, '2025_11_24_054139_add_customer_type_column_in_ec_customers_table', 33),
(256, '2025_11_27_105955_add_hsn_to_ec_products_table', 34),
(257, '2025_11_29_121142_add_column__balance_and__credit_limit_to_ec_customers_table', 35),
(258, '2025_11_29_124651_change_column_comapny_phone_int_to_string_in_ec_customers_table', 35),
(259, '2025_11_28_070537_add_pick_up_shipping_location_column_in_ec_orders_table', 36),
(260, '2025_12_01_044411_add_wholesale_price_to_ec_products_table', 36),
(261, '2025_12_01_045503_update_name_nullable_in_ec_products_table', 36),
(262, '2025_12_02_113629_add_column_location_to_ec_products_table', 37),
(263, '2025_12_03_060245_add_column_min_qty_to_ec_products_table', 38),
(264, '2025_12_03_070816_make_tax_percent_nullable_in_mst_purchase_order_table', 38),
(265, '2025_12_03_070946_make_tax_percent_nullable_in_mst_purchase_order_list_table', 38),
(266, '2025_12_03_081230_make_customer_location_fields_nullable', 38),
(267, '2025_12_03_082205_make_address_name_nullable', 38),
(268, '2025_12_05_104248_update_phone_fields_nullable_in_your_table', 39),
(269, '2025_12_05_104435_update_mst_vendor_addresses_make_all_fields_nullable', 39),
(270, '2025_12_05_111953_add_vendor_invoice_fields_to_mst_purchase_order_table', 39),
(271, '2025_12_05_115716_remove_unique_email_from_mst_vendors_table', 39),
(272, '2025_12_05_122239_change_vendor_columns_to_string_in_mst_vendors_table', 39),
(273, '2025_12_05_122328_change_vendor_columns_to_string_in_mst_vendor_addresses_table', 39),
(274, '2025_12_06_045841_update_mst_admin_addresses_nullable_fields', 39);

-- --------------------------------------------------------

--
-- Table structure for table `mst_admin_addresses`
--

CREATE TABLE `mst_admin_addresses` (
  `id` bigint UNSIGNED NOT NULL,
  `user_id` int NOT NULL DEFAULT '0',
  `name` varchar(191) COLLATE utf8mb4_unicode_ci DEFAULT NULL,
  `phone` bigint DEFAULT NULL,
  `email` varchar(191) COLLATE utf8mb4_unicode_ci DEFAULT NULL,
  `country` int DEFAULT NULL,
  `state` int DEFAULT NULL,
  `city` int DEFAULT NULL,
  `address` text COLLATE utf8mb4_unicode_ci,
  `zip_code` varchar(191) COLLATE utf8mb4_unicode_ci DEFAULT NULL,
  `is_default` tinyint NOT NULL DEFAULT '0',
  `created_by` int NOT NULL DEFAULT '0',
  `updated_by` int NOT NULL DEFAULT '0',
  `created_ip` varchar(45) COLLATE utf8mb4_unicode_ci DEFAULT NULL,
  `updated_ip` varchar(45) COLLATE utf8mb4_unicode_ci DEFAULT NULL,
  `created_at` timestamp NULL DEFAULT NULL,
  `updated_at` timestamp NULL DEFAULT NULL
) ENGINE=InnoDB DEFAULT CHARSET=utf8mb4 COLLATE=utf8mb4_unicode_ci;

-- --------------------------------------------------------

--
