-- Table structure for table `ec_customer_addresses`
--

CREATE TABLE `ec_customer_addresses` (
  `id` bigint UNSIGNED NOT NULL,
  `name` varchar(191) COLLATE utf8mb4_unicode_ci DEFAULT NULL,
  `email` varchar(60) COLLATE utf8mb4_unicode_ci DEFAULT NULL,
  `phone` varchar(20) COLLATE utf8mb4_unicode_ci DEFAULT NULL,
  `country` varchar(120) COLLATE utf8mb4_unicode_ci DEFAULT NULL,
  `state` varchar(120) COLLATE utf8mb4_unicode_ci DEFAULT NULL,
  `city` varchar(120) COLLATE utf8mb4_unicode_ci DEFAULT NULL,
  `address` longtext COLLATE utf8mb4_unicode_ci,
  `customer_id` bigint UNSIGNED NOT NULL,
  `is_default` tinyint UNSIGNED NOT NULL DEFAULT '0',
  `created_at` timestamp NULL DEFAULT NULL,
  `updated_at` timestamp NULL DEFAULT NULL,
  `zip_code` varchar(20) COLLATE utf8mb4_unicode_ci DEFAULT NULL
) ENGINE=InnoDB DEFAULT CHARSET=utf8mb4 COLLATE=utf8mb4_unicode_ci;

--
-- Dumping data for table `ec_customer_addresses`
--

INSERT INTO `ec_customer_addresses` (`id`, `name`, `email`, `phone`, `country`, `state`, `city`, `address`, `customer_id`, `is_default`, `created_at`, `updated_at`, `zip_code`) VALUES
(1, '247 HIRE', 'equipment@247hire.net.au', '0404216965', NULL, NULL, NULL, '650 Johnson Rd Forest Lake', 1, 1, '2025-12-01 17:02:37', '2025-12-01 17:02:37', '4078'),
(2, 'A1 SuperCheap Tyres', 'sales@a1supercheaptyres.com.au', '07 5539 5326', NULL, NULL, NULL, '16 Kamholtz Ct ', 2, 1, '2025-12-01 17:02:37', '2025-12-01 17:02:37', '4214'),
(3, 'Absolute Mechanical Caboolture', 'absmech71@hotmail.com', '(07) 5495 7770', NULL, NULL, NULL, '71 Beerburrum Rd ', 3, 1, '2025-12-01 17:02:38', '2025-12-01 17:02:38', '4510'),
(4, 'Action Tyres & more', 'sales@actiontyres.com.au', '0755324599', NULL, NULL, NULL, '12 Price Street ', 4, 1, '2025-12-01 17:02:38', '2025-12-01 17:02:38', '4215'),
(5, 'AFFORDABLE TYRES DARRA', 'solomonataliu@gmail.com', '07 3375 3366', NULL, NULL, NULL, 'unit 5, 23 darra avenue, Darra QLD 4076 ', 5, 1, '2025-12-01 17:02:38', '2025-12-01 17:02:38', '4076'),
(6, 'Ajay Anand', 'ajayanand4508@gmail.com', '0406349070', NULL, NULL, NULL, '6 awaba court ', 6, 1, '2025-12-01 17:02:38', '2025-12-01 17:02:38', '4508'),
(7, 'As Is Motors', NULL, '(07) 3209 3898', NULL, NULL, NULL, '14 Bega Rd ', 7, 1, '2025-12-01 17:02:38', '2025-12-01 17:02:38', 'QLD'),
(8, 'Autotec tyres and wheels', 'john@autotectyres.com.au', '0733927211', NULL, NULL, NULL, '4/39 Evesham Street ', 8, 1, '2025-12-01 17:02:39', '2025-12-01 17:02:39', '4105'),
(9, 'Barton', 'info@mobiletyreworkshop.com.au', '0476008715', NULL, NULL, NULL, '15 TJ Ryan Avenue ', 9, 1, '2025-12-01 17:02:39', '2025-12-01 17:02:39', '4301'),
(10, 'Bennyfits', 'benito@bennyfits.com.au', '0407767788', NULL, NULL, NULL, '16 samara steet ', 10, 1, '2025-12-01 17:02:39', '2025-12-01 17:02:39', '4109'),
(11, NULL, 'takelenega@gmail.com', '0434609834', '4', '57', '12244', '746 Beaudesert Rd', 11, 1, '2025-12-01 17:02:39', '2025-12-08 04:14:23', '4106'),
(12, 'Bosch Car Service MV Auto Care Pty Ltd', 'mvautocare@gmail.com', '07 3255 6088', NULL, NULL, NULL, '1240 Beaudesert Road ', 12, 1, '2025-12-01 17:02:40', '2025-12-01 17:02:40', '4110'),
(13, 'Brisbane Cheap Tyres', NULL, '07 3808 8857', NULL, NULL, NULL, '13 Moss Street ', 13, 1, '2025-12-01 17:02:40', '2025-12-01 17:02:40', '4127'),
(14, 'Brisbane Cheapest Tyres', 'mussi.2012@hotmail.com', '0738810545', NULL, NULL, NULL, '638 gympie road ', 14, 1, '2025-12-01 17:02:40', '2025-12-01 17:02:40', '4501'),
(15, NULL, 'cheapquality.tyres679@gmail.com', '0456209025', '4', '57', '12244', '704 Beaudesert Road', 15, 1, '2025-12-01 17:02:40', '2025-12-07 11:38:25', '4106'),
(16, 'Budget Tyres & More', 'budgettrucktyres@gmail.com', '0451200091', NULL, NULL, NULL, '35 Drayton Street ', 16, 1, '2025-12-01 17:02:41', '2025-12-01 17:02:41', '4341'),
(17, 'ca', 'Calibreautomotive@gmail.com', '0478141838', NULL, NULL, NULL, '34 davenatve street ', 17, 1, '2025-12-01 17:02:41', '2025-12-01 17:02:41', '4014'),
(18, 'Caboolture Discount Tyres', 'david@davidross.com.au', '07 53301221', NULL, NULL, NULL, '55 Beerburrum Rd ', 18, 1, '2025-12-01 17:02:41', '2025-12-01 17:02:41', '4510'),
(19, 'CDD Outstanding (B106)', NULL, '', NULL, NULL, NULL, ' ', 19, 1, '2025-12-01 17:02:41', '2025-12-01 17:02:41', ''),
(20, 'Cheap Tyre Services', 'cheaptyreservice@gmail.com', '07 5594 6666', NULL, NULL, NULL, '691 Pine Ridge road ', 20, 1, '2025-12-01 17:02:42', '2025-12-01 17:02:42', '4216'),
(21, 'DANs Outstanding', NULL, '', NULL, NULL, NULL, ' ', 21, 1, '2025-12-01 17:02:42', '2025-12-01 17:02:42', ''),
(22, 'DELETE', 'sales@QualityDiscountTyres.com.au', '0731722554', NULL, NULL, NULL, '15 Pickering St ', 22, 1, '2025-12-01 17:02:42', '2025-12-01 17:02:42', '4051'),
(23, 'E Tyre Store', 'admin@etyrestore.com.au', '07 36239000', NULL, NULL, NULL, '4/97 Delta Street ', 23, 1, '2025-12-01 17:02:42', '2025-12-01 17:02:42', '4034'),
(24, 'Exotic Motors Australia', 'exoticmortorsaustralia@yahoo.com', '0424383786', NULL, NULL, NULL, '2/17 Standish St ', 24, 1, '2025-12-01 17:02:43', '2025-12-01 17:02:43', '4107'),
(25, 'GARAGE', 'RadWorxGarage@outlook.com', '0421544958', NULL, NULL, NULL, '1B/105 LOBB ST ', 25, 1, '2025-12-01 17:02:43', '2025-12-01 17:02:43', '4305'),
(26, 'Go Tyres Mobile Service', 'brisbanesouth@gotyres.com.au', '0410998550', NULL, NULL, NULL, '36 Orange Grove Rd ', 26, 1, '2025-12-01 17:02:43', '2025-12-01 17:02:43', '4108'),
(27, 'Happy Tyres 2', NULL, '0469 324 045', NULL, NULL, NULL, '2/86 Moss Street ', 27, 1, '2025-12-01 17:02:43', '2025-12-01 17:02:43', '4127'),
(28, 'Hot Tyres and Wheels', 'hottyresandwheels@gmail.com', '0732746814', NULL, NULL, NULL, '550 Boundary Road ', 28, 1, '2025-12-01 17:02:43', '2025-12-01 17:02:43', '4108'),
(29, 'JAVID QB1', 'jawidsamim62@outlook.com', '0426020098', NULL, NULL, NULL, '210 BOWHILL ROAD ', 29, 1, '2025-12-01 17:02:44', '2025-12-01 17:02:44', '4110'),
(30, 'Joshua King', 'joshuaking2888@gmail.com', '0426800056', NULL, NULL, NULL, '8 waxberry court ', 30, 1, '2025-12-01 17:02:44', '2025-12-01 17:02:44', '4301'),
(31, 'Kropps Mechanical', 'info@kroppscaravanservices.com.au', '07 3816 3217', NULL, NULL, NULL, 'shed 4-5, 14 coal street ', 31, 1, '2025-12-01 17:02:44', '2025-12-01 17:02:44', '4304'),
(32, 'Lightning Ridge New and Used Tyres', NULL, '0416381933', NULL, NULL, NULL, 'PO Box 1846 ', 32, 1, '2025-12-01 17:02:44', '2025-12-01 17:02:44', '2834'),
(33, 'MCMOORE MOTOR CO', NULL, '0412675170', NULL, NULL, NULL, '12 MOSS ST ', 33, 1, '2025-12-01 17:02:45', '2025-12-01 17:02:45', '4127'),
(34, 'Mike Davis Automotive', NULL, '07 3284 4576', NULL, NULL, NULL, '79 Snook Street ', 34, 1, '2025-12-01 17:02:45', '2025-12-01 17:02:45', '4019'),
(35, 'MORAN\'S MECHANICAL', 'morans-mailbox@hotmail.com', '0416653374', NULL, NULL, NULL, '11 florence street carina ', 35, 1, '2025-12-01 17:02:45', '2025-12-01 17:02:45', '4152'),
(36, 'Newbee Tyre', 'newbeetyreqld@gmail.com', '(07) 3195 2079', NULL, NULL, NULL, 'Unit 10/57 Mortimer Rd ', 36, 1, '2025-12-01 17:02:45', '2025-12-01 17:02:45', '4110'),
(37, 'No1 cheap tyre centre', NULL, '0470 562 198', NULL, NULL, NULL, '210 Anzac Avenue ', 37, 1, '2025-12-01 17:02:46', '2025-12-01 17:02:46', '4021'),
(38, 'pal\'s car care', NULL, '0731576754', NULL, NULL, NULL, '6 /66 pritchard road ', 38, 1, '2025-12-01 17:02:46', '2025-12-01 17:02:46', '4014'),
(39, 'payless tyres', 'paylesstyres457@gmail.com', '0731578287', NULL, NULL, NULL, '457 Beaudesert Rd ', 39, 1, '2025-12-01 17:02:46', '2025-12-01 17:02:46', '4105'),
(40, 'PURNELL TYRES', NULL, '3200 2531', NULL, NULL, NULL, '2/27 Nerang St ', 40, 1, '2025-12-01 17:02:46', '2025-12-01 17:02:46', '4133'),
(41, NULL, 'eidmohammad.noori81@gmail.com', '0452614695', '4', '57', '12244', '194 Kingston Rd', 41, 1, '2025-12-01 17:02:47', '2025-12-08 02:08:39', '4127'),
(42, 'REDBACK PERFORMACE TYRES AND WHEELS', 'REDBACKTYRES@HOTMAIL.COM', '32845666', NULL, NULL, NULL, '10 GRICE STREET ', 42, 1, '2025-12-01 17:02:47', '2025-12-01 17:02:47', '4019'),
(43, 'Redcliffe tyre & Auto', 'TYREWERX@BIGPOND.COM', '0738832535', NULL, NULL, NULL, '39 SNOOK STREET ', 43, 1, '2025-12-01 17:02:47', '2025-12-01 17:02:47', '4019'),
(44, 'RoyalAutostyling', 'sales@royalautostyling.com.au', '0423 927 933', NULL, NULL, NULL, 'Shop 2/29 Blanck St ', 44, 1, '2025-12-01 17:02:47', '2025-12-01 17:02:47', '4208'),
(45, 'Saber Mechanic', NULL, '0435852391', NULL, NULL, NULL, '4/44 Moss street ', 45, 1, '2025-12-01 17:02:48', '2025-12-01 17:02:48', '4127'),
(46, 'Satnam Autos', 'satnamautos6867@gmail.com', '0421803716', NULL, NULL, NULL, 'U-1/94 Wilkie Street ', 46, 1, '2025-12-01 17:02:48', '2025-12-01 17:02:48', '4105'),
(47, 'Sauber mechanic', NULL, '0435852391', NULL, NULL, NULL, '4/44 Moss street slacks creek Sauber', 47, 1, '2025-12-01 17:02:48', '2025-12-01 17:02:48', '4127'),
(48, 'SERVICES', NULL, '0428985535', NULL, NULL, NULL, '8645 MT LINDESAY HWY LARAVALE', 48, 1, '2025-12-01 17:02:48', '2025-12-01 17:02:48', ''),
(49, 'Smart car & motorcycle', NULL, '0451940032', NULL, NULL, NULL, '5/40 boothby street ', 49, 1, '2025-12-01 17:02:49', '2025-12-01 17:02:49', '4031'),
(50, 'Tamborine Mountain Tyres', 'tmt@tamborinemountaintyre.com.au', '07 5545 2111', NULL, NULL, NULL, '4/39 Main St ', 50, 1, '2025-12-01 17:02:49', '2025-12-01 17:02:49', '4272'),
(52, 'Torque Wheels & Tyres Australia', 'frank@blackbeartyresaustralia.com.au', '31624878', NULL, NULL, NULL, 'Unit  3, 33 KINGSBURY STREET ', 52, 1, '2025-12-01 17:02:49', '2025-12-01 17:02:49', '4500'),
(53, 'Tyre Zone Capalaba', 'sales@tyrezonecapalaba.com.au', '0732456125', NULL, NULL, NULL, '80 Redland Bay Rd ', 53, 1, '2025-12-01 17:02:49', '2025-12-01 17:02:49', '4157'),
(54, 'Tyres planet', NULL, '31443137', NULL, NULL, NULL, '15 Lancashire ', 54, 1, '2025-12-01 17:02:50', '2025-12-01 17:02:50', '4110'),
(55, 'tyroola', 'alessio@tyroola.com.au', '(02) 8599 2277', NULL, NULL, NULL, '11 York St ', 55, 1, '2025-12-01 17:02:50', '2025-12-01 17:02:50', '2000'),
(56, 'U-sellcars', NULL, '0447 723 791', NULL, NULL, NULL, '61 LOGAN RIVER ROAD ', 56, 1, '2025-12-01 17:02:50', '2025-12-01 17:02:50', '4207'),
(57, 'Wholesale House', NULL, '(07) 3255 5555', NULL, NULL, NULL, '730 Boundary Rd ', 57, 1, '2025-12-01 17:02:50', '2025-12-01 17:02:50', '4108'),
(58, '1 STOP AUTO ZONE', 'info1stopcare@gmail.com', '0466640000', NULL, NULL, NULL, '2/31 BOYLAND AVENUE ', 58, 1, '2025-12-01 17:02:51', '2025-12-01 17:02:51', '4124'),
(59, NULL, 'shtk@iinet.net.au', '0481464494', '4', '57', '12244', '2/63 MOSS ST', 59, 1, '2025-12-01 17:02:51', '2025-12-07 09:35:48', '4157'),
(60, '3 Gen Auto Repairs', 'genrepairs@yahoo.com.au', '0410 968 744', NULL, NULL, NULL, 'unit 1, 6 Pendrey Ct ', 60, 1, '2025-12-01 17:02:51', '2025-12-01 17:02:51', '4114'),
(61, 'A1 Auto and Bodywork', 'A1auto.bodywork@gmail.com', 'DEEPAK 0424 167 801', NULL, NULL, NULL, '7B / 10 JIJAWS STREET ', 61, 1, '2025-12-01 17:02:52', '2025-12-01 17:02:52', '4074'),
(62, 'A1 Cheap Tyres & Car Services', 'alifaryad45@gmail.com', '0745891284', NULL, NULL, NULL, '372 Anzac Avenue ', 62, 1, '2025-12-01 17:02:52', '2025-12-01 17:02:52', '4350'),
(63, 'AA TRUCK TYRES', NULL, '0412395309', NULL, NULL, NULL, '8 RAINWORTH PLACE ', 63, 1, '2025-12-01 17:02:52', '2025-12-01 17:02:52', '4077'),
(64, 'ABC auto mechanic', 'mehdiaflaki3115@gmail.com', '0404444559', NULL, NULL, NULL, '268 browns plains road ', 64, 1, '2025-12-01 17:02:52', '2025-12-01 17:02:52', '4118'),
(65, 'ALL CAR & 4X4 MECHANICAL', 'allcar4x4mechanical@gmail.com', '07 3161 2764', NULL, NULL, NULL, 'UNIT 1/7 Garden Drive Willawong', 65, 1, '2025-12-01 17:02:52', '2025-12-01 17:02:52', '4110'),
(66, 'ALLPRO MOBILE MECHANICAL', NULL, '0432676850', NULL, NULL, NULL, '45-47 SERENGETI RD ', 66, 1, '2025-12-01 17:02:53', '2025-12-01 17:02:53', '4125'),
(67, 'AMIGO TYRES', 'admin@amigotyres.com.au', '0735196491', '4', '57', '12797', 'Building1, Warehouse B&C, 1805 IPSWICH R', 67, 1, '2025-12-01 17:02:53', '2025-12-09 13:12:22', '4106'),
(68, 'APACHE WHOLESALE TYRES', 'admin@apachewholesaletyres.com.au', '0732752366', NULL, NULL, NULL, '156 MARSHALL RD ', 68, 1, '2025-12-01 17:02:53', '2025-12-01 17:02:53', '4106'),
(69, 'ARes Automotive', 'Aresautogroup@gmail.com', '0433052856', NULL, NULL, NULL, 'unit 4/780 boundary rd ', 69, 1, '2025-12-01 17:02:53', '2025-12-01 17:02:53', '4110'),
(70, 'Asian Auto Care', 'asianautocare@hotmail.com', '07 3299 4879', NULL, NULL, NULL, 'unit 2, 42 Randal Street ', 70, 1, '2025-12-01 17:02:54', '2025-12-01 17:02:54', '4127'),
(71, NULL, 'aussiedirtbikespare@bigpond.com', '0418732321', '4', '57', '12892', '7 Aspect Street', 71, 1, '2025-12-01 17:02:54', '2025-12-07 06:31:08', '4350'),
(72, 'Auto Fine Cure', NULL, '0451287365', NULL, NULL, NULL, '96 Brownlee Street ', 72, 1, '2025-12-01 17:02:55', '2025-12-01 17:02:55', '4008'),
(73, NULL, 'AUTOINN09@GMAIL.COM', '0731890989', '4', '57', '12244', '39 PARTRIDGE ST', 73, 1, '2025-12-01 17:02:55', '2025-12-08 08:57:51', '4077'),
(74, 'Auto Outlet Centre', NULL, '0403191033', NULL, NULL, NULL, '48 Compton Rd ', 74, 1, '2025-12-01 17:02:55', '2025-12-01 17:02:55', '4119'),
(75, 'B LINE AUTO', 'ballina.manager@b-lineauto.com.au', '0266816877', NULL, NULL, NULL, '6/46 DE-HAVILLAND CRESCENT ', 75, 1, '2025-12-01 17:02:55', '2025-12-01 17:02:55', '2478'),
(76, NULL, 'cbrady148@gmail.com', '0498876030', '4', '57', '12892', '14 Dahlia Court', 76, 1, '2025-12-01 17:02:56', '2025-12-07 06:50:15', '4350'),
(77, 'beenleigh budget tyres', 'manjulaprasad1974@gmail.com', '07 3807 6828', NULL, NULL, NULL, '23 Thorsborne St ', 77, 1, '2025-12-01 17:02:56', '2025-12-01 17:02:56', '4207'),
(78, 'BEENLEIGH TYRE AND AUTOCARE', 'beenleightyreandauto@gmail.com', '32871512', NULL, NULL, NULL, '1-5 George St ', 78, 1, '2025-12-01 17:02:56', '2025-12-01 17:02:56', '4207'),
(79, 'Big Wheels Gold Coast', 'goldcoast@bigwheels.net.au', '0721023802', NULL, NULL, NULL, '3/23 Export Drive Molendinar', 79, 1, '2025-12-01 17:02:56', '2025-12-01 17:02:56', '4214'),
(80, 'Big Wheels Sunshine Coast', 'sunshinecoast@bigwheels.net.au', '54451705', NULL, NULL, NULL, '76 Enterprise St Kunda Park', 80, 1, '2025-12-01 17:02:56', '2025-12-01 17:02:56', '4556'),
(81, 'BIG WHEELS TRUCK ALIGNMENT', 'adam@bigwheels.net.au', '07 3268 4188', NULL, NULL, NULL, '44 VIOLET STREET ', 81, 1, '2025-12-01 17:02:57', '2025-12-01 17:02:57', '4009'),
(82, 'BIG WHEELS TRUCK ALIGNMENT', 'logan@bigwheels.net.au', '0734455712', NULL, NULL, NULL, '1/116 MAGNESIUM DRIVE ', 82, 1, '2025-12-01 17:02:57', '2025-12-01 17:02:57', '4032'),
(83, 'BK Tyres and Mechanical', 'bktyresandmechanical@gmail.com', '0745801346', NULL, NULL, NULL, '3 Donation Lane ', 83, 1, '2025-12-01 17:02:57', '2025-12-01 17:02:57', '4350'),
(84, 'BLUE NILE AUTO TYRE', 'bluenileautotyres@gmail.com', '0434609834', NULL, NULL, NULL, '746 Beaudesert Road ', 84, 1, '2025-12-01 17:02:57', '2025-12-01 17:02:57', '4106'),
(85, 'BMT Wheels Nundah', 'sales@brisbanemobiletyres.com.au', '07 32606060', NULL, NULL, NULL, '1 Northgate Rd ', 85, 1, '2025-12-01 17:02:58', '2025-12-01 17:02:58', '4012'),
(86, 'BOSMAN TYRES', 'Bosmantyres@gmail.com', '32745374', NULL, NULL, NULL, '1/142 Beatty Rd ', 86, 1, '2025-12-01 17:02:58', '2025-12-01 17:02:58', '4108'),
(87, 'Brendale Tyres', 'brisbanecartyres@gmail.com', '0405 294 555', NULL, NULL, NULL, '103 S Pine Rd ', 87, 1, '2025-12-01 17:02:58', '2025-12-01 17:02:58', '4500'),
(88, NULL, 'Bmtyreservice@hotmail.com', '0413505211', '4', '57', '12244', '108 tweeddale circuit', 88, 1, '2025-12-01 17:02:58', '2025-12-08 04:58:39', '4116'),
(90, NULL, 'brisbanetyres01@gmail.com', '0469851994', '4', '57', '12244', '17 Robinson Rd E', 90, 1, '2025-12-01 17:02:59', '2025-12-07 07:17:51', '4014'),
(91, 'Brisbane Tyres mags', 'Gh.nabijan@gmail.com', '0469 776 016', NULL, NULL, NULL, '159 Queens Rd ', 91, 1, '2025-12-01 17:02:59', '2025-12-01 17:02:59', '4114'),
(92, 'Broken Car Removal Co', 'gulf_motors@yahoo.com', '0478695893', NULL, NULL, NULL, '746 Beaudesert Rd ', 92, 1, '2025-12-01 17:02:59', '2025-12-01 17:02:59', '4106'),
(93, 'budstyres', 'budstyres@gmail.com', '0402 666 707', NULL, NULL, NULL, '1/3 Hutchinson St ', 93, 1, '2025-12-01 17:03:00', '2025-12-01 17:03:00', '4220'),
(94, 'Bundall Tyres', 'matt@bundalltyres.com', '07 55045666', NULL, NULL, NULL, '47 Upton Street, Bundall ', 94, 1, '2025-12-01 17:03:00', '2025-12-01 17:03:00', '4217'),
(95, 'Bundamba New & Used Auto Parts', 'salesbaw@outlook.com', '07 3816 0809', NULL, NULL, NULL, '7 Agnes Street Bundamba QLD 4305 ', 95, 1, '2025-12-01 17:03:00', '2025-12-01 17:03:00', '4305'),
(96, 'Butler', 'dab.95@hotmail.com', '0431570870', NULL, NULL, NULL, '44 Anna Drive Raceview', 96, 1, '2025-12-01 17:03:00', '2025-12-01 17:03:00', '4305'),
(97, 'Butler Vehicles Gold Coast', NULL, '0439 761 614', NULL, NULL, NULL, '5/76 Blanck St ', 97, 1, '2025-12-01 17:03:01', '2025-12-01 17:03:01', '4208'),
(98, 'Butters Warehouse', 'admin@butterswarehouse.com.au', '04', NULL, NULL, NULL, '20 Eileen St ', 98, 1, '2025-12-01 17:03:01', '2025-12-01 17:03:01', '4405'),
(99, 'CabMates', 'aaqib@carmates.com.au', '0433 496 190', NULL, NULL, NULL, '2/11 Timms Ct, ', 99, 1, '2025-12-01 17:03:01', '2025-12-01 17:03:01', '4114'),
(100, 'Caboolture City Autos', NULL, '07 5433 1422', NULL, NULL, NULL, '248 Morayfield Rd ', 100, 1, '2025-12-01 17:03:01', '2025-12-01 17:03:01', '4506'),
(101, 'CALIBRE AUTOCARE', 'calibreautocare@gmail.com', '0405072685', NULL, NULL, NULL, '2/214 LAHRS ROAD ORMEAU', 101, 1, '2025-12-01 17:03:02', '2025-12-01 17:03:02', '4208'),
(102, 'Caravan Consignmnet', 'Mark@caravanconsignmentqld.com.au', '0754656002', NULL, NULL, NULL, 'Shed2 2 Summerholm Road ', 102, 1, '2025-12-01 17:03:02', '2025-12-01 17:03:02', '4341'),
(103, 'Carmates Aust PTY LTD', 'tayyab@carmates.com.au', '07 32905450', NULL, NULL, NULL, '2/11 Timms ct ', 103, 1, '2025-12-01 17:03:02', '2025-12-01 17:03:02', '4114'),
(104, 'Cash Sale', 'cash@sample.com', '0000000000', NULL, NULL, NULL, '123 St', 104, 1, '2025-12-01 17:03:02', '2025-12-01 20:16:19', ''),
(105, 'CBD Auto', 'admin@cbdauto.com.au', '(07) 3391 3811', NULL, NULL, NULL, '92 Deshon St, Woolloongabba QLD 4102 ', 105, 1, '2025-12-01 17:03:02', '2025-12-01 17:03:02', '4102'),
(106, NULL, 'ahmadmirzaie378@gmail.com', '0470236432', '4', '57', '12244', '2/51 Moss Street', 106, 1, '2025-12-01 17:03:03', '2025-12-08 04:21:51', '4127'),
(107, 'Charlton Tyre Service', 'mechanical@charltontyres.com.au', '0746143555', NULL, NULL, NULL, '78 Carrington Road ', 107, 1, '2025-12-01 17:03:03', '2025-12-01 17:03:03', '4350'),
(108, 'Cheap Tyres & Auto Service', 'cheaptyres.autoservice@yahoo.com', '0730904430', NULL, NULL, NULL, 'Unit 1-3335 Pacific Highway ', 108, 1, '2025-12-01 17:03:03', '2025-12-01 17:03:03', '4127'),
(109, 'CITY RUBBER', 'info@cityrubber.com.au', '0732753055', NULL, NULL, NULL, '630 Boundary Rd ', 109, 1, '2025-12-01 17:03:03', '2025-12-01 17:03:03', '4108'),
(110, 'CITY TYRES & AUTO SERVICE PTY LTD', 'citytyresautoservices@gmail.com', '07 3133 3900', NULL, NULL, NULL, '1/52 Compton Rd ', 110, 1, '2025-12-01 17:03:04', '2025-12-01 17:03:04', '4114'),
(111, 'COAST 2 COAST VEHICLES', 'Patrick@c2cvehicles.com', '0439761614', NULL, NULL, NULL, '3/12 NYHOLT DRIVE ', 111, 1, '2025-12-01 17:03:04', '2025-12-01 17:03:04', '4207'),
(112, 'COFFS GUNS AND RURAL SUPPLIES', 'coffsguns@outlook.com', '0266528231', NULL, NULL, NULL, '3/56 Industrial Drive ', 112, 1, '2025-12-01 17:03:04', '2025-12-01 17:03:04', '2450'),
(113, 'Coleman Tyres Wacol', 'sales@colemantyreswacol.com.au', '32714300', NULL, NULL, NULL, 'Unit 4&5/ 3471 Ipswich Road ', 113, 1, '2025-12-01 17:03:04', '2025-12-01 17:03:04', '4076'),
(114, 'D&G Autos', 'lifeischoice@outlook.com', '0478 141 838', NULL, NULL, NULL, '34 Davenant Street ', 114, 1, '2025-12-01 17:03:05', '2025-12-01 17:03:05', '4014'),
(115, 'D&S Auto Solution', NULL, '0403610502', NULL, NULL, NULL, 'unit 3, 6 Pendrey Ct ', 115, 1, '2025-12-01 17:03:05', '2025-12-01 17:03:05', '4114'),
(116, 'Darra Tyres', 'info@darratyres.com.au', '0733753366', NULL, NULL, NULL, '27 Station Avenue ', 116, 1, '2025-12-01 17:03:05', '2025-12-01 17:03:05', '4076'),
(117, 'DC WHEELS', 'superiorwheelsaustralia@gmail.com', '0401248331', NULL, NULL, NULL, '145 Ingram Rd ', 117, 1, '2025-12-01 17:03:05', '2025-12-01 17:03:05', '4110'),
(118, 'Deposits', NULL, '', NULL, NULL, NULL, ' ', 118, 1, '2025-12-01 17:03:06', '2025-12-01 17:03:06', ''),
(119, 'Desta Automotive & Mechanical Repairs', 'team@dhauto.info', '0401732271', NULL, NULL, NULL, '11 Tramore Street ', 119, 1, '2025-12-01 17:03:06', '2025-12-01 17:03:06', '4106'),
(120, 'Didgeridoo Harvesting & Haulage Pty Ltd', 'didgeridoohh@gmail.com', '0732167180', NULL, NULL, NULL, '109 Keogh St ', 120, 1, '2025-12-01 17:03:06', '2025-12-01 17:03:06', '4305'),
(121, NULL, 'sales@tyresdiscountbrisbane.com.au', '0469681700', '4', '57', '12244', '1/58 Pritchard Road', 121, 1, '2025-12-01 17:03:06', '2025-12-07 10:45:36', '4014'),
(122, 'Dog Tyred', 'admin@dogtyred.com.au', '0732858100', NULL, NULL, NULL, '1249 Anzac Avenue ', 122, 1, '2025-12-01 17:03:07', '2025-12-01 17:03:07', '4503'),
(123, 'drift challange australia', 'stephanieyu520@hotmail.com', '0430822520', NULL, NULL, NULL, '63A colebard street west ', 123, 1, '2025-12-01 17:03:07', '2025-12-01 17:03:07', '4209'),
(124, 'DVT Mechanical Repairs', NULL, '07 3372 1166', NULL, NULL, NULL, '233 Sherbrooke Road ', 124, 1, '2025-12-01 17:03:07', '2025-12-01 17:03:07', '4110'),
(125, 'EAGLE TYRE PLUS', 'eagletyreplus@gmail.com', '0404 777 779', NULL, NULL, NULL, '535 GYMPIE ROAD ', 125, 1, '2025-12-01 17:03:07', '2025-12-01 17:03:07', '4031'),
(126, 'East Coast Tyre and Auto', 'info@eastcoasttyreAuto.com.au', '0755313135', NULL, NULL, NULL, 'UNIT 2, 39 LAWRENCE DRIVE ', 126, 1, '2025-12-01 17:03:08', '2025-12-01 17:03:08', '4211'),
(127, 'Eatons Hill Discount Tyres', 'rene@cleanics.com.au', '0406013499', NULL, NULL, NULL, '640 South Pine Road ', 127, 1, '2025-12-01 17:03:08', '2025-12-01 17:03:08', '4500'),
(128, 'ECO Rideshare Rentals Pty Ltd', 'admin@ecorental.com.au', '0430190616', NULL, NULL, NULL, '4 Dulacca Street ', 128, 1, '2025-12-01 17:03:08', '2025-12-01 17:03:08', '4110'),
(129, 'EMPIRE MOTORS', NULL, '0473734747', NULL, NULL, NULL, '97 OLD CLEVELAND RD ', 129, 1, '2025-12-01 17:03:08', '2025-12-01 17:03:08', '4120'),
(130, 'Enoggera Wheels & Tyres', 'enoggerawheelstyres@gmail.com', '0452149060', NULL, NULL, NULL, '36 Pickering Street ', 130, 1, '2025-12-01 17:03:09', '2025-12-01 17:03:09', '4051'),
(131, NULL, 'entoptyres@gmail.com', '0401300925', '4', '57', '12244', '2-6 Centre Court', 131, 1, '2025-12-01 17:03:09', '2025-12-08 03:31:24', '4118'),
(132, 'Eurofix Mechanic\'s Pty Ltd', 'eurofixmechanics@hotmail.com', '(07) 3391 3320', NULL, NULL, NULL, '11 Didswith St ', 132, 1, '2025-12-01 17:03:09', '2025-12-01 17:03:09', '4169'),
(133, 'EXOTIC MOTORS', 'exoticmotorsaustralia@yahoo.com', '0424383786', NULL, NULL, NULL, '2/17 STANDISH STREET SALISBURY', 133, 1, '2025-12-01 17:03:09', '2025-12-01 17:03:09', '4107'),
(134, 'EXPRESS TYRES', NULL, '0402786209', NULL, NULL, NULL, '651 Johnson Rd Forest Lake', 134, 1, '2025-12-01 17:03:09', '2025-12-01 17:03:09', '4078'),
(135, 'FAIR CALL TYRES - CRAIG', 'sales@faircalltyres.com', '0755005474', NULL, NULL, NULL, '236 SECOND AVENUE, MARSDEN 6 Moss St, Slacks Creek - Red Devil Radi', 135, 1, '2025-12-01 17:03:10', '2025-12-01 17:03:10', ''),
(136, 'Faster Tyres Pty Ltd', 'abel@fastertyres.com', '07 3107 3336', NULL, NULL, NULL, '1/37 Smallwood St ', 136, 1, '2025-12-01 17:03:10', '2025-12-01 17:03:10', '4119'),
(137, 'FATHER AND SON MECHANICAL PTY LTD', 'fathersonmechanical@gmail.com', '0434562739', NULL, NULL, NULL, '66 Pine mountain Rd Brassal', 137, 1, '2025-12-01 17:03:10', '2025-12-01 17:03:10', '4304'),
(138, 'FOBBOY CUSTOMZ', 'fob6oy_4@hotmail.com', '0403248512', NULL, NULL, NULL, '12 bega road ', 138, 1, '2025-12-01 17:03:10', '2025-12-01 17:03:10', '4114'),
(139, 'GAYNDAH MECHANICAL SERVICE', 'stephenpeter5255@gmail.com', '0491886244', NULL, NULL, NULL, '10 BOYD STREET ', 139, 1, '2025-12-01 17:03:11', '2025-12-01 17:03:11', '4625'),
(140, 'GET A GRIP AUTOMOTIVE', 'ppjm.morrel@gmail.com', '0452646799', NULL, NULL, NULL, '10 Armani Avenue ', 140, 1, '2025-12-01 17:03:11', '2025-12-01 17:03:11', '4209'),
(141, 'GET WHEEL', 'GETWHEEL@HOTMAIL.COM', '0417726048', NULL, NULL, NULL, '1 Sacha Street ', 141, 1, '2025-12-01 17:03:11', '2025-12-01 17:03:11', '4505'),
(142, 'GJ Paint Repair Customs', 'greg.w01@bigpond.com', '0421068073', NULL, NULL, NULL, '608 Alderley Street ', 142, 1, '2025-12-01 17:03:11', '2025-12-01 17:03:11', '4350'),
(143, 'Go Tyres Mobile Brisbane South', 'brisbanesouth@gotyres.com.au', '0410 998 550', NULL, NULL, NULL, '36 Orange Grove Road ', 143, 1, '2025-12-01 17:03:12', '2025-12-01 17:03:12', '4108'),
(144, 'Gold Coast Wheels and Tyres', 'info@gcwheels.com.au', '0755005474', NULL, NULL, NULL, '2/132 Brisbane Road ', 144, 1, '2025-12-01 17:03:12', '2025-12-01 17:03:12', '4215'),
(145, 'Golden Tyres', 'goldentyresgeebung@gmail.com', '0409770320', NULL, NULL, NULL, '266 Robinson east road ', 145, 1, '2025-12-01 17:03:12', '2025-12-01 17:03:12', '4034'),
(146, 'Good Tyre and Auto Service', NULL, '07 3341 4780', NULL, NULL, NULL, '200 Compton Rd ', 146, 1, '2025-12-01 17:03:12', '2025-12-01 17:03:12', '4114'),
(147, 'GOODNA TYRE & MORE', 'goodna@tyresandmore.com.au', '0732885266', NULL, NULL, NULL, '12 MILL STREET ', 147, 1, '2025-12-01 17:03:13', '2025-12-01 17:03:13', '4300'),
(148, 'GOODYEAR AUTOCARE SUMNER PARK', 'sspencer@sptb.com.au', '07 3376 2000', NULL, NULL, NULL, '1/8 SPINE STREET ', 148, 1, '2025-12-01 17:03:13', '2025-12-01 17:03:13', '4074'),
(149, 'H&K MOTORS', NULL, '07 5532 9088', NULL, NULL, NULL, '66 DAVENPORT ST SOUTHPORT', 149, 1, '2025-12-01 17:03:13', '2025-12-01 17:03:13', '4215'),
(150, 'H&T AUTOMOTIVES', 'handt.auto@gmail.com', '0407 695 789', NULL, NULL, NULL, '5/14 Buttonwood Pl ', 150, 1, '2025-12-01 17:03:13', '2025-12-01 17:03:13', '4110'),
(151, NULL, 'accounts@hackettsdiscounttyres.com.au', '0731626895', '4', '57', '12244', '16 Boyland Ave', 151, 1, '2025-12-01 17:03:14', '2025-12-07 11:15:34', '4108'),
(152, 'HANNAH BENTLEY', 'tyresandbrakesipswich@gmail.com', '0421763192', NULL, NULL, NULL, '12 CORELLO STREET ', 152, 1, '2025-12-01 17:03:14', '2025-12-01 17:03:14', '4306'),
(153, 'Happy Tyres', 'alirasuli706@gmail.com', '0732992345', NULL, NULL, NULL, '1/3337 Pacific Hwy ', 153, 1, '2025-12-01 17:03:14', '2025-12-01 17:03:14', '4127'),
(154, 'HI 5 Tyres and Auto', 'hi5tyres34@gmail.com', '0469851994', NULL, NULL, NULL, '34 Robinson Rd East ', 154, 1, '2025-12-01 17:03:14', '2025-12-01 17:03:14', '4104'),
(155, 'HL MAX TYRES', 'tyreindustry@gmail.com', '0415406925', NULL, NULL, NULL, '3/6 GLENISTER ST ', 155, 1, '2025-12-01 17:03:15', '2025-12-01 17:03:15', '4110'),
(156, 'Hocks Mods Shop', 'hocksmodsshop@hotmail.com', '0468493673', NULL, NULL, NULL, '2A 29 Jijaws Street ', 156, 1, '2025-12-01 17:03:15', '2025-12-01 17:03:15', '4074'),
(157, NULL, 'hottyres.wheels@gmail.com', '0732746814', '1', NULL, NULL, '550 boundary road', 157, 1, '2025-12-01 17:03:15', '2025-12-07 08:47:02', '4108'),
(158, 'jacobs discount tyres', 'jacobdiscounttyres@gmail.com', '(07) 3061 4585', NULL, NULL, NULL, '2/31 Gardens Dr ', 158, 1, '2025-12-01 17:03:15', '2025-12-01 17:03:15', '4110'),
(159, 'JAKES TYRES', 'jakestyres.5@gmail.com', '0455255016', NULL, NULL, NULL, '48 Prospero Street ', 159, 1, '2025-12-01 17:03:15', '2025-12-01 17:03:15', '2484'),
(160, 'JD AUTO TRADE', NULL, '0431752250', NULL, NULL, NULL, '15 ELMES ROAD ', 160, 1, '2025-12-01 17:03:16', '2025-12-01 17:03:16', '4160'),
(161, 'JIM\'S TYRE SERVICE', 'jimstyreservice@gmail.com', '0421653193', NULL, NULL, NULL, '2 Coolabunia Rd ', 161, 1, '2025-12-01 17:03:16', '2025-12-01 17:03:16', '4610'),
(162, 'JK AUTOMOTIVE & TYRES', 'jkautomotiveandtyres@gmail.com', '0452033774', NULL, NULL, NULL, '13/470 LYTTON ROAD ', 162, 1, '2025-12-01 17:03:16', '2025-12-01 17:03:16', '4170'),
(163, 'JOES MECHANICALS AND ELECTRICALS', 'JOESMECHANICALS@GMAIL.COM', '0738004014', NULL, NULL, NULL, '78-84 MIDDLE ROAD ', 163, 1, '2025-12-01 17:03:16', '2025-12-01 17:03:16', '4118'),
(164, 'JUST TRAILERS ENGINEERING', 'adrian@justtrailers.com.au', '0732770333', NULL, NULL, NULL, '94 Boundary Road ', 164, 1, '2025-12-01 17:03:17', '2025-12-01 17:03:17', '4106'),
(165, 'K&K BROTHERS AUTOCARE SERVICES', 'kkbrothers.autocare@gmail.com', '0405126541', NULL, NULL, NULL, '9 Timms Ct ', 165, 1, '2025-12-01 17:03:17', '2025-12-01 17:03:17', '4114'),
(166, NULL, 'kangaroo.tyres23@gmail.com', '0470296136', '4', '57', '12244', '760 Beaudesert Rd', 166, 1, '2025-12-01 17:03:17', '2025-12-07 11:46:21', '4108'),
(167, NULL, 'acc.kapstyre@gmail.com', '0410003034', '4', '57', '12278', '35 Lower King St', 167, 1, '2025-12-01 17:03:17', '2025-12-07 04:06:55', '4510'),
(168, 'KCs Kustomes', 'Karlcable@hotmail.com', '0411868594', NULL, NULL, NULL, '2/22  schneider road ', 168, 1, '2025-12-01 17:03:18', '2025-12-01 17:03:18', '4133'),
(169, 'KE Automotive', 'jordanhall245@gmail.com', '040', NULL, NULL, NULL, '214 Lowood Minden Rd ', 169, 1, '2025-12-01 17:03:18', '2025-12-01 17:03:18', '4311'),
(170, 'Kerry Fritz', NULL, '0418422366', NULL, NULL, NULL, '32 Roderick Street ', 170, 1, '2025-12-01 17:03:18', '2025-12-01 17:03:18', '4346'),
(171, 'KEY MOTORS MECHANIC SERVICE PTY LTD', 'keymotormechanic@gmail.com', '0401036366', NULL, NULL, NULL, '6/16 LANCASHIRE ST ', 171, 1, '2025-12-01 17:03:18', '2025-12-01 17:03:18', '4110'),
(172, 'Kunzys Tyre Centre', 'kunzystyres@gmail.com', '0411326017', NULL, NULL, NULL, 'U1/3 Johnstone Road ', 172, 1, '2025-12-01 17:03:19', '2025-12-01 17:03:19', '4500'),
(173, 'KZKU', 'kzku.co@gmail.com', '0412895419', NULL, NULL, NULL, 'Bundaberg ', 173, 1, '2025-12-01 17:03:19', '2025-12-01 17:03:19', '4670'),
(174, 'L W MOTORS AU PTY LTD', 'Livingstone317@hotmail.com', '0404935483', NULL, NULL, NULL, '24 Cornell close ', 174, 1, '2025-12-01 17:03:19', '2025-12-01 17:03:19', '4118'),
(175, 'LB TAXI MANAGEMENT', 'aliuayaliuay@hotmail.com', '0421908904', NULL, NULL, NULL, '1510 Ipswich Road ', 175, 1, '2025-12-01 17:03:19', '2025-12-01 17:03:19', '4106'),
(176, 'LB TAXI MANAGMENT', NULL, '04', NULL, NULL, NULL, 'SHOP 2A 58 WACKER RD ', 176, 1, '2025-12-01 17:03:20', '2025-12-01 17:03:20', '4122'),
(177, 'Leo Motors', 'info@leomotors.com.au', '0430457665', NULL, NULL, NULL, '3/347 Bradman Street', 177, 1, '2025-12-01 17:03:20', '2025-12-01 17:03:20', '4110'),
(178, 'Liebke Tyres', 'info@liebketyres.com.au', '0746328106', NULL, NULL, NULL, '46 Clifford Street ', 178, 1, '2025-12-01 17:03:20', '2025-12-01 17:03:20', '4350'),
(179, 'Lobb St New And Used Tyres', 'lobbstnewandusedtyres@gmail.com', '0732024774', NULL, NULL, NULL, '7/61 Lobb St ', 179, 1, '2025-12-01 17:03:20', '2025-12-01 17:03:20', '4305'),
(180, 'LOCKYER VALLEY DISCOUNT TYRES & AUTO PARTS', 'lockyertyreservice@gmail.com', '54665300', NULL, NULL, NULL, '2 ISADOR STREET ', 180, 1, '2025-12-01 17:03:21', '2025-12-01 17:03:21', '4342'),
(181, 'Logan Auto Repairs Pty Ltd', 'loganauto2r@gmail.com', '0401943959', NULL, NULL, NULL, 'Unit4 1 Eurora St ', 181, 1, '2025-12-01 17:03:21', '2025-12-01 17:03:21', '4114'),
(182, NULL, 'info@luckytyres.com.au', '0732655488', '4', '57', '12244', '19 Robinson Rd E', 182, 1, '2025-12-01 17:03:21', '2025-12-07 07:41:10', '4014'),
(183, 'M&N Rubber Rings', 'mpww@outlook.com.au', '0484506586', NULL, NULL, NULL, 'Mesa St ', 183, 1, '2025-12-01 17:03:21', '2025-12-01 17:03:21', '4207'),
(184, 'Markos Tyres', NULL, '0401 277 316', NULL, NULL, NULL, '3/62 Kingston Rd, Slacks Creek QLD 4127 ', 184, 1, '2025-12-01 17:03:21', '2025-12-01 17:03:21', '4127'),
(185, 'Mates Rates Mechanical', NULL, '043 160-9238', NULL, NULL, NULL, '431 Bilsen Rd ', 185, 1, '2025-12-01 17:03:22', '2025-12-01 17:03:22', '4034'),
(186, 'Mbm Mechanical', NULL, '0411 850 070', NULL, NULL, NULL, 'unit 2/17 Randall St ', 186, 1, '2025-12-01 17:03:22', '2025-12-01 17:03:22', '4127'),
(187, 'mcmoore motors co', 'phil@mcmooremotorco.com.au', '0412 675 170', NULL, NULL, NULL, '12 moss street ', 187, 1, '2025-12-01 17:03:22', '2025-12-01 17:03:22', '4127'),
(188, NULL, 'Tyrecentre194@gmail.com', '0403681405', '4', '57', '12244', '3 Booran Drive', 188, 1, '2025-12-01 17:03:22', '2025-12-07 08:12:44', '4114'),
(189, 'MIAMI TYRES', 'miamityres@bigpond.com', '0755786466', NULL, NULL, NULL, '2064 Gold Coast Highway, Miami ', 189, 1, '2025-12-01 17:03:23', '2025-12-01 17:03:23', '4220'),
(190, 'MIDAS TYRE AND AUTO EXPERTS', 'midasindooroopilly.v@gmail.com', '0733197452', NULL, NULL, NULL, '9/34 Coonan St ', 190, 1, '2025-12-01 17:03:23', '2025-12-01 17:03:23', '4068'),
(191, 'MIDAS TYRE AND AUTO EXPERTS', 'midasrocklea@gmail.com', '0734620645', NULL, NULL, NULL, '748 Beaudesert Rd ', 191, 1, '2025-12-01 17:03:23', '2025-12-01 17:03:23', '4106'),
(192, 'MIDWAY TYRE CENTER', 'stumm01@bigpond.com.au', '0427658270', NULL, NULL, NULL, '27 DALGANGAL RD ', 192, 1, '2025-12-01 17:03:23', '2025-12-01 17:03:23', '4625'),
(193, NULL, 'Mossstreettyres18@gmail.com', '0424279946', '4', '57', '12244', '18 Moss Street', 193, 1, '2025-12-01 17:03:24', '2025-12-08 02:24:57', '4127'),
(194, 'Mottoguard', 'marcus_only@hotmail.com', '5563 1188', NULL, NULL, NULL, '117A Arundel Drive ', 194, 1, '2025-12-01 17:03:24', '2025-12-01 17:03:24', '4214'),
(195, 'Mr tyres online', 'sales@mrtyre.com.au', '1300 678 973', NULL, NULL, NULL, '3637 pacific hwy slaks creek 32088833', 195, 1, '2025-12-01 17:03:24', '2025-12-01 17:03:24', '4127'),
(196, 'MVD Auto Workshop', 'mvdworkshop218@gmail.com', '0490361730', NULL, NULL, NULL, '2/27 Smallwood St ', 196, 1, '2025-12-01 17:03:24', '2025-12-01 17:03:24', '4119'),
(197, 'MZ Motors', 'info@mzmotors.com.au', '0402933697', NULL, NULL, NULL, '615 Kingston Road ', 197, 1, '2025-12-01 17:03:25', '2025-12-01 17:03:25', '4131'),
(198, 'Narangba Tyres & Wheels', 'narangbatyres@gmail.com', '0738881316', NULL, NULL, NULL, '30A McPhail Road ', 198, 1, '2025-12-01 17:03:25', '2025-12-01 17:03:25', '4504'),
(199, 'Nav Singh', 'info@amwautos.com.au', '07 3319 6676', NULL, NULL, NULL, '7 Lucy Street ', 199, 1, '2025-12-01 17:03:25', '2025-12-01 17:03:25', '4105'),
(200, 'NEW GEN AUTO', 'newgenauto.au@gmail.com', '0483839113', NULL, NULL, NULL, '3 TELFER STREET ', 200, 1, '2025-12-01 17:03:25', '2025-12-01 17:03:25', '4128'),
(201, 'NEX TYRE', 'nextyrebrisbane@gmail.com', '0406834497', NULL, NULL, NULL, '1003 Fairfield Road ', 201, 1, '2025-12-01 17:03:26', '2025-12-01 17:03:26', '4105'),
(202, 'Nitro Crew - Wheels & Tyres Mt Gravatt', 'mansfield@nitrocrew.com.au', '07 3219 3888', NULL, NULL, NULL, '2/51 Secam St ', 202, 1, '2025-12-01 17:03:26', '2025-12-01 17:03:26', '4122'),
(203, 'Nitro Crew - Wheels & Tyres Wynnum inactive', 'wynnum@nitrocrew.com.au', '0733963770', NULL, NULL, NULL, '11 Thorne St, Wynnum ', 203, 1, '2025-12-01 17:03:26', '2025-12-01 17:03:26', '4178'),
(204, 'ORMEAU REPAIRS AND TYRES', 'prabh@mahadevlogistics.com', '0497666312', NULL, NULL, NULL, 'Unit 3/68 Blanck Street ', 204, 1, '2025-12-01 17:03:26', '2025-12-01 17:03:26', '4208'),
(205, 'Oxely Wheels & Tyres', 'oxleywheelsandtyres@gmail.com', '0423231806', NULL, NULL, NULL, '1B/62 Blunder Rd ', 205, 1, '2025-12-01 17:03:27', '2025-12-01 17:03:27', '4075'),
(206, 'Oxenford Budget Tyre Outlet & Mechanical', 'accounts@budgettyreoutlet.com.au', '(07) 5502 9615', NULL, NULL, NULL, '1/142 Siganto Dr ', 206, 1, '2025-12-01 17:03:27', '2025-12-01 17:03:27', '4212'),
(207, 'OZ TREAD TYRES', 'oztreadbrisbane@gmail.com', '0401849645', NULL, NULL, NULL, '120 Pasturage Rd ', 207, 1, '2025-12-01 17:03:27', '2025-12-01 17:03:27', '4510'),
(208, 'OZZIE BUDGET TYRES', 'OZZIEBUDGETTYRES@GMAIL.COM', '0415335092', NULL, NULL, NULL, '9 EGINBAH COURT ', 208, 1, '2025-12-01 17:03:27', '2025-12-01 17:03:27', '4128'),
(209, 'Ozzy Tyres Brendale', 'brendale@ozzytyres.com.au', '0734908355', NULL, NULL, NULL, '83 South Pine Rd ', 209, 1, '2025-12-01 17:03:27', '2025-12-01 17:03:27', '4500'),
(210, 'Ozzy Tyres Kelvin Grove', 'kelvingrove@ozzytyres.com.au', '0424279946', NULL, NULL, NULL, '323 Kelvin Grove Road ', 210, 1, '2025-12-01 17:03:28', '2025-12-01 17:03:28', '4059'),
(211, 'Payless Tyres & Auto Virginia', NULL, '0406669373', NULL, NULL, NULL, 'Unit3 58 Pritchard Road ', 211, 1, '2025-12-01 17:03:28', '2025-12-01 17:03:28', '4014'),
(212, 'Pete\'s Tyres and Wheels', 'petermanns64@hotmail.com', '0428084868', NULL, NULL, NULL, '650 Stanthorpe ', 212, 1, '2025-12-01 17:03:28', '2025-12-01 17:03:28', '4380'),
(213, 'Phatwheels', 'phatwheels@bigpond.com', '07 5453 7443', NULL, NULL, NULL, '1/40 Kerryl St ', 213, 1, '2025-12-01 17:03:28', '2025-12-01 17:03:28', '4556'),
(214, 'PNB Transport', 'pnbgroup077@gmail.com', '0424704077', NULL, NULL, NULL, '651 Johnson Rd Forest Lake', 214, 1, '2025-12-01 17:03:29', '2025-12-01 17:03:29', '4078'),
(215, 'POP IN PUNCTURES', 'mjm.66@bigpond.com', '0437443764', NULL, NULL, NULL, '18 PAMMENTER RD ', 215, 1, '2025-12-01 17:03:29', '2025-12-01 17:03:29', '4352'),
(216, 'Prefered Autos', 'peter@preferredautos.com.au', '07 5537 2900', NULL, NULL, NULL, '170 Brisbane Road, Arundel ', 216, 1, '2025-12-01 17:03:29', '2025-12-01 17:03:29', '4217'),
(217, 'PRO WHEEL', 'kristijan21@hotmail.com', '0478651463', NULL, NULL, NULL, '20/36 ELLERSLIE RD ', 217, 1, '2025-12-01 17:03:29', '2025-12-01 17:03:29', '4131'),
(218, 'PURCHASE', NULL, '0731443131', NULL, NULL, NULL, ' ', 218, 1, '2025-12-01 17:03:30', '2025-12-01 17:03:30', ''),
(219, 'PURNELL TYRES', 'sales@purnelltyres.com.au', '0732002531', NULL, NULL, NULL, '2/27 NERANG ST ', 219, 1, '2025-12-01 17:03:30', '2025-12-01 17:03:30', '4133'),
(220, 'Pushpinder automotive', 'sundaer.chahal30@gmail.com', '0402779568', NULL, NULL, NULL, '16/115 Dollis street ', 220, 1, '2025-12-01 17:03:30', '2025-12-01 17:03:30', '4106'),
(221, 'QLD CAR AND TRUCK TYRE', 'merzaie.hussain@yahoo.com', '0730904275', NULL, NULL, NULL, '194 KINGSTON RD ', 221, 1, '2025-12-01 17:03:30', '2025-12-01 17:03:30', '4127'),
(222, NULL, 'afshinhaydar@yahoo.com', '0406172019', '4', '57', '12244', '702 Beaudesert Rd', 222, 1, '2025-12-01 17:03:31', '2025-12-07 07:50:21', '4106'),
(223, NULL, 'qualitytyresandwheels@gmail.com', '0424344540', '4', '57', '12244', '9 Moss St', 223, 1, '2025-12-01 17:03:31', '2025-12-08 06:32:53', '4127'),
(224, NULL, 'ipswich@qualitytyresandwheels.com', '0476019699', '4', '57', '12510', '2 PINE STREET', 224, 1, '2025-12-01 17:03:31', '2025-12-07 01:29:40', '4305'),
(225, 'Radworx Garage', 'RadWorxGarage@outlook.com', '0421 544 958', NULL, NULL, NULL, '1B/105 Lobb Street, Churchill ', 225, 1, '2025-12-01 17:03:31', '2025-12-01 17:03:31', '4305'),
(226, 'RAJ FREIGHT TRANSPORT', NULL, '0430556883', NULL, NULL, NULL, '157 JACKSON RD ', 226, 1, '2025-12-01 17:03:32', '2025-12-01 17:03:32', '4110'),
(227, 'Rattler Racing Pty Ltd', 'driftlab@hotmail.com', '0754497576', NULL, NULL, NULL, 'Unit8/25 Project Ave ', 227, 1, '2025-12-01 17:03:32', '2025-12-01 17:03:32', '4566'),
(228, 'RD Motors Pty Ltd', 'rdmotors7@gmail.com', '0469343795', NULL, NULL, NULL, '7A Tina St ', 228, 1, '2025-12-01 17:03:32', '2025-12-01 17:03:32', '4125'),
(229, 'Redbank Tyre Care', NULL, '0452141683', NULL, NULL, NULL, '249 Redbank Plain Rd Redbank', 229, 1, '2025-12-01 17:03:32', '2025-12-01 17:03:32', '4301'),
(230, 'REECE', 'Reece.e@hotmail.com', '0400806434', NULL, NULL, NULL, '13 Ruza Place ', 230, 1, '2025-12-01 17:03:32', '2025-12-01 17:03:32', '4124'),
(231, 'Retyre Kunda Park', 'retyre@rocketmail.com', '07 5476 5861', NULL, NULL, NULL, '8 Avian St ', 231, 1, '2025-12-01 17:03:33', '2025-12-01 17:03:33', '4556'),
(232, 'RHINO RIMS & TYRES', 'contact@rhinorims.com', '0434056453', '4', '57', '12797', '742 Beaudesert Road', 232, 1, '2025-12-01 17:03:33', '2025-12-09 13:52:50', '4106'),
(233, 'RICE GARAGE AUTOCARE AND TYRES', 'ricegarage297@gmail.com', '0401210637', NULL, NULL, NULL, '297 PINELANDS ROAD ', 233, 1, '2025-12-01 17:03:33', '2025-12-01 17:03:33', '4109'),
(234, 'RICHOS TYRES 2U', 'richostyres2u@hotmail.com', '0459996003', NULL, NULL, NULL, '4 gaffield street ', 234, 1, '2025-12-01 17:03:33', '2025-12-01 17:03:33', '4506'),
(235, 'Roadworthy Clinic', 'info@roadworthyclinic.com.au', '(07) 3416 5995', NULL, NULL, NULL, 'Unit 1/9 Timms Court ', 235, 1, '2025-12-01 17:03:34', '2025-12-01 17:03:34', '4114'),
(236, 'ROADWORTHY SOLUTIONS', 'MICHAEL@ROADWORTHYSOLUTIONS.COM.AU', '0402099333', NULL, NULL, NULL, '12-14 CENTENARY PLACE ', 236, 1, '2025-12-01 17:03:34', '2025-12-01 17:03:34', '4207'),
(237, 'RODNEY', 'Rodney.bird@outlook.com', '0456920770', NULL, NULL, NULL, 'BRISBANE ', 237, 1, '2025-12-01 17:03:34', '2025-12-01 17:03:34', '4110'),
(238, 'RS Motor Mechanical Service', 'kahawattarajitha@yahoo.com.au', '07 3279 6495', NULL, NULL, NULL, '1B / 10 Jijaws Street ', 238, 1, '2025-12-01 17:03:34', '2025-12-01 17:03:34', '4074'),
(239, 'Saaber mechanic', NULL, '0435 852 391', NULL, NULL, NULL, 'Unit 4/44 Moss St, Slacks Creek QLD 4127 ', 239, 1, '2025-12-01 17:03:35', '2025-12-01 17:03:35', '4127'),
(240, 'SARINA TYRE & WHEEL ALIGNMENTS', 'admin@sarinatyresandwheelalignments.com', '0461435588', NULL, NULL, NULL, '246 SARINA BEACH ROAD ', 240, 1, '2025-12-01 17:03:35', '2025-12-01 17:03:35', '4737'),
(241, 'Satnam Mechanicals and Smash Repairs', 'satnammechanicals@gmail.com', '0474000001', NULL, NULL, NULL, '4 Moss St ', 241, 1, '2025-12-01 17:03:35', '2025-12-01 17:03:35', '4127'),
(242, 'SERVICES', NULL, '0428985535', NULL, NULL, NULL, '8645 MT LIDEYSAY HWY ', 242, 1, '2025-12-01 17:03:35', '2025-12-01 17:03:35', ''),
(243, 'SIMRAN AUTO CARE', 'simranautocare@gmail.com', '0415621653', NULL, NULL, NULL, '5 Station St ', 243, 1, '2025-12-01 17:03:36', '2025-12-01 17:03:36', '4106'),
(244, 'SINGH AUTO REPAIR AND SERVICE', 'SINGH.AUTOREPAIR1@GMAIL.COM', '0406280000', NULL, NULL, NULL, '34 GRANITE STREET ', 244, 1, '2025-12-01 17:03:36', '2025-12-01 17:03:36', '4034'),
(245, 'Smart Tyres and Mechanical Service', 'tyrecentre194@gmail.com', '07 3189 3176', NULL, NULL, NULL, '764 Beaudesert Rd ', 245, 1, '2025-12-01 17:03:36', '2025-12-01 17:03:36', '4106'),
(246, 'Southport Budget Tyres and Brakes', 'Southportbudgettyres@gmail.com', '07 5527 0004', NULL, NULL, NULL, '37 Egerton St ', 246, 1, '2025-12-01 17:03:36', '2025-12-01 17:03:36', '4215'),
(247, 'SPEED AUTOMATIVES', 'Speedyroady@yahoo.com', '0433896353', NULL, NULL, NULL, '485 Hellawell Road ', 247, 1, '2025-12-01 17:03:37', '2025-12-01 17:03:37', '4109'),
(248, 'Stafford Tyres and Wheels', 'juma.soltani1234567@gmail.com', '0731611336', NULL, NULL, NULL, '337 Stafford Road Stafford', 248, 1, '2025-12-01 17:03:37', '2025-12-01 17:03:37', '4053'),
(249, 'Star Service Centre', 'asrizz@hotmail.com', '0422 809 998', NULL, NULL, NULL, '6/44 Moss St ', 249, 1, '2025-12-01 17:03:37', '2025-12-01 17:03:37', '4127'),
(250, 'STEVE\'S MOBILE', NULL, '0418258858', NULL, NULL, NULL, 'BRISBANE ', 250, 1, '2025-12-01 17:03:37', '2025-12-01 17:03:37', '4110'),
(251, NULL, 'info@stylishwheels.com.au', '0732087744', '4', '57', '12244', '36 Moss St, Slacks Creek QLD 4127', 251, 1, '2025-12-01 17:03:38', '2025-12-07 05:17:16', '4127'),
(252, 'Suncoast Mechanical', 'coastmech@outlook.com', '54762323', NULL, NULL, NULL, '17 Mitchell St ', 252, 1, '2025-12-01 17:03:38', '2025-12-01 17:03:38', '4560'),
(253, 'SUPER AUTO QLD', NULL, '0406172019', NULL, NULL, NULL, '698 BEAUDESERT RD ', 253, 1, '2025-12-01 17:03:38', '2025-12-01 17:03:38', '4106'),
(254, 'SWC', NULL, '0400907847', NULL, NULL, NULL, '6 LANCASHIRE STREET ', 254, 1, '2025-12-01 17:03:38', '2025-12-01 17:03:38', '4110'),
(255, 'Tempe Tyre & Wheel Centre', 'brisbane@tempetyres.com.au', '0731883131', NULL, NULL, NULL, '994 Beaudesert Rd ', 255, 1, '2025-12-01 17:03:39', '2025-12-01 17:03:39', '4108'),
(256, 'The Shed Automotive', 'mitch.maddern@live.com', '0755649270', NULL, NULL, NULL, '1/4 Transport Place Molendinar', 256, 1, '2025-12-01 17:03:39', '2025-12-01 17:03:39', '4214'),
(257, 'The Tyre & Auto Centre', 'info@ttaac.com.au', '07 3715 5455', NULL, NULL, NULL, '1/41 Spine St ', 257, 1, '2025-12-01 17:03:39', '2025-12-01 17:03:39', '4074'),
(258, 'The Tyre shop', 'thetyreshop@bigpond.com', '07 55640955', NULL, NULL, NULL, '54 Johnston Street ', 258, 1, '2025-12-01 17:03:39', '2025-12-01 17:03:39', '4215'),
(259, 'The Village', 'chris@thevillagebmx.com', '0400705573', NULL, NULL, NULL, '882 Beaudesert RD ', 259, 1, '2025-12-01 17:03:39', '2025-12-01 17:03:39', '4108'),
(260, NULL, 'tigertyres@yahoo.com.au', '0731334072', '4', '57', '12244', '13 Herbert Street', 260, 1, '2025-12-01 17:03:40', '2025-12-08 04:06:34', '4127'),
(261, 'TINY TIMS', 'tinytims0434@gmail.com', '0434109245', NULL, NULL, NULL, '32 JULIET STREET ', 261, 1, '2025-12-01 17:03:40', '2025-12-01 17:03:40', '4625'),
(262, 'tough tyres', 'info@toughtyresonmorayfield.com', '07 5330 1061', NULL, NULL, NULL, '289 morayfield road ', 262, 1, '2025-12-01 17:03:40', '2025-12-01 17:03:40', '4506'),
(263, 'TOUGH TYRES ON GOLD COAST', 'TOUGHTYRESONGOLDCOAST@GMAIL.COM', '07 5679 6679', NULL, NULL, NULL, '157 OLD PACIFIC HIGHWAY ', 263, 1, '2025-12-01 17:03:40', '2025-12-01 17:03:40', '4210'),
(264, 'Toyo Auto', 'pereradilhan@yahoo.com', '0413566090', NULL, NULL, NULL, '54 Carrington Road Torrington', 264, 1, '2025-12-01 17:03:41', '2025-12-01 17:03:41', '4350'),
(265, 'Trade Inn Motors', 'mrstencil@hotmail.com', '0435 744 723', NULL, NULL, NULL, '3677 Pacific Hwy  Nujooloo Rd ', 265, 1, '2025-12-01 17:03:41', '2025-12-01 17:03:41', '4127'),
(266, 'Trax Tyre and Auto', 'admin@traxtyreandauto.com.au', '032715557', NULL, NULL, NULL, 'unit2 1326 Boundary Rd ', 266, 1, '2025-12-01 17:03:41', '2025-12-01 17:03:41', '4076'),
(267, 'TREADS FOR TYRES', 'sales@treadsfortyres.com.au', '07 3283 5134', NULL, NULL, NULL, '43 SNOOK ST ', 267, 1, '2025-12-01 17:03:41', '2025-12-01 17:03:41', '4019'),
(268, 'TRUSTED TYRES ON GC', 'trustedtyresongoldcoast@gmail.com', '0756796679', NULL, NULL, NULL, '157 OLD PACIFIC HIGHWAY ', 268, 1, '2025-12-01 17:03:42', '2025-12-01 17:03:42', '4210'),
(269, 'Tundra Tyres & Wheels', 'tundra.wheelsandtyres@gmail.com', '0422998205', NULL, NULL, NULL, '11 Creek Rd ', 269, 1, '2025-12-01 17:03:42', '2025-12-01 17:03:42', '4122'),
(270, 'Tyre & Mechanical World', 'jht09@hotmail.com', '0755493111', NULL, NULL, NULL, 'unit 3, 8 Hopper Ave ', 270, 1, '2025-12-01 17:03:42', '2025-12-01 17:03:42', '4208'),
(271, 'TYRE DIY', 'tyre.diy@iinet.net.au', '0407110770', NULL, NULL, NULL, '11/258 Musgrave Rd ', 271, 1, '2025-12-01 17:03:42', '2025-12-01 17:03:42', '4108'),
(272, 'TYRE EXPERTS', 'ashmore@tyreexperts.com.au', '07 5527 9407', NULL, NULL, NULL, '1 Kamholtz Ct, Ashmore ', 272, 1, '2025-12-01 17:03:43', '2025-12-01 17:03:43', '4214'),
(273, 'Tyre Treadz', 'tyretreadz@gmail.com', '07 5547 0027', NULL, NULL, NULL, '1/8 Centenary Place ', 273, 1, '2025-12-01 17:03:43', '2025-12-01 17:03:43', '4207'),
(274, 'Tyrebusters', 'sales@tyrebusters.com.au', '54765777', NULL, NULL, NULL, '2 Killick ST ', 274, 1, '2025-12-01 17:03:43', '2025-12-01 17:03:43', '4556'),
(275, NULL, 'acaciaridge@tyrepower.com.au', '0732734100', '4', '57', '12244', '347 Bradman Street', 275, 1, '2025-12-01 17:03:43', '2025-12-07 11:25:54', '4110'),
(276, 'TYRERIGHT', 'stephen@arcticcool.com.au', '0732741233', NULL, NULL, NULL, '2015 IPSWICH RD ', 276, 1, '2025-12-01 17:03:44', '2025-12-01 17:03:44', '4106'),
(277, 'TYRES PLANET PTY LTD', 'brisbane@tyresplanet.com.au', '0731443131', NULL, NULL, NULL, '15 Lancashire St ', 277, 1, '2025-12-01 17:03:44', '2025-12-01 17:03:44', '4110'),
(278, 'ULTIMATE TYRE & BATTERIES SERVICES', 'ultimatetyreservice@gmail.com', '0481372472', NULL, NULL, NULL, '5 Permarig Place ', 278, 1, '2025-12-01 17:03:44', '2025-12-01 17:03:44', '4106'),
(279, 'Ultimate Tyres Service North Pty Ltd', 'ultimatetyresnorth@gmail.com', '0426650619', '4', '57', '12240', '79 Linkfield Road', 279, 1, '2025-12-01 17:03:44', '2025-12-09 16:40:39', '4036'),
(280, 'Underwood wheels & Tyres', 'underwoodwheelsandtyres2021@gmail.com', '07 3341 9956', NULL, NULL, NULL, '2/2944 Logan R ', 280, 1, '2025-12-01 17:03:44', '2025-12-01 17:03:44', '4119'),
(281, 'Vortex Auto', 'vortex_auto_au@gmail.com', '0499299751', NULL, NULL, NULL, '4/22 Musgrave Rd ', 281, 1, '2025-12-01 17:03:45', '2025-12-01 17:03:45', '4108'),
(282, 'VOX AUTO', 'ken@voxauto.com.au', '0400104996', NULL, NULL, NULL, '64 JIJAWS STREET ', 282, 1, '2025-12-01 17:03:45', '2025-12-01 17:03:45', '4074'),
(283, 'W WHEELS', 'waltleenb@outlook.com', '0481319599', NULL, NULL, NULL, '999B FAIRFIELD RD ', 283, 1, '2025-12-01 17:03:45', '2025-12-01 17:03:45', '4105'),
(284, 'Wheel Change U', 'mick@wheelchangeu.com.au', '0447083558', NULL, NULL, NULL, '15 Gregor Rd ', 284, 1, '2025-12-01 17:03:45', '2025-12-01 17:03:45', '4312'),
(285, 'WHOLESALE WHEELS', 'info@wholesalewheels.com.au', '0405068261', NULL, NULL, NULL, '2/7 BAILEY CRESCENT ', 285, 1, '2025-12-01 17:03:46', '2025-12-01 17:03:46', '4215'),
(286, 'Wrights Place Mechanical', NULL, '0755372022', NULL, NULL, NULL, '1/15 Wrights Place ', 286, 1, '2025-12-01 17:03:46', '2025-12-01 17:03:46', '4214'),
(287, 'Yellowequip PTY LTD', 'najib@yellowequip.com', '0731444313', NULL, NULL, NULL, '43 Elderbury place', 287, 1, '2025-12-01 17:03:46', '2025-12-04 18:59:45', '4116'),
(288, 'Your Choice Tyre and Mechanical', 'garry_bryan@iprimus.com.au', '07 3372 4099', NULL, NULL, NULL, '32-34 Wirraway Parade ', 288, 1, '2025-12-01 17:03:46', '2025-12-01 17:03:46', '4077'),
(289, 'ZEL DENT', 'zel_dent@outlook.com', '0433370494', NULL, NULL, NULL, '21 middle rd SHED C5', 289, 1, '2025-12-01 17:03:47', '2025-12-01 17:03:47', '4108'),
(290, NULL, 'zimmostyres@gmail.com', '0419924572', '4', '57', '12516', '1/35 Cerina Circuit', 290, 1, '2025-12-01 17:03:47', '2025-12-07 01:17:11', '4280'),
(297, 'Axone Infotech', 'ankit@axoneit.com', '9824717656', '4', '57', '12244', 'katargam, Surat', 299, 1, '2025-12-04 05:56:12', '2025-12-04 05:56:12', '395004'),
(298, 'Yellowequip Pty Ltd', 'najib@yellowequip.com', '0403271473', NULL, NULL, NULL, '209 McRoyle Street', 300, 1, '2025-12-04 17:58:04', '2025-12-04 18:35:18', NULL);

-- --------------------------------------------------------

--
-- Table structure for table `ec_customer_password_resets`
--

CREATE TABLE `ec_customer_password_resets` (
  `email` varchar(191) COLLATE utf8mb4_unicode_ci NOT NULL,
  `token` varchar(191) COLLATE utf8mb4_unicode_ci NOT NULL,
  `created_at` timestamp NULL DEFAULT NULL
) ENGINE=InnoDB DEFAULT CHARSET=utf8mb4 COLLATE=utf8mb4_unicode_ci;

--
-- Dumping data for table `ec_customer_password_resets`
--

INSERT INTO `ec_customer_password_resets` (`email`, `token`, `created_at`) VALUES
('tinytims0434@gmail.com', '$2y$12$cy5rQxWaK2f8XWwvz19.f.PYlKKz/mqwIdICOKnajX4Jt.I5Irkoe', '2025-12-03 04:39:14'),
('ankit@axoneit.com', '$2y$12$RTdcWNcbwuLnVxTVAa703OyxnYv1jvLUdj0MugsHggcADIUHJXbi6', '2025-12-03 12:28:16'),
('entoptyres@gmail.com', '$2y$12$pOfjHnakKk5OvA.FUeArfOhXMxidXfowq2hk4MjBRaMv.kybSukjy', '2025-12-05 12:45:32');

-- --------------------------------------------------------

--
-- Table structure for table `ec_customer_recently_viewed_products`
--

CREATE TABLE `ec_customer_recently_viewed_products` (
  `id` bigint UNSIGNED NOT NULL,
  `customer_id` bigint UNSIGNED NOT NULL,
  `product_id` bigint UNSIGNED NOT NULL
) ENGINE=InnoDB DEFAULT CHARSET=utf8mb4 COLLATE=utf8mb4_unicode_ci;

--
-- Dumping data for table `ec_customer_recently_viewed_products`
--

INSERT INTO `ec_customer_recently_viewed_products` (`id`, `customer_id`, `product_id`) VALUES
(1, 290, 817),
(2, 251, 811),
(3, 188, 887),
(4, 71, 61),
(5, 76, 839),
(6, 167, 887),
(7, 131, 481),
(8, 76, 237),
(9, 88, 545),
(10, 223, 225),
(11, 223, 235),
(12, 76, 581),
(13, 193, 183),
(14, 224, 843),
(15, 224, 205);

-- --------------------------------------------------------

--
-- Table structure for table `ec_customer_used_coupons`
--

CREATE TABLE `ec_customer_used_coupons` (
  `discount_id` bigint UNSIGNED NOT NULL,
  `customer_id` bigint UNSIGNED NOT NULL
) ENGINE=InnoDB DEFAULT CHARSET=utf8mb4 COLLATE=utf8mb4_unicode_ci;

-- --------------------------------------------------------

--
-- Table structure for table `ec_discounts`
--

CREATE TABLE `ec_discounts` (
  `id` bigint UNSIGNED NOT NULL,
  `title` varchar(120) COLLATE utf8mb4_unicode_ci DEFAULT NULL,
  `code` varchar(20) COLLATE utf8mb4_unicode_ci DEFAULT NULL,
  `start_date` datetime DEFAULT NULL,
  `end_date` datetime DEFAULT NULL,
  `quantity` int DEFAULT NULL,
  `total_used` int UNSIGNED NOT NULL DEFAULT '0',
  `value` double DEFAULT NULL,
  `type` varchar(60) COLLATE utf8mb4_unicode_ci DEFAULT 'coupon',
  `can_use_with_promotion` tinyint(1) NOT NULL DEFAULT '0',
  `can_use_with_flash_sale` tinyint(1) NOT NULL DEFAULT '0',
  `discount_on` varchar(20) COLLATE utf8mb4_unicode_ci DEFAULT NULL,
  `product_quantity` int UNSIGNED DEFAULT NULL,
  `type_option` varchar(100) COLLATE utf8mb4_unicode_ci NOT NULL DEFAULT 'amount',
  `target` varchar(100) COLLATE utf8mb4_unicode_ci NOT NULL DEFAULT 'all-orders',
  `min_order_price` decimal(15,2) DEFAULT NULL,
  `apply_via_url` tinyint(1) NOT NULL DEFAULT '0',
  `display_at_checkout` tinyint(1) NOT NULL DEFAULT '0',
  `created_at` timestamp NULL DEFAULT NULL,
  `updated_at` timestamp NULL DEFAULT NULL,
  `description` varchar(400) COLLATE utf8mb4_unicode_ci DEFAULT NULL
) ENGINE=InnoDB DEFAULT CHARSET=utf8mb4 COLLATE=utf8mb4_unicode_ci;

-- --------------------------------------------------------

--
-- Table structure for table `ec_discount_customers`
--

CREATE TABLE `ec_discount_customers` (
  `discount_id` bigint UNSIGNED NOT NULL,
  `customer_id` bigint UNSIGNED NOT NULL
) ENGINE=InnoDB DEFAULT CHARSET=utf8mb4 COLLATE=utf8mb4_unicode_ci;

-- --------------------------------------------------------

--
-- Table structure for table `ec_discount_products`
--

CREATE TABLE `ec_discount_products` (
  `discount_id` bigint UNSIGNED NOT NULL,
  `product_id` bigint UNSIGNED NOT NULL
) ENGINE=InnoDB DEFAULT CHARSET=utf8mb4 COLLATE=utf8mb4_unicode_ci;

-- --------------------------------------------------------

--
-- Table structure for table `ec_discount_product_categories`
--

CREATE TABLE `ec_discount_product_categories` (
  `discount_id` bigint UNSIGNED NOT NULL,
  `product_category_id` bigint UNSIGNED NOT NULL
) ENGINE=InnoDB DEFAULT CHARSET=utf8mb4 COLLATE=utf8mb4_unicode_ci;

-- --------------------------------------------------------

--
-- Table structure for table `ec_discount_product_collections`
--

CREATE TABLE `ec_discount_product_collections` (
  `discount_id` bigint UNSIGNED NOT NULL,
  `product_collection_id` bigint UNSIGNED NOT NULL
) ENGINE=InnoDB DEFAULT CHARSET=utf8mb4 COLLATE=utf8mb4_unicode_ci;

-- --------------------------------------------------------

--
-- Table structure for table `ec_flash_sales`
--

CREATE TABLE `ec_flash_sales` (
  `id` bigint UNSIGNED NOT NULL,
  `name` varchar(191) COLLATE utf8mb4_unicode_ci NOT NULL,
  `end_date` datetime NOT NULL,
  `status` varchar(60) COLLATE utf8mb4_unicode_ci NOT NULL DEFAULT 'published',
  `created_at` timestamp NULL DEFAULT NULL,
  `updated_at` timestamp NULL DEFAULT NULL
) ENGINE=InnoDB DEFAULT CHARSET=utf8mb4 COLLATE=utf8mb4_unicode_ci;

--
-- Dumping data for table `ec_flash_sales`
--

INSERT INTO `ec_flash_sales` (`id`, `name`, `end_date`, `status`, `created_at`, `updated_at`) VALUES
(1, 'Winter Sale', '2025-06-02 00:00:00', 'published', '2025-05-03 11:19:25', '2025-05-03 11:19:25');

-- --------------------------------------------------------

--
-- Table structure for table `ec_flash_sales_translations`
--

CREATE TABLE `ec_flash_sales_translations` (
  `lang_code` varchar(191) COLLATE utf8mb4_unicode_ci NOT NULL,
  `ec_flash_sales_id` bigint UNSIGNED NOT NULL,
  `name` varchar(191) COLLATE utf8mb4_unicode_ci DEFAULT NULL
) ENGINE=InnoDB DEFAULT CHARSET=utf8mb4 COLLATE=utf8mb4_unicode_ci;

-- --------------------------------------------------------

--
-- Table structure for table `ec_flash_sale_products`
--

CREATE TABLE `ec_flash_sale_products` (
  `flash_sale_id` bigint UNSIGNED NOT NULL,
  `product_id` bigint UNSIGNED NOT NULL,
  `price` double UNSIGNED DEFAULT NULL,
  `quantity` int UNSIGNED DEFAULT NULL,
  `sold` int UNSIGNED NOT NULL DEFAULT '0'
) ENGINE=InnoDB DEFAULT CHARSET=utf8mb4 COLLATE=utf8mb4_unicode_ci;

-- --------------------------------------------------------

--
-- Table structure for table `ec_global_options`
--

CREATE TABLE `ec_global_options` (
  `id` bigint UNSIGNED NOT NULL,
  `name` varchar(191) COLLATE utf8mb4_unicode_ci NOT NULL COMMENT 'Name of options',
  `option_type` varchar(191) COLLATE utf8mb4_unicode_ci NOT NULL COMMENT 'option type',
  `required` tinyint(1) NOT NULL DEFAULT '0' COMMENT 'Checked if this option is required',
  `created_at` timestamp NULL DEFAULT NULL,
  `updated_at` timestamp NULL DEFAULT NULL
) ENGINE=InnoDB DEFAULT CHARSET=utf8mb4 COLLATE=utf8mb4_unicode_ci;

--
-- Dumping data for table `ec_global_options`
--

INSERT INTO `ec_global_options` (`id`, `name`, `option_type`, `required`, `created_at`, `updated_at`) VALUES
(1, 'Warranty', 'Botble\\Ecommerce\\Option\\OptionType\\RadioButton', 1, '2025-05-03 11:19:26', '2025-05-03 11:19:26'),
(2, 'RAM', 'Botble\\Ecommerce\\Option\\OptionType\\RadioButton', 1, '2025-05-03 11:19:26', '2025-05-03 11:19:26'),
(3, 'CPU', 'Botble\\Ecommerce\\Option\\OptionType\\RadioButton', 1, '2025-05-03 11:19:26', '2025-05-03 11:19:26'),
(4, 'HDD', 'Botble\\Ecommerce\\Option\\OptionType\\Dropdown', 0, '2025-05-03 11:19:26', '2025-05-03 11:19:26');

-- --------------------------------------------------------

--
-- Table structure for table `ec_global_options_translations`
--

CREATE TABLE `ec_global_options_translations` (
  `lang_code` varchar(191) COLLATE utf8mb4_unicode_ci NOT NULL,
  `ec_global_options_id` bigint UNSIGNED NOT NULL,
  `name` varchar(191) COLLATE utf8mb4_unicode_ci DEFAULT NULL
) ENGINE=InnoDB DEFAULT CHARSET=utf8mb4 COLLATE=utf8mb4_unicode_ci;

-- --------------------------------------------------------

--
-- Table structure for table `ec_global_option_value`
--

CREATE TABLE `ec_global_option_value` (
  `id` bigint UNSIGNED NOT NULL,
  `option_id` bigint UNSIGNED NOT NULL COMMENT 'option id',
  `option_value` tinytext COLLATE utf8mb4_unicode_ci COMMENT 'option value',
  `affect_price` double DEFAULT NULL COMMENT 'value of price of this option affect',
  `order` int NOT NULL DEFAULT '9999',
  `affect_type` tinyint NOT NULL DEFAULT '0' COMMENT '0. fixed 1. percent',
  `created_at` timestamp NULL DEFAULT NULL,
  `updated_at` timestamp NULL DEFAULT NULL
) ENGINE=InnoDB DEFAULT CHARSET=utf8mb4 COLLATE=utf8mb4_unicode_ci;

--
-- Dumping data for table `ec_global_option_value`
--

INSERT INTO `ec_global_option_value` (`id`, `option_id`, `option_value`, `affect_price`, `order`, `affect_type`, `created_at`, `updated_at`) VALUES
(1, 1, '1 Year', 0, 9999, 0, '2025-05-03 11:19:26', '2025-05-03 11:19:26'),
(2, 1, '2 Year', 10, 9999, 0, '2025-05-03 11:19:26', '2025-05-03 11:19:26'),
(3, 1, '3 Year', 20, 9999, 0, '2025-05-03 11:19:26', '2025-05-03 11:19:26'),
(4, 2, '4GB', 0, 9999, 0, '2025-05-03 11:19:26', '2025-05-03 11:19:26'),
(5, 2, '8GB', 10, 9999, 0, '2025-05-03 11:19:26', '2025-05-03 11:19:26'),
(6, 2, '16GB', 20, 9999, 0, '2025-05-03 11:19:26', '2025-05-03 11:19:26'),
(7, 3, 'Core i5', 0, 9999, 0, '2025-05-03 11:19:26', '2025-05-03 11:19:26'),
(8, 3, 'Core i7', 10, 9999, 0, '2025-05-03 11:19:26', '2025-05-03 11:19:26'),
(9, 3, 'Core i9', 20, 9999, 0, '2025-05-03 11:19:26', '2025-05-03 11:19:26'),
(10, 4, '128GB', 0, 9999, 0, '2025-05-03 11:19:26', '2025-05-03 11:19:26'),
(11, 4, '256GB', 10, 9999, 0, '2025-05-03 11:19:26', '2025-05-03 11:19:26'),
(12, 4, '512GB', 20, 9999, 0, '2025-05-03 11:19:26', '2025-05-03 11:19:26');

-- --------------------------------------------------------

--
-- Table structure for table `ec_global_option_value_translations`
--

CREATE TABLE `ec_global_option_value_translations` (
  `lang_code` varchar(191) COLLATE utf8mb4_unicode_ci NOT NULL,
  `ec_global_option_value_id` bigint UNSIGNED NOT NULL,
  `option_value` varchar(191) COLLATE utf8mb4_unicode_ci DEFAULT NULL
) ENGINE=InnoDB DEFAULT CHARSET=utf8mb4 COLLATE=utf8mb4_unicode_ci;

-- --------------------------------------------------------

--
-- Table structure for table `ec_grouped_products`
--

CREATE TABLE `ec_grouped_products` (
  `id` bigint UNSIGNED NOT NULL,
  `parent_product_id` bigint UNSIGNED NOT NULL,
  `product_id` bigint UNSIGNED NOT NULL,
  `fixed_qty` int NOT NULL DEFAULT '1'
) ENGINE=InnoDB DEFAULT CHARSET=utf8mb4 COLLATE=utf8mb4_unicode_ci;

-- --------------------------------------------------------

--
-- Table structure for table `ec_invoices`
--

CREATE TABLE `ec_invoices` (
  `id` bigint UNSIGNED NOT NULL,
  `reference_type` varchar(191) COLLATE utf8mb4_unicode_ci NOT NULL,
  `reference_id` bigint UNSIGNED NOT NULL,
  `code` varchar(191) COLLATE utf8mb4_unicode_ci NOT NULL,
  `customer_name` varchar(191) COLLATE utf8mb4_unicode_ci DEFAULT NULL,
  `company_name` varchar(191) COLLATE utf8mb4_unicode_ci DEFAULT NULL,
  `company_logo` varchar(191) COLLATE utf8mb4_unicode_ci DEFAULT NULL,
  `customer_email` varchar(191) COLLATE utf8mb4_unicode_ci DEFAULT NULL,
  `customer_phone` varchar(191) COLLATE utf8mb4_unicode_ci DEFAULT NULL,
  `customer_address` varchar(191) COLLATE utf8mb4_unicode_ci DEFAULT NULL,
  `customer_tax_id` varchar(191) COLLATE utf8mb4_unicode_ci DEFAULT NULL,
  `sub_total` decimal(15,2) UNSIGNED NOT NULL,
  `tax_amount` decimal(15,2) DEFAULT '0.00',
  `shipping_amount` decimal(15,2) UNSIGNED NOT NULL DEFAULT '0.00',
  `payment_fee` decimal(15,2) DEFAULT '0.00',
  `discount_amount` decimal(15,2) UNSIGNED NOT NULL DEFAULT '0.00',
  `shipping_option` varchar(60) COLLATE utf8mb4_unicode_ci DEFAULT NULL,
  `shipping_method` varchar(60) COLLATE utf8mb4_unicode_ci NOT NULL DEFAULT 'default',
  `coupon_code` varchar(120) COLLATE utf8mb4_unicode_ci DEFAULT NULL,
  `discount_description` varchar(191) COLLATE utf8mb4_unicode_ci DEFAULT NULL,
  `amount` decimal(15,2) UNSIGNED NOT NULL,
  `description` text COLLATE utf8mb4_unicode_ci,
  `payment_id` bigint UNSIGNED DEFAULT NULL,
  `status` varchar(191) COLLATE utf8mb4_unicode_ci NOT NULL DEFAULT 'pending',
  `paid_at` timestamp NULL DEFAULT NULL,
  `created_at` timestamp NULL DEFAULT NULL,
  `updated_at` timestamp NULL DEFAULT NULL
) ENGINE=InnoDB DEFAULT CHARSET=utf8mb4 COLLATE=utf8mb4_unicode_ci;

--
-- Dumping data for table `ec_invoices`
--

INSERT INTO `ec_invoices` (`id`, `reference_type`, `reference_id`, `code`, `customer_name`, `company_name`, `company_logo`, `customer_email`, `customer_phone`, `customer_address`, `customer_tax_id`, `sub_total`, `tax_amount`, `shipping_amount`, `payment_fee`, `discount_amount`, `shipping_option`, `shipping_method`, `coupon_code`, `discount_description`, `amount`, `description`, `payment_id`, `status`, `paid_at`, `created_at`, `updated_at`) VALUES
(1, 'Botble\\Ecommerce\\Models\\Order', 88, 'INV-1', 'ZIMMOS TYRES', '', NULL, 'zimmostyres@gmail.com', '0419924572', '1/35 Cerina Circuit, 4280', NULL, 5.50, 0.50, 0.00, 0.00, 0.00, '3', 'default', NULL, NULL, 5.00, '', 40, 'pending', NULL, '2025-12-01 18:40:46', '2025-12-01 18:42:16'),
(2, 'Botble\\Ecommerce\\Models\\Order', 95, 'INV-2', 'Yellowequip Pty Ltd', '', NULL, 'najib@yellowequip.com', '0403271473', '209 McRoyle Street', NULL, 1328.00, 0.00, 0.00, 0.00, 0.00, '1', 'default', NULL, NULL, 1328.00, 'Rush need it before 2pm', 47, 'pending', NULL, '2025-12-04 20:12:38', '2025-12-04 20:13:38'),
(3, 'Botble\\Ecommerce\\Models\\Order', 126, 'INV-3', 'THE SECOND HAND TYRE KING SAMMY', '', NULL, 'shtk@iinet.net.au', NULL, '', NULL, 722.00, 0.00, 0.00, 0.00, 0.00, '3', 'default', NULL, NULL, 722.00, '', 88, 'pending', NULL, '2025-12-09 15:17:19', '2025-12-09 15:17:27'),
(4, 'Botble\\Ecommerce\\Models\\Order', 127, 'INV-4', 'THE SECOND HAND TYRE KING SAMMY', '', NULL, 'shtk@iinet.net.au', NULL, '', NULL, 204.00, 0.00, 0.00, 0.00, 0.00, '3', 'default', NULL, NULL, 204.00, '', 89, 'pending', NULL, '2025-12-09 15:22:21', '2025-12-09 15:22:26'),
(8, 'Botble\\Ecommerce\\Models\\Order', 131, 'INV-5', 'THE SECOND HAND TYRE KING SAMMY', '', NULL, 'shtk@iinet.net.au', NULL, '', NULL, 82.00, 0.00, 0.00, 0.00, 0.00, '3', 'default', NULL, NULL, 82.00, '', 93, 'pending', NULL, '2025-12-09 16:26:22', '2025-12-09 16:26:28'),
(13, 'Botble\\Ecommerce\\Models\\Order', 139, 'INV-13', 'Moss Street Tyre Company ADEL', '', NULL, 'Mossstreettyres18@gmail.com', NULL, '', NULL, 216.00, 0.00, 0.00, 0.00, 0.00, '3', 'default', NULL, NULL, 216.00, '', 98, 'pending', NULL, '2025-12-09 18:00:44', '2025-12-09 18:00:51'),
(14, 'Botble\\Ecommerce\\Models\\Order', 140, 'INV-14', 'KAPS QUALITY TYRES RAJU & YAAD', '', NULL, 'acc.kapstyre@gmail.com', NULL, '', NULL, 616.00, 0.00, 0.00, 0.00, 0.00, '3', 'default', NULL, NULL, 616.00, '', 99, 'pending', NULL, '2025-12-09 18:10:22', '2025-12-09 18:12:36');

-- --------------------------------------------------------

--
-- Table structure for table `ec_invoice_items`
--

CREATE TABLE `ec_invoice_items` (
  `id` bigint UNSIGNED NOT NULL,
  `invoice_id` bigint UNSIGNED NOT NULL,
  `reference_type` varchar(191) COLLATE utf8mb4_unicode_ci NOT NULL,
  `reference_id` bigint UNSIGNED NOT NULL,
  `name` varchar(191) COLLATE utf8mb4_unicode_ci NOT NULL,
  `description` varchar(400) COLLATE utf8mb4_unicode_ci DEFAULT NULL,
  `image` varchar(191) COLLATE utf8mb4_unicode_ci DEFAULT NULL,
  `qty` int UNSIGNED NOT NULL,
  `price` decimal(15,2) NOT NULL DEFAULT '0.00',
  `sub_total` decimal(15,2) UNSIGNED NOT NULL,
  `tax_amount` decimal(15,2) UNSIGNED NOT NULL DEFAULT '0.00',
  `discount_amount` decimal(15,2) UNSIGNED NOT NULL DEFAULT '0.00',
  `amount` decimal(15,2) UNSIGNED NOT NULL,
  `options` text COLLATE utf8mb4_unicode_ci,
  `created_at` timestamp NULL DEFAULT NULL,
  `updated_at` timestamp NULL DEFAULT NULL
) ENGINE=InnoDB DEFAULT CHARSET=utf8mb4 COLLATE=utf8mb4_unicode_ci;

--
-- Dumping data for table `ec_invoice_items`
--

INSERT INTO `ec_invoice_items` (`id`, `invoice_id`, `reference_type`, `reference_id`, `name`, `description`, `image`, `qty`, `price`, `sub_total`, `tax_amount`, `discount_amount`, `amount`, `options`, `created_at`, `updated_at`) VALUES
(1, 1, 'Botble\\Ecommerce\\Models\\Product', 821, '1 1 1 1 - Demo Product', NULL, NULL, 1, 5.00, 5.00, 0.50, 0.00, 5.50, '{\"image\":null,\"attributes\":\"(Size: 1, Width: 1, Profile: 1, Diameter: 1, Load Rating: 1, Speed Rating: 1, Pattern: 1, IsWinterTire: Yes, IsAllWeaterTire: Yes, Runflat: Yes, Length: 1, Height: 1)\",\"taxRate\":10,\"taxClasses\":{\"None\":0},\"options\":[],\"extras\":[],\"sku\":\"AG-2443-RSM3J\",\"weight\":null}', '2025-12-01 18:42:16', '2025-12-01 18:42:16'),
(2, 2, 'Botble\\Ecommerce\\Models\\Product', 809, '305/70R16LT 124/121 P WILDWOLF M/T', NULL, 'products/wildwolfmt-225.jpg', 8, 166.00, 1328.00, 0.00, 0.00, 1328.00, '{\"image\":\"products\\/wildwolfmt-225.jpg\",\"attributes\":\"(Size: 305\\/70R16LT, Width: 305, Profile: 70, Diameter: 16, Load Rating: 124\\/121, Speed Rating: P, Pattern: WILDWOLF M\\/T, IsWinterTire: No, IsAllWeaterTire: No)\",\"taxRate\":10,\"taxClasses\":{\"GST\":10},\"options\":[],\"extras\":[],\"sku\":\"ILK3057016WW\",\"weight\":null}', '2025-12-04 20:13:38', '2025-12-04 20:13:38'),
(3, 3, 'Botble\\Ecommerce\\Models\\Product', 309, '185/65R15 88 H L-GRIP55', NULL, 'products/l-grip16-225.png', 5, 38.00, 190.00, 0.00, 0.00, 190.00, '{\"image\":\"products\\/l-grip16-225.png\",\"attributes\":\"(Size: 185\\/65R15, Width: 185, Profile: 65, Diameter: 15, Load Rating: 88, Speed Rating: H, Pattern: L-GRIP55, IsWinterTire: No, IsAllWeaterTire: No)\",\"taxRate\":10,\"taxClasses\":{\"GST\":10},\"options\":[],\"extras\":[],\"sku\":\"1856515LGRIP55\",\"weight\":null}', '2025-12-09 15:17:27', '2025-12-09 15:17:27'),
(4, 3, 'Botble\\Ecommerce\\Models\\Product', 257, '215/55R17 94 H H04L KR26 ZETUM', NULL, NULL, 4, 79.00, 316.00, 0.00, 0.00, 316.00, '{\"image\":null,\"attributes\":\"(Size: 215\\/55R17, Width: 215, Profile: 55, Diameter: 17, Load Rating: 94, Speed Rating: H, Pattern: H04L KR26 ZETUM, IsWinterTire: No, IsAllWeaterTire: No)\",\"taxRate\":10,\"taxClasses\":{\"GST\":10},\"options\":[],\"extras\":[],\"sku\":\"2155517KR26\",\"weight\":null}', '2025-12-09 15:17:27', '2025-12-09 15:17:27'),
(5, 3, 'Botble\\Ecommerce\\Models\\Product', 247, '195/65R15 91 H H04L KR26 ZETUM', NULL, 'products/kr26.jpg', 4, 54.00, 216.00, 0.00, 0.00, 216.00, '{\"image\":\"products\\/kr26.jpg\",\"attributes\":\"(Size: 195\\/65R15, Width: 195, Profile: 65, Diameter: 15, Load Rating: 91, Speed Rating: H, Pattern: H04L KR26 ZETUM, IsWinterTire: No, IsAllWeaterTire: No)\",\"taxRate\":10,\"taxClasses\":{\"GST\":10},\"options\":[],\"extras\":[],\"sku\":\"1956515ZETUM\",\"weight\":null}', '2025-12-09 15:17:27', '2025-12-09 15:17:27'),
(6, 4, 'Botble\\Ecommerce\\Models\\Product', 379, '225/45R17 94 W XL L-ZEAL56', NULL, 'products/l-zeal56-225.jpg', 4, 51.00, 204.00, 0.00, 0.00, 204.00, '{\"image\":\"products\\/l-zeal56-225.jpg\",\"attributes\":\"(Size: 225\\/45R17, Width: 225, Profile: 45, Diameter: 17, Load Rating: 94, Speed Rating: W XL, Pattern: L-ZEAL56, IsWinterTire: No, IsAllWeaterTire: No)\",\"taxRate\":10,\"taxClasses\":{\"GST\":10},\"options\":[],\"extras\":[],\"sku\":\"ILK2254517LZ56\",\"weight\":null}', '2025-12-09 15:22:26', '2025-12-09 15:22:26'),
(14, 8, 'Botble\\Ecommerce\\Models\\Product', 357, '235/55R19 105 V XL L-ZEAL56', NULL, 'products/l-zeal56-225.jpg', 1, 82.00, 82.00, 0.00, 0.00, 82.00, '{\"image\":\"products\\/l-zeal56-225.jpg\",\"attributes\":\"(Size: 235\\/55R19, Width: 235, Profile: 55, Diameter: 19, Load Rating: 105, Speed Rating: V XL, Pattern: L-ZEAL56, IsWinterTire: No, IsAllWeaterTire: No)\",\"taxRate\":10,\"taxClasses\":{\"GST\":10},\"options\":[],\"extras\":[],\"sku\":\"ILK2355519LZ56\",\"weight\":null}', '2025-12-09 16:26:28', '2025-12-09 16:26:28'),
(22, 13, 'Botble\\Ecommerce\\Models\\Product', 595, '235/45R18 98 w SETULA S-RACE RU01', NULL, 'products/ru01.jpg', 4, 54.00, 216.00, 0.00, 0.00, 216.00, '{\"image\":\"products\\/ru01.jpg\",\"attributes\":\"(Size: 235\\/45R18, Width: 235, Profile: 45, Diameter: 18, Load Rating: 98, Speed Rating: W XL, Pattern: SETULA S-RACE RU01, IsWinterTire: No, IsAllWeaterTire: No)\",\"taxRate\":10,\"taxClasses\":{\"GST\":10},\"options\":[],\"extras\":[],\"sku\":\"235451898WRU01\",\"weight\":null}', '2025-12-09 18:00:51', '2025-12-09 18:00:51'),
(23, 14, 'Botble\\Ecommerce\\Models\\Product', 577, '215/65R16 98 H SETULA E-RACE RH05', NULL, NULL, 2, 54.00, 108.00, 0.00, 0.00, 108.00, '{\"image\":null,\"attributes\":\"(Size: 215\\/65R16, Width: 215, Profile: 65, Diameter: 16, Load Rating: 98, Speed Rating: H, Pattern: SETULA E-RACE RH05, IsWinterTire: No, IsAllWeaterTire: No)\",\"taxRate\":10,\"taxClasses\":{\"GST\":10},\"options\":[],\"extras\":[],\"sku\":\"215651698HRH05\",\"weight\":null}', '2025-12-09 18:12:36', '2025-12-09 18:12:36'),
(24, 14, 'Botble\\Ecommerce\\Models\\Product', 617, '225/45R18 95 W XL SETULA S-RACE RU01', NULL, 'products/ru01.jpg', 4, 54.00, 216.00, 0.00, 0.00, 216.00, '{\"image\":\"products\\/ru01.jpg\",\"attributes\":\"(Size: 225\\/45R18, Width: 225, Profile: 45, Diameter: 18, Load Rating: 95, Speed Rating: W XL, Pattern: SETULA S-RACE RU01, IsWinterTire: No, IsAllWeaterTire: No)\",\"taxRate\":10,\"taxClasses\":{\"GST\":10},\"options\":[],\"extras\":[],\"sku\":\"2254518STULASRACE\",\"weight\":null}', '2025-12-09 18:12:36', '2025-12-09 18:12:36'),
(25, 14, 'Botble\\Ecommerce\\Models\\Product', 205, '195/65R15 91 H FASTWAY C2', NULL, 'products/fastwayc2.jpg', 4, 38.00, 152.00, 0.00, 0.00, 152.00, '{\"image\":\"products\\/fastwayc2.jpg\",\"attributes\":\"(Size: 195\\/65R15, Width: 195, Profile: 65, Diameter: 15, Load Rating: 91, Speed Rating: H, Pattern: FASTWAY C2, IsWinterTire: No, IsAllWeaterTire: No)\",\"taxRate\":10,\"taxClasses\":{\"GST\":10},\"options\":[],\"extras\":[],\"sku\":\"1956515FASTWAY\",\"weight\":null}', '2025-12-09 18:12:36', '2025-12-09 18:12:36'),
(26, 14, 'Botble\\Ecommerce\\Models\\Product', 573, '175/70R14 84 T SETULA E-RACE RH05', NULL, 'products/rh05.jpg', 4, 35.00, 140.00, 0.00, 0.00, 140.00, '{\"image\":\"products\\/rh05.jpg\",\"attributes\":\"(Size: 175\\/70R14, Width: 175, Profile: 70, Diameter: 14, Load Rating: 84, Speed Rating: T, Pattern: SETULA E-RACE RH05, IsWinterTire: No, IsAllWeaterTire: No)\",\"taxRate\":10,\"taxClasses\":{\"GST\":10},\"options\":[],\"extras\":[],\"sku\":\"1757014SETULAERACE\",\"weight\":null}', '2025-12-09 18:12:36', '2025-12-09 18:12:36');

-- --------------------------------------------------------

--
-- Table structure for table `ec_note`
--

CREATE TABLE `ec_note` (
  `id` bigint UNSIGNED NOT NULL,
  `notes` varchar(255) COLLATE utf8mb4_unicode_ci DEFAULT NULL,
  `reference_type` varchar(255) COLLATE utf8mb4_unicode_ci DEFAULT NULL,
  `reference_id` int NOT NULL DEFAULT '0',
  `created_by` int DEFAULT NULL,
  `created_ip` varchar(20) COLLATE utf8mb4_unicode_ci DEFAULT NULL,
  `update_by` int DEFAULT NULL,
  `update_ip` varchar(20) COLLATE utf8mb4_unicode_ci DEFAULT NULL,
  `created_at` timestamp NULL DEFAULT NULL,
  `updated_at` timestamp NULL DEFAULT NULL
) ENGINE=InnoDB DEFAULT CHARSET=utf8mb4 COLLATE=utf8mb4_unicode_ci;

-- --------------------------------------------------------

--
-- Table structure for table `ec_opening_stock`
--

CREATE TABLE `ec_opening_stock` (
  `id` bigint UNSIGNED NOT NULL,
  `opening_stock_no` varchar(191) COLLATE utf8mb4_unicode_ci DEFAULT NULL,
  `date` date DEFAULT NULL,
  `total_item` int DEFAULT NULL,
  `total_quantity` int DEFAULT NULL,
  `total_price` int DEFAULT NULL,
  `remark` text COLLATE utf8mb4_unicode_ci,
  `created_by` bigint UNSIGNED DEFAULT NULL,
  `created_ip` varchar(45) COLLATE utf8mb4_unicode_ci DEFAULT NULL,
  `updated_by` bigint UNSIGNED DEFAULT NULL,
  `updated_ip` varchar(45) COLLATE utf8mb4_unicode_ci DEFAULT NULL,
  `created_at` timestamp NULL DEFAULT NULL,
  `updated_at` timestamp NULL DEFAULT NULL
) ENGINE=InnoDB DEFAULT CHARSET=utf8mb4 COLLATE=utf8mb4_unicode_ci;

--
-- Dumping data for table `ec_opening_stock`
--

INSERT INTO `ec_opening_stock` (`id`, `opening_stock_no`, `date`, `total_item`, `total_quantity`, `total_price`, `remark`, `created_by`, `created_ip`, `updated_by`, `updated_ip`, `created_at`, `updated_at`) VALUES
(1, 'OS-0001/2025-26', '2025-12-01', 410, 7594, 835186, 'Opening stock import via excel', 1, '103.68.95.166', NULL, NULL, '2025-12-01 17:00:15', '2025-12-01 17:00:17'),
(2, 'OS-0002/2025-26', '2025-12-01', 1, 41, 41, 'Testing', 1, '103.68.95.166', NULL, NULL, '2025-12-01 17:36:54', '2025-12-01 17:36:54');

-- --------------------------------------------------------

--
-- Table structure for table `ec_opening_stock_details`
--

CREATE TABLE `ec_opening_stock_details` (
  `id` bigint UNSIGNED NOT NULL,
  `opening_stock_id` bigint UNSIGNED DEFAULT NULL,
  `product_id` bigint UNSIGNED DEFAULT NULL,
  `qty` decimal(12,2) DEFAULT NULL,
  `price` decimal(30,2) DEFAULT NULL,
  `amount` decimal(30,2) DEFAULT NULL,
  `remark` text COLLATE utf8mb4_unicode_ci,
  `created_by` bigint UNSIGNED DEFAULT NULL,
  `created_ip` varchar(45) COLLATE utf8mb4_unicode_ci DEFAULT NULL,
  `updated_by` bigint UNSIGNED DEFAULT NULL,
  `updated_ip` varchar(45) COLLATE utf8mb4_unicode_ci DEFAULT NULL,
  `created_at` timestamp NULL DEFAULT NULL,
  `updated_at` timestamp NULL DEFAULT NULL
) ENGINE=InnoDB DEFAULT CHARSET=utf8mb4 COLLATE=utf8mb4_unicode_ci;

--
-- Dumping data for table `ec_opening_stock_details`
--

INSERT INTO `ec_opening_stock_details` (`id`, `opening_stock_id`, `product_id`, `qty`, `price`, `amount`, `remark`, `created_by`, `created_ip`, `updated_by`, `updated_ip`, `created_at`, `updated_at`) VALUES
(1, 1, 1, 40.00, 214.00, 8560.00, NULL, 1, '103.68.95.166', NULL, NULL, '2025-12-01 17:00:15', '2025-12-01 17:00:15'),
(2, 1, 3, 38.00, 190.00, 7220.00, NULL, 1, '103.68.95.166', NULL, NULL, '2025-12-01 17:00:15', '2025-12-01 17:00:15'),
(3, 1, 5, 19.00, 160.00, 3040.00, NULL, 1, '103.68.95.166', NULL, NULL, '2025-12-01 17:00:15', '2025-12-01 17:00:15'),
(4, 1, 7, 3.00, 175.00, 525.00, NULL, 1, '103.68.95.166', NULL, NULL, '2025-12-01 17:00:15', '2025-12-01 17:00:15'),
(5, 1, 9, 80.00, 249.00, 19920.00, NULL, 1, '103.68.95.166', NULL, NULL, '2025-12-01 17:00:15', '2025-12-01 17:00:15'),
(6, 1, 11, 147.00, 238.00, 34986.00, NULL, 1, '103.68.95.166', NULL, NULL, '2025-12-01 17:00:15', '2025-12-01 17:00:15'),
(7, 1, 13, 7.00, 165.00, 1155.00, NULL, 1, '103.68.95.166', NULL, NULL, '2025-12-01 17:00:15', '2025-12-01 17:00:15'),
(8, 1, 15, 11.00, 110.00, 1210.00, NULL, 1, '103.68.95.166', NULL, NULL, '2025-12-01 17:00:15', '2025-12-01 17:00:15'),
(9, 1, 17, 4.00, 155.00, 620.00, NULL, 1, '103.68.95.166', NULL, NULL, '2025-12-01 17:00:15', '2025-12-01 17:00:15'),
(10, 1, 19, 2.00, 90.00, 180.00, NULL, 1, '103.68.95.166', NULL, NULL, '2025-12-01 17:00:15', '2025-12-01 17:00:15'),
(11, 1, 21, 1.00, 125.00, 125.00, NULL, 1, '103.68.95.166', NULL, NULL, '2025-12-01 17:00:15', '2025-12-01 17:00:15'),
(12, 1, 23, 1.00, 120.00, 120.00, NULL, 1, '103.68.95.166', NULL, NULL, '2025-12-01 17:00:15', '2025-12-01 17:00:15'),
(13, 1, 25, 95.00, 60.00, 5700.00, NULL, 1, '103.68.95.166', NULL, NULL, '2025-12-01 17:00:15', '2025-12-01 17:00:15'),
(14, 1, 27, 8.00, 95.00, 760.00, NULL, 1, '103.68.95.166', NULL, NULL, '2025-12-01 17:00:15', '2025-12-01 17:00:15'),
(15, 1, 29, 8.00, 130.00, 1040.00, NULL, 1, '103.68.95.166', NULL, NULL, '2025-12-01 17:00:15', '2025-12-01 17:00:15'),
(16, 1, 31, 30.00, 200.00, 6000.00, NULL, 1, '103.68.95.166', NULL, NULL, '2025-12-01 17:00:15', '2025-12-01 17:00:15'),
(17, 1, 33, 25.00, 195.00, 4875.00, NULL, 1, '103.68.95.166', NULL, NULL, '2025-12-01 17:00:15', '2025-12-01 17:00:15'),
(18, 1, 35, 24.00, 195.00, 4680.00, NULL, 1, '103.68.95.166', NULL, NULL, '2025-12-01 17:00:15', '2025-12-01 17:00:15'),
(19, 1, 37, 23.00, 220.00, 5060.00, NULL, 1, '103.68.95.166', NULL, NULL, '2025-12-01 17:00:15', '2025-12-01 17:00:15'),
(20, 1, 39, 20.00, 185.00, 3700.00, NULL, 1, '103.68.95.166', NULL, NULL, '2025-12-01 17:00:15', '2025-12-01 17:00:15'),
(21, 1, 41, 16.00, 190.00, 3040.00, NULL, 1, '103.68.95.166', NULL, NULL, '2025-12-01 17:00:15', '2025-12-01 17:00:15'),
(22, 1, 43, 12.00, 175.00, 2100.00, NULL, 1, '103.68.95.166', NULL, NULL, '2025-12-01 17:00:15', '2025-12-01 17:00:15'),
(23, 1, 45, 11.00, 190.00, 2090.00, NULL, 1, '103.68.95.166', NULL, NULL, '2025-12-01 17:00:15', '2025-12-01 17:00:15'),
(24, 1, 47, 9.00, 160.00, 1440.00, NULL, 1, '103.68.95.166', NULL, NULL, '2025-12-01 17:00:15', '2025-12-01 17:00:15'),
(25, 1, 49, 8.00, 220.00, 1760.00, NULL, 1, '103.68.95.166', NULL, NULL, '2025-12-01 17:00:15', '2025-12-01 17:00:15'),
(26, 1, 51, 6.00, 180.00, 1080.00, NULL, 1, '103.68.95.166', NULL, NULL, '2025-12-01 17:00:15', '2025-12-01 17:00:15'),
(27, 1, 53, 4.00, 230.00, 920.00, NULL, 1, '103.68.95.166', NULL, NULL, '2025-12-01 17:00:15', '2025-12-01 17:00:15'),
(28, 1, 55, 1.00, 150.00, 150.00, NULL, 1, '103.68.95.166', NULL, NULL, '2025-12-01 17:00:15', '2025-12-01 17:00:15'),
(29, 1, 57, 1.00, 175.00, 175.00, NULL, 1, '103.68.95.166', NULL, NULL, '2025-12-01 17:00:15', '2025-12-01 17:00:15'),
(30, 1, 59, 72.00, 185.00, 13320.00, NULL, 1, '103.68.95.166', NULL, NULL, '2025-12-01 17:00:15', '2025-12-01 17:00:15'),
(31, 1, 61, 71.00, 185.00, 13135.00, NULL, 1, '103.68.95.166', NULL, NULL, '2025-12-01 17:00:15', '2025-12-01 17:00:15'),
(32, 1, 63, 70.00, 175.00, 12250.00, NULL, 1, '103.68.95.166', NULL, NULL, '2025-12-01 17:00:15', '2025-12-01 17:00:15'),
(33, 1, 65, 61.00, 185.00, 11285.00, NULL, 1, '103.68.95.166', NULL, NULL, '2025-12-01 17:00:15', '2025-12-01 17:00:15'),
(34, 1, 67, 30.00, 190.00, 5700.00, NULL, 1, '103.68.95.166', NULL, NULL, '2025-12-01 17:00:15', '2025-12-01 17:00:15'),
(35, 1, 69, 14.00, 160.00, 2240.00, NULL, 1, '103.68.95.166', NULL, NULL, '2025-12-01 17:00:15', '2025-12-01 17:00:15'),
(36, 1, 71, 39.00, 90.00, 3510.00, NULL, 1, '103.68.95.166', NULL, NULL, '2025-12-01 17:00:15', '2025-12-01 17:00:15'),
(37, 1, 73, 20.00, 80.00, 1600.00, NULL, 1, '103.68.95.166', NULL, NULL, '2025-12-01 17:00:15', '2025-12-01 17:00:15'),
(38, 1, 75, 17.00, 70.00, 1190.00, NULL, 1, '103.68.95.166', NULL, NULL, '2025-12-01 17:00:15', '2025-12-01 17:00:15'),
(39, 1, 77, 21.00, 65.00, 1365.00, NULL, 1, '103.68.95.166', NULL, NULL, '2025-12-01 17:00:15', '2025-12-01 17:00:15'),
(40, 1, 79, 4.00, 195.00, 780.00, NULL, 1, '103.68.95.166', NULL, NULL, '2025-12-01 17:00:15', '2025-12-01 17:00:15'),
(41, 1, 81, 4.00, 210.00, 840.00, NULL, 1, '103.68.95.166', NULL, NULL, '2025-12-01 17:00:15', '2025-12-01 17:00:15'),
(42, 1, 83, 3.00, 160.00, 480.00, NULL, 1, '103.68.95.166', NULL, NULL, '2025-12-01 17:00:15', '2025-12-01 17:00:15'),
(43, 1, 85, 16.00, 265.00, 4240.00, NULL, 1, '103.68.95.166', NULL, NULL, '2025-12-01 17:00:15', '2025-12-01 17:00:15'),
(44, 1, 87, 9.00, 230.00, 2070.00, NULL, 1, '103.68.95.166', NULL, NULL, '2025-12-01 17:00:15', '2025-12-01 17:00:15'),
(45, 1, 89, 8.00, 350.00, 2800.00, NULL, 1, '103.68.95.166', NULL, NULL, '2025-12-01 17:00:15', '2025-12-01 17:00:15'),
(46, 1, 91, 8.00, 185.00, 1480.00, NULL, 1, '103.68.95.166', NULL, NULL, '2025-12-01 17:00:15', '2025-12-01 17:00:15'),
(47, 1, 93, 5.00, 195.00, 975.00, NULL, 1, '103.68.95.166', NULL, NULL, '2025-12-01 17:00:15', '2025-12-01 17:00:15'),
(48, 1, 95, 4.00, 190.00, 760.00, NULL, 1, '103.68.95.166', NULL, NULL, '2025-12-01 17:00:15', '2025-12-01 17:00:15'),
(49, 1, 97, 4.00, 245.00, 980.00, NULL, 1, '103.68.95.166', NULL, NULL, '2025-12-01 17:00:15', '2025-12-01 17:00:15'),
(50, 1, 99, 6.00, 120.00, 720.00, NULL, 1, '103.68.95.166', NULL, NULL, '2025-12-01 17:00:15', '2025-12-01 17:00:15'),
(51, 1, 101, 6.00, 130.00, 780.00, NULL, 1, '103.68.95.166', NULL, NULL, '2025-12-01 17:00:15', '2025-12-01 17:00:15'),
(52, 1, 103, 46.00, 215.00, 9890.00, NULL, 1, '103.68.95.166', NULL, NULL, '2025-12-01 17:00:15', '2025-12-01 17:00:15'),
(53, 1, 105, 28.00, 200.00, 5600.00, NULL, 1, '103.68.95.166', NULL, NULL, '2025-12-01 17:00:15', '2025-12-01 17:00:15'),
(54, 1, 107, 19.00, 275.00, 5225.00, NULL, 1, '103.68.95.166', NULL, NULL, '2025-12-01 17:00:15', '2025-12-01 17:00:15'),
(55, 1, 109, 14.00, 275.00, 3850.00, NULL, 1, '103.68.95.166', NULL, NULL, '2025-12-01 17:00:15', '2025-12-01 17:00:15'),
(56, 1, 111, 8.00, 190.00, 1520.00, NULL, 1, '103.68.95.166', NULL, NULL, '2025-12-01 17:00:15', '2025-12-01 17:00:15'),
(57, 1, 113, 4.00, 220.00, 880.00, NULL, 1, '103.68.95.166', NULL, NULL, '2025-12-01 17:00:15', '2025-12-01 17:00:15'),
(58, 1, 115, 4.00, 290.00, 1160.00, NULL, 1, '103.68.95.166', NULL, NULL, '2025-12-01 17:00:15', '2025-12-01 17:00:15'),
(59, 1, 117, 4.00, 160.00, 640.00, NULL, 1, '103.68.95.166', NULL, NULL, '2025-12-01 17:00:15', '2025-12-01 17:00:15'),
(60, 1, 119, 36.00, 140.00, 5040.00, NULL, 1, '103.68.95.166', NULL, NULL, '2025-12-01 17:00:15', '2025-12-01 17:00:15'),
(61, 1, 121, 2.00, 250.00, 500.00, NULL, 1, '103.68.95.166', NULL, NULL, '2025-12-01 17:00:15', '2025-12-01 17:00:15'),
(62, 1, 123, 36.00, 80.00, 2880.00, NULL, 1, '103.68.95.166', NULL, NULL, '2025-12-01 17:00:15', '2025-12-01 17:00:15'),
(63, 1, 125, 45.00, 80.00, 3600.00, NULL, 1, '103.68.95.166', NULL, NULL, '2025-12-01 17:00:15', '2025-12-01 17:00:15'),
(64, 1, 127, 18.00, 50.00, 900.00, NULL, 1, '103.68.95.166', NULL, NULL, '2025-12-01 17:00:15', '2025-12-01 17:00:15'),
(65, 1, 129, 3.00, 70.00, 210.00, NULL, 1, '103.68.95.166', NULL, NULL, '2025-12-01 17:00:15', '2025-12-01 17:00:15'),
(66, 1, 131, 14.00, 60.00, 840.00, NULL, 1, '103.68.95.166', NULL, NULL, '2025-12-01 17:00:15', '2025-12-01 17:00:15'),
(67, 1, 133, 228.00, 115.00, 26220.00, NULL, 1, '103.68.95.166', NULL, NULL, '2025-12-01 17:00:15', '2025-12-01 17:00:15'),
(68, 1, 135, 74.00, 60.00, 4440.00, NULL, 1, '103.68.95.166', NULL, NULL, '2025-12-01 17:00:15', '2025-12-01 17:00:15'),
(69, 1, 137, 16.00, 55.00, 880.00, NULL, 1, '103.68.95.166', NULL, NULL, '2025-12-01 17:00:15', '2025-12-01 17:00:15'),
(70, 1, 139, 34.00, 80.00, 2720.00, NULL, 1, '103.68.95.166', NULL, NULL, '2025-12-01 17:00:15', '2025-12-01 17:00:15'),
(71, 1, 141, 2.00, 85.00, 170.00, NULL, 1, '103.68.95.166', NULL, NULL, '2025-12-01 17:00:15', '2025-12-01 17:00:15'),
(72, 1, 143, 32.00, 85.00, 2720.00, NULL, 1, '103.68.95.166', NULL, NULL, '2025-12-01 17:00:15', '2025-12-01 17:00:15'),
(73, 1, 145, 16.00, 105.00, 1680.00, NULL, 1, '103.68.95.166', NULL, NULL, '2025-12-01 17:00:15', '2025-12-01 17:00:15'),
(74, 1, 147, 14.00, 85.00, 1190.00, NULL, 1, '103.68.95.166', NULL, NULL, '2025-12-01 17:00:15', '2025-12-01 17:00:15'),
(75, 1, 149, 8.00, 70.00, 560.00, NULL, 1, '103.68.95.166', NULL, NULL, '2025-12-01 17:00:15', '2025-12-01 17:00:15'),
(76, 1, 151, 5.00, 100.00, 500.00, NULL, 1, '103.68.95.166', NULL, NULL, '2025-12-01 17:00:15', '2025-12-01 17:00:15'),
(77, 1, 153, 4.00, 90.00, 360.00, NULL, 1, '103.68.95.166', NULL, NULL, '2025-12-01 17:00:15', '2025-12-01 17:00:15'),
(78, 1, 155, 2.00, 70.00, 140.00, NULL, 1, '103.68.95.166', NULL, NULL, '2025-12-01 17:00:15', '2025-12-01 17:00:15'),
(79, 1, 157, 2.00, 85.00, 170.00, NULL, 1, '103.68.95.166', NULL, NULL, '2025-12-01 17:00:15', '2025-12-01 17:00:15'),
(80, 1, 159, 79.00, 80.00, 6320.00, NULL, 1, '103.68.95.166', NULL, NULL, '2025-12-01 17:00:15', '2025-12-01 17:00:15'),
(81, 1, 161, 27.00, 135.00, 3645.00, NULL, 1, '103.68.95.166', NULL, NULL, '2025-12-01 17:00:15', '2025-12-01 17:00:15'),
(82, 1, 163, 2.00, 160.00, 320.00, NULL, 1, '103.68.95.166', NULL, NULL, '2025-12-01 17:00:15', '2025-12-01 17:00:15'),
(83, 1, 165, 2.00, 210.00, 420.00, NULL, 1, '103.68.95.166', NULL, NULL, '2025-12-01 17:00:15', '2025-12-01 17:00:15'),
(84, 1, 167, 7.00, 250.00, 1750.00, NULL, 1, '103.68.95.166', NULL, NULL, '2025-12-01 17:00:15', '2025-12-01 17:00:15'),
(85, 1, 169, 78.00, 80.00, 6240.00, NULL, 1, '103.68.95.166', NULL, NULL, '2025-12-01 17:00:15', '2025-12-01 17:00:15'),
(86, 1, 171, 76.00, 70.00, 5320.00, NULL, 1, '103.68.95.166', NULL, NULL, '2025-12-01 17:00:15', '2025-12-01 17:00:15'),
(87, 1, 173, 47.00, 75.00, 3525.00, NULL, 1, '103.68.95.166', NULL, NULL, '2025-12-01 17:00:15', '2025-12-01 17:00:15'),
(88, 1, 175, 45.00, 85.00, 3825.00, NULL, 1, '103.68.95.166', NULL, NULL, '2025-12-01 17:00:15', '2025-12-01 17:00:15'),
(89, 1, 177, 34.00, 95.00, 3230.00, NULL, 1, '103.68.95.166', NULL, NULL, '2025-12-01 17:00:15', '2025-12-01 17:00:15'),
(90, 1, 179, 7.00, 105.00, 735.00, NULL, 1, '103.68.95.166', NULL, NULL, '2025-12-01 17:00:15', '2025-12-01 17:00:15'),
(91, 1, 181, 6.00, 110.00, 660.00, NULL, 1, '103.68.95.166', NULL, NULL, '2025-12-01 17:00:15', '2025-12-01 17:00:15'),
(92, 1, 183, 6.00, 90.00, 540.00, NULL, 1, '103.68.95.166', NULL, NULL, '2025-12-01 17:00:15', '2025-12-01 17:00:15'),
(93, 1, 185, 2.00, 85.00, 170.00, NULL, 1, '103.68.95.166', NULL, NULL, '2025-12-01 17:00:15', '2025-12-01 17:00:15'),
(94, 1, 187, 1.00, 95.00, 95.00, NULL, 1, '103.68.95.166', NULL, NULL, '2025-12-01 17:00:15', '2025-12-01 17:00:15'),
(95, 1, 189, 1.00, 90.00, 90.00, NULL, 1, '103.68.95.166', NULL, NULL, '2025-12-01 17:00:15', '2025-12-01 17:00:15'),
(96, 1, 191, 4.00, 115.00, 460.00, NULL, 1, '103.68.95.166', NULL, NULL, '2025-12-01 17:00:15', '2025-12-01 17:00:15'),
(97, 1, 193, 82.00, 50.00, 4100.00, NULL, 1, '103.68.95.166', NULL, NULL, '2025-12-01 17:00:15', '2025-12-01 17:00:15'),
(98, 1, 195, 32.00, 50.00, 1600.00, NULL, 1, '103.68.95.166', NULL, NULL, '2025-12-01 17:00:15', '2025-12-01 17:00:15'),
(99, 1, 197, 26.00, 45.00, 1170.00, NULL, 1, '103.68.95.166', NULL, NULL, '2025-12-01 17:00:15', '2025-12-01 17:00:15'),
(100, 1, 199, 21.00, 45.00, 945.00, NULL, 1, '103.68.95.166', NULL, NULL, '2025-12-01 17:00:15', '2025-12-01 17:00:15'),
(101, 1, 201, 18.00, 50.00, 900.00, NULL, 1, '103.68.95.166', NULL, NULL, '2025-12-01 17:00:15', '2025-12-01 17:00:15'),
(102, 1, 203, 6.00, 50.00, 300.00, NULL, 1, '103.68.95.166', NULL, NULL, '2025-12-01 17:00:15', '2025-12-01 17:00:15'),
(103, 1, 205, 376.00, 50.00, 18800.00, NULL, 1, '103.68.95.166', NULL, NULL, '2025-12-01 17:00:15', '2025-12-01 17:00:15'),
(104, 1, 207, 84.00, 55.00, 4620.00, NULL, 1, '103.68.95.166', NULL, NULL, '2025-12-01 17:00:15', '2025-12-01 17:00:15'),
(105, 1, 209, 20.00, 60.00, 1200.00, NULL, 1, '103.68.95.166', NULL, NULL, '2025-12-01 17:00:15', '2025-12-01 17:00:15'),
(106, 1, 211, 14.00, 50.00, 700.00, NULL, 1, '103.68.95.166', NULL, NULL, '2025-12-01 17:00:15', '2025-12-01 17:00:15'),
(107, 1, 213, 1.00, 65.00, 65.00, NULL, 1, '103.68.95.166', NULL, NULL, '2025-12-01 17:00:15', '2025-12-01 17:00:15'),
(108, 1, 215, 1.00, 50.00, 50.00, NULL, 1, '103.68.95.166', NULL, NULL, '2025-12-01 17:00:15', '2025-12-01 17:00:15'),
(109, 1, 217, 38.00, 50.00, 1900.00, NULL, 1, '103.68.95.166', NULL, NULL, '2025-12-01 17:00:15', '2025-12-01 17:00:15'),
(110, 1, 219, 23.00, 50.00, 1150.00, NULL, 1, '103.68.95.166', NULL, NULL, '2025-12-01 17:00:15', '2025-12-01 17:00:15'),
(111, 1, 221, 40.00, 120.00, 4800.00, NULL, 1, '103.68.95.166', NULL, NULL, '2025-12-01 17:00:15', '2025-12-01 17:00:15'),
(112, 1, 223, 36.00, 155.00, 5580.00, NULL, 1, '103.68.95.166', NULL, NULL, '2025-12-01 17:00:15', '2025-12-01 17:00:15'),
(113, 1, 225, 36.00, 130.00, 4680.00, NULL, 1, '103.68.95.166', NULL, NULL, '2025-12-01 17:00:15', '2025-12-01 17:00:15'),
(114, 1, 227, 27.00, 120.00, 3240.00, NULL, 1, '103.68.95.166', NULL, NULL, '2025-12-01 17:00:15', '2025-12-01 17:00:15'),
(115, 1, 229, 24.00, 125.00, 3000.00, NULL, 1, '103.68.95.166', NULL, NULL, '2025-12-01 17:00:15', '2025-12-01 17:00:15'),
(116, 1, 231, 22.00, 105.00, 2310.00, NULL, 1, '103.68.95.166', NULL, NULL, '2025-12-01 17:00:15', '2025-12-01 17:00:15'),
(117, 1, 233, 59.00, 170.00, 10030.00, NULL, 1, '103.68.95.166', NULL, NULL, '2025-12-01 17:00:15', '2025-12-01 17:00:15'),
(118, 1, 235, 50.00, 175.00, 8750.00, NULL, 1, '103.68.95.166', NULL, NULL, '2025-12-01 17:00:15', '2025-12-01 17:00:15'),
(119, 1, 237, 31.00, 135.00, 4185.00, NULL, 1, '103.68.95.166', NULL, NULL, '2025-12-01 17:00:15', '2025-12-01 17:00:15'),
(120, 1, 239, 15.00, 330.00, 4950.00, NULL, 1, '103.68.95.166', NULL, NULL, '2025-12-01 17:00:15', '2025-12-01 17:00:15'),
(121, 1, 241, 62.00, 159.00, 9858.00, NULL, 1, '103.68.95.166', NULL, NULL, '2025-12-01 17:00:15', '2025-12-01 17:00:15'),
(122, 1, 243, 1.00, 100.00, 100.00, NULL, 1, '103.68.95.166', NULL, NULL, '2025-12-01 17:00:15', '2025-12-01 17:00:15'),
(123, 1, 245, 1.00, 250.00, 250.00, NULL, 1, '103.68.95.166', NULL, NULL, '2025-12-01 17:00:15', '2025-12-01 17:00:15'),
(124, 1, 247, 68.00, 65.00, 4420.00, NULL, 1, '103.68.95.166', NULL, NULL, '2025-12-01 17:00:15', '2025-12-01 17:00:15'),
(125, 1, 249, 41.00, 70.00, 2870.00, NULL, 1, '103.68.95.166', NULL, NULL, '2025-12-01 17:00:15', '2025-12-01 17:00:15'),
(126, 1, 251, 33.00, 75.00, 2475.00, NULL, 1, '103.68.95.166', NULL, NULL, '2025-12-01 17:00:15', '2025-12-01 17:00:15'),
(127, 1, 253, 16.00, 80.00, 1280.00, NULL, 1, '103.68.95.166', NULL, NULL, '2025-12-01 17:00:15', '2025-12-01 17:00:15'),
(128, 1, 255, 11.00, 60.00, 660.00, NULL, 1, '103.68.95.166', NULL, NULL, '2025-12-01 17:00:15', '2025-12-01 17:00:15'),
(129, 1, 257, 5.00, 90.00, 450.00, NULL, 1, '103.68.95.166', NULL, NULL, '2025-12-01 17:00:15', '2025-12-01 17:00:15'),
(130, 1, 259, 6.00, 160.00, 960.00, NULL, 1, '103.68.95.166', NULL, NULL, '2025-12-01 17:00:15', '2025-12-01 17:00:15'),
(131, 1, 261, 3.00, 165.00, 495.00, NULL, 1, '103.68.95.166', NULL, NULL, '2025-12-01 17:00:15', '2025-12-01 17:00:15'),
(132, 1, 263, 4.00, 180.00, 720.00, NULL, 1, '103.68.95.166', NULL, NULL, '2025-12-01 17:00:15', '2025-12-01 17:00:15'),
(133, 1, 265, 3.00, 190.00, 570.00, NULL, 1, '103.68.95.166', NULL, NULL, '2025-12-01 17:00:15', '2025-12-01 17:00:15'),
(134, 1, 267, 2.00, 160.00, 320.00, NULL, 1, '103.68.95.166', NULL, NULL, '2025-12-01 17:00:15', '2025-12-01 17:00:15'),
(135, 1, 269, 1.00, 145.00, 145.00, NULL, 1, '103.68.95.166', NULL, NULL, '2025-12-01 17:00:15', '2025-12-01 17:00:15'),
(136, 1, 271, 2.00, 180.00, 360.00, NULL, 1, '103.68.95.166', NULL, NULL, '2025-12-01 17:00:15', '2025-12-01 17:00:15'),
(137, 1, 273, 28.00, 60.00, 1680.00, NULL, 1, '103.68.95.166', NULL, NULL, '2025-12-01 17:00:15', '2025-12-01 17:00:15'),
(138, 1, 275, 29.00, 70.00, 2030.00, NULL, 1, '103.68.95.166', NULL, NULL, '2025-12-01 17:00:15', '2025-12-01 17:00:15'),
(139, 1, 277, 1.00, 75.00, 75.00, NULL, 1, '103.68.95.166', NULL, NULL, '2025-12-01 17:00:15', '2025-12-01 17:00:15'),
(140, 1, 279, 12.00, 50.00, 600.00, NULL, 1, '103.68.95.166', NULL, NULL, '2025-12-01 17:00:15', '2025-12-01 17:00:15'),
(141, 1, 281, 10.00, 90.00, 900.00, NULL, 1, '103.68.95.166', NULL, NULL, '2025-12-01 17:00:16', '2025-12-01 17:00:16'),
(142, 1, 283, 8.00, 60.00, 480.00, NULL, 1, '103.68.95.166', NULL, NULL, '2025-12-01 17:00:16', '2025-12-01 17:00:16'),
(143, 1, 285, 6.00, 80.00, 480.00, NULL, 1, '103.68.95.166', NULL, NULL, '2025-12-01 17:00:16', '2025-12-01 17:00:16'),
(144, 1, 287, 31.00, 80.00, 2480.00, NULL, 1, '103.68.95.166', NULL, NULL, '2025-12-01 17:00:16', '2025-12-01 17:00:16'),
(145, 1, 289, 16.00, 115.00, 1840.00, NULL, 1, '103.68.95.166', NULL, NULL, '2025-12-01 17:00:16', '2025-12-01 17:00:16'),
(146, 1, 291, 6.00, 75.00, 450.00, NULL, 1, '103.68.95.166', NULL, NULL, '2025-12-01 17:00:16', '2025-12-01 17:00:16'),
(147, 1, 293, 2.00, 85.00, 170.00, NULL, 1, '103.68.95.166', NULL, NULL, '2025-12-01 17:00:16', '2025-12-01 17:00:16'),
(148, 1, 295, 50.00, 65.00, 3250.00, NULL, 1, '103.68.95.166', NULL, NULL, '2025-12-01 17:00:16', '2025-12-01 17:00:16'),
(149, 1, 297, 3.00, 75.00, 225.00, NULL, 1, '103.68.95.166', NULL, NULL, '2025-12-01 17:00:16', '2025-12-01 17:00:16'),
(150, 1, 299, 1.00, 60.00, 60.00, NULL, 1, '103.68.95.166', NULL, NULL, '2025-12-01 17:00:16', '2025-12-01 17:00:16'),
(151, 1, 301, 60.00, 51.00, 3060.00, NULL, 1, '103.68.95.166', NULL, NULL, '2025-12-01 17:00:16', '2025-12-01 17:00:16'),
(152, 1, 303, 60.00, 57.00, 3420.00, NULL, 1, '103.68.95.166', NULL, NULL, '2025-12-01 17:00:16', '2025-12-01 17:00:16'),
(153, 1, 305, 50.00, 52.00, 2600.00, NULL, 1, '103.68.95.166', NULL, NULL, '2025-12-01 17:00:16', '2025-12-01 17:00:16'),
(154, 1, 307, 26.00, 56.00, 1456.00, NULL, 1, '103.68.95.166', NULL, NULL, '2025-12-01 17:00:16', '2025-12-01 17:00:16'),
(155, 1, 309, 20.00, 51.00, 1020.00, NULL, 1, '103.68.95.166', NULL, NULL, '2025-12-01 17:00:16', '2025-12-01 17:00:16'),
(156, 1, 311, 3.00, 55.00, 165.00, NULL, 1, '103.68.95.166', NULL, NULL, '2025-12-01 17:00:16', '2025-12-01 17:00:16'),
(157, 1, 313, 1.00, 45.00, 45.00, NULL, 1, '103.68.95.166', NULL, NULL, '2025-12-01 17:00:16', '2025-12-01 17:00:16'),
(158, 1, 315, 1.00, 50.00, 50.00, NULL, 1, '103.68.95.166', NULL, NULL, '2025-12-01 17:00:16', '2025-12-01 17:00:16'),
(159, 1, 317, 1.00, 45.00, 45.00, NULL, 1, '103.68.95.166', NULL, NULL, '2025-12-01 17:00:16', '2025-12-01 17:00:16'),
(160, 1, 319, 26.00, 64.00, 1664.00, NULL, 1, '103.68.95.166', NULL, NULL, '2025-12-01 17:00:16', '2025-12-01 17:00:16'),
(161, 1, 321, 13.00, 55.00, 715.00, NULL, 1, '103.68.95.166', NULL, NULL, '2025-12-01 17:00:16', '2025-12-01 17:00:16'),
(162, 1, 323, 11.00, 60.00, 660.00, NULL, 1, '103.68.95.166', NULL, NULL, '2025-12-01 17:00:16', '2025-12-01 17:00:16'),
(163, 1, 325, 3.00, 70.00, 210.00, NULL, 1, '103.68.95.166', NULL, NULL, '2025-12-01 17:00:16', '2025-12-01 17:00:16'),
(164, 1, 327, 2.00, 65.00, 130.00, NULL, 1, '103.68.95.166', NULL, NULL, '2025-12-01 17:00:16', '2025-12-01 17:00:16'),
(165, 1, 329, 2.00, 50.00, 100.00, NULL, 1, '103.68.95.166', NULL, NULL, '2025-12-01 17:00:16', '2025-12-01 17:00:16'),
(166, 1, 331, 1.00, 60.00, 60.00, NULL, 1, '103.68.95.166', NULL, NULL, '2025-12-01 17:00:16', '2025-12-01 17:00:16'),
(167, 1, 333, 1.00, 70.00, 70.00, NULL, 1, '103.68.95.166', NULL, NULL, '2025-12-01 17:00:16', '2025-12-01 17:00:16'),
(168, 1, 335, 30.00, 81.00, 2430.00, NULL, 1, '103.68.95.166', NULL, NULL, '2025-12-01 17:00:16', '2025-12-01 17:00:16'),
(169, 1, 337, 8.00, 60.00, 480.00, NULL, 1, '103.68.95.166', NULL, NULL, '2025-12-01 17:00:16', '2025-12-01 17:00:16'),
(170, 1, 339, 8.00, 60.00, 480.00, NULL, 1, '103.68.95.166', NULL, NULL, '2025-12-01 17:00:16', '2025-12-01 17:00:16'),
(171, 1, 341, 6.00, 55.00, 330.00, NULL, 1, '103.68.95.166', NULL, NULL, '2025-12-01 17:00:16', '2025-12-01 17:00:16'),
(172, 1, 343, 6.00, 55.00, 330.00, NULL, 1, '103.68.95.166', NULL, NULL, '2025-12-01 17:00:16', '2025-12-01 17:00:16'),
(173, 1, 345, 4.00, 65.00, 260.00, NULL, 1, '103.68.95.166', NULL, NULL, '2025-12-01 17:00:16', '2025-12-01 17:00:16'),
(174, 1, 347, 1.00, 60.00, 60.00, NULL, 1, '103.68.95.166', NULL, NULL, '2025-12-01 17:00:16', '2025-12-01 17:00:16'),
(175, 1, 349, 1.00, 55.00, 55.00, NULL, 1, '103.68.95.166', NULL, NULL, '2025-12-01 17:00:16', '2025-12-01 17:00:16'),
(176, 1, 351, 19.00, 55.00, 1045.00, NULL, 1, '103.68.95.166', NULL, NULL, '2025-12-01 17:00:16', '2025-12-01 17:00:16'),
(177, 1, 353, 10.00, 75.00, 750.00, NULL, 1, '103.68.95.166', NULL, NULL, '2025-12-01 17:00:16', '2025-12-01 17:00:16'),
(178, 1, 355, 74.00, 73.00, 5402.00, NULL, 1, '103.68.95.166', NULL, NULL, '2025-12-01 17:00:16', '2025-12-01 17:00:16'),
(179, 1, 357, 71.00, 99.00, 7029.00, NULL, 1, '103.68.95.166', NULL, NULL, '2025-12-01 17:00:16', '2025-12-01 17:00:16'),
(180, 1, 359, 70.00, 79.00, 5530.00, NULL, 1, '103.68.95.166', NULL, NULL, '2025-12-01 17:00:16', '2025-12-01 17:00:16'),
(181, 1, 361, 60.00, 63.00, 3780.00, NULL, 1, '103.68.95.166', NULL, NULL, '2025-12-01 17:00:16', '2025-12-01 17:00:16'),
(182, 1, 363, 40.00, 77.00, 3080.00, NULL, 1, '103.68.95.166', NULL, NULL, '2025-12-01 17:00:16', '2025-12-01 17:00:16'),
(183, 1, 365, 34.00, 89.00, 3026.00, NULL, 1, '103.68.95.166', NULL, NULL, '2025-12-01 17:00:16', '2025-12-01 17:00:16'),
(184, 1, 367, 30.00, 66.00, 1980.00, NULL, 1, '103.68.95.166', NULL, NULL, '2025-12-01 17:00:16', '2025-12-01 17:00:16'),
(185, 1, 369, 30.00, 79.00, 2370.00, NULL, 1, '103.68.95.166', NULL, NULL, '2025-12-01 17:00:16', '2025-12-01 17:00:16'),
(186, 1, 371, 30.00, 93.00, 2790.00, NULL, 1, '103.68.95.166', NULL, NULL, '2025-12-01 17:00:16', '2025-12-01 17:00:16'),
(187, 1, 373, 30.00, 71.00, 2130.00, NULL, 1, '103.68.95.166', NULL, NULL, '2025-12-01 17:00:16', '2025-12-01 17:00:16'),
(188, 1, 375, 30.00, 78.00, 2340.00, NULL, 1, '103.68.95.166', NULL, NULL, '2025-12-01 17:00:16', '2025-12-01 17:00:16'),
(189, 1, 377, 24.00, 94.00, 2256.00, NULL, 1, '103.68.95.166', NULL, NULL, '2025-12-01 17:00:16', '2025-12-01 17:00:16'),
(190, 1, 379, 20.00, 64.00, 1280.00, NULL, 1, '103.68.95.166', NULL, NULL, '2025-12-01 17:00:16', '2025-12-01 17:00:16'),
(191, 1, 381, 20.00, 63.00, 1260.00, NULL, 1, '103.68.95.166', NULL, NULL, '2025-12-01 17:00:16', '2025-12-01 17:00:16'),
(192, 1, 383, 20.00, 78.00, 1560.00, NULL, 1, '103.68.95.166', NULL, NULL, '2025-12-01 17:00:16', '2025-12-01 17:00:16'),
(193, 1, 385, 20.00, 84.00, 1680.00, NULL, 1, '103.68.95.166', NULL, NULL, '2025-12-01 17:00:16', '2025-12-01 17:00:16'),
(194, 1, 387, 20.00, 100.00, 2000.00, NULL, 1, '103.68.95.166', NULL, NULL, '2025-12-01 17:00:16', '2025-12-01 17:00:16'),
(195, 1, 389, 17.00, 100.00, 1700.00, NULL, 1, '103.68.95.166', NULL, NULL, '2025-12-01 17:00:16', '2025-12-01 17:00:16'),
(196, 1, 391, 12.00, 105.00, 1260.00, NULL, 1, '103.68.95.166', NULL, NULL, '2025-12-01 17:00:16', '2025-12-01 17:00:16'),
(197, 1, 393, 12.00, 102.00, 1224.00, NULL, 1, '103.68.95.166', NULL, NULL, '2025-12-01 17:00:16', '2025-12-01 17:00:16'),
(198, 1, 395, 12.00, 94.00, 1128.00, NULL, 1, '103.68.95.166', NULL, NULL, '2025-12-01 17:00:16', '2025-12-01 17:00:16'),
(199, 1, 397, 11.00, 110.00, 1210.00, NULL, 1, '103.68.95.166', NULL, NULL, '2025-12-01 17:00:16', '2025-12-01 17:00:16'),
(200, 1, 399, 10.00, 106.00, 1060.00, NULL, 1, '103.68.95.166', NULL, NULL, '2025-12-01 17:00:16', '2025-12-01 17:00:16'),
(201, 1, 401, 9.00, 90.00, 810.00, NULL, 1, '103.68.95.166', NULL, NULL, '2025-12-01 17:00:16', '2025-12-01 17:00:16'),
(202, 1, 403, 9.00, 120.00, 1080.00, NULL, 1, '103.68.95.166', NULL, NULL, '2025-12-01 17:00:16', '2025-12-01 17:00:16'),
(203, 1, 405, 8.00, 100.00, 800.00, NULL, 1, '103.68.95.166', NULL, NULL, '2025-12-01 17:00:16', '2025-12-01 17:00:16'),
(204, 1, 407, 8.00, 115.00, 920.00, NULL, 1, '103.68.95.166', NULL, NULL, '2025-12-01 17:00:16', '2025-12-01 17:00:16'),
(205, 1, 409, 7.00, 195.00, 1365.00, NULL, 1, '103.68.95.166', NULL, NULL, '2025-12-01 17:00:16', '2025-12-01 17:00:16'),
(206, 1, 411, 6.00, 125.00, 750.00, NULL, 1, '103.68.95.166', NULL, NULL, '2025-12-01 17:00:16', '2025-12-01 17:00:16'),
(207, 1, 413, 6.00, 145.00, 870.00, NULL, 1, '103.68.95.166', NULL, NULL, '2025-12-01 17:00:16', '2025-12-01 17:00:16'),
(208, 1, 415, 5.00, 160.00, 800.00, NULL, 1, '103.68.95.166', NULL, NULL, '2025-12-01 17:00:16', '2025-12-01 17:00:16'),
(209, 1, 417, 5.00, 125.00, 625.00, NULL, 1, '103.68.95.166', NULL, NULL, '2025-12-01 17:00:16', '2025-12-01 17:00:16'),
(210, 1, 419, 4.00, 100.00, 400.00, NULL, 1, '103.68.95.166', NULL, NULL, '2025-12-01 17:00:16', '2025-12-01 17:00:16'),
(211, 1, 421, 4.00, 110.00, 440.00, NULL, 1, '103.68.95.166', NULL, NULL, '2025-12-01 17:00:16', '2025-12-01 17:00:16'),
(212, 1, 423, 4.00, 130.00, 520.00, NULL, 1, '103.68.95.166', NULL, NULL, '2025-12-01 17:00:16', '2025-12-01 17:00:16'),
(213, 1, 425, 4.00, 135.00, 540.00, NULL, 1, '103.68.95.166', NULL, NULL, '2025-12-01 17:00:16', '2025-12-01 17:00:16'),
(214, 1, 427, 4.00, 160.00, 640.00, NULL, 1, '103.68.95.166', NULL, NULL, '2025-12-01 17:00:16', '2025-12-01 17:00:16'),
(215, 1, 429, 4.00, 120.00, 480.00, NULL, 1, '103.68.95.166', NULL, NULL, '2025-12-01 17:00:16', '2025-12-01 17:00:16'),
(216, 1, 431, 2.00, 105.00, 210.00, NULL, 1, '103.68.95.166', NULL, NULL, '2025-12-01 17:00:16', '2025-12-01 17:00:16'),
(217, 1, 433, 1.00, 75.00, 75.00, NULL, 1, '103.68.95.166', NULL, NULL, '2025-12-01 17:00:16', '2025-12-01 17:00:16'),
(218, 1, 435, 1.00, 160.00, 160.00, NULL, 1, '103.68.95.166', NULL, NULL, '2025-12-01 17:00:16', '2025-12-01 17:00:16'),
(219, 1, 437, 1.00, 110.00, 110.00, NULL, 1, '103.68.95.166', NULL, NULL, '2025-12-01 17:00:16', '2025-12-01 17:00:16'),
(220, 1, 439, 1.00, 140.00, 140.00, NULL, 1, '103.68.95.166', NULL, NULL, '2025-12-01 17:00:16', '2025-12-01 17:00:16'),
(221, 1, 441, 1.00, 100.00, 100.00, NULL, 1, '103.68.95.166', NULL, NULL, '2025-12-01 17:00:16', '2025-12-01 17:00:16'),
(222, 1, 443, 1.00, 90.00, 90.00, NULL, 1, '103.68.95.166', NULL, NULL, '2025-12-01 17:00:16', '2025-12-01 17:00:16'),
(223, 1, 445, 14.00, 143.00, 2002.00, NULL, 1, '103.68.95.166', NULL, NULL, '2025-12-01 17:00:16', '2025-12-01 17:00:16'),
(224, 1, 447, 8.00, 117.00, 936.00, NULL, 1, '103.68.95.166', NULL, NULL, '2025-12-01 17:00:16', '2025-12-01 17:00:16'),
(225, 1, 449, 8.00, 135.00, 1080.00, NULL, 1, '103.68.95.166', NULL, NULL, '2025-12-01 17:00:16', '2025-12-01 17:00:16'),
(226, 1, 451, 8.00, 117.00, 936.00, NULL, 1, '103.68.95.166', NULL, NULL, '2025-12-01 17:00:16', '2025-12-01 17:00:16'),
(227, 1, 453, 6.00, 136.00, 816.00, NULL, 1, '103.68.95.166', NULL, NULL, '2025-12-01 17:00:16', '2025-12-01 17:00:16'),
(228, 1, 455, 4.00, 119.00, 476.00, NULL, 1, '103.68.95.166', NULL, NULL, '2025-12-01 17:00:16', '2025-12-01 17:00:16'),
(229, 1, 457, 1.00, 100.00, 100.00, NULL, 1, '103.68.95.166', NULL, NULL, '2025-12-01 17:00:16', '2025-12-01 17:00:16'),
(230, 1, 459, 24.00, 70.00, 1680.00, NULL, 1, '103.68.95.166', NULL, NULL, '2025-12-01 17:00:16', '2025-12-01 17:00:16'),
(231, 1, 461, 15.00, 75.00, 1125.00, NULL, 1, '103.68.95.166', NULL, NULL, '2025-12-01 17:00:16', '2025-12-01 17:00:16'),
(232, 1, 463, 108.00, 168.00, 18144.00, NULL, 1, '103.68.95.166', NULL, NULL, '2025-12-01 17:00:16', '2025-12-01 17:00:16'),
(233, 1, 465, 42.00, 116.00, 4872.00, NULL, 1, '103.68.95.166', NULL, NULL, '2025-12-01 17:00:16', '2025-12-01 17:00:16'),
(234, 1, 467, 23.00, 164.00, 3772.00, NULL, 1, '103.68.95.166', NULL, NULL, '2025-12-01 17:00:16', '2025-12-01 17:00:16'),
(235, 1, 469, 20.00, 138.00, 2760.00, NULL, 1, '103.68.95.166', NULL, NULL, '2025-12-01 17:00:16', '2025-12-01 17:00:16'),
(236, 1, 471, 13.00, 167.00, 2171.00, NULL, 1, '103.68.95.166', NULL, NULL, '2025-12-01 17:00:16', '2025-12-01 17:00:16'),
(237, 1, 473, 7.00, 155.00, 1085.00, NULL, 1, '103.68.95.166', NULL, NULL, '2025-12-01 17:00:16', '2025-12-01 17:00:16'),
(238, 1, 475, 2.00, 150.00, 300.00, NULL, 1, '103.68.95.166', NULL, NULL, '2025-12-01 17:00:16', '2025-12-01 17:00:16'),
(239, 1, 477, 1.00, 145.00, 145.00, NULL, 1, '103.68.95.166', NULL, NULL, '2025-12-01 17:00:16', '2025-12-01 17:00:16'),
(240, 1, 479, 30.00, 100.00, 3000.00, NULL, 1, '103.68.95.166', NULL, NULL, '2025-12-01 17:00:16', '2025-12-01 17:00:16'),
(241, 1, 481, 2.00, 110.00, 220.00, NULL, 1, '103.68.95.166', NULL, NULL, '2025-12-01 17:00:16', '2025-12-01 17:00:16'),
(242, 1, 483, 1.00, 105.00, 105.00, NULL, 1, '103.68.95.166', NULL, NULL, '2025-12-01 17:00:16', '2025-12-01 17:00:16'),
(243, 1, 485, 20.00, 94.00, 1880.00, NULL, 1, '103.68.95.166', NULL, NULL, '2025-12-01 17:00:16', '2025-12-01 17:00:16'),
(244, 1, 487, 4.00, 100.00, 400.00, NULL, 1, '103.68.95.166', NULL, NULL, '2025-12-01 17:00:16', '2025-12-01 17:00:16'),
(245, 1, 489, 4.00, 115.00, 460.00, NULL, 1, '103.68.95.166', NULL, NULL, '2025-12-01 17:00:16', '2025-12-01 17:00:16'),
(246, 1, 491, 1.00, 80.00, 80.00, NULL, 1, '103.68.95.166', NULL, NULL, '2025-12-01 17:00:16', '2025-12-01 17:00:16'),
(247, 1, 493, 1.00, 85.00, 85.00, NULL, 1, '103.68.95.166', NULL, NULL, '2025-12-01 17:00:16', '2025-12-01 17:00:16'),
(248, 1, 495, 1.00, 90.00, 90.00, NULL, 1, '103.68.95.166', NULL, NULL, '2025-12-01 17:00:16', '2025-12-01 17:00:16'),
(249, 1, 497, 2.00, 130.00, 260.00, NULL, 1, '103.68.95.166', NULL, NULL, '2025-12-01 17:00:16', '2025-12-01 17:00:16'),
(250, 1, 499, 2.00, 65.00, 130.00, NULL, 1, '103.68.95.166', NULL, NULL, '2025-12-01 17:00:16', '2025-12-01 17:00:16'),
(251, 1, 501, 26.00, 50.00, 1300.00, NULL, 1, '103.68.95.166', NULL, NULL, '2025-12-01 17:00:16', '2025-12-01 17:00:16'),
(252, 1, 503, 24.00, 75.00, 1800.00, NULL, 1, '103.68.95.166', NULL, NULL, '2025-12-01 17:00:16', '2025-12-01 17:00:16'),
(253, 1, 505, 1.00, 60.00, 60.00, NULL, 1, '103.68.95.166', NULL, NULL, '2025-12-01 17:00:16', '2025-12-01 17:00:16'),
(254, 1, 507, 12.00, 150.00, 1800.00, NULL, 1, '103.68.95.166', NULL, NULL, '2025-12-01 17:00:16', '2025-12-01 17:00:16'),
(255, 1, 509, 8.00, 195.00, 1560.00, NULL, 1, '103.68.95.166', NULL, NULL, '2025-12-01 17:00:16', '2025-12-01 17:00:16'),
(256, 1, 511, 40.00, 190.00, 7600.00, NULL, 1, '103.68.95.166', NULL, NULL, '2025-12-01 17:00:16', '2025-12-01 17:00:16'),
(257, 1, 513, 20.00, 190.00, 3800.00, NULL, 1, '103.68.95.166', NULL, NULL, '2025-12-01 17:00:16', '2025-12-01 17:00:16'),
(258, 1, 515, 20.00, 210.00, 4200.00, NULL, 1, '103.68.95.166', NULL, NULL, '2025-12-01 17:00:16', '2025-12-01 17:00:16'),
(259, 1, 517, 12.00, 210.00, 2520.00, NULL, 1, '103.68.95.166', NULL, NULL, '2025-12-01 17:00:16', '2025-12-01 17:00:16'),
(260, 1, 519, 20.00, 220.00, 4400.00, NULL, 1, '103.68.95.166', NULL, NULL, '2025-12-01 17:00:16', '2025-12-01 17:00:16'),
(261, 1, 521, 8.00, 250.00, 2000.00, NULL, 1, '103.68.95.166', NULL, NULL, '2025-12-01 17:00:16', '2025-12-01 17:00:16'),
(262, 1, 523, 8.00, 220.00, 1760.00, NULL, 1, '103.68.95.166', NULL, NULL, '2025-12-01 17:00:16', '2025-12-01 17:00:16'),
(263, 1, 525, 33.00, 125.00, 4125.00, NULL, 1, '103.68.95.166', NULL, NULL, '2025-12-01 17:00:16', '2025-12-01 17:00:16'),
(264, 1, 527, 16.00, 200.00, 3200.00, NULL, 1, '103.68.95.166', NULL, NULL, '2025-12-01 17:00:16', '2025-12-01 17:00:16'),
(265, 1, 529, 5.00, 205.00, 1025.00, NULL, 1, '103.68.95.166', NULL, NULL, '2025-12-01 17:00:16', '2025-12-01 17:00:16'),
(266, 1, 531, 4.00, 165.00, 660.00, NULL, 1, '103.68.95.166', NULL, NULL, '2025-12-01 17:00:16', '2025-12-01 17:00:16'),
(267, 1, 533, 4.00, 225.00, 900.00, NULL, 1, '103.68.95.166', NULL, NULL, '2025-12-01 17:00:16', '2025-12-01 17:00:16'),
(268, 1, 535, 11.00, 170.00, 1870.00, NULL, 1, '103.68.95.166', NULL, NULL, '2025-12-01 17:00:16', '2025-12-01 17:00:16'),
(269, 1, 537, 8.00, 170.00, 1360.00, NULL, 1, '103.68.95.166', NULL, NULL, '2025-12-01 17:00:16', '2025-12-01 17:00:16'),
(270, 1, 539, 1.00, 85.00, 85.00, NULL, 1, '103.68.95.166', NULL, NULL, '2025-12-01 17:00:16', '2025-12-01 17:00:16'),
(271, 1, 541, 4.00, 105.00, 420.00, NULL, 1, '103.68.95.166', NULL, NULL, '2025-12-01 17:00:16', '2025-12-01 17:00:16'),
(272, 1, 543, 1.00, 90.00, 90.00, NULL, 1, '103.68.95.166', NULL, NULL, '2025-12-01 17:00:16', '2025-12-01 17:00:16'),
(273, 1, 545, 11.00, 100.00, 1100.00, NULL, 1, '103.68.95.166', NULL, NULL, '2025-12-01 17:00:16', '2025-12-01 17:00:16'),
(274, 1, 547, 7.00, 100.00, 700.00, NULL, 1, '103.68.95.166', NULL, NULL, '2025-12-01 17:00:16', '2025-12-01 17:00:16'),
(275, 1, 549, 66.00, 115.00, 7590.00, NULL, 1, '103.68.95.166', NULL, NULL, '2025-12-01 17:00:16', '2025-12-01 17:00:16'),
(276, 1, 551, 20.00, 110.00, 2200.00, NULL, 1, '103.68.95.166', NULL, NULL, '2025-12-01 17:00:17', '2025-12-01 17:00:17'),
(277, 1, 553, 6.00, 145.00, 870.00, NULL, 1, '103.68.95.166', NULL, NULL, '2025-12-01 17:00:17', '2025-12-01 17:00:17'),
(278, 1, 555, 4.00, 130.00, 520.00, NULL, 1, '103.68.95.166', NULL, NULL, '2025-12-01 17:00:17', '2025-12-01 17:00:17'),
(279, 1, 557, 4.00, 110.00, 440.00, NULL, 1, '103.68.95.166', NULL, NULL, '2025-12-01 17:00:17', '2025-12-01 17:00:17'),
(280, 1, 559, 1.00, 110.00, 110.00, NULL, 1, '103.68.95.166', NULL, NULL, '2025-12-01 17:00:17', '2025-12-01 17:00:17'),
(281, 1, 561, 1.00, 100.00, 100.00, NULL, 1, '103.68.95.166', NULL, NULL, '2025-12-01 17:00:17', '2025-12-01 17:00:17'),
(282, 1, 563, 20.00, 65.00, 1300.00, NULL, 1, '103.68.95.166', NULL, NULL, '2025-12-01 17:00:17', '2025-12-01 17:00:17'),
(283, 1, 565, 19.00, 55.00, 1045.00, NULL, 1, '103.68.95.166', NULL, NULL, '2025-12-01 17:00:17', '2025-12-01 17:00:17'),
(284, 1, 567, 6.00, 70.00, 420.00, NULL, 1, '103.68.95.166', NULL, NULL, '2025-12-01 17:00:17', '2025-12-01 17:00:17'),
(285, 1, 569, 6.00, 60.00, 360.00, NULL, 1, '103.68.95.166', NULL, NULL, '2025-12-01 17:00:17', '2025-12-01 17:00:17'),
(286, 1, 571, 22.00, 50.00, 1100.00, NULL, 1, '103.68.95.166', NULL, NULL, '2025-12-01 17:00:17', '2025-12-01 17:00:17'),
(287, 1, 573, 12.00, 45.00, 540.00, NULL, 1, '103.68.95.166', NULL, NULL, '2025-12-01 17:00:17', '2025-12-01 17:00:17'),
(288, 1, 575, 10.00, 60.00, 600.00, NULL, 1, '103.68.95.166', NULL, NULL, '2025-12-01 17:00:17', '2025-12-01 17:00:17'),
(289, 1, 577, 2.00, 70.00, 140.00, NULL, 1, '103.68.95.166', NULL, NULL, '2025-12-01 17:00:17', '2025-12-01 17:00:17'),
(290, 1, 579, 1.00, 60.00, 60.00, NULL, 1, '103.68.95.166', NULL, NULL, '2025-12-01 17:00:17', '2025-12-01 17:00:17'),
(291, 1, 581, 87.00, 155.00, 13485.00, NULL, 1, '103.68.95.166', NULL, NULL, '2025-12-01 17:00:17', '2025-12-01 17:00:17'),
(292, 1, 583, 38.00, 145.00, 5510.00, NULL, 1, '103.68.95.166', NULL, NULL, '2025-12-01 17:00:17', '2025-12-01 17:00:17'),
(293, 1, 585, 8.00, 120.00, 960.00, NULL, 1, '103.68.95.166', NULL, NULL, '2025-12-01 17:00:17', '2025-12-01 17:00:17'),
(294, 1, 587, 3.00, 120.00, 360.00, NULL, 1, '103.68.95.166', NULL, NULL, '2025-12-01 17:00:17', '2025-12-01 17:00:17'),
(295, 1, 589, 2.00, 145.00, 290.00, NULL, 1, '103.68.95.166', NULL, NULL, '2025-12-01 17:00:17', '2025-12-01 17:00:17'),
(296, 1, 591, 1.00, 110.00, 110.00, NULL, 1, '103.68.95.166', NULL, NULL, '2025-12-01 17:00:17', '2025-12-01 17:00:17'),
(297, 1, 593, 1.00, 125.00, 125.00, NULL, 1, '103.68.95.166', NULL, NULL, '2025-12-01 17:00:17', '2025-12-01 17:00:17'),
(298, 1, 595, 48.00, 70.00, 3360.00, NULL, 1, '103.68.95.166', NULL, NULL, '2025-12-01 17:00:17', '2025-12-01 17:00:17'),
(299, 1, 597, 40.00, 75.00, 3000.00, NULL, 1, '103.68.95.166', NULL, NULL, '2025-12-01 17:00:17', '2025-12-01 17:00:17'),
(300, 1, 599, 31.00, 75.00, 2325.00, NULL, 1, '103.68.95.166', NULL, NULL, '2025-12-01 17:00:17', '2025-12-01 17:00:17'),
(301, 1, 601, 31.00, 85.00, 2635.00, NULL, 1, '103.68.95.166', NULL, NULL, '2025-12-01 17:00:17', '2025-12-01 17:00:17'),
(302, 1, 603, 26.00, 85.00, 2210.00, NULL, 1, '103.68.95.166', NULL, NULL, '2025-12-01 17:00:17', '2025-12-01 17:00:17'),
(303, 1, 605, 24.00, 90.00, 2160.00, NULL, 1, '103.68.95.166', NULL, NULL, '2025-12-01 17:00:17', '2025-12-01 17:00:17'),
(304, 1, 607, 20.00, 75.00, 1500.00, NULL, 1, '103.68.95.166', NULL, NULL, '2025-12-01 17:00:17', '2025-12-01 17:00:17'),
(305, 1, 609, 19.00, 60.00, 1140.00, NULL, 1, '103.68.95.166', NULL, NULL, '2025-12-01 17:00:17', '2025-12-01 17:00:17'),
(306, 1, 611, 16.00, 65.00, 1040.00, NULL, 1, '103.68.95.166', NULL, NULL, '2025-12-01 17:00:17', '2025-12-01 17:00:17'),
(307, 1, 613, 15.00, 65.00, 975.00, NULL, 1, '103.68.95.166', NULL, NULL, '2025-12-01 17:00:17', '2025-12-01 17:00:17'),
(308, 1, 615, 11.00, 80.00, 880.00, NULL, 1, '103.68.95.166', NULL, NULL, '2025-12-01 17:00:17', '2025-12-01 17:00:17'),
(309, 1, 617, 9.00, 70.00, 630.00, NULL, 1, '103.68.95.166', NULL, NULL, '2025-12-01 17:00:17', '2025-12-01 17:00:17'),
(310, 1, 619, 7.00, 95.00, 665.00, NULL, 1, '103.68.95.166', NULL, NULL, '2025-12-01 17:00:17', '2025-12-01 17:00:17'),
(311, 1, 621, 6.00, 65.00, 390.00, NULL, 1, '103.68.95.166', NULL, NULL, '2025-12-01 17:00:17', '2025-12-01 17:00:17'),
(312, 1, 623, 6.00, 100.00, 600.00, NULL, 1, '103.68.95.166', NULL, NULL, '2025-12-01 17:00:17', '2025-12-01 17:00:17'),
(313, 1, 625, 5.00, 90.00, 450.00, NULL, 1, '103.68.95.166', NULL, NULL, '2025-12-01 17:00:17', '2025-12-01 17:00:17'),
(314, 1, 627, 4.00, 80.00, 320.00, NULL, 1, '103.68.95.166', NULL, NULL, '2025-12-01 17:00:17', '2025-12-01 17:00:17'),
(315, 1, 629, 4.00, 95.00, 380.00, NULL, 1, '103.68.95.166', NULL, NULL, '2025-12-01 17:00:17', '2025-12-01 17:00:17'),
(316, 1, 631, 3.00, 75.00, 225.00, NULL, 1, '103.68.95.166', NULL, NULL, '2025-12-01 17:00:17', '2025-12-01 17:00:17'),
(317, 1, 633, 3.00, 100.00, 300.00, NULL, 1, '103.68.95.166', NULL, NULL, '2025-12-01 17:00:17', '2025-12-01 17:00:17'),
(318, 1, 635, 1.00, 70.00, 70.00, NULL, 1, '103.68.95.166', NULL, NULL, '2025-12-01 17:00:17', '2025-12-01 17:00:17'),
(319, 1, 637, 1.00, 80.00, 80.00, NULL, 1, '103.68.95.166', NULL, NULL, '2025-12-01 17:00:17', '2025-12-01 17:00:17'),
(320, 1, 639, 1.00, 80.00, 80.00, NULL, 1, '103.68.95.166', NULL, NULL, '2025-12-01 17:00:17', '2025-12-01 17:00:17'),
(321, 1, 641, 1.00, 80.00, 80.00, NULL, 1, '103.68.95.166', NULL, NULL, '2025-12-01 17:00:17', '2025-12-01 17:00:17'),
(322, 1, 643, 1.00, 105.00, 105.00, NULL, 1, '103.68.95.166', NULL, NULL, '2025-12-01 17:00:17', '2025-12-01 17:00:17'),
(323, 1, 645, 1.00, 85.00, 85.00, NULL, 1, '103.68.95.166', NULL, NULL, '2025-12-01 17:00:17', '2025-12-01 17:00:17'),
(324, 1, 647, 1.00, 95.00, 95.00, NULL, 1, '103.68.95.166', NULL, NULL, '2025-12-01 17:00:17', '2025-12-01 17:00:17'),
(325, 1, 649, 8.00, 85.00, 680.00, NULL, 1, '103.68.95.166', NULL, NULL, '2025-12-01 17:00:17', '2025-12-01 17:00:17'),
(326, 1, 651, 3.00, 80.00, 240.00, NULL, 1, '103.68.95.166', NULL, NULL, '2025-12-01 17:00:17', '2025-12-01 17:00:17'),
(327, 1, 653, 2.00, 85.00, 170.00, NULL, 1, '103.68.95.166', NULL, NULL, '2025-12-01 17:00:17', '2025-12-01 17:00:17'),
(328, 1, 655, 40.00, 76.00, 3040.00, NULL, 1, '103.68.95.166', NULL, NULL, '2025-12-01 17:00:17', '2025-12-01 17:00:17'),
(329, 1, 657, 30.00, 81.00, 2430.00, NULL, 1, '103.68.95.166', NULL, NULL, '2025-12-01 17:00:17', '2025-12-01 17:00:17'),
(330, 1, 659, 20.00, 68.00, 1360.00, NULL, 1, '103.68.95.166', NULL, NULL, '2025-12-01 17:00:17', '2025-12-01 17:00:17'),
(331, 1, 661, 30.00, 144.00, 4320.00, NULL, 1, '103.68.95.166', NULL, NULL, '2025-12-01 17:00:17', '2025-12-01 17:00:17'),
(332, 1, 663, 12.00, 112.00, 1344.00, NULL, 1, '103.68.95.166', NULL, NULL, '2025-12-01 17:00:17', '2025-12-01 17:00:17'),
(333, 1, 665, 5.00, 125.00, 625.00, NULL, 1, '103.68.95.166', NULL, NULL, '2025-12-01 17:00:17', '2025-12-01 17:00:17'),
(334, 1, 667, 2.00, 120.00, 240.00, NULL, 1, '103.68.95.166', NULL, NULL, '2025-12-01 17:00:17', '2025-12-01 17:00:17'),
(335, 1, 669, 1.00, 125.00, 125.00, NULL, 1, '103.68.95.166', NULL, NULL, '2025-12-01 17:00:17', '2025-12-01 17:00:17'),
(336, 1, 671, 123.00, 70.00, 8610.00, NULL, 1, '103.68.95.166', NULL, NULL, '2025-12-01 17:00:17', '2025-12-01 17:00:17'),
(337, 1, 673, 90.00, 60.00, 5400.00, NULL, 1, '103.68.95.166', NULL, NULL, '2025-12-01 17:00:17', '2025-12-01 17:00:17'),
(338, 1, 675, 89.00, 65.00, 5785.00, NULL, 1, '103.68.95.166', NULL, NULL, '2025-12-01 17:00:17', '2025-12-01 17:00:17'),
(339, 1, 677, 76.00, 60.00, 4560.00, NULL, 1, '103.68.95.166', NULL, NULL, '2025-12-01 17:00:17', '2025-12-01 17:00:17'),
(340, 1, 679, 4.00, 95.00, 380.00, NULL, 1, '103.68.95.166', NULL, NULL, '2025-12-01 17:00:17', '2025-12-01 17:00:17'),
(341, 1, 681, 1.00, 70.00, 70.00, NULL, 1, '103.68.95.166', NULL, NULL, '2025-12-01 17:00:17', '2025-12-01 17:00:17'),
(342, 1, 683, 62.00, 80.00, 4960.00, NULL, 1, '103.68.95.166', NULL, NULL, '2025-12-01 17:00:17', '2025-12-01 17:00:17'),
(343, 1, 685, 22.00, 110.00, 2420.00, NULL, 1, '103.68.95.166', NULL, NULL, '2025-12-01 17:00:17', '2025-12-01 17:00:17'),
(344, 1, 687, 30.00, 75.00, 2250.00, NULL, 1, '103.68.95.166', NULL, NULL, '2025-12-01 17:00:17', '2025-12-01 17:00:17'),
(345, 1, 689, 2.00, 90.00, 180.00, NULL, 1, '103.68.95.166', NULL, NULL, '2025-12-01 17:00:17', '2025-12-01 17:00:17'),
(346, 1, 691, 7.00, 160.00, 1120.00, NULL, 1, '103.68.95.166', NULL, NULL, '2025-12-01 17:00:17', '2025-12-01 17:00:17'),
(347, 1, 693, 4.00, 125.00, 500.00, NULL, 1, '103.68.95.166', NULL, NULL, '2025-12-01 17:00:17', '2025-12-01 17:00:17'),
(348, 1, 695, 1.00, 95.00, 95.00, NULL, 1, '103.68.95.166', NULL, NULL, '2025-12-01 17:00:17', '2025-12-01 17:00:17'),
(349, 1, 697, 25.00, 148.00, 3700.00, NULL, 1, '103.68.95.166', NULL, NULL, '2025-12-01 17:00:17', '2025-12-01 17:00:17'),
(350, 1, 699, 20.00, 154.00, 3080.00, NULL, 1, '103.68.95.166', NULL, NULL, '2025-12-01 17:00:17', '2025-12-01 17:00:17'),
(351, 1, 701, 16.00, 135.00, 2160.00, NULL, 1, '103.68.95.166', NULL, NULL, '2025-12-01 17:00:17', '2025-12-01 17:00:17'),
(352, 1, 703, 12.00, 121.00, 1452.00, NULL, 1, '103.68.95.166', NULL, NULL, '2025-12-01 17:00:17', '2025-12-01 17:00:17'),
(353, 1, 705, 12.00, 155.00, 1860.00, NULL, 1, '103.68.95.166', NULL, NULL, '2025-12-01 17:00:17', '2025-12-01 17:00:17'),
(354, 1, 707, 12.00, 155.00, 1860.00, NULL, 1, '103.68.95.166', NULL, NULL, '2025-12-01 17:00:17', '2025-12-01 17:00:17'),
(355, 1, 709, 5.00, 165.00, 825.00, NULL, 1, '103.68.95.166', NULL, NULL, '2025-12-01 17:00:17', '2025-12-01 17:00:17'),
(356, 1, 711, 5.00, 125.00, 625.00, NULL, 1, '103.68.95.166', NULL, NULL, '2025-12-01 17:00:17', '2025-12-01 17:00:17'),
(357, 1, 713, 4.00, 145.00, 580.00, NULL, 1, '103.68.95.166', NULL, NULL, '2025-12-01 17:00:17', '2025-12-01 17:00:17'),
(358, 1, 715, 4.00, 175.00, 700.00, NULL, 1, '103.68.95.166', NULL, NULL, '2025-12-01 17:00:17', '2025-12-01 17:00:17'),
(359, 1, 717, 2.00, 170.00, 340.00, NULL, 1, '103.68.95.166', NULL, NULL, '2025-12-01 17:00:17', '2025-12-01 17:00:17'),
(360, 1, 719, 2.00, 150.00, 300.00, NULL, 1, '103.68.95.166', NULL, NULL, '2025-12-01 17:00:17', '2025-12-01 17:00:17'),
(361, 1, 721, 1.00, 155.00, 155.00, NULL, 1, '103.68.95.166', NULL, NULL, '2025-12-01 17:00:17', '2025-12-01 17:00:17'),
(362, 1, 723, 30.00, 87.00, 2610.00, NULL, 1, '103.68.95.166', NULL, NULL, '2025-12-01 17:00:17', '2025-12-01 17:00:17'),
(363, 1, 725, 19.00, 85.00, 1615.00, NULL, 1, '103.68.95.166', NULL, NULL, '2025-12-01 17:00:17', '2025-12-01 17:00:17'),
(364, 1, 727, 8.00, 102.00, 816.00, NULL, 1, '103.68.95.166', NULL, NULL, '2025-12-01 17:00:17', '2025-12-01 17:00:17'),
(365, 1, 729, 7.00, 100.00, 700.00, NULL, 1, '103.68.95.166', NULL, NULL, '2025-12-01 17:00:17', '2025-12-01 17:00:17'),
(366, 1, 731, 6.00, 65.00, 390.00, NULL, 1, '103.68.95.166', NULL, NULL, '2025-12-01 17:00:17', '2025-12-01 17:00:17'),
(367, 1, 733, 6.00, 90.00, 540.00, NULL, 1, '103.68.95.166', NULL, NULL, '2025-12-01 17:00:17', '2025-12-01 17:00:17'),
(368, 1, 735, 4.00, 70.00, 280.00, NULL, 1, '103.68.95.166', NULL, NULL, '2025-12-01 17:00:17', '2025-12-01 17:00:17'),
(369, 1, 737, 4.00, 90.00, 360.00, NULL, 1, '103.68.95.166', NULL, NULL, '2025-12-01 17:00:17', '2025-12-01 17:00:17'),
(370, 1, 739, 4.00, 120.00, 480.00, NULL, 1, '103.68.95.166', NULL, NULL, '2025-12-01 17:00:17', '2025-12-01 17:00:17'),
(371, 1, 741, 3.00, 75.00, 225.00, NULL, 1, '103.68.95.166', NULL, NULL, '2025-12-01 17:00:17', '2025-12-01 17:00:17'),
(372, 1, 743, 3.00, 130.00, 390.00, NULL, 1, '103.68.95.166', NULL, NULL, '2025-12-01 17:00:17', '2025-12-01 17:00:17'),
(373, 1, 745, 3.00, 100.00, 300.00, NULL, 1, '103.68.95.166', NULL, NULL, '2025-12-01 17:00:17', '2025-12-01 17:00:17'),
(374, 1, 747, 2.00, 80.00, 160.00, NULL, 1, '103.68.95.166', NULL, NULL, '2025-12-01 17:00:17', '2025-12-01 17:00:17'),
(375, 1, 749, 2.00, 65.00, 130.00, NULL, 1, '103.68.95.166', NULL, NULL, '2025-12-01 17:00:17', '2025-12-01 17:00:17'),
(376, 1, 751, 1.00, 80.00, 80.00, NULL, 1, '103.68.95.166', NULL, NULL, '2025-12-01 17:00:17', '2025-12-01 17:00:17'),
(377, 1, 753, 1.00, 120.00, 120.00, NULL, 1, '103.68.95.166', NULL, NULL, '2025-12-01 17:00:17', '2025-12-01 17:00:17'),
(378, 1, 755, 1.00, 80.00, 80.00, NULL, 1, '103.68.95.166', NULL, NULL, '2025-12-01 17:00:17', '2025-12-01 17:00:17'),
(379, 1, 757, 11.00, 195.00, 2145.00, NULL, 1, '103.68.95.166', NULL, NULL, '2025-12-01 17:00:17', '2025-12-01 17:00:17'),
(380, 1, 759, 9.00, 145.00, 1305.00, NULL, 1, '103.68.95.166', NULL, NULL, '2025-12-01 17:00:17', '2025-12-01 17:00:17'),
(381, 1, 761, 4.00, 215.00, 860.00, NULL, 1, '103.68.95.166', NULL, NULL, '2025-12-01 17:00:17', '2025-12-01 17:00:17'),
(382, 1, 763, 4.00, 220.00, 880.00, NULL, 1, '103.68.95.166', NULL, NULL, '2025-12-01 17:00:17', '2025-12-01 17:00:17'),
(383, 1, 765, 3.00, 150.00, 450.00, NULL, 1, '103.68.95.166', NULL, NULL, '2025-12-01 17:00:17', '2025-12-01 17:00:17'),
(384, 1, 767, 1.00, 165.00, 165.00, NULL, 1, '103.68.95.166', NULL, NULL, '2025-12-01 17:00:17', '2025-12-01 17:00:17'),
(385, 1, 769, 1.00, 130.00, 130.00, NULL, 1, '103.68.95.166', NULL, NULL, '2025-12-01 17:00:17', '2025-12-01 17:00:17'),
(386, 1, 771, 22.00, 75.00, 1650.00, NULL, 1, '103.68.95.166', NULL, NULL, '2025-12-01 17:00:17', '2025-12-01 17:00:17'),
(387, 1, 773, 18.00, 80.00, 1440.00, NULL, 1, '103.68.95.166', NULL, NULL, '2025-12-01 17:00:17', '2025-12-01 17:00:17'),
(388, 1, 775, 12.00, 85.00, 1020.00, NULL, 1, '103.68.95.166', NULL, NULL, '2025-12-01 17:00:17', '2025-12-01 17:00:17'),
(389, 1, 777, 12.00, 85.00, 1020.00, NULL, 1, '103.68.95.166', NULL, NULL, '2025-12-01 17:00:17', '2025-12-01 17:00:17'),
(390, 1, 779, 11.00, 90.00, 990.00, NULL, 1, '103.68.95.166', NULL, NULL, '2025-12-01 17:00:17', '2025-12-01 17:00:17'),
(391, 1, 781, 34.00, 85.00, 2890.00, NULL, 1, '103.68.95.166', NULL, NULL, '2025-12-01 17:00:17', '2025-12-01 17:00:17'),
(392, 1, 783, 30.00, 80.00, 2400.00, NULL, 1, '103.68.95.166', NULL, NULL, '2025-12-01 17:00:17', '2025-12-01 17:00:17'),
(393, 1, 785, 10.00, 70.00, 700.00, NULL, 1, '103.68.95.166', NULL, NULL, '2025-12-01 17:00:17', '2025-12-01 17:00:17'),
(394, 1, 787, 5.00, 80.00, 400.00, NULL, 1, '103.68.95.166', NULL, NULL, '2025-12-01 17:00:17', '2025-12-01 17:00:17'),
(395, 1, 789, 4.00, 70.00, 280.00, NULL, 1, '103.68.95.166', NULL, NULL, '2025-12-01 17:00:17', '2025-12-01 17:00:17'),
(396, 1, 791, 4.00, 320.00, 1280.00, NULL, 1, '103.68.95.166', NULL, NULL, '2025-12-01 17:00:17', '2025-12-01 17:00:17'),
(397, 1, 793, 4.00, 360.00, 1440.00, NULL, 1, '103.68.95.166', NULL, NULL, '2025-12-01 17:00:17', '2025-12-01 17:00:17'),
(398, 1, 795, 4.00, 300.00, 1200.00, NULL, 1, '103.68.95.166', NULL, NULL, '2025-12-01 17:00:17', '2025-12-01 17:00:17'),
(399, 1, 797, 4.00, 285.00, 1140.00, NULL, 1, '103.68.95.166', NULL, NULL, '2025-12-01 17:00:17', '2025-12-01 17:00:17'),
(400, 1, 799, 4.00, 300.00, 1200.00, NULL, 1, '103.68.95.166', NULL, NULL, '2025-12-01 17:00:17', '2025-12-01 17:00:17'),
(401, 1, 801, 21.00, 140.00, 2940.00, NULL, 1, '103.68.95.166', NULL, NULL, '2025-12-01 17:00:17', '2025-12-01 17:00:17'),
(402, 1, 803, 21.00, 150.00, 3150.00, NULL, 1, '103.68.95.166', NULL, NULL, '2025-12-01 17:00:17', '2025-12-01 17:00:17'),
(403, 1, 805, 40.00, 204.00, 8160.00, NULL, 1, '103.68.95.166', NULL, NULL, '2025-12-01 17:00:17', '2025-12-01 17:00:17'),
(404, 1, 807, 22.00, 160.00, 3520.00, NULL, 1, '103.68.95.166', NULL, NULL, '2025-12-01 17:00:17', '2025-12-01 17:00:17'),
(405, 1, 809, 20.00, 188.00, 3760.00, NULL, 1, '103.68.95.166', NULL, NULL, '2025-12-01 17:00:17', '2025-12-01 17:00:17'),
(406, 1, 811, 4.00, 130.00, 520.00, NULL, 1, '103.68.95.166', NULL, NULL, '2025-12-01 17:00:17', '2025-12-01 17:00:17'),
(407, 1, 813, 2.00, 130.00, 260.00, NULL, 1, '103.68.95.166', NULL, NULL, '2025-12-01 17:00:17', '2025-12-01 17:00:17'),
(408, 1, 815, 1.00, 140.00, 140.00, NULL, 1, '103.68.95.166', NULL, NULL, '2025-12-01 17:00:17', '2025-12-01 17:00:17'),
(409, 1, 817, 1.00, 145.00, 145.00, NULL, 1, '103.68.95.166', NULL, NULL, '2025-12-01 17:00:17', '2025-12-01 17:00:17'),
(410, 1, 819, 14.00, 100.00, 1400.00, NULL, 1, '103.68.95.166', NULL, NULL, '2025-12-01 17:00:17', '2025-12-01 17:00:17'),
(411, 2, 821, 41.00, 1.00, 41.00, NULL, 1, '103.68.95.166', NULL, NULL, '2025-12-01 17:36:54', '2025-12-01 17:36:54');

-- --------------------------------------------------------

--
-- Table structure for table `ec_opening_stock_log`
--

CREATE TABLE `ec_opening_stock_log` (
  `id` bigint UNSIGNED NOT NULL,
  `type` varchar(100) COLLATE utf8mb4_unicode_ci DEFAULT NULL,
  `opening_stock_id` bigint UNSIGNED DEFAULT NULL,
  `log_detail` text COLLATE utf8mb4_unicode_ci,
  `created_by` bigint UNSIGNED DEFAULT NULL,
  `created_ip` varchar(45) COLLATE utf8mb4_unicode_ci DEFAULT NULL,
  `updated_by` bigint UNSIGNED DEFAULT NULL,
  `updated_ip` varchar(45) COLLATE utf8mb4_unicode_ci DEFAULT NULL,
  `created_at` timestamp NULL DEFAULT NULL,
  `updated_at` timestamp NULL DEFAULT NULL
) ENGINE=InnoDB DEFAULT CHARSET=utf8mb4 COLLATE=utf8mb4_unicode_ci;

--
-- Dumping data for table `ec_opening_stock_log`
--

INSERT INTO `ec_opening_stock_log` (`id`, `type`, `opening_stock_id`, `log_detail`, `created_by`, `created_ip`, `updated_by`, `updated_ip`, `created_at`, `updated_at`) VALUES
(1, 'created', 1, 'Opening stock created successfully', 1, '103.68.95.166', NULL, NULL, '2025-12-01 17:00:17', '2025-12-01 17:00:17'),
(2, 'created', 2, 'Opening stock created successfully', 1, '103.68.95.166', NULL, NULL, '2025-12-01 17:36:54', '2025-12-01 17:36:54');

-- --------------------------------------------------------

--
-- Table structure for table `ec_options`
--

CREATE TABLE `ec_options` (
  `id` bigint UNSIGNED NOT NULL,
  `name` varchar(191) COLLATE utf8mb4_unicode_ci NOT NULL COMMENT 'Name of options',
  `option_type` varchar(191) COLLATE utf8mb4_unicode_ci DEFAULT NULL COMMENT 'option type',
  `product_id` bigint UNSIGNED NOT NULL DEFAULT '0',
  `order` int NOT NULL DEFAULT '9999',
  `required` tinyint(1) NOT NULL DEFAULT '0' COMMENT 'Checked if this option is required',
  `created_at` timestamp NULL DEFAULT NULL,
  `updated_at` timestamp NULL DEFAULT NULL
) ENGINE=InnoDB DEFAULT CHARSET=utf8mb4 COLLATE=utf8mb4_unicode_ci;

-- --------------------------------------------------------

--
-- Table structure for table `ec_options_translations`
--

CREATE TABLE `ec_options_translations` (
  `lang_code` varchar(191) COLLATE utf8mb4_unicode_ci NOT NULL,
  `ec_options_id` bigint UNSIGNED NOT NULL,
  `name` varchar(191) COLLATE utf8mb4_unicode_ci DEFAULT NULL
) ENGINE=InnoDB DEFAULT CHARSET=utf8mb4 COLLATE=utf8mb4_unicode_ci;

-- --------------------------------------------------------

--
-- Table structure for table `ec_option_value`
--

CREATE TABLE `ec_option_value` (
  `id` bigint UNSIGNED NOT NULL,
  `option_id` bigint UNSIGNED NOT NULL COMMENT 'option id',
  `option_value` tinytext COLLATE utf8mb4_unicode_ci COMMENT 'option value',
  `affect_price` double DEFAULT NULL COMMENT 'value of price of this option affect',
  `order` int NOT NULL DEFAULT '9999',
  `affect_type` tinyint NOT NULL DEFAULT '0' COMMENT '0. fixed 1. percent',
  `created_at` timestamp NULL DEFAULT NULL,
  `updated_at` timestamp NULL DEFAULT NULL
) ENGINE=InnoDB DEFAULT CHARSET=utf8mb4 COLLATE=utf8mb4_unicode_ci;

-- --------------------------------------------------------

--
-- Table structure for table `ec_option_value_translations`
--

CREATE TABLE `ec_option_value_translations` (
  `lang_code` varchar(191) COLLATE utf8mb4_unicode_ci NOT NULL,
  `ec_option_value_id` bigint UNSIGNED NOT NULL,
  `option_value` varchar(191) COLLATE utf8mb4_unicode_ci DEFAULT NULL
) ENGINE=InnoDB DEFAULT CHARSET=utf8mb4 COLLATE=utf8mb4_unicode_ci;

-- --------------------------------------------------------

--
-- Table structure for table `ec_orders`
--

CREATE TABLE `ec_orders` (
  `id` bigint UNSIGNED NOT NULL,
  `code` varchar(191) COLLATE utf8mb4_unicode_ci DEFAULT NULL,
  `user_id` bigint UNSIGNED DEFAULT NULL,
  `order_date` timestamp NULL DEFAULT NULL,
  `billing_address_id` bigint UNSIGNED DEFAULT NULL,
  `shipping_address_id` bigint UNSIGNED DEFAULT NULL,
  `shipping_option` varchar(60) COLLATE utf8mb4_unicode_ci DEFAULT NULL,
  `shipping_method` varchar(60) COLLATE utf8mb4_unicode_ci NOT NULL DEFAULT 'default',
  `shipping_address` text COLLATE utf8mb4_unicode_ci,
  `pick_up_shipping_location` varchar(191) COLLATE utf8mb4_unicode_ci DEFAULT NULL,
  `status` varchar(120) COLLATE utf8mb4_unicode_ci NOT NULL DEFAULT 'pending',
  `payment_method` varchar(100) COLLATE utf8mb4_unicode_ci DEFAULT NULL,
  `payment_status` varchar(100) COLLATE utf8mb4_unicode_ci DEFAULT NULL,
  `delivery_status` varchar(100) COLLATE utf8mb4_unicode_ci DEFAULT NULL,
  `total_product` int DEFAULT NULL,
  `amount` decimal(15,2) NOT NULL,
  `tax_percent` bigint UNSIGNED DEFAULT NULL,
  `tax_amount` decimal(15,2) DEFAULT '0.00',
  `shipping_amount` decimal(15,2) DEFAULT NULL,
  `payment_fee` decimal(15,2) DEFAULT '0.00',
  `description` text COLLATE utf8mb4_unicode_ci,
  `coupon_code` varchar(120) COLLATE utf8mb4_unicode_ci DEFAULT NULL,
  `charges` longtext CHARACTER SET utf8mb4 COLLATE utf8mb4_bin,
  `charges_totalamount` decimal(15,2) DEFAULT NULL,
  `discount_type` varchar(100) COLLATE utf8mb4_unicode_ci DEFAULT NULL,
  `discount_amount` decimal(15,2) DEFAULT NULL,
  `discount_total_amount` decimal(15,2) DEFAULT NULL,
  `sub_total` decimal(15,2) NOT NULL,
  `terms_conditions` text COLLATE utf8mb4_unicode_ci,
  `is_confirmed` tinyint(1) NOT NULL DEFAULT '0',
  `discount_description` varchar(191) COLLATE utf8mb4_unicode_ci DEFAULT NULL,
  `is_finished` tinyint(1) DEFAULT '0',
  `cancellation_reason` varchar(191) COLLATE utf8mb4_unicode_ci DEFAULT NULL,
  `cancellation_reason_description` varchar(191) COLLATE utf8mb4_unicode_ci DEFAULT NULL,
  `completed_at` timestamp NULL DEFAULT NULL,
  `token` varchar(120) COLLATE utf8mb4_unicode_ci DEFAULT NULL,
  `payment_id` bigint UNSIGNED DEFAULT NULL,
  `created_at` timestamp NULL DEFAULT NULL,
  `updated_at` timestamp NULL DEFAULT NULL,
  `proof_file` varchar(191) COLLATE utf8mb4_unicode_ci DEFAULT NULL,
  `private_notes` text COLLATE utf8mb4_unicode_ci,
  `created_by` bigint UNSIGNED DEFAULT NULL,
  `created_ip` varchar(20) COLLATE utf8mb4_unicode_ci DEFAULT NULL,
  `updated_by` bigint UNSIGNED DEFAULT NULL,
  `updated_ip` varchar(20) COLLATE utf8mb4_unicode_ci DEFAULT NULL
) ;

--
-- Dumping data for table `ec_orders`
--

INSERT INTO `ec_orders` (`id`, `code`, `user_id`, `order_date`, `billing_address_id`, `shipping_address_id`, `shipping_option`, `shipping_method`, `shipping_address`, `pick_up_shipping_location`, `status`, `payment_method`, `payment_status`, `delivery_status`, `total_product`, `amount`, `tax_percent`, `tax_amount`, `shipping_amount`, `payment_fee`, `description`, `coupon_code`, `charges`, `charges_totalamount`, `discount_type`, `discount_amount`, `discount_total_amount`, `sub_total`, `terms_conditions`, `is_confirmed`, `discount_description`, `is_finished`, `cancellation_reason`, `cancellation_reason_description`, `completed_at`, `token`, `payment_id`, `created_at`, `updated_at`, `proof_file`, `private_notes`, `created_by`, `created_ip`, `updated_by`, `updated_ip`) VALUES
(46, 'SO-0001/2025-26', 59, '2025-12-07 09:47:00', 59, 59, NULL, 'default', '{\"name\":\"THE SECOND HAND TYRE KING SAMMY\",\"email\":\"shtk@iinet.net.au\",\"phone\":\"0481464494\",\"address\":\"2\\/63 MOSS ST\",\"country\":\"4\",\"state\":\"57\",\"city\":\"12244\",\"postal_code\":\"4157\"}', NULL, 'delivered', 'bank_transfer', 'pending', 'pending', NULL, 1378.00, NULL, 0.00, NULL, 0.00, NULL, NULL, '[]', 0.00, 'amount', 0.00, 0.00, 1378.00, '[]', 0, NULL, 1, NULL, NULL, NULL, NULL, 57, '2025-12-01 17:40:20', '2025-12-07 09:47:20', NULL, NULL, 7, '14.202.22.235', NULL, NULL),
(47, 'SO-0002/2025-26', 67, '2025-12-01 17:42:48', 67, 67, NULL, 'default', '{\"name\":\"SHIV\",\"email\":\"admin@amigotyres.com.au\",\"phone\":\"0735196491\",\"address\":\"Building1, Warehouse B&C, 1805 IPSWICH R\",\"country\":null,\"state\":null,\"city\":null,\"postal_code\":\"4106\"}', NULL, 'pending', 'bank_transfer', 'pending', 'pending', NULL, 416.00, 0, 0.00, NULL, 0.00, NULL, NULL, '[]', 0.00, 'amount', 0.00, 0.00, 416.00, '[]', 1, NULL, 1, NULL, NULL, NULL, NULL, 2, '2025-12-01 17:42:48', '2025-12-01 17:42:49', NULL, NULL, 1, '103.68.95.166', NULL, NULL),
(51, 'SO-0003/2025-26', 71, '2025-12-01 17:46:39', 71, 71, NULL, 'default', '{\"name\":\"Ken\",\"email\":\"aussiedirtbikespare@bigpond.com\",\"phone\":\"46155770\",\"address\":\"7 Aspect Street\",\"country\":null,\"state\":null,\"city\":null,\"postal_code\":\"4350\"}', NULL, 'delivered', 'bank_transfer', '', 'pending', NULL, 676.00, 0, 0.00, NULL, 0.00, NULL, NULL, '[]', 0.00, 'amount', 0.00, 0.00, 676.00, '[]', 1, NULL, 1, NULL, NULL, NULL, NULL, 3, '2025-12-01 17:46:39', '2025-12-07 06:40:59', NULL, NULL, 1, '103.68.95.166', NULL, NULL),
(52, 'SO-0004/2025-26', 84, '2025-12-01 17:47:08', 84, 84, NULL, 'default', '{\"name\":\"Teddy\",\"email\":\"bluenileautotyres@gmail.com\",\"phone\":\"0434609834\",\"address\":\"746 Beaudesert Road\",\"country\":null,\"state\":null,\"city\":null,\"postal_code\":\"4106\"}', NULL, 'pending', 'bank_transfer', 'pending', 'pending', NULL, 3595.00, 0, 0.00, NULL, 0.00, NULL, NULL, '[]', 0.00, 'amount', 0.00, 0.00, 3595.00, '[]', 1, NULL, 1, NULL, NULL, NULL, NULL, 4, '2025-12-01 17:47:08', '2025-12-01 17:47:08', NULL, NULL, 1, '103.68.95.166', NULL, NULL),
(53, 'SO-0005/2025-26', 90, '2025-12-01 17:48:47', 90, 90, NULL, 'default', '{\"name\":\"Brisbane Tyres\",\"email\":\"brisbanetyres01@gmail.com\",\"phone\":\"0421 562 988\",\"address\":\"17 Robinson Rd E\",\"country\":null,\"state\":null,\"city\":null,\"postal_code\":\"4014\"}', NULL, 'delivered', 'bank_transfer', '', 'pending', NULL, 118.00, 0, 0.00, NULL, 0.00, NULL, NULL, '[]', 0.00, 'amount', 0.00, 0.00, 118.00, '[]', 1, NULL, 1, NULL, NULL, NULL, NULL, 5, '2025-12-01 17:48:47', '2025-12-07 07:19:27', NULL, NULL, 1, '103.68.95.166', NULL, NULL),
(54, 'SO-0006/2025-26', 106, '2025-12-01 17:49:43', 106, 106, NULL, 'default', '{\"name\":\"ALI & Ahmed\",\"email\":\"ahmadmirzaie378@gmail.com\",\"phone\":\"0470236432\",\"address\":\"2\\/51 Moss Street\",\"country\":null,\"state\":null,\"city\":null,\"postal_code\":\"4127\"}', NULL, 'pending', 'bank_transfer', 'pending', 'pending', NULL, 916.00, 0, 0.00, NULL, 0.00, NULL, NULL, '[]', 0.00, 'amount', 0.00, 0.00, 916.00, '[]', 1, NULL, 1, NULL, NULL, NULL, NULL, 6, '2025-12-01 17:49:43', '2025-12-01 17:49:43', NULL, NULL, 1, '103.68.95.166', NULL, NULL),
(55, 'SO-0007/2025-26', 108, '2025-12-01 17:50:01', 108, 108, NULL, 'default', '{\"name\":\"Rahul\",\"email\":\"cheaptyres.autoservice@yahoo.com\",\"phone\":\"0730904430\",\"address\":\"Unit 1-3335 Pacific Highway\",\"country\":null,\"state\":null,\"city\":null,\"postal_code\":\"4127\"}', NULL, 'pending', 'bank_transfer', 'pending', 'pending', NULL, 1484.00, 0, 0.00, NULL, 0.00, NULL, NULL, '[]', 0.00, 'amount', 0.00, 0.00, 1484.00, '[]', 1, NULL, 1, NULL, NULL, NULL, NULL, 7, '2025-12-01 17:50:01', '2025-12-01 17:50:01', NULL, NULL, 1, '103.68.95.166', NULL, NULL),
(57, 'SO-0009/2025-26', 136, '2025-12-01 17:54:25', 136, 136, NULL, 'default', '{\"name\":\"Faster Tyres Pty Ltd\",\"email\":\"abel@fastertyres.com\",\"phone\":\"07 3107 3336\",\"address\":\"1\\/37 Smallwood St\",\"country\":null,\"state\":null,\"city\":null,\"postal_code\":\"4119\"}', NULL, 'pending', 'bank_transfer', 'pending', 'pending', NULL, 390.00, 0, 0.00, NULL, 0.00, NULL, NULL, '[]', 0.00, 'amount', 0.00, 0.00, 390.00, '[]', 1, NULL, 1, NULL, NULL, NULL, NULL, 9, '2025-12-01 17:54:25', '2025-12-01 17:54:25', NULL, NULL, 1, '103.68.95.166', NULL, NULL),
(58, 'SO-0010/2025-26', 143, '2025-12-01 17:54:55', 143, 143, NULL, 'default', '{\"name\":\"Emma and Trevor\",\"email\":\"brisbanesouth@gotyres.com.au\",\"phone\":\"0410 998 550\",\"address\":\"36 Orange Grove Road\",\"country\":null,\"state\":null,\"city\":null,\"postal_code\":\"4108\"}', NULL, 'pending', 'bank_transfer', 'pending', 'pending', NULL, 693.00, 0, 0.00, NULL, 0.00, NULL, NULL, '[]', 0.00, 'amount', 0.00, 0.00, 693.00, '[]', 1, NULL, 1, NULL, NULL, NULL, NULL, 10, '2025-12-01 17:54:55', '2025-12-01 17:54:55', NULL, NULL, 1, '103.68.95.166', NULL, NULL),
(59, 'SO-0011/2025-26', 153, '2025-12-01 17:57:51', 153, 153, NULL, 'default', '{\"name\":\"0732992345\",\"email\":\"alirasuli706@gmail.com\",\"phone\":\"0732992345\",\"address\":\"1\\/3337 Pacific Hwy\",\"country\":null,\"state\":null,\"city\":null,\"postal_code\":\"4127\"}', NULL, 'pending', 'bank_transfer', 'pending', 'pending', NULL, 980.00, 0, 0.00, NULL, 0.00, NULL, NULL, '[]', 0.00, 'amount', 0.00, 0.00, 980.00, '[]', 1, NULL, 1, NULL, NULL, NULL, NULL, 11, '2025-12-01 17:57:51', '2025-12-01 17:57:51', NULL, NULL, 1, '103.68.95.166', NULL, NULL),
(60, 'SO-0012/2025-26', 154, '2025-12-01 17:58:15', 154, 154, NULL, 'default', '{\"name\":\"mohammad\",\"email\":\"hi5tyres34@gmail.com\",\"phone\":\"0469851994\",\"address\":\"34 Robinson Rd East\",\"country\":null,\"state\":null,\"city\":null,\"postal_code\":\"4104\"}', NULL, 'pending', 'bank_transfer', 'pending', 'pending', NULL, 1028.00, 0, 0.00, NULL, 0.00, NULL, NULL, '[]', 0.00, 'amount', 0.00, 0.00, 1028.00, '[]', 1, NULL, 1, NULL, NULL, NULL, NULL, 12, '2025-12-01 17:58:15', '2025-12-01 17:58:16', NULL, NULL, 1, '103.68.95.166', NULL, NULL),
(61, 'SO-0013/2025-26', 157, '2025-12-01 17:58:33', 157, 157, NULL, 'default', '{\"name\":\"Zabiullah Barrathi\",\"email\":\"hottyres.wheels@gmail.com\",\"phone\":\"0732746814\",\"address\":\"550 boundary road\",\"country\":null,\"state\":null,\"city\":null,\"postal_code\":\"4108\"}', NULL, 'pending', 'bank_transfer', 'pending', 'pending', NULL, 1436.00, 0, 0.00, NULL, 0.00, NULL, NULL, '[]', 0.00, 'amount', 0.00, 0.00, 1436.00, '[]', 1, NULL, 1, NULL, NULL, NULL, NULL, 13, '2025-12-01 17:58:33', '2025-12-01 17:58:33', NULL, NULL, 1, '103.68.95.166', NULL, NULL),
(62, 'SO-0014/2025-26', 163, '2025-12-01 17:59:36', 163, 163, NULL, 'default', '{\"name\":\"RAJESHNI SINGH\",\"email\":\"JOESMECHANICALS@GMAIL.COM\",\"phone\":\"0738004014\",\"address\":\"78-84 MIDDLE ROAD\",\"country\":null,\"state\":null,\"city\":null,\"postal_code\":\"4118\"}', NULL, 'pending', 'bank_transfer', 'pending', 'pending', NULL, 245.00, 0, 0.00, NULL, 0.00, NULL, NULL, '[]', 0.00, 'amount', 0.00, 0.00, 245.00, '[]', 1, NULL, 1, NULL, NULL, NULL, NULL, 14, '2025-12-01 17:59:36', '2025-12-01 17:59:36', NULL, NULL, 1, '103.68.95.166', NULL, NULL),
(63, 'SO-0015/2025-26', 164, '2025-12-01 17:59:55', 164, 164, NULL, 'default', '{\"name\":\"Adrian Coyne\",\"email\":\"adrian@justtrailers.com.au\",\"phone\":\"0732770333\",\"address\":\"94 Boundary Road\",\"country\":null,\"state\":null,\"city\":null,\"postal_code\":\"4106\"}', NULL, 'pending', 'bank_transfer', 'pending', 'pending', NULL, 1144.00, 0, 0.00, NULL, 0.00, NULL, NULL, '[]', 0.00, 'amount', 0.00, 0.00, 1144.00, '[]', 1, NULL, 1, NULL, NULL, NULL, NULL, 15, '2025-12-01 17:59:55', '2025-12-01 17:59:55', NULL, NULL, 1, '103.68.95.166', NULL, NULL),
(65, 'SO-0017/2025-26', 167, '2025-12-07 03:42:07', 167, 167, NULL, 'default', '{\"name\":\"Raju & Yaad\",\"email\":\"acc.kapstyre@gmail.com\",\"phone\":\"0410003034\",\"address\":\"35 Lower King St\",\"country\":null,\"state\":null,\"city\":null,\"postal_code\":\"4510\"}', NULL, 'delivered', 'bank_transfer', 'pending', 'pending', NULL, 3238.00, NULL, 0.00, NULL, 0.00, NULL, NULL, '[]', 0.00, 'amount', 0.00, 0.00, 3238.00, '[]', 0, NULL, 1, NULL, NULL, NULL, NULL, 53, '2025-12-01 18:00:31', '2025-12-07 04:10:54', NULL, NULL, 7, '14.202.22.235', NULL, NULL),
(66, 'SO-0018/2025-26', 179, '2025-12-01 18:02:09', 179, 179, NULL, 'default', '{\"name\":\"Lobb St New And Used Tyres\",\"email\":\"lobbstnewandusedtyres@gmail.com\",\"phone\":\"0732024774\",\"address\":\"7\\/61 Lobb St\",\"country\":null,\"state\":null,\"city\":null,\"postal_code\":\"4305\"}', NULL, 'pending', 'bank_transfer', 'pending', 'pending', NULL, 792.00, 0, 0.00, NULL, 0.00, NULL, NULL, '[]', 0.00, 'amount', 0.00, 0.00, 792.00, '[]', 1, NULL, 1, NULL, NULL, NULL, NULL, 18, '2025-12-01 18:02:09', '2025-12-01 18:02:09', NULL, NULL, 1, '103.68.95.166', NULL, NULL),
(67, 'SO-0019/2025-26', 192, '2025-12-01 18:02:29', 192, 192, NULL, 'default', '{\"name\":\"SHANE\",\"email\":\"stumm01@bigpond.com.au\",\"phone\":\"0427658270\",\"address\":\"27 DALGANGAL RD\",\"country\":null,\"state\":null,\"city\":null,\"postal_code\":\"4625\"}', NULL, 'pending', 'bank_transfer', 'pending', 'pending', NULL, 418.00, 0, 0.00, NULL, 0.00, NULL, NULL, '[]', 0.00, 'amount', 0.00, 0.00, 418.00, '[]', 1, NULL, 1, NULL, NULL, NULL, NULL, 19, '2025-12-01 18:02:29', '2025-12-01 18:02:29', NULL, NULL, 1, '103.68.95.166', NULL, NULL),
(68, 'SO-0020/2025-26', 193, '2025-12-08 02:33:29', 193, 193, NULL, 'default', '{\"name\":\"Moss Street Tyre Company ADEL\",\"email\":\"Mossstreettyres18@gmail.com\",\"phone\":\"0424279946\",\"address\":\"18 Moss Street\",\"country\":\"4\",\"state\":\"57\",\"city\":\"12244\",\"postal_code\":\"4127\"}', NULL, 'delivered', 'bank_transfer', 'pending', 'pending', NULL, 9050.00, NULL, 0.00, NULL, 0.00, 'Balance as of 30.11.25 $16527 \nTransfer on 04.12.25 $1606\nTransfer on 05.12.25 $5871 \nBalance $9050', NULL, '[]', 0.00, 'amount', 0.00, 0.00, 9050.00, '[]', 0, NULL, 1, NULL, NULL, NULL, NULL, 67, '2025-12-01 18:03:02', '2025-12-08 02:39:02', NULL, NULL, 7, '14.202.22.235', NULL, NULL),
(69, 'SO-0021/2025-26', 204, '2025-12-01 18:03:23', 204, 204, NULL, 'default', '{\"name\":\"Prabh \\/ Manpreet\",\"email\":\"prabh@mahadevlogistics.com\",\"phone\":\"0497666312\",\"address\":\"Unit 3\\/68 Blanck Street\",\"country\":null,\"state\":null,\"city\":null,\"postal_code\":\"4208\"}', NULL, 'pending', 'bank_transfer', 'pending', 'pending', NULL, 5589.00, 0, 0.00, NULL, 0.00, NULL, NULL, '[]', 0.00, 'amount', 0.00, 0.00, 5589.00, '[]', 1, NULL, 1, NULL, NULL, NULL, NULL, 21, '2025-12-01 18:03:23', '2025-12-01 18:03:23', NULL, NULL, 1, '103.68.95.166', NULL, NULL),
(70, 'SO-0022/2025-26', 205, '2025-12-01 18:04:28', 205, 205, NULL, 'default', '{\"name\":\"Jawid\",\"email\":\"oxleywheelsandtyres@gmail.com\",\"phone\":\"0423231806\",\"address\":\"1B\\/62 Blunder Rd\",\"country\":null,\"state\":null,\"city\":null,\"postal_code\":\"4075\"}', NULL, 'pending', 'bank_transfer', 'pending', 'pending', NULL, 938.00, 0, 0.00, NULL, 0.00, NULL, NULL, '[]', 0.00, 'amount', 0.00, 0.00, 938.00, '[]', 1, NULL, 1, NULL, NULL, NULL, NULL, 22, '2025-12-01 18:04:28', '2025-12-01 18:04:28', NULL, NULL, 1, '103.68.95.166', NULL, NULL),
(71, 'SO-0023/2025-26', 208, '2025-12-01 18:04:47', 208, 208, NULL, 'default', '{\"name\":\"JOHN ABBEY\",\"email\":\"OZZIEBUDGETTYRES@GMAIL.COM\",\"phone\":\"0415335092\",\"address\":\"9 EGINBAH COURT\",\"country\":null,\"state\":null,\"city\":null,\"postal_code\":\"4128\"}', NULL, 'pending', 'bank_transfer', 'pending', 'pending', NULL, 3346.00, 0, 0.00, NULL, 0.00, NULL, NULL, '[]', 0.00, 'amount', 0.00, 0.00, 3346.00, '[]', 1, NULL, 1, NULL, NULL, NULL, NULL, 23, '2025-12-01 18:04:47', '2025-12-01 18:04:47', NULL, NULL, 1, '103.68.95.166', NULL, NULL),
(72, 'SO-0024/2025-26', 209, '2025-12-01 18:05:18', 209, 209, NULL, 'default', '{\"name\":\"Amin\",\"email\":\"brendale@ozzytyres.com.au\",\"phone\":\"0734908355\",\"address\":\"83 South Pine Rd\",\"country\":null,\"state\":null,\"city\":null,\"postal_code\":\"4500\"}', NULL, 'pending', 'bank_transfer', 'pending', 'pending', NULL, 2798.00, 0, 0.00, NULL, 0.00, NULL, NULL, '[]', 0.00, 'amount', 0.00, 0.00, 2798.00, '[]', 1, NULL, 1, NULL, NULL, NULL, NULL, 24, '2025-12-01 18:05:18', '2025-12-01 18:05:18', NULL, NULL, 1, '103.68.95.166', NULL, NULL),
(73, 'SO-0025/2025-26', 211, '2025-12-01 18:06:14', 211, 211, NULL, 'default', '{\"name\":\"Omid\",\"email\":null,\"phone\":\"0406669373\",\"address\":\"Unit3 58 Pritchard Road\",\"country\":null,\"state\":null,\"city\":null,\"postal_code\":\"4014\"}', NULL, 'pending', 'bank_transfer', 'pending', 'pending', NULL, 1000.00, 0, 0.00, NULL, 0.00, NULL, NULL, '[]', 0.00, 'amount', 0.00, 0.00, 1000.00, '[]', 1, NULL, 1, NULL, NULL, NULL, NULL, 25, '2025-12-01 18:06:14', '2025-12-01 18:06:14', NULL, NULL, 1, '103.68.95.166', NULL, NULL),
(74, 'SO-0026/2025-26', 215, '2025-12-01 18:07:47', 215, 215, NULL, 'default', '{\"name\":\"MICHEAL\",\"email\":\"mjm.66@bigpond.com\",\"phone\":\"0437443764\",\"address\":\"18 PAMMENTER RD\",\"country\":null,\"state\":null,\"city\":null,\"postal_code\":\"4352\"}', NULL, 'pending', 'bank_transfer', 'pending', 'pending', NULL, 504.00, 0, 0.00, NULL, 0.00, NULL, NULL, '[]', 0.00, 'amount', 0.00, 0.00, 504.00, '[]', 1, NULL, 1, NULL, NULL, NULL, NULL, 26, '2025-12-01 18:07:47', '2025-12-01 18:07:47', NULL, NULL, 1, '103.68.95.166', NULL, NULL),
(75, 'SO-0027/2025-26', 221, '2025-12-01 18:08:16', 221, 221, NULL, 'default', '{\"name\":\"EID MOHAMMAD\",\"email\":\"eidmohammad.noori81@gmail.com\",\"phone\":\"0730904275\",\"address\":\"194 KINGSTON RD\",\"country\":null,\"state\":null,\"city\":null,\"postal_code\":\"4127\"}', NULL, 'pending', 'bank_transfer', 'pending', 'pending', NULL, 6459.00, 0, 0.00, NULL, 0.00, NULL, NULL, '[]', 0.00, 'amount', 0.00, 0.00, 6459.00, '[]', 1, NULL, 1, NULL, NULL, NULL, NULL, 27, '2025-12-01 18:08:16', '2025-12-01 18:08:16', NULL, NULL, 1, '103.68.95.166', NULL, NULL),
(76, 'SO-0028/2025-26', 222, '2025-12-06 02:06:03', 222, 222, NULL, 'default', '{\"name\":\"QLDcheaptyres\",\"email\":\"afshinhaydar@yahoo.com\",\"phone\":\"0406172019\",\"address\":\"702 Beaudesert Rd\",\"country\":null,\"state\":null,\"city\":null,\"postal_code\":\"4106\"}', NULL, 'pending', 'bank_transfer', 'pending', 'pending', NULL, 4451.00, NULL, 0.00, NULL, 0.00, NULL, NULL, '[]', 0.00, 'amount', 0.00, 0.00, 4451.00, '[]', 0, NULL, 1, NULL, NULL, NULL, NULL, 48, '2025-12-01 18:09:28', '2025-12-06 02:06:03', NULL, NULL, 7, '14.202.22.235', NULL, NULL),
(77, 'SO-0029/2025-26', 223, '2025-12-01 18:09:47', 223, 223, NULL, 'default', '{\"name\":\"07 3290 5469\",\"email\":\"qualitytyresandwheels@gmail.com\",\"phone\":\"07 3290 5469\",\"address\":\"9 Moss St\",\"country\":null,\"state\":null,\"city\":null,\"postal_code\":\"4127\"}', NULL, 'delivered', 'bank_transfer', 'pending', 'pending', NULL, 1261.00, 0, 0.00, NULL, 0.00, NULL, NULL, '[]', 0.00, 'amount', 0.00, 0.00, 1261.00, '[]', 1, NULL, 1, NULL, NULL, NULL, NULL, 29, '2025-12-01 18:09:47', '2025-12-09 13:21:04', NULL, NULL, 1, '103.68.95.166', NULL, NULL),
(78, 'SO-0030/2025-26', 182, '2025-12-06 05:16:07', 182, 182, NULL, 'default', '{\"name\":\"MUJI \",\"email\":\"info@luckytyres.com.au\",\"phone\":null,\"address\":\"19 Robinson Rd E\",\"country\":null,\"state\":null,\"city\":null,\"postal_code\":\"4014\"}', NULL, 'pending', 'bank_transfer', 'pending', 'pending', NULL, 1215.00, NULL, 0.00, NULL, 0.00, NULL, NULL, '[]', 0.00, 'amount', 0.00, 0.00, 1215.00, '[]', 0, NULL, 1, NULL, NULL, NULL, NULL, 49, '2025-12-01 18:10:12', '2025-12-06 05:16:07', NULL, NULL, 7, '14.202.22.235', NULL, NULL),
(79, 'SO-0031/2025-26', 225, '2025-12-01 18:14:04', 225, 225, NULL, 'default', '{\"name\":\"Jakeob Parkinson\",\"email\":\"RadWorxGarage@outlook.com\",\"phone\":\"0421 544 958\",\"address\":\"1B\\/105 Lobb Street, Churchill\",\"country\":null,\"state\":null,\"city\":null,\"postal_code\":\"4305\"}', NULL, 'pending', 'bank_transfer', 'pending', 'pending', NULL, 934.00, 0, 0.00, NULL, 0.00, NULL, NULL, '[]', 0.00, 'amount', 0.00, 0.00, 934.00, '[]', 1, NULL, 1, NULL, NULL, NULL, NULL, 31, '2025-12-01 18:14:04', '2025-12-01 18:14:04', NULL, NULL, 1, '103.68.95.166', NULL, NULL),
(80, 'SO-0032/2025-26', 232, '2025-12-01 18:14:28', 232, 232, NULL, 'default', '{\"name\":\"Babo\",\"email\":\"contact@rhinorims.com\",\"phone\":\"0434056453\",\"address\":\"742 Beaudesert Road\",\"country\":null,\"state\":null,\"city\":null,\"postal_code\":\"4106\"}', NULL, 'pending', 'bank_transfer', 'pending', 'pending', NULL, 7107.00, 0, 0.00, NULL, 0.00, NULL, NULL, '[]', 0.00, 'amount', 0.00, 0.00, 7107.00, '[]', 1, NULL, 1, NULL, NULL, NULL, NULL, 32, '2025-12-01 18:14:28', '2025-12-01 18:14:28', NULL, NULL, 1, '103.68.95.166', NULL, NULL),
(81, 'SO-0033/2025-26', 251, '2025-12-01 18:15:48', 251, 251, NULL, 'default', '{\"name\":\"STYLISH WHEELS\",\"email\":\"info@stylishwheels.com.au\",\"phone\":\"07 32087744\",\"address\":\"36 Moss St, Slacks Creek QLD 4127\",\"country\":null,\"state\":null,\"city\":null,\"postal_code\":\"4127\"}', NULL, 'delivered', 'bank_transfer', '', 'pending', NULL, 2724.00, 0, 0.00, NULL, 0.00, NULL, NULL, '[]', 0.00, 'amount', 0.00, 0.00, 2724.00, '[]', 1, NULL, 1, NULL, NULL, NULL, NULL, 33, '2025-12-01 18:15:48', '2025-12-07 05:13:40', NULL, NULL, 1, '103.68.95.166', NULL, NULL),
(82, 'SO-0034/2025-26', 260, '2025-12-01 18:16:06', 260, 260, NULL, 'default', '{\"name\":\"Nehmat\",\"email\":\"tigertyres@yahoo.com.au\",\"phone\":\"0731334072\",\"address\":\"13 Herbert Street\",\"country\":null,\"state\":null,\"city\":null,\"postal_code\":\"4127\"}', NULL, 'pending', 'bank_transfer', 'pending', 'pending', NULL, 106.00, 0, 0.00, NULL, 0.00, NULL, NULL, '[]', 0.00, 'amount', 0.00, 0.00, 106.00, '[]', 1, NULL, 1, NULL, NULL, NULL, NULL, 34, '2025-12-01 18:16:06', '2025-12-01 18:16:06', NULL, NULL, 1, '103.68.95.166', NULL, NULL),
(83, 'SO-0035/2025-26', 268, '2025-12-01 18:17:00', 268, 268, NULL, 'default', '{\"name\":\"ADAM MAQS\",\"email\":\"trustedtyresongoldcoast@gmail.com\",\"phone\":\"0756796679\",\"address\":\"157 OLD PACIFIC HIGHWAY\",\"country\":null,\"state\":null,\"city\":null,\"postal_code\":\"4210\"}', NULL, 'pending', 'bank_transfer', 'pending', 'pending', NULL, 1716.00, 0, 0.00, NULL, 0.00, NULL, NULL, '[]', 0.00, 'amount', 0.00, 0.00, 1716.00, '[]', 1, NULL, 1, NULL, NULL, NULL, NULL, 35, '2025-12-01 18:17:00', '2025-12-01 18:17:00', NULL, NULL, 1, '103.68.95.166', NULL, NULL),
(85, 'SO-0037/2025-26', 278, '2025-12-01 18:19:20', 278, 278, NULL, 'default', '{\"name\":\"ULTIMATE TYRE & BATTERIES SERVICES\",\"email\":\"ultimatetyreservice@gmail.com\",\"phone\":\"0481372472\",\"address\":\"5 Permarig Place\",\"country\":null,\"state\":null,\"city\":null,\"postal_code\":\"4106\"}', NULL, 'pending', 'bank_transfer', 'pending', 'pending', NULL, 35392.00, 0, 0.00, NULL, 0.00, NULL, NULL, '[]', 0.00, 'amount', 0.00, 0.00, 35392.00, '[]', 1, NULL, 1, NULL, NULL, NULL, NULL, 37, '2025-12-01 18:19:20', '2025-12-01 18:19:20', NULL, NULL, 1, '103.68.95.166', NULL, NULL),
(86, 'SO-0038/2025-26', 279, '2025-12-01 18:19:44', 279, 279, NULL, 'default', '{\"name\":\"Sunny\",\"email\":\"ultimatetyresnorth@gmail.com\",\"phone\":\"0426650619\",\"address\":\"79 Linkfield Road\",\"country\":null,\"state\":null,\"city\":null,\"postal_code\":\"4036\"}', NULL, 'delivered', 'bank_transfer', 'pending', 'pending', NULL, 1672.00, 0, 0.00, NULL, 0.00, NULL, NULL, '[]', 0.00, 'amount', 0.00, 0.00, 1672.00, '[]', 1, NULL, 1, NULL, NULL, NULL, NULL, 38, '2025-12-01 18:19:44', '2025-12-09 13:01:03', NULL, NULL, 1, '103.68.95.166', NULL, NULL),
(89, NULL, 290, NULL, 290, 41, NULL, 'default', NULL, NULL, 'pending', NULL, 'pending', NULL, NULL, 9.90, NULL, 0.90, 0.00, 0.00, NULL, NULL, NULL, NULL, NULL, 0.00, NULL, 9.90, NULL, 0, NULL, 0, NULL, NULL, NULL, 'fe3753d6899fb7018eeda702ce0d17ab', NULL, '2025-12-01 19:11:40', '2025-12-01 19:11:40', NULL, NULL, NULL, NULL, NULL, NULL),
(93, NULL, 0, NULL, NULL, 45, '3', 'default', '{\"name\":\"KYOUNGRAE CHO\",\"email\":\"fervorcho@gmail.com\",\"phone\":\"0412107801\",\"address\":\"70 Lindfield st\",\"country\":\"4\",\"state\":\"57\",\"city\":\"12748\",\"postal_code\":\"4115\"}', NULL, 'pending', 'bank_transfer', 'pending', NULL, NULL, 204.00, NULL, 0.00, 0.00, 0.00, NULL, NULL, NULL, NULL, NULL, 0.00, NULL, 204.00, NULL, 0, NULL, 0, NULL, NULL, NULL, 'a3ddd6280568da2b0671c392a05f8dc4', NULL, '2025-12-04 17:55:33', '2025-12-04 17:55:33', NULL, NULL, NULL, NULL, NULL, NULL),
(94, 'SO-0040/2025-26', 287, '2025-12-04 18:09:06', 287, 287, NULL, 'default', '{\"name\":\"Yellowequip PTY LTD\",\"email\":\"najib@yellowequip.com\",\"phone\":\"0731444313\",\"address\":\"43 Elderbury place\",\"country\":null,\"state\":null,\"city\":null,\"postal_code\":\"4116\"}', NULL, 'canceled', 'FPOS', 'completed', 'pending', NULL, 1029.00, NULL, 0.00, NULL, 0.00, NULL, NULL, '[]', 0.00, 'amount', 0.00, 0.00, 1029.00, '[]', 1, NULL, 1, NULL, NULL, NULL, NULL, 46, '2025-12-04 18:09:06', '2025-12-04 20:47:28', NULL, NULL, 7, '14.202.22.235', NULL, NULL),
(95, 'SO-0041/2025-26', 300, NULL, 298, 298, '1', 'default', '{\"name\":\"Yellowequip Pty Ltd\",\"email\":\"najib@yellowequip.com\",\"phone\":\"0403271473\",\"address\":\"209 McRoyle Street\",\"country\":null,\"state\":null,\"city\":null,\"postal_code\":null}', NULL, 'delivered', 'bank_transfer', 'pending', NULL, NULL, 1328.00, 0, 0.00, 0.00, 0.00, 'Rush need it before 2pm', NULL, NULL, NULL, NULL, 0.00, NULL, 1328.00, NULL, 0, NULL, 1, NULL, NULL, NULL, 'b62f144225aa5f28761ed031f9261343', 47, '2025-12-04 20:12:38', '2025-12-04 20:45:48', NULL, NULL, NULL, NULL, NULL, NULL),
(97, 'SO-0043/2025-26', 224, '2025-12-07 02:59:09', 224, 224, NULL, 'default', '{\"name\":\"QUALITY TYRES AND WHEELS IPSWICH MUJI\",\"email\":\"ipswich@qualitytyresandwheels.com\",\"phone\":\"0476019699\",\"address\":\"2 PINE STREET\",\"country\":\"4\",\"state\":\"57\",\"city\":\"12510\",\"postal_code\":\"4305\"}', NULL, 'delivered', 'bank_transfer', 'pending', 'pending', NULL, 25381.00, NULL, 0.00, NULL, 0.00, '30.11.25 Balance $30745 - $5364 transfer 03.12.25 and Opening balance $25381 as of 07.12.25', NULL, '[]', 0.00, 'amount', 0.00, 0.00, 25381.00, '[]', 1, NULL, 1, NULL, NULL, NULL, NULL, 52, '2025-12-07 02:59:09', '2025-12-07 10:59:39', NULL, NULL, 7, '14.202.22.235', NULL, NULL),
(98, 'SO-0044/2025-26', 167, '2025-12-07 04:01:54', 167, 167, NULL, 'default', '{\"name\":\"Raju & Yaad\",\"email\":\"acc.kapstyre@gmail.com\",\"phone\":\"0410003034\",\"address\":\"35 Lower King St\",\"country\":null,\"state\":null,\"city\":null,\"postal_code\":\"4510\"}', NULL, 'delivered', 'bank_transfer', 'pending', 'pending', NULL, 4028.00, NULL, 0.00, NULL, 0.00, 'invoice.2001031 02.12.2025 $1872\ninvoice.2001057 04.12.2025 $578\ninvoice.2001082 06.12.2025 $1578', NULL, '[]', 0.00, 'amount', 0.00, 0.00, 4028.00, '[]', 1, NULL, 1, NULL, NULL, NULL, NULL, 54, '2025-12-07 04:01:54', '2025-12-07 04:10:13', NULL, NULL, 7, '14.202.22.235', NULL, NULL),
(99, 'SO-0045/2025-26', 59, '2025-12-07 09:41:32', 59, 59, NULL, 'default', '{\"name\":\"THE SECOND HAND TYRE KING SAMMY\",\"email\":\"shtk@iinet.net.au\",\"phone\":\"0481464494\",\"address\":\"2\\/63 MOSS ST\",\"country\":\"4\",\"state\":\"57\",\"city\":\"12244\",\"postal_code\":\"4157\"}', NULL, 'delivered', 'bank_transfer', 'pending', 'pending', NULL, 1205.00, NULL, 0.00, NULL, 0.00, 'Invoices \n1035571 26.11.2025 $304\n1035611 27.11.2025 $232 \n1035620 27.11.2025 $256\n1035632 28.11.2025 $413', NULL, '[]', 0.00, 'amount', 0.00, 0.00, 1205.00, '[]', 0, NULL, 1, NULL, NULL, NULL, NULL, 56, '2025-12-07 09:41:32', '2025-12-07 09:41:59', NULL, NULL, 7, '14.202.22.235', NULL, NULL),
(100, 'SO-0046/2025-26', 59, '2025-12-07 09:55:07', 59, 59, NULL, 'default', '{\"name\":\"THE SECOND HAND TYRE KING SAMMY\",\"email\":\"shtk@iinet.net.au\",\"phone\":\"0481464494\",\"address\":\"2\\/63 MOSS ST\",\"country\":\"4\",\"state\":\"57\",\"city\":\"12244\",\"postal_code\":\"4157\"}', NULL, 'delivered', 'bank_transfer', 'pending', 'pending', NULL, 1757.00, NULL, 0.00, NULL, 0.00, 'Invoices \n2001035 03.12.2025 $768\n2001056 04.12.2025 $49\n2001060 04.12.2025 $256\n2001076 06.12.2025 $684', NULL, '[]', 0.00, 'amount', 0.00, 0.00, 1757.00, '[]', 0, NULL, 1, NULL, NULL, NULL, NULL, 58, '2025-12-07 09:55:07', '2025-12-07 09:55:22', NULL, NULL, 7, '14.202.22.235', NULL, NULL),
(101, 'SO-0047/2025-26', 71, '2025-12-07 10:07:34', 71, 71, NULL, 'default', '{\"name\":\"Aussie Tyres & Mechanical KEN\",\"email\":\"aussiedirtbikespare@bigpond.com\",\"phone\":\"0418732321\",\"address\":\"7 Aspect Street\",\"country\":\"4\",\"state\":\"57\",\"city\":\"12892\",\"postal_code\":\"4350\"}', NULL, 'delivered', 'bank_transfer', 'pending', 'pending', NULL, 3373.00, NULL, 0.00, NULL, 0.00, 'INVOICE#2001045 04.12.2025', NULL, '[]', 0.00, 'amount', 0.00, 0.00, 3373.00, '[]', 0, NULL, 1, NULL, NULL, NULL, NULL, 59, '2025-12-07 10:07:34', '2025-12-07 10:08:02', NULL, NULL, 7, '14.202.22.235', NULL, NULL),
(102, 'SO-0048/2025-26', 121, '2025-12-07 10:48:23', 121, 121, NULL, 'default', '{\"name\":\"Discount Tyres Brisbane Ali\",\"email\":\"sales@tyresdiscountbrisbane.com.au\",\"phone\":\"0469681700\",\"address\":\"1\\/58 Pritchard Road\",\"country\":\"4\",\"state\":\"57\",\"city\":\"12244\",\"postal_code\":\"4014\"}', NULL, 'delivered', 'bank_transfer', 'pending', 'pending', NULL, 1179.00, NULL, 0.00, NULL, 0.00, 'INVOICE#2001022 02.12.2025', NULL, '[]', 0.00, 'amount', 0.00, 0.00, 1179.00, '[]', 0, NULL, 1, NULL, NULL, NULL, NULL, 60, '2025-12-07 10:48:23', '2025-12-07 10:48:36', NULL, NULL, 7, '14.202.22.235', NULL, NULL),
(103, 'SO-0049/2025-26', 121, '2025-12-07 10:49:57', 121, 121, NULL, 'default', '{\"name\":\"Discount Tyres Brisbane Ali\",\"email\":\"sales@tyresdiscountbrisbane.com.au\",\"phone\":\"0469681700\",\"address\":\"1\\/58 Pritchard Road\",\"country\":\"4\",\"state\":\"57\",\"city\":\"12244\",\"postal_code\":\"4014\"}', NULL, 'delivered', 'FPOS', 'pending', 'pending', NULL, 336.00, NULL, 0.00, NULL, 0.00, 'INVOICE#2001040 03.12.2025', NULL, '[]', 0.00, 'amount', 0.00, 0.00, 336.00, '[]', 0, NULL, 1, NULL, NULL, NULL, NULL, 61, '2025-12-07 10:49:57', '2025-12-07 10:50:10', NULL, NULL, 7, '14.202.22.235', NULL, NULL),
(104, 'SO-0050/2025-26', 121, '2025-12-07 10:53:47', 121, 121, NULL, 'default', '{\"name\":\"Discount Tyres Brisbane Ali\",\"email\":\"sales@tyresdiscountbrisbane.com.au\",\"phone\":\"0469681700\",\"address\":\"1\\/58 Pritchard Road\",\"country\":\"4\",\"state\":\"57\",\"city\":\"12244\",\"postal_code\":\"4014\"}', NULL, 'delivered', 'FPOS', 'pending', 'pending', NULL, 684.00, NULL, 0.00, NULL, 0.00, 'INVOICE#2001053 04.12.2025', NULL, '[]', 0.00, 'amount', 0.00, 0.00, 684.00, '[]', 0, NULL, 1, NULL, NULL, NULL, NULL, 62, '2025-12-07 10:53:47', '2025-12-07 10:54:01', NULL, NULL, 7, '14.202.22.235', NULL, NULL),
(105, 'SO-0051/2025-26', 121, '2025-12-07 10:55:43', 121, 121, NULL, 'default', '{\"name\":\"Discount Tyres Brisbane Ali\",\"email\":\"sales@tyresdiscountbrisbane.com.au\",\"phone\":\"0469681700\",\"address\":\"1\\/58 Pritchard Road\",\"country\":\"4\",\"state\":\"57\",\"city\":\"12244\",\"postal_code\":\"4014\"}', NULL, 'delivered', 'bank_transfer', 'pending', 'pending', NULL, 428.00, NULL, 0.00, NULL, 0.00, 'INVOICE#2001066 05.12.2025', NULL, '[]', 0.00, 'amount', 0.00, 0.00, 428.00, '[]', 0, NULL, 1, NULL, NULL, NULL, NULL, 63, '2025-12-07 10:55:43', '2025-12-07 10:55:56', NULL, NULL, 7, '14.202.22.235', NULL, NULL),
(106, 'SO-0052/2025-26', 121, '2025-12-07 10:57:13', 121, 121, NULL, 'default', '{\"name\":\"Discount Tyres Brisbane Ali\",\"email\":\"sales@tyresdiscountbrisbane.com.au\",\"phone\":\"0469681700\",\"address\":\"1\\/58 Pritchard Road\",\"country\":\"4\",\"state\":\"57\",\"city\":\"12244\",\"postal_code\":\"4014\"}', NULL, 'delivered', 'bank_transfer', 'pending', 'pending', NULL, 272.00, NULL, 0.00, NULL, 0.00, 'INVOICE#2001077 06.12.2025', NULL, '[]', 0.00, 'amount', 0.00, 0.00, 272.00, '[]', 0, NULL, 1, NULL, NULL, NULL, NULL, 64, '2025-12-07 10:57:13', '2025-12-07 10:57:26', NULL, NULL, 7, '14.202.22.235', NULL, NULL),
(107, 'SO-0053/2025-26', 151, '2025-12-07 11:17:33', 151, 151, NULL, 'default', '{\"name\":\"Hackett\'s Discount Tyres Brad\",\"email\":\"accounts@hackettsdiscounttyres.com.au\",\"phone\":\"0731626895\",\"address\":\"16 Boyland Ave\",\"country\":\"4\",\"state\":\"57\",\"city\":\"12244\",\"postal_code\":\"4108\"}', NULL, 'delivered', 'bank_transfer', 'pending', 'pending', NULL, 74.00, NULL, 0.00, NULL, 0.00, 'INVOICE#2001009 01.12.2025', NULL, '[]', 0.00, 'amount', 0.00, 0.00, 74.00, '[]', 0, NULL, 1, NULL, NULL, NULL, NULL, 65, '2025-12-07 11:17:33', '2025-12-07 11:17:47', NULL, NULL, 7, '14.202.22.235', NULL, NULL),
(108, 'SO-0054/2025-26', 41, '2025-12-08 02:12:20', 41, 41, NULL, 'default', '{\"name\":\"Queensland Car & Truck Tyre Centre ED\",\"email\":\"merzaie.hussain@yahoo.com\",\"phone\":\"0452614695\",\"address\":\"194 Kingston Rd\",\"country\":\"4\",\"state\":\"57\",\"city\":\"12244\",\"postal_code\":\"4127\"}', NULL, 'delivered', 'FPOS', 'pending', 'pending', NULL, 3930.00, NULL, 0.00, NULL, 0.00, 'Balance as of 30.11.25 $7930 \nTransfer on 01.12.25 $4000 \nNew Balance $3930', NULL, '[]', 0.00, 'amount', 0.00, 0.00, 3930.00, '[]', 0, NULL, 1, NULL, NULL, NULL, NULL, 66, '2025-12-08 02:12:20', '2025-12-09 12:59:31', NULL, NULL, 7, '14.202.22.235', NULL, NULL),
(109, 'SO-0055/2025-26', 193, '2025-12-08 02:36:49', 193, 193, NULL, 'default', '{\"name\":\"Moss Street Tyre Company ADEL\",\"email\":\"Mossstreettyres18@gmail.com\",\"phone\":\"0424279946\",\"address\":\"18 Moss Street\",\"country\":\"4\",\"state\":\"57\",\"city\":\"12244\",\"postal_code\":\"4127\"}', NULL, 'delivered', 'FPOS', 'pending', 'pending', NULL, 5716.00, NULL, 0.00, NULL, 0.00, 'INVOICE#2001027 02.12.2025', NULL, '[]', 0.00, 'amount', 0.00, 0.00, 5716.00, '[]', 0, NULL, 1, NULL, NULL, NULL, NULL, 68, '2025-12-08 02:36:49', '2025-12-08 02:37:08', NULL, NULL, 7, '14.202.22.235', NULL, NULL),
(110, 'SO-0056/2025-26', 71, '2025-12-08 03:44:15', 71, 71, NULL, 'default', '{\"name\":\"Aussie Tyres & Mechanical KEN\",\"email\":\"aussiedirtbikespare@bigpond.com\",\"phone\":\"0418732321\",\"address\":\"7 Aspect Street\",\"country\":\"4\",\"state\":\"57\",\"city\":\"12892\",\"postal_code\":\"4350\"}', NULL, 'delivered', 'FPOS', 'pending', 'pending', NULL, 1084.00, NULL, 0.00, NULL, 0.00, 'TRANSPORT', NULL, '[]', 0.00, 'amount', 0.00, 0.00, 1084.00, '[]', 0, NULL, 1, NULL, NULL, NULL, NULL, 71, '2025-12-08 03:27:41', '2025-12-08 06:45:12', NULL, NULL, 7, '14.202.22.235', NULL, NULL),
(112, 'SO-0057/2025-26', 260, '2025-12-08 04:09:03', 260, 260, NULL, 'default', '{\"name\":\"Tiger Tyres Nehmat\",\"email\":\"tigertyres@yahoo.com.au\",\"phone\":\"0731334072\",\"address\":\"13 Herbert Street\",\"country\":\"4\",\"state\":\"57\",\"city\":\"12244\",\"postal_code\":\"4127\"}', NULL, 'delivered', 'bank_transfer', 'pending', 'pending', NULL, 192.00, NULL, 0.00, NULL, 0.00, NULL, NULL, '[]', 0.00, 'amount', 0.00, 0.00, 192.00, '[]', 0, NULL, 1, NULL, NULL, NULL, NULL, 72, '2025-12-08 04:09:03', '2025-12-08 06:52:08', NULL, NULL, 7, '14.202.22.235', NULL, NULL),
(113, 'SO-0058/2025-26', 11, '2025-12-08 04:17:54', 11, 11, NULL, 'default', '{\"name\":\"BLUE NILE AUTO TYRE AND WHEELS TEDDY\",\"email\":\"takelenega@gmail.com\",\"phone\":\"0434609834\",\"address\":\"746 Beaudesert Rd\",\"country\":\"4\",\"state\":\"57\",\"city\":\"12244\",\"postal_code\":\"4106\"}', NULL, 'delivered', 'bank_transfer', 'pending', 'pending', NULL, 288.00, NULL, 0.00, NULL, 0.00, NULL, NULL, '[]', 0.00, 'amount', 0.00, 0.00, 288.00, '[]', 0, NULL, 1, NULL, NULL, NULL, NULL, 73, '2025-12-08 04:17:54', '2025-12-08 06:52:28', NULL, NULL, 7, '14.202.22.235', NULL, NULL),
(114, 'SO-0059/2025-26', 59, NULL, 59, 59, '3', 'default', '{\"name\":null,\"email\":\"shtk@iinet.net.au\",\"phone\":\"0481464494\",\"address\":\"2\\/63 MOSS ST\",\"country\":\"4\",\"state\":\"57\",\"city\":\"12244\",\"postal_code\":\"4157\"}', NULL, 'delivered', 'bank_transfer', 'pending', NULL, NULL, 124.00, 0, 0.00, 0.00, 0.00, '', NULL, NULL, NULL, NULL, 0.00, NULL, 124.00, NULL, 0, NULL, 1, NULL, NULL, NULL, '32e7f366eba6a98f00bacb42c85bfc1c', 74, '2025-12-08 04:20:34', '2025-12-08 04:24:43', NULL, NULL, NULL, NULL, NULL, NULL),
(115, 'SO-0060/2025-26', 106, '2025-12-08 04:23:42', 106, 106, NULL, 'default', '{\"name\":\"CENTRAL TYRES ALI & AHMAD\",\"email\":\"ahmadmirzaie378@gmail.com\",\"phone\":\"0470236432\",\"address\":\"2\\/51 Moss Street\",\"country\":\"4\",\"state\":\"57\",\"city\":\"12244\",\"postal_code\":\"4127\"}', NULL, 'delivered', 'FPOS', 'pending', 'pending', NULL, 253.00, NULL, 0.00, NULL, 0.00, NULL, NULL, '[]', 0.00, 'amount', 0.00, 0.00, 253.00, '[]', 0, NULL, 1, NULL, NULL, NULL, NULL, 75, '2025-12-08 04:23:42', '2025-12-08 06:52:49', NULL, NULL, 7, '14.202.22.235', NULL, NULL),
(116, 'SO-0061/2025-26', 41, '2025-12-08 04:27:52', 41, 41, NULL, 'default', '{\"name\":\"Queensland Car & Truck Tyre Centre ED\",\"email\":\"merzaie.hussain@yahoo.com\",\"phone\":\"0452614695\",\"address\":\"194 Kingston Rd\",\"country\":\"4\",\"state\":\"57\",\"city\":\"12244\",\"postal_code\":\"4127\"}', NULL, 'delivered', 'FPOS', 'pending', 'pending', NULL, 1160.00, NULL, 0.00, NULL, 0.00, NULL, NULL, '[]', 0.00, 'amount', 0.00, 0.00, 1160.00, '[]', 0, NULL, 1, NULL, NULL, NULL, NULL, 76, '2025-12-08 04:27:52', '2025-12-08 06:53:07', NULL, NULL, 7, '14.202.22.235', NULL, NULL),
(117, 'SO-0062/2025-26', 251, NULL, 251, 251, '3', 'default', '{\"name\":null,\"email\":\"info@stylishwheels.com.au\",\"phone\":\"0732087744\",\"address\":\"36 Moss St, Slacks Creek QLD 4127\",\"country\":\"4\",\"state\":\"57\",\"city\":\"12244\",\"postal_code\":\"4127\"}', NULL, 'delivered', 'bank_transfer', 'pending', NULL, NULL, 76.00, 0, 0.00, 0.00, 0.00, '', NULL, NULL, NULL, NULL, 0.00, NULL, 76.00, NULL, 1, NULL, 1, NULL, NULL, NULL, 'abb01de8ca841730a715da7ca566d6fd', 77, '2025-12-08 04:32:44', '2025-12-09 12:58:35', NULL, NULL, NULL, NULL, NULL, NULL),
(118, 'SO-0063/2025-26', 104, '2025-12-08 04:59:33', 104, 104, NULL, 'default', '{\"name\":\"Cash Sale\",\"email\":\"cash@sample.com\",\"phone\":\"0000000000\",\"address\":\"123 St\",\"country\":null,\"state\":null,\"city\":null,\"postal_code\":null}', NULL, 'delivered', 'bank_transfer', 'pending', 'pending', NULL, 380.00, NULL, 0.00, NULL, 0.00, 'cash sale', NULL, '[]', 0.00, 'amount', 0.00, 0.00, 380.00, '[]', 0, NULL, 1, NULL, NULL, NULL, NULL, 78, '2025-12-08 04:59:33', '2025-12-08 06:53:45', NULL, NULL, 7, '14.202.22.235', NULL, NULL),
(119, 'SO-0064/2025-26', 283, '2025-12-08 05:09:15', 283, 283, NULL, 'default', '{\"name\":\"Walt Lee\",\"email\":\"waltleenb@outlook.com\",\"phone\":\"0481319599\",\"address\":\"999B FAIRFIELD RD\",\"country\":null,\"state\":null,\"city\":null,\"postal_code\":\"4105\"}', NULL, 'delivered', 'FPOS', 'pending', 'pending', NULL, 600.00, NULL, 0.00, NULL, 0.00, NULL, NULL, '[]', 0.00, 'amount', 0.00, 0.00, 600.00, '[]', 0, NULL, 1, NULL, NULL, NULL, NULL, 80, '2025-12-08 05:06:05', '2025-12-08 06:54:01', NULL, NULL, 7, '14.202.22.235', NULL, NULL),
(120, 'SO-0065/2025-26', 251, NULL, 251, 251, '3', 'default', '{\"name\":null,\"email\":\"info@stylishwheels.com.au\",\"phone\":\"0732087744\",\"address\":\"36 Moss St, Slacks Creek QLD 4127\",\"country\":\"4\",\"state\":\"57\",\"city\":\"12244\",\"postal_code\":\"4127\"}', NULL, 'delivered', 'bank_transfer', 'pending', NULL, NULL, 126.00, 0, 0.00, 0.00, 0.00, '', NULL, NULL, NULL, NULL, 0.00, NULL, 126.00, NULL, 1, NULL, 1, NULL, NULL, NULL, '1059ac987be1d24d95395419906ace56', 81, '2025-12-08 06:54:49', '2025-12-09 12:59:00', NULL, NULL, NULL, NULL, NULL, NULL),
(121, 'SO-0066/2025-26', 41, '2025-12-08 07:22:01', 41, 41, NULL, 'default', '{\"name\":\"Queensland Car & Truck Tyre Centre ED\",\"email\":\"merzaie.hussain@yahoo.com\",\"phone\":\"0452614695\",\"address\":\"194 Kingston Rd\",\"country\":\"4\",\"state\":\"57\",\"city\":\"12244\",\"postal_code\":\"4127\"}', NULL, 'delivered', 'FPOS', 'pending', 'pending', NULL, 296.00, NULL, 0.00, NULL, 0.00, NULL, NULL, '[]', 0.00, 'amount', 0.00, 0.00, 296.00, '[]', 0, NULL, 1, NULL, NULL, NULL, NULL, 82, '2025-12-08 07:22:01', '2025-12-08 12:16:53', NULL, NULL, 7, '14.202.22.235', NULL, NULL),
(122, 'SO-0067/2025-26', 232, '2025-12-08 07:29:21', 232, 232, NULL, 'default', '{\"name\":\"Babo\",\"email\":\"contact@rhinorims.com\",\"phone\":\"0434056453\",\"address\":\"742 Beaudesert Road\",\"country\":null,\"state\":null,\"city\":null,\"postal_code\":\"4106\"}', NULL, 'delivered', 'bank_transfer', 'pending', 'pending', NULL, 125.00, NULL, 0.00, NULL, 0.00, NULL, NULL, '[]', 0.00, 'amount', 0.00, 0.00, 125.00, '[]', 0, NULL, 1, NULL, NULL, NULL, NULL, 83, '2025-12-08 07:29:21', '2025-12-08 12:16:34', NULL, NULL, 7, '14.202.22.235', NULL, NULL),
(123, 'SO-0068/2025-26', 104, '2025-12-08 08:49:23', 104, 104, NULL, 'default', '{\"name\":\"Cash Sale\",\"email\":\"cash@sample.com\",\"phone\":\"0000000000\",\"address\":\"123 St\",\"country\":null,\"state\":null,\"city\":null,\"postal_code\":null}', NULL, 'delivered', 'FPOS', 'pending', 'pending', NULL, 180.00, NULL, 0.00, NULL, 0.00, NULL, NULL, '[]', 0.00, 'amount', 0.00, 0.00, 180.00, '[]', 0, NULL, 1, NULL, NULL, NULL, NULL, 84, '2025-12-08 08:49:23', '2025-12-08 12:16:16', NULL, NULL, 7, '14.202.22.235', NULL, NULL),
(124, 'SO-0070/2025-26', 223, NULL, 223, 223, '3', 'default', '{\"name\":null,\"email\":\"qualitytyresandwheels@gmail.com\",\"phone\":\"0424344540\",\"address\":\"9 Moss St\",\"country\":\"4\",\"state\":\"57\",\"city\":\"12244\",\"postal_code\":\"4127\"}', NULL, 'delivered', 'bank_transfer', 'pending', NULL, NULL, 1980.00, 0, 0.00, 0.00, 0.00, '', NULL, NULL, NULL, NULL, 0.00, NULL, 1980.00, NULL, 0, NULL, 1, NULL, NULL, NULL, '9878c86fc9e197d7b04b0a1249b0d548', 86, '2025-12-08 08:52:04', '2025-12-08 12:15:41', NULL, NULL, NULL, NULL, NULL, NULL),
(125, 'SO-0069/2025-26', 73, '2025-12-08 09:01:09', 73, 73, NULL, 'default', '{\"name\":\"AUTO INN MECHANICAL PHONG\",\"email\":\"AUTOINN09@GMAIL.COM\",\"phone\":\"0731890989\",\"address\":\"39 PARTRIDGE ST\",\"country\":\"4\",\"state\":\"57\",\"city\":\"12244\",\"postal_code\":\"4077\"}', NULL, 'delivered', 'bank_transfer', '', 'pending', NULL, 390.00, NULL, 0.00, NULL, 0.00, NULL, NULL, '[]', 0.00, 'amount', 0.00, 0.00, 390.00, '[]', 0, NULL, 1, NULL, NULL, NULL, NULL, 87, '2025-12-08 08:59:49', '2025-12-08 12:13:46', NULL, NULL, 7, '14.202.22.235', NULL, NULL),
(126, 'SO-0071/2025-26', 59, NULL, 59, 59, '3', 'default', '{\"name\":null,\"email\":\"shtk@iinet.net.au\",\"phone\":\"0481464494\",\"address\":\"2\\/63 MOSS ST\",\"country\":\"4\",\"state\":\"57\",\"city\":\"12244\",\"postal_code\":\"4157\"}', NULL, 'delivered', 'bank_transfer', 'pending', NULL, NULL, 722.00, 0, 0.00, 0.00, 0.00, '', NULL, NULL, NULL, NULL, 0.00, NULL, 722.00, NULL, 1, NULL, 1, NULL, NULL, NULL, 'e2cee31e41ee7a4d5f5d31dc608c17e6', 88, '2025-12-09 15:17:19', '2025-12-09 12:55:32', NULL, NULL, NULL, NULL, NULL, NULL),
(127, 'SO-0072/2025-26', 59, NULL, 59, 59, '3', 'default', '{\"name\":null,\"email\":\"shtk@iinet.net.au\",\"phone\":\"0481464494\",\"address\":\"2\\/63 MOSS ST\",\"country\":\"4\",\"state\":\"57\",\"city\":\"12244\",\"postal_code\":\"4157\"}', NULL, 'delivered', 'bank_transfer', 'pending', NULL, NULL, 204.00, 0, 0.00, 0.00, 0.00, '', NULL, NULL, NULL, NULL, 0.00, NULL, 204.00, NULL, 1, NULL, 1, NULL, NULL, NULL, '3af1926c13328846f0c6fe08065f2d8c', 89, '2025-12-09 15:22:21', '2025-12-09 12:55:55', NULL, NULL, NULL, NULL, NULL, NULL),
(131, 'SO-0073/2025-26', 59, NULL, 59, 59, '3', 'default', '{\"name\":null,\"email\":\"shtk@iinet.net.au\",\"phone\":\"0481464494\",\"address\":\"2\\/63 MOSS ST\",\"country\":\"4\",\"state\":\"57\",\"city\":\"12244\",\"postal_code\":\"4157\"}', NULL, 'delivered', 'bank_transfer', 'pending', NULL, NULL, 82.00, 0, 0.00, 0.00, 0.00, '', NULL, NULL, NULL, NULL, 0.00, NULL, 82.00, NULL, 1, NULL, 1, NULL, NULL, NULL, '1963d48ce40cebb9b8eec9848809d51b', 93, '2025-12-09 16:26:22', '2025-12-09 12:56:16', NULL, NULL, NULL, NULL, NULL, NULL),
(139, 'SO-0075/2025-26', 193, NULL, 193, 193, '3', 'default', '{\"name\":null,\"email\":\"Mossstreettyres18@gmail.com\",\"phone\":\"0424279946\",\"address\":\"18 Moss Street\",\"country\":\"4\",\"state\":\"57\",\"city\":\"12244\",\"postal_code\":\"4127\"}', NULL, 'delivered', 'bank_transfer', 'pending', NULL, NULL, 216.00, 0, 0.00, 0.00, 0.00, '', NULL, NULL, NULL, NULL, 0.00, NULL, 216.00, NULL, 0, NULL, 1, NULL, NULL, NULL, 'c2acb9877b878fb1ac238761f50a2b17', 98, '2025-12-09 18:00:44', '2025-12-09 12:56:39', NULL, NULL, NULL, NULL, NULL, NULL),
(140, 'SO-0076/2025-26', 167, NULL, 167, 167, '3', 'default', '{\"name\":null,\"email\":\"acc.kapstyre@gmail.com\",\"phone\":\"0410003034\",\"address\":\"35 Lower King St\",\"country\":\"4\",\"state\":\"57\",\"city\":\"12278\",\"postal_code\":\"4510\"}', NULL, 'delivered', 'bank_transfer', 'pending', NULL, NULL, 616.00, 0, 0.00, 0.00, 0.00, '', NULL, NULL, NULL, NULL, 0.00, NULL, 616.00, NULL, 0, NULL, 1, NULL, NULL, NULL, 'fe6006725def340418ae2f21e303715c', 99, '2025-12-09 18:10:22', '2025-12-09 12:56:57', NULL, NULL, NULL, NULL, NULL, NULL),
(142, 'SO-0077/2025-26', 41, '2025-12-09 07:02:24', 41, 41, NULL, 'default', '{\"name\":\"Queensland Car & Truck Tyre Centre ED\",\"email\":\"merzaie.hussain@yahoo.com\",\"phone\":\"0452614695\",\"address\":\"194 Kingston Rd\",\"country\":\"4\",\"state\":\"57\",\"city\":\"12244\",\"postal_code\":\"4127\"}', NULL, 'delivered', 'FPOS', 'pending', 'pending', NULL, 288.00, NULL, 0.00, NULL, 0.00, NULL, NULL, '[]', 0.00, 'amount', 0.00, 0.00, 288.00, '[]', 0, NULL, 1, NULL, NULL, NULL, NULL, 101, '2025-12-09 07:02:24', '2025-12-09 12:57:16', NULL, NULL, 7, '14.202.22.235', NULL, NULL),
(143, 'SO-0078/2025-26', 224, NULL, 224, 224, '3', 'default', '{\"name\":null,\"email\":\"ipswich@qualitytyresandwheels.com\",\"phone\":\"0476019699\",\"address\":\"2 PINE STREET\",\"country\":\"4\",\"state\":\"57\",\"city\":\"12510\",\"postal_code\":\"4305\"}', NULL, 'delivered', 'bank_transfer', 'pending', NULL, NULL, 946.00, 0, 0.00, 0.00, 0.00, '', NULL, NULL, NULL, NULL, 0.00, NULL, 946.00, NULL, 0, NULL, 1, NULL, NULL, NULL, '024f6ab7d79830c846faf5abea1ea871', 102, '2025-12-09 07:59:48', '2025-12-09 12:57:33', NULL, NULL, NULL, NULL, NULL, NULL),
(144, 'SO-0079/2025-26', 283, '2025-12-09 08:37:39', 283, 283, NULL, 'default', '{\"name\":\"Walt Lee\",\"email\":\"waltleenb@outlook.com\",\"phone\":\"0481319599\",\"address\":\"999B FAIRFIELD RD\",\"country\":null,\"state\":null,\"city\":null,\"postal_code\":\"4105\"}', NULL, 'delivered', 'bank_transfer', 'pending', 'pending', NULL, 1175.00, NULL, 0.00, NULL, 0.00, NULL, NULL, '[]', 0.00, 'amount', 0.00, 0.00, 1175.00, '[]', 0, NULL, 1, NULL, NULL, NULL, NULL, 103, '2025-12-09 08:37:39', '2025-12-09 12:57:53', NULL, NULL, 7, '14.202.22.235', NULL, NULL),
(145, 'SO-0080/2025-26', 193, NULL, 193, 193, '3', 'default', '{\"name\":null,\"email\":\"Mossstreettyres18@gmail.com\",\"phone\":\"0424279946\",\"address\":\"18 Moss Street\",\"country\":\"4\",\"state\":\"57\",\"city\":\"12244\",\"postal_code\":\"4127\"}', NULL, 'pending', 'bank_transfer', 'pending', NULL, NULL, 496.00, 0, 0.00, 0.00, 0.00, '', NULL, NULL, NULL, NULL, 0.00, NULL, 496.00, NULL, 0, NULL, 1, NULL, NULL, NULL, '2cfc8dee47799ea6cc3ef762f211da4f', 104, '2025-12-09 09:59:02', '2025-12-09 09:59:19', NULL, NULL, NULL, NULL, NULL, NULL),
(146, 'SO-0081/2025-26', 182, '2025-12-09 13:04:24', 182, 182, NULL, 'default', '{\"name\":\"LUCKY TYRES MUJI\",\"email\":\"info@luckytyres.com.au\",\"phone\":\"0732655488\",\"address\":\"19 Robinson Rd E\",\"country\":\"4\",\"state\":\"57\",\"city\":\"12244\",\"postal_code\":\"4014\"}', NULL, 'delivered', 'bank_transfer', 'pending', 'pending', NULL, 246.00, NULL, 0.00, NULL, 0.00, 'INVOICE#2001004 09.12.2025', NULL, '[]', 0.00, 'amount', 0.00, 0.00, 246.00, '[]', 0, NULL, 1, NULL, NULL, NULL, NULL, 105, '2025-12-09 13:04:24', '2025-12-09 13:04:44', NULL, NULL, 7, '14.202.22.235', NULL, NULL),
(147, 'SO-0082/2025-26', 90, '2025-12-09 13:06:17', 90, 90, NULL, 'default', '{\"name\":\"Brisbane Tyres Safar & Jawid\",\"email\":\"brisbanetyres01@gmail.com\",\"phone\":\"0469851994\",\"address\":\"17 Robinson Rd E\",\"country\":\"4\",\"state\":\"57\",\"city\":\"12244\",\"postal_code\":\"4014\"}', NULL, 'delivered', 'bank_transfer', 'pending', 'pending', NULL, 533.00, NULL, 0.00, NULL, 0.00, 'INVOICE#2001001 09.12.2025', NULL, '[]', 0.00, 'amount', 0.00, 0.00, 533.00, '[]', 0, NULL, 1, NULL, NULL, NULL, NULL, 106, '2025-12-09 13:06:17', '2025-12-09 13:06:30', NULL, NULL, 7, '14.202.22.235', NULL, NULL),
(148, 'SO-0083/2025-26', 121, '2025-12-09 13:07:46', 121, 121, NULL, 'default', '{\"name\":\"Discount Tyres Brisbane Ali\",\"email\":\"sales@tyresdiscountbrisbane.com.au\",\"phone\":\"0469681700\",\"address\":\"1\\/58 Pritchard Road\",\"country\":\"4\",\"state\":\"57\",\"city\":\"12244\",\"postal_code\":\"4014\"}', NULL, 'delivered', 'bank_transfer', 'pending', 'pending', NULL, 372.00, NULL, 0.00, NULL, 0.00, 'INVOICE#2001003 09.12.2025', NULL, '[]', 0.00, 'amount', 0.00, 0.00, 372.00, '[]', 0, NULL, 1, NULL, NULL, NULL, NULL, 107, '2025-12-09 13:07:46', '2025-12-09 13:07:57', NULL, NULL, 7, '14.202.22.235', NULL, NULL),
(149, 'SO-0084/2025-26', 279, '2025-12-09 13:09:21', 279, 279, NULL, 'default', '{\"name\":\"ULTIMATE TYRE NORTH SUNNY\",\"email\":\"ultimatetyresnorth@gmail.com\",\"phone\":\"0426650619\",\"address\":\"79 Linkfield Road\",\"country\":\"4\",\"state\":\"57\",\"city\":\"12240\",\"postal_code\":\"4036\"}', NULL, 'delivered', 'bank_transfer', 'pending', 'pending', NULL, 2692.00, NULL, 0.00, NULL, 0.00, 'INVOICE#2001002 09.12.2025', NULL, '[]', 0.00, 'amount', 0.00, 0.00, 2692.00, '[]', 0, NULL, 1, NULL, NULL, NULL, NULL, 108, '2025-12-09 13:09:21', '2025-12-09 13:09:35', NULL, NULL, 7, '14.202.22.235', NULL, NULL),
(150, 'SO-0085/2025-26', 67, '2025-12-09 13:15:17', 67, 67, NULL, 'default', '{\"name\":\"AMIGO TYRES BELJET SING\",\"email\":\"admin@amigotyres.com.au\",\"phone\":\"0735196491\",\"address\":\"Building1, Warehouse B&C, 1805 IPSWICH R\",\"country\":\"4\",\"state\":\"57\",\"city\":\"12797\",\"postal_code\":\"4106\"}', NULL, 'delivered', 'bank_transfer', 'pending', 'pending', NULL, 7120.00, NULL, 0.00, NULL, 0.00, 'PO 385 BS \nINVOICE#2001006 09.12.2025', NULL, '[]', 0.00, 'amount', 0.00, 0.00, 7120.00, '[]', 0, NULL, 1, NULL, NULL, NULL, NULL, 109, '2025-12-09 13:15:17', '2025-12-09 13:15:30', NULL, NULL, 7, '14.202.22.235', NULL, NULL);

-- --------------------------------------------------------

--
-- Table structure for table `ec_orders_log`
--

CREATE TABLE `ec_orders_log` (
  `id` bigint UNSIGNED NOT NULL,
  `type` varchar(100) COLLATE utf8mb4_unicode_ci DEFAULT NULL,
  `order_id` bigint UNSIGNED DEFAULT NULL,
  `log_detail` text COLLATE utf8mb4_unicode_ci,
  `created_by` bigint UNSIGNED DEFAULT NULL,
  `created_ip` varchar(20) COLLATE utf8mb4_unicode_ci DEFAULT NULL,
  `updated_by` bigint UNSIGNED DEFAULT NULL,
  `updated_ip` varchar(20) COLLATE utf8mb4_unicode_ci DEFAULT NULL,
  `created_at` timestamp NULL DEFAULT NULL,
  `updated_at` timestamp NULL DEFAULT NULL
) ENGINE=InnoDB DEFAULT CHARSET=utf8mb4 COLLATE=utf8mb4_unicode_ci;

--
-- Dumping data for table `ec_orders_log`
--

INSERT INTO `ec_orders_log` (`id`, `type`, `order_id`, `log_detail`, `created_by`, `created_ip`, `updated_by`, `updated_ip`, `created_at`, `updated_at`) VALUES
(1, 'created', 46, 'Order created successfully', 1, '103.68.95.166', NULL, NULL, '2025-12-01 17:40:20', '2025-12-01 17:40:20'),
(2, 'created', 47, 'Order created successfully', 1, '103.68.95.166', NULL, NULL, '2025-12-01 17:42:49', '2025-12-01 17:42:49'),
(3, 'created', 51, 'Order created successfully', 1, '103.68.95.166', NULL, NULL, '2025-12-01 17:46:39', '2025-12-01 17:46:39'),
(4, 'created', 52, 'Order created successfully', 1, '103.68.95.166', NULL, NULL, '2025-12-01 17:47:08', '2025-12-01 17:47:08'),
(5, 'created', 53, 'Order created successfully', 1, '103.68.95.166', NULL, NULL, '2025-12-01 17:48:47', '2025-12-01 17:48:47'),
(6, 'created', 54, 'Order created successfully', 1, '103.68.95.166', NULL, NULL, '2025-12-01 17:49:43', '2025-12-01 17:49:43'),
(7, 'created', 55, 'Order created successfully', 1, '103.68.95.166', NULL, NULL, '2025-12-01 17:50:02', '2025-12-01 17:50:02'),
(8, 'created', 56, 'Order created successfully', 1, '103.68.95.166', NULL, NULL, '2025-12-01 17:50:41', '2025-12-01 17:50:41'),
(9, 'created', 57, 'Order created successfully', 1, '103.68.95.166', NULL, NULL, '2025-12-01 17:54:25', '2025-12-01 17:54:25'),
(10, 'created', 58, 'Order created successfully', 1, '103.68.95.166', NULL, NULL, '2025-12-01 17:54:55', '2025-12-01 17:54:55'),
(11, 'created', 59, 'Order created successfully', 1, '103.68.95.166', NULL, NULL, '2025-12-01 17:57:51', '2025-12-01 17:57:51'),
(12, 'created', 60, 'Order created successfully', 1, '103.68.95.166', NULL, NULL, '2025-12-01 17:58:16', '2025-12-01 17:58:16'),
(13, 'created', 61, 'Order created successfully', 1, '103.68.95.166', NULL, NULL, '2025-12-01 17:58:33', '2025-12-01 17:58:33'),
(14, 'created', 62, 'Order created successfully', 1, '103.68.95.166', NULL, NULL, '2025-12-01 17:59:36', '2025-12-01 17:59:36'),
(15, 'created', 63, 'Order created successfully', 1, '103.68.95.166', NULL, NULL, '2025-12-01 17:59:55', '2025-12-01 17:59:55'),
(16, 'created', 64, 'Order created successfully', 1, '103.68.95.166', NULL, NULL, '2025-12-01 18:00:11', '2025-12-01 18:00:11'),
(17, 'created', 65, 'Order created successfully', 1, '103.68.95.166', NULL, NULL, '2025-12-01 18:00:31', '2025-12-01 18:00:31'),
(18, 'created', 66, 'Order created successfully', 1, '103.68.95.166', NULL, NULL, '2025-12-01 18:02:10', '2025-12-01 18:02:10'),
(19, 'created', 67, 'Order created successfully', 1, '103.68.95.166', NULL, NULL, '2025-12-01 18:02:29', '2025-12-01 18:02:29'),
(20, 'created', 68, 'Order created successfully', 1, '103.68.95.166', NULL, NULL, '2025-12-01 18:03:02', '2025-12-01 18:03:02'),
(21, 'created', 69, 'Order created successfully', 1, '103.68.95.166', NULL, NULL, '2025-12-01 18:03:23', '2025-12-01 18:03:23'),
(22, 'created', 70, 'Order created successfully', 1, '103.68.95.166', NULL, NULL, '2025-12-01 18:04:28', '2025-12-01 18:04:28'),
(23, 'created', 71, 'Order created successfully', 1, '103.68.95.166', NULL, NULL, '2025-12-01 18:04:47', '2025-12-01 18:04:47'),
(24, 'created', 72, 'Order created successfully', 1, '103.68.95.166', NULL, NULL, '2025-12-01 18:05:18', '2025-12-01 18:05:18'),
(25, 'created', 73, 'Order created successfully', 1, '103.68.95.166', NULL, NULL, '2025-12-01 18:06:14', '2025-12-01 18:06:14'),
(26, 'created', 74, 'Order created successfully', 1, '103.68.95.166', NULL, NULL, '2025-12-01 18:07:47', '2025-12-01 18:07:47'),
(27, 'created', 75, 'Order created successfully', 1, '103.68.95.166', NULL, NULL, '2025-12-01 18:08:16', '2025-12-01 18:08:16'),
(28, 'created', 76, 'Order created successfully', 1, '103.68.95.166', NULL, NULL, '2025-12-01 18:09:28', '2025-12-01 18:09:28'),
(29, 'created', 77, 'Order created successfully', 1, '103.68.95.166', NULL, NULL, '2025-12-01 18:09:47', '2025-12-01 18:09:47'),
(30, 'created', 78, 'Order created successfully', 1, '103.68.95.166', NULL, NULL, '2025-12-01 18:10:12', '2025-12-01 18:10:12'),
(31, 'created', 79, 'Order created successfully', 1, '103.68.95.166', NULL, NULL, '2025-12-01 18:14:04', '2025-12-01 18:14:04'),
(32, 'created', 80, 'Order created successfully', 1, '103.68.95.166', NULL, NULL, '2025-12-01 18:14:28', '2025-12-01 18:14:28'),
(33, 'created', 81, 'Order created successfully', 1, '103.68.95.166', NULL, NULL, '2025-12-01 18:15:48', '2025-12-01 18:15:48'),
(34, 'created', 82, 'Order created successfully', 1, '103.68.95.166', NULL, NULL, '2025-12-01 18:16:06', '2025-12-01 18:16:06'),
(35, 'created', 83, 'Order created successfully', 1, '103.68.95.166', NULL, NULL, '2025-12-01 18:17:00', '2025-12-01 18:17:00'),
(36, 'created', 84, 'Order created successfully', 1, '103.68.95.166', NULL, NULL, '2025-12-01 18:17:18', '2025-12-01 18:17:18'),
(37, 'created', 85, 'Order created successfully', 1, '103.68.95.166', NULL, NULL, '2025-12-01 18:19:20', '2025-12-01 18:19:20'),
(38, 'created', 86, 'Order created successfully', 1, '103.68.95.166', NULL, NULL, '2025-12-01 18:19:44', '2025-12-01 18:19:44'),
(39, 'created', 87, 'Order created successfully', 1, '103.68.95.166', NULL, NULL, '2025-12-01 18:20:06', '2025-12-01 18:20:06'),
(43, 'created', 90, 'Order created successfully', 7, '14.202.22.235', NULL, NULL, '2025-12-01 20:21:12', '2025-12-01 20:21:12'),
(44, 'deleted', 90, '{\"order_code\":\"SO-0040\\/2025-26\",\"deleted_by\":7,\"deleted_ip\":\"14.202.22.235\"}', 7, '14.202.22.235', NULL, NULL, '2025-12-01 20:23:16', '2025-12-01 20:23:16'),
(45, 'created', 91, 'Order created successfully', 7, '14.202.22.235', NULL, NULL, '2025-12-02 19:37:04', '2025-12-02 19:37:04'),
(46, 'PaymentLog', 91, 'Payment status changed from \'pending\' to \'completed\'', 7, '14.202.22.235', 7, '14.202.22.235', '2025-12-02 19:39:56', '2025-12-02 19:39:56'),
(47, 'OrdersLog', 91, 'Order status changed from \'pending\' to \'delivered\'', 7, '14.202.22.235', 7, '14.202.22.235', '2025-12-02 19:40:00', '2025-12-02 19:40:00'),
(48, 'deleted', 91, '{\"order_code\":\"SO-0040\\/2025-26\",\"deleted_by\":7,\"deleted_ip\":\"14.202.22.235\"}', 7, '14.202.22.235', NULL, NULL, '2025-12-02 19:42:46', '2025-12-02 19:42:46'),
(49, 'created', 92, 'Order created successfully', 8, '14.202.22.235', NULL, NULL, '2025-12-02 19:56:23', '2025-12-02 19:56:23'),
(50, 'deleted', 92, '{\"order_code\":\"SO-0040\\/2025-26\",\"deleted_by\":8,\"deleted_ip\":\"14.202.22.235\"}', 8, '14.202.22.235', NULL, NULL, '2025-12-02 19:56:36', '2025-12-02 19:56:36'),
(51, 'created', 94, 'Order created successfully', 7, '14.202.22.235', NULL, NULL, '2025-12-04 18:09:06', '2025-12-04 18:09:06'),
(52, 'PaymentLog', 94, 'Payment status changed from \'pending\' to \'completed\'', 7, '14.202.22.235', 7, '14.202.22.235', '2025-12-04 18:12:33', '2025-12-04 18:12:33'),
(53, 'OrdersLog', 94, 'Order status changed from \'pending\' to \'on_the_way\'', 7, '14.202.22.235', 7, '14.202.22.235', '2025-12-04 18:12:38', '2025-12-04 18:12:38'),
(54, 'Order Placed', 95, 'Order Placed Successfully From Web.', 7, '1.156.240.112', 7, '1.156.240.112', '2025-12-04 20:13:49', '2025-12-04 20:13:49'),
(55, 'OrdersLog', 95, 'Order status changed from \'pending\' to \'delivered\'', 7, '1.156.240.112', 7, '1.156.240.112', '2025-12-04 20:45:48', '2025-12-04 20:45:48'),
(56, 'OrdersLog', 94, 'Order status changed from \'on_the_way\' to \'canceled\'', 7, '1.156.240.112', 7, '1.156.240.112', '2025-12-04 20:47:28', '2025-12-04 20:47:28'),
(57, 'updated', 76, 'Subtotal changed from \'2992.00\' to \'4451.00\'; Total Amount changed from \'2992.00\' to \'4451.00\'; Product \'1 1 1 1 - Demo Product\' was modified', 7, '14.202.22.235', NULL, NULL, '2025-12-06 02:06:03', '2025-12-06 02:06:03'),
(58, 'updated', 78, 'Shipping address updated: Name changed from \'MUJI\' to \'MUJI \'; Subtotal changed from \'28928.00\' to \'1215.00\'; Total Amount changed from \'28928.00\' to \'1215.00\'; Product \'1 1 1 1 - Demo Product\' was modified', 7, '14.202.22.235', NULL, NULL, '2025-12-06 05:16:07', '2025-12-06 05:16:07'),
(64, 'created', 97, 'Order created successfully', 7, '14.202.22.235', NULL, NULL, '2025-12-07 02:59:09', '2025-12-07 02:59:09'),
(65, 'updated', 65, 'Subtotal changed from \'6253.00\' to \'3238.00\'; Total Amount changed from \'6253.00\' to \'3238.00\'; Product \'1 1 1 1 - Demo Product\' was modified', 7, '14.202.22.235', NULL, NULL, '2025-12-07 03:42:07', '2025-12-07 03:42:07'),
(66, 'created', 98, 'Order created successfully', 7, '14.202.22.235', NULL, NULL, '2025-12-07 04:01:54', '2025-12-07 04:01:54'),
(67, 'OrdersLog', 98, 'Order status changed from \'pending\' to \'confirmed\'', 7, '14.202.22.235', 7, '14.202.22.235', '2025-12-07 04:09:53', '2025-12-07 04:09:53'),
(68, 'OrdersLog', 98, 'Order status changed from \'confirmed\' to \'picked_up\'', 7, '14.202.22.235', 7, '14.202.22.235', '2025-12-07 04:09:59', '2025-12-07 04:09:59'),
(69, 'OrdersLog', 98, 'Order status changed from \'picked_up\' to \'on_the_way\'', 7, '14.202.22.235', 7, '14.202.22.235', '2025-12-07 04:10:02', '2025-12-07 04:10:02'),
(70, 'OrdersLog', 98, 'Order status changed from \'on_the_way\' to \'delivered\'', 7, '14.202.22.235', 7, '14.202.22.235', '2025-12-07 04:10:13', '2025-12-07 04:10:13'),
(71, 'OrdersLog', 65, 'Order status changed from \'pending\' to \'delivered\'', 7, '14.202.22.235', 7, '14.202.22.235', '2025-12-07 04:10:54', '2025-12-07 04:10:54'),
(72, 'OrdersLog', 81, 'Order status changed from \'pending\' to \'delivered\'', 7, '14.202.22.235', 7, '14.202.22.235', '2025-12-07 05:12:29', '2025-12-07 05:12:29'),
(73, 'PaymentLog', 81, 'Payment status changed from \'pending\' to \'completed\'', 7, '14.202.22.235', 7, '14.202.22.235', '2025-12-07 05:12:35', '2025-12-07 05:12:35'),
(74, 'payment_added', 81, 'Payment of $ 2724 added via CASH', 7, '14.202.22.235', NULL, NULL, '2025-12-07 05:13:40', '2025-12-07 05:13:40'),
(76, 'OrdersLog', 51, 'Order status changed from \'pending\' to \'delivered\'', 7, '14.202.22.235', 7, '14.202.22.235', '2025-12-07 06:32:05', '2025-12-07 06:32:05'),
(77, 'PaymentLog', 51, 'Payment status changed from \'pending\' to \'completed\'', 7, '14.202.22.235', 7, '14.202.22.235', '2025-12-07 06:32:22', '2025-12-07 06:32:22'),
(78, 'payment_added', 51, 'Payment of $ 676 added via CASH', 7, '14.202.22.235', NULL, NULL, '2025-12-07 06:40:59', '2025-12-07 06:40:59'),
(79, 'OrdersLog', 53, 'Order status changed from \'pending\' to \'delivered\'', 7, '14.202.22.235', 7, '14.202.22.235', '2025-12-07 07:19:08', '2025-12-07 07:19:08'),
(80, 'PaymentLog', 53, 'Payment status changed from \'pending\' to \'completed\'', 7, '14.202.22.235', 7, '14.202.22.235', '2025-12-07 07:19:11', '2025-12-07 07:19:11'),
(81, 'payment_added', 53, 'Payment of $ 118 added via CASH', 7, '14.202.22.235', NULL, NULL, '2025-12-07 07:19:27', '2025-12-07 07:19:27'),
(82, 'created', 99, 'Order created successfully', 7, '14.202.22.235', NULL, NULL, '2025-12-07 09:41:32', '2025-12-07 09:41:32'),
(83, 'OrdersLog', 99, 'Order status changed from \'pending\' to \'delivered\'', 7, '14.202.22.235', 7, '14.202.22.235', '2025-12-07 09:41:59', '2025-12-07 09:41:59'),
(84, 'updated', 46, 'Shipping address updated: Name changed from \'SAM\' to \'THE SECOND HAND TYRE KING SAMMY\'; Subtotal changed from \'6378.20\' to \'1378.00\'; Total Amount changed from \'6378.20\' to \'1378.00\'; Product \'1 1 1 1 - Demo Product\' was modified', 7, '14.202.22.235', NULL, NULL, '2025-12-07 09:47:00', '2025-12-07 09:47:00'),
(85, 'OrdersLog', 46, 'Order status changed from \'pending\' to \'delivered\'', 7, '14.202.22.235', 7, '14.202.22.235', '2025-12-07 09:47:20', '2025-12-07 09:47:20'),
(86, 'created', 100, 'Order created successfully', 7, '14.202.22.235', NULL, NULL, '2025-12-07 09:55:07', '2025-12-07 09:55:07'),
(87, 'OrdersLog', 100, 'Order status changed from \'pending\' to \'delivered\'', 7, '14.202.22.235', 7, '14.202.22.235', '2025-12-07 09:55:22', '2025-12-07 09:55:22'),
(88, 'created', 101, 'Order created successfully', 7, '14.202.22.235', NULL, NULL, '2025-12-07 10:07:35', '2025-12-07 10:07:35'),
(89, 'OrdersLog', 101, 'Order status changed from \'pending\' to \'delivered\'', 7, '14.202.22.235', 7, '14.202.22.235', '2025-12-07 10:08:02', '2025-12-07 10:08:02'),
(90, 'OrdersLog', 97, 'Order status changed from \'pending\' to \'confirmed\'', 7, '14.202.22.235', 7, '14.202.22.235', '2025-12-07 10:31:10', '2025-12-07 10:31:10'),
(91, 'deleted', 56, '{\"order_code\":\"SO-0008\\/2025-26\",\"deleted_by\":7,\"deleted_ip\":\"14.202.22.235\"}', 7, '14.202.22.235', NULL, NULL, '2025-12-07 10:42:51', '2025-12-07 10:42:51'),
(92, 'created', 102, 'Order created successfully', 7, '14.202.22.235', NULL, NULL, '2025-12-07 10:48:24', '2025-12-07 10:48:24'),
(93, 'OrdersLog', 102, 'Order status changed from \'pending\' to \'delivered\'', 7, '14.202.22.235', 7, '14.202.22.235', '2025-12-07 10:48:37', '2025-12-07 10:48:37'),
(94, 'created', 103, 'Order created successfully', 7, '14.202.22.235', NULL, NULL, '2025-12-07 10:49:57', '2025-12-07 10:49:57'),
(95, 'OrdersLog', 103, 'Order status changed from \'pending\' to \'delivered\'', 7, '14.202.22.235', 7, '14.202.22.235', '2025-12-07 10:50:11', '2025-12-07 10:50:11'),
(96, 'created', 104, 'Order created successfully', 7, '14.202.22.235', NULL, NULL, '2025-12-07 10:53:47', '2025-12-07 10:53:47'),
(97, 'OrdersLog', 104, 'Order status changed from \'pending\' to \'delivered\'', 7, '14.202.22.235', 7, '14.202.22.235', '2025-12-07 10:54:01', '2025-12-07 10:54:01'),
(98, 'created', 105, 'Order created successfully', 7, '14.202.22.235', NULL, NULL, '2025-12-07 10:55:43', '2025-12-07 10:55:43'),
(99, 'OrdersLog', 105, 'Order status changed from \'pending\' to \'delivered\'', 7, '14.202.22.235', 7, '14.202.22.235', '2025-12-07 10:55:56', '2025-12-07 10:55:56'),
(100, 'created', 106, 'Order created successfully', 7, '14.202.22.235', NULL, NULL, '2025-12-07 10:57:14', '2025-12-07 10:57:14'),
(101, 'OrdersLog', 106, 'Order status changed from \'pending\' to \'delivered\'', 7, '14.202.22.235', 7, '14.202.22.235', '2025-12-07 10:57:27', '2025-12-07 10:57:27'),
(102, 'OrdersLog', 97, 'Order status changed from \'confirmed\' to \'delivered\'', 7, '14.202.22.235', 7, '14.202.22.235', '2025-12-07 10:59:40', '2025-12-07 10:59:40'),
(103, 'created', 107, 'Order created successfully', 7, '14.202.22.235', NULL, NULL, '2025-12-07 11:17:33', '2025-12-07 11:17:33'),
(104, 'OrdersLog', 107, 'Order status changed from \'pending\' to \'delivered\'', 7, '14.202.22.235', 7, '14.202.22.235', '2025-12-07 11:17:47', '2025-12-07 11:17:47'),
(105, 'deleted', 84, '{\"order_code\":\"SO-0036\\/2025-26\",\"deleted_by\":7,\"deleted_ip\":\"14.202.22.235\"}', 7, '14.202.22.235', NULL, NULL, '2025-12-07 11:26:38', '2025-12-07 11:26:38'),
(106, 'deleted', 64, '{\"order_code\":\"SO-0016\\/2025-26\",\"deleted_by\":7,\"deleted_ip\":\"14.202.22.235\"}', 7, '14.202.22.235', NULL, NULL, '2025-12-07 11:43:18', '2025-12-07 11:43:18'),
(107, 'created', 108, 'Order created successfully', 7, '14.202.22.235', NULL, NULL, '2025-12-08 02:12:20', '2025-12-08 02:12:20'),
(108, 'updated', 68, 'Shipping address updated: Name changed from \'Moss Street Tyre company\' to \'Moss Street Tyre Company ADEL\'; Subtotal changed from \'21097.00\' to \'9050.00\'; Total Amount changed from \'21097.00\' to \'9050.00\'; Product \'1 1 1 1 - Demo Product\' was modified', 7, '14.202.22.235', NULL, NULL, '2025-12-08 02:33:29', '2025-12-08 02:33:29'),
(109, 'created', 109, 'Order created successfully', 7, '14.202.22.235', NULL, NULL, '2025-12-08 02:36:49', '2025-12-08 02:36:49'),
(110, 'OrdersLog', 109, 'Order status changed from \'pending\' to \'delivered\'', 7, '14.202.22.235', 7, '14.202.22.235', '2025-12-08 02:37:08', '2025-12-08 02:37:08'),
(111, 'OrdersLog', 68, 'Order status changed from \'pending\' to \'delivered\'', 7, '14.202.22.235', 7, '14.202.22.235', '2025-12-08 02:39:03', '2025-12-08 02:39:03'),
(112, 'created', 110, 'Order created successfully', 7, '14.202.22.235', NULL, NULL, '2025-12-08 03:27:41', '2025-12-08 03:27:41'),
(113, 'Order Placed', 111, 'Order Placed Successfully From Web.', 7, '14.202.22.235', 7, '14.202.22.235', '2025-12-08 03:42:22', '2025-12-08 03:42:22'),
(114, 'deleted', 111, '{\"order_code\":\"SO-0057\\/2025-26\",\"deleted_by\":7,\"deleted_ip\":\"14.202.22.235\"}', 7, '14.202.22.235', NULL, NULL, '2025-12-08 03:44:49', '2025-12-08 03:44:49'),
(115, 'created', 112, 'Order created successfully', 7, '14.202.22.235', NULL, NULL, '2025-12-08 04:09:03', '2025-12-08 04:09:03'),
(116, 'created', 113, 'Order created successfully', 7, '14.202.22.235', NULL, NULL, '2025-12-08 04:17:54', '2025-12-08 04:17:54'),
(117, 'Order Placed', 114, 'Order Placed Successfully From Web.', 0, '123.51.5.210', 0, '123.51.5.210', '2025-12-08 04:20:43', '2025-12-08 04:20:43'),
(118, 'created', 115, 'Order created successfully', 7, '14.202.22.235', NULL, NULL, '2025-12-08 04:23:42', '2025-12-08 04:23:42'),
(119, 'OrdersLog', 114, 'Order status changed from \'pending\' to \'delivered\'', 7, '14.202.22.235', 7, '14.202.22.235', '2025-12-08 04:24:43', '2025-12-08 04:24:43'),
(120, 'created', 116, 'Order created successfully', 7, '14.202.22.235', NULL, NULL, '2025-12-08 04:27:52', '2025-12-08 04:27:52'),
(121, 'Order Placed', 117, 'Order Placed Successfully From Web.', 0, '58.179.80.55', 0, '58.179.80.55', '2025-12-08 04:32:52', '2025-12-08 04:32:52'),
(122, 'created', 118, 'Order created successfully', 7, '14.202.22.235', NULL, NULL, '2025-12-08 04:59:34', '2025-12-08 04:59:34'),
(123, 'created', 119, 'Order created successfully', 7, '14.202.22.235', NULL, NULL, '2025-12-08 05:06:06', '2025-12-08 05:06:06'),
(124, 'updated', 119, 'Subtotal changed from \'381.00\' to \'600.00\'; Total Amount changed from \'381.00\' to \'600.00\'; Product \'215/70R16C 108/106 R L-MAX9\' was modified', 7, '14.202.22.235', NULL, NULL, '2025-12-08 05:09:15', '2025-12-08 05:09:15'),
(125, 'OrdersLog', 117, 'Order status changed from \'pending\' to \'confirmed\'', 7, '14.202.22.235', 7, '14.202.22.235', '2025-12-08 06:08:59', '2025-12-08 06:08:59'),
(126, 'OrdersLog', 110, 'Order status changed from \'pending\' to \'delivered\'', 7, '14.202.22.235', 7, '14.202.22.235', '2025-12-08 06:45:13', '2025-12-08 06:45:13'),
(127, 'OrdersLog', 112, 'Order status changed from \'pending\' to \'delivered\'', 7, '14.202.22.235', 7, '14.202.22.235', '2025-12-08 06:52:09', '2025-12-08 06:52:09'),
(128, 'OrdersLog', 113, 'Order status changed from \'pending\' to \'delivered\'', 7, '14.202.22.235', 7, '14.202.22.235', '2025-12-08 06:52:28', '2025-12-08 06:52:28'),
(129, 'OrdersLog', 115, 'Order status changed from \'pending\' to \'delivered\'', 7, '14.202.22.235', 7, '14.202.22.235', '2025-12-08 06:52:49', '2025-12-08 06:52:49'),
(130, 'OrdersLog', 116, 'Order status changed from \'pending\' to \'delivered\'', 7, '14.202.22.235', 7, '14.202.22.235', '2025-12-08 06:53:07', '2025-12-08 06:53:07'),
(131, 'OrdersLog', 118, 'Order status changed from \'pending\' to \'delivered\'', 7, '14.202.22.235', 7, '14.202.22.235', '2025-12-08 06:53:46', '2025-12-08 06:53:46'),
(132, 'OrdersLog', 119, 'Order status changed from \'pending\' to \'delivered\'', 7, '14.202.22.235', 7, '14.202.22.235', '2025-12-08 06:54:02', '2025-12-08 06:54:02'),
(133, 'Order Placed', 120, 'Order Placed Successfully From Web.', 0, '58.179.80.55', 0, '58.179.80.55', '2025-12-08 06:55:01', '2025-12-08 06:55:01'),
(134, 'OrdersLog', 120, 'Order status changed from \'pending\' to \'confirmed\'', 7, '14.202.22.235', 7, '14.202.22.235', '2025-12-08 07:00:54', '2025-12-08 07:00:54'),
(135, 'created', 121, 'Order created successfully', 7, '14.202.22.235', NULL, NULL, '2025-12-08 07:22:01', '2025-12-08 07:22:01'),
(136, 'created', 122, 'Order created successfully', 7, '14.202.22.235', NULL, NULL, '2025-12-08 07:29:22', '2025-12-08 07:29:22'),
(137, 'created', 123, 'Order created successfully', 7, '14.202.22.235', NULL, NULL, '2025-12-08 08:49:23', '2025-12-08 08:49:23'),
(138, 'created', 125, 'Order created successfully', 7, '14.202.22.235', NULL, NULL, '2025-12-08 08:59:49', '2025-12-08 08:59:49'),
(139, 'Order Placed', 124, 'Order Placed Successfully From Web.', 0, '110.239.140.122', 0, '110.239.140.122', '2025-12-08 09:00:07', '2025-12-08 09:00:07'),
(140, 'Order Placed', 124, 'Order Placed Successfully From Web.', 0, '110.239.140.122', 0, '110.239.140.122', '2025-12-08 09:00:07', '2025-12-08 09:00:07'),
(141, 'Order Placed', 124, 'Order Placed Successfully From Web.', 0, '110.239.140.122', 0, '110.239.140.122', '2025-12-08 09:00:07', '2025-12-08 09:00:07'),
(142, 'Order Placed', 124, 'Order Placed Successfully From Web.', 0, '110.239.140.122', 0, '110.239.140.122', '2025-12-08 09:00:07', '2025-12-08 09:00:07'),
(143, 'updated', 125, 'Subtotal changed from \'410.00\' to \'390.00\'; Total Amount changed from \'410.00\' to \'390.00\'; Product \'215/55R18 99 W XL L-ZEAL56\' was modified', 7, '14.202.22.235', NULL, NULL, '2025-12-08 09:01:10', '2025-12-08 09:01:10'),
(144, 'OrdersLog', 125, 'Order status changed from \'pending\' to \'delivered\'', 7, '14.202.22.235', 7, '14.202.22.235', '2025-12-08 12:12:58', '2025-12-08 12:12:58'),
(145, 'PaymentLog', 125, 'Payment status changed from \'pending\' to \'completed\'', 7, '14.202.22.235', 7, '14.202.22.235', '2025-12-08 12:13:04', '2025-12-08 12:13:04'),
(146, 'payment_added', 125, 'Payment of $ 390 added via CASH', 7, '14.202.22.235', NULL, NULL, '2025-12-08 12:13:46', '2025-12-08 12:13:46'),
(147, 'OrdersLog', 124, 'Order status changed from \'pending\' to \'delivered\'', 7, '14.202.22.235', 7, '14.202.22.235', '2025-12-08 12:15:41', '2025-12-08 12:15:41'),
(148, 'OrdersLog', 123, 'Order status changed from \'pending\' to \'delivered\'', 7, '14.202.22.235', 7, '14.202.22.235', '2025-12-08 12:16:16', '2025-12-08 12:16:16'),
(149, 'OrdersLog', 122, 'Order status changed from \'pending\' to \'delivered\'', 7, '14.202.22.235', 7, '14.202.22.235', '2025-12-08 12:16:34', '2025-12-08 12:16:34'),
(150, 'OrdersLog', 121, 'Order status changed from \'pending\' to \'delivered\'', 7, '14.202.22.235', 7, '14.202.22.235', '2025-12-08 12:16:53', '2025-12-08 12:16:53'),
(151, 'Order Placed', 126, 'Order Placed Successfully From Web.', 0, '123.51.5.210', 0, '123.51.5.210', '2025-12-09 15:18:28', '2025-12-09 15:18:28'),
(152, 'Order Placed', 126, 'Order Placed Successfully From Web.', 0, '123.51.5.210', 0, '123.51.5.210', '2025-12-09 15:18:28', '2025-12-09 15:18:28'),
(153, 'Order Placed', 126, 'Order Placed Successfully From Web.', 0, '123.51.5.210', 0, '123.51.5.210', '2025-12-09 15:18:28', '2025-12-09 15:18:28'),
(154, 'OrdersLog', 126, 'Order status changed from \'pending\' to \'confirmed\'', 7, '14.202.22.235', 7, '14.202.22.235', '2025-12-09 15:23:21', '2025-12-09 15:23:21'),
(155, 'Order Placed', 127, 'Order Placed Successfully From Web.', 0, '123.51.5.210', 0, '123.51.5.210', '2025-12-09 15:23:26', '2025-12-09 15:23:26'),
(156, 'OrdersLog', 127, 'Order status changed from \'pending\' to \'confirmed\'', 7, '14.202.22.235', 7, '14.202.22.235', '2025-12-09 15:25:05', '2025-12-09 15:25:05'),
(160, 'Order Placed', 131, 'Order Placed Successfully From Web.', 0, '123.51.5.210', 0, '123.51.5.210', '2025-12-09 16:27:28', '2025-12-09 16:27:28'),
(161, 'OrdersLog', 131, 'Order status changed from \'pending\' to \'confirmed\'', 7, '14.202.22.235', 7, '14.202.22.235', '2025-12-09 16:31:48', '2025-12-09 16:31:48'),
(165, 'Order Placed', 138, 'Order Placed Successfully From Web.', 0, '122.151.192.56', 0, '122.151.192.56', '2025-12-09 17:35:53', '2025-12-09 17:35:53'),
(166, 'Order Placed', 139, 'Order Placed Successfully From Web.', 0, '122.151.192.56', 0, '122.151.192.56', '2025-12-09 18:01:52', '2025-12-09 18:01:52'),
(167, 'Order Placed', 140, 'Order Placed Successfully From Web.', 0, '49.191.48.7', 0, '49.191.48.7', '2025-12-09 18:13:37', '2025-12-09 18:13:37'),
(168, 'Order Placed', 140, 'Order Placed Successfully From Web.', 0, '49.191.48.7', 0, '49.191.48.7', '2025-12-09 18:13:37', '2025-12-09 18:13:37'),
(169, 'Order Placed', 140, 'Order Placed Successfully From Web.', 0, '49.191.48.7', 0, '49.191.48.7', '2025-12-09 18:13:37', '2025-12-09 18:13:37'),
(170, 'Order Placed', 140, 'Order Placed Successfully From Web.', 0, '49.191.48.7', 0, '49.191.48.7', '2025-12-09 18:13:37', '2025-12-09 18:13:37'),
(172, 'created', 142, 'Order created successfully', 7, '14.202.22.235', NULL, NULL, '2025-12-09 07:02:24', '2025-12-09 07:02:24'),
(173, 'Order Placed', 143, 'Order Placed Successfully From Web.', 0, '27.33.17.250', 0, '27.33.17.250', '2025-12-09 08:00:12', '2025-12-09 08:00:12'),
(174, 'Order Placed', 143, 'Order Placed Successfully From Web.', 0, '27.33.17.250', 0, '27.33.17.250', '2025-12-09 08:00:12', '2025-12-09 08:00:12'),
(175, 'Order Placed', 143, 'Order Placed Successfully From Web.', 0, '27.33.17.250', 0, '27.33.17.250', '2025-12-09 08:00:12', '2025-12-09 08:00:12'),
(176, 'Order Placed', 143, 'Order Placed Successfully From Web.', 0, '27.33.17.250', 0, '27.33.17.250', '2025-12-09 08:00:12', '2025-12-09 08:00:12'),
(177, 'Order Placed', 143, 'Order Placed Successfully From Web.', 0, '27.33.17.250', 0, '27.33.17.250', '2025-12-09 08:00:12', '2025-12-09 08:00:12'),
(178, 'Order Placed', 143, 'Order Placed Successfully From Web.', 0, '27.33.17.250', 0, '27.33.17.250', '2025-12-09 08:00:12', '2025-12-09 08:00:12'),
(179, 'Order Placed', 143, 'Order Placed Successfully From Web.', 0, '27.33.17.250', 0, '27.33.17.250', '2025-12-09 08:00:12', '2025-12-09 08:00:12'),
(180, 'deleted', 138, '{\"order_code\":\"SO-0074\\/2025-26\",\"deleted_by\":7,\"deleted_ip\":\"14.202.22.235\"}', 7, '14.202.22.235', NULL, NULL, '2025-12-09 08:01:25', '2025-12-09 08:01:25'),
(181, 'created', 144, 'Order created successfully', 7, '14.202.22.235', NULL, NULL, '2025-12-09 08:37:39', '2025-12-09 08:37:39'),
(182, 'Order Placed', 145, 'Order Placed Successfully From Web.', 0, '122.151.192.56', 0, '122.151.192.56', '2025-12-09 09:59:19', '2025-12-09 09:59:19'),
(183, 'OrdersLog', 126, 'Order status changed from \'confirmed\' to \'delivered\'', 7, '14.202.22.235', 7, '14.202.22.235', '2025-12-09 12:55:32', '2025-12-09 12:55:32'),
(184, 'OrdersLog', 127, 'Order status changed from \'confirmed\' to \'delivered\'', 7, '14.202.22.235', 7, '14.202.22.235', '2025-12-09 12:55:55', '2025-12-09 12:55:55'),
(185, 'OrdersLog', 131, 'Order status changed from \'confirmed\' to \'delivered\'', 7, '14.202.22.235', 7, '14.202.22.235', '2025-12-09 12:56:16', '2025-12-09 12:56:16'),
(186, 'OrdersLog', 139, 'Order status changed from \'pending\' to \'delivered\'', 7, '14.202.22.235', 7, '14.202.22.235', '2025-12-09 12:56:40', '2025-12-09 12:56:40'),
(187, 'OrdersLog', 140, 'Order status changed from \'pending\' to \'delivered\'', 7, '14.202.22.235', 7, '14.202.22.235', '2025-12-09 12:56:58', '2025-12-09 12:56:58'),
(188, 'OrdersLog', 142, 'Order status changed from \'pending\' to \'delivered\'', 7, '14.202.22.235', 7, '14.202.22.235', '2025-12-09 12:57:16', '2025-12-09 12:57:16'),
(189, 'OrdersLog', 143, 'Order status changed from \'pending\' to \'delivered\'', 7, '14.202.22.235', 7, '14.202.22.235', '2025-12-09 12:57:34', '2025-12-09 12:57:34'),
(190, 'OrdersLog', 144, 'Order status changed from \'pending\' to \'delivered\'', 7, '14.202.22.235', 7, '14.202.22.235', '2025-12-09 12:57:53', '2025-12-09 12:57:53'),
(191, 'OrdersLog', 117, 'Order status changed from \'confirmed\' to \'delivered\'', 7, '14.202.22.235', 7, '14.202.22.235', '2025-12-09 12:58:35', '2025-12-09 12:58:35'),
(192, 'OrdersLog', 120, 'Order status changed from \'confirmed\' to \'delivered\'', 7, '14.202.22.235', 7, '14.202.22.235', '2025-12-09 12:59:00', '2025-12-09 12:59:00'),
(193, 'OrdersLog', 108, 'Order status changed from \'pending\' to \'delivered\'', 7, '14.202.22.235', 7, '14.202.22.235', '2025-12-09 12:59:31', '2025-12-09 12:59:31'),
(194, 'deleted', 87, '{\"order_code\":\"SO-0039\\/2025-26\",\"deleted_by\":7,\"deleted_ip\":\"14.202.22.235\"}', 7, '14.202.22.235', NULL, NULL, '2025-12-09 13:00:26', '2025-12-09 13:00:26'),
(195, 'OrdersLog', 86, 'Order status changed from \'pending\' to \'delivered\'', 7, '14.202.22.235', 7, '14.202.22.235', '2025-12-09 13:01:03', '2025-12-09 13:01:03'),
(198, 'created', 146, 'Order created successfully', 7, '14.202.22.235', NULL, NULL, '2025-12-09 13:04:24', '2025-12-09 13:04:24'),
(199, 'OrdersLog', 146, 'Order status changed from \'pending\' to \'delivered\'', 7, '14.202.22.235', 7, '14.202.22.235', '2025-12-09 13:04:44', '2025-12-09 13:04:44'),
(200, 'created', 147, 'Order created successfully', 7, '14.202.22.235', NULL, NULL, '2025-12-09 13:06:17', '2025-12-09 13:06:17'),
(201, 'OrdersLog', 147, 'Order status changed from \'pending\' to \'delivered\'', 7, '14.202.22.235', 7, '14.202.22.235', '2025-12-09 13:06:30', '2025-12-09 13:06:30'),
(202, 'created', 148, 'Order created successfully', 7, '14.202.22.235', NULL, NULL, '2025-12-09 13:07:46', '2025-12-09 13:07:46'),
(203, 'OrdersLog', 148, 'Order status changed from \'pending\' to \'delivered\'', 7, '14.202.22.235', 7, '14.202.22.235', '2025-12-09 13:07:58', '2025-12-09 13:07:58'),
(204, 'created', 149, 'Order created successfully', 7, '14.202.22.235', NULL, NULL, '2025-12-09 13:09:21', '2025-12-09 13:09:21'),
(205, 'OrdersLog', 149, 'Order status changed from \'pending\' to \'delivered\'', 7, '14.202.22.235', 7, '14.202.22.235', '2025-12-09 13:09:36', '2025-12-09 13:09:36'),
(206, 'created', 150, 'Order created successfully', 7, '14.202.22.235', NULL, NULL, '2025-12-09 13:15:17', '2025-12-09 13:15:17'),
(207, 'OrdersLog', 150, 'Order status changed from \'pending\' to \'delivered\'', 7, '14.202.22.235', 7, '14.202.22.235', '2025-12-09 13:15:31', '2025-12-09 13:15:31'),
(210, 'OrdersLog', 77, 'Order status changed from \'pending\' to \'delivered\'', 7, '14.202.22.235', 7, '14.202.22.235', '2025-12-09 13:21:04', '2025-12-09 13:21:04');

-- --------------------------------------------------------

--
-- Table structure for table `ec_order_addresses`
--

CREATE TABLE `ec_order_addresses` (
  `id` bigint UNSIGNED NOT NULL,
  `name` varchar(191) COLLATE utf8mb4_unicode_ci NOT NULL,
  `phone` varchar(20) COLLATE utf8mb4_unicode_ci DEFAULT NULL,
  `email` varchar(191) COLLATE utf8mb4_unicode_ci DEFAULT NULL,
  `country` varchar(120) COLLATE utf8mb4_unicode_ci DEFAULT NULL,
  `state` varchar(120) COLLATE utf8mb4_unicode_ci DEFAULT NULL,
  `city` varchar(120) COLLATE utf8mb4_unicode_ci DEFAULT NULL,
  `address` varchar(191) COLLATE utf8mb4_unicode_ci DEFAULT NULL,
  `order_id` bigint UNSIGNED NOT NULL,
  `zip_code` varchar(20) COLLATE utf8mb4_unicode_ci DEFAULT NULL,
  `type` varchar(60) COLLATE utf8mb4_unicode_ci NOT NULL DEFAULT 'shipping_address'
) ENGINE=InnoDB DEFAULT CHARSET=utf8mb4 COLLATE=utf8mb4_unicode_ci;

--
-- Dumping data for table `ec_order_addresses`
--

INSERT INTO `ec_order_addresses` (`id`, `name`, `phone`, `email`, `country`, `state`, `city`, `address`, `order_id`, `zip_code`, `type`) VALUES
(1, 'SAM', '38043455', 'shtk@iinet.net.au', NULL, NULL, NULL, '2/63 MOSS ST', 46, '4157', 'shipping_address'),
(2, 'SHIV', '0735196491', 'admin@amigotyres.com.au', NULL, NULL, NULL, 'Building1, Warehouse B&C, 1805 IPSWICH R', 47, '4106', 'shipping_address'),
(3, 'Ken', '46155770', 'aussiedirtbikespare@bigpond.com', NULL, NULL, NULL, '7 Aspect Street', 51, '4350', 'shipping_address'),
(4, 'Teddy', '0434609834', 'bluenileautotyres@gmail.com', NULL, NULL, NULL, '746 Beaudesert Road', 52, '4106', 'shipping_address'),
(5, 'Brisbane Tyres', '0421 562 988', 'brisbanetyres01@gmail.com', NULL, NULL, NULL, '17 Robinson Rd E', 53, '4014', 'shipping_address'),
(6, 'ALI & Ahmed', '0470236432', 'ahmadmirzaie378@gmail.com', NULL, NULL, NULL, '2/51 Moss Street', 54, '4127', 'shipping_address'),
(7, 'Rahul', '0730904430', 'cheaptyres.autoservice@yahoo.com', NULL, NULL, NULL, 'Unit 1-3335 Pacific Highway', 55, '4127', 'shipping_address'),
(9, 'Faster Tyres Pty Ltd', '07 3107 3336', 'abel@fastertyres.com', NULL, NULL, NULL, '1/37 Smallwood St', 57, '4119', 'shipping_address'),
(10, 'Emma and Trevor', '0410 998 550', 'brisbanesouth@gotyres.com.au', NULL, NULL, NULL, '36 Orange Grove Road', 58, '4108', 'shipping_address'),
(11, '0732992345', '0732992345', 'alirasuli706@gmail.com', NULL, NULL, NULL, '1/3337 Pacific Hwy', 59, '4127', 'shipping_address'),
(12, 'mohammad', '0469851994', 'hi5tyres34@gmail.com', NULL, NULL, NULL, '34 Robinson Rd East', 60, '4104', 'shipping_address'),
(13, 'Zabiullah Barrathi', '0732746814', 'hottyres.wheels@gmail.com', NULL, NULL, NULL, '550 boundary road', 61, '4108', 'shipping_address'),
(14, 'RAJESHNI SINGH', '0738004014', 'JOESMECHANICALS@GMAIL.COM', NULL, NULL, NULL, '78-84 MIDDLE ROAD', 62, '4118', 'shipping_address'),
(15, 'Adrian Coyne', '0732770333', 'adrian@justtrailers.com.au', NULL, NULL, NULL, '94 Boundary Road', 63, '4106', 'shipping_address'),
(17, 'Raju & Yaad', '0410003034', 'acc.kapstyre@gmail.com', NULL, NULL, NULL, '35 Lower King St', 65, '4510', 'shipping_address'),
(18, 'Lobb St New And Used Tyres', '0732024774', 'lobbstnewandusedtyres@gmail.com', NULL, NULL, NULL, '7/61 Lobb St', 66, '4305', 'shipping_address'),
(19, 'SHANE', '0427658270', 'stumm01@bigpond.com.au', NULL, NULL, NULL, '27 DALGANGAL RD', 67, '4625', 'shipping_address'),
(20, 'Moss Street Tyre company', '07 3290 0133', 'Mossstreettyres18@gmail.com', NULL, NULL, NULL, '18 Moss Street', 68, '4127', 'shipping_address'),
(21, 'Prabh / Manpreet', '0497666312', 'prabh@mahadevlogistics.com', NULL, NULL, NULL, 'Unit 3/68 Blanck Street', 69, '4208', 'shipping_address'),
(22, 'Jawid', '0423231806', 'oxleywheelsandtyres@gmail.com', NULL, NULL, NULL, '1B/62 Blunder Rd', 70, '4075', 'shipping_address'),
(23, 'JOHN ABBEY', '0415335092', 'OZZIEBUDGETTYRES@GMAIL.COM', NULL, NULL, NULL, '9 EGINBAH COURT', 71, '4128', 'shipping_address'),
(24, 'Amin', '0734908355', 'brendale@ozzytyres.com.au', NULL, NULL, NULL, '83 South Pine Rd', 72, '4500', 'shipping_address'),
(25, 'Omid', '0406669373', NULL, NULL, NULL, NULL, 'Unit3 58 Pritchard Road', 73, '4014', 'shipping_address'),
(26, 'MICHEAL', '0437443764', 'mjm.66@bigpond.com', NULL, NULL, NULL, '18 PAMMENTER RD', 74, '4352', 'shipping_address'),
(27, 'EID MOHAMMAD', '0730904275', 'eidmohammad.noori81@gmail.com', NULL, NULL, NULL, '194 KINGSTON RD', 75, '4127', 'shipping_address'),
(28, 'QLDcheaptyres', '0406172019', 'afshinhaydar@yahoo.com', NULL, NULL, NULL, '702 Beaudesert Rd', 76, '4106', 'shipping_address'),
(29, '07 3290 5469', '07 3290 5469', 'qualitytyresandwheels@gmail.com', NULL, NULL, NULL, '9 Moss St', 77, '4127', 'shipping_address'),
(30, 'MUJI', '(07) 3265 5488', 'info@luckytyres.com.au', NULL, NULL, NULL, '19 Robinson Rd E', 78, '4014', 'shipping_address'),
(31, 'Jakeob Parkinson', '0421 544 958', 'RadWorxGarage@outlook.com', NULL, NULL, NULL, '1B/105 Lobb Street, Churchill', 79, '4305', 'shipping_address'),
(32, 'Babo', '0434056453', 'contact@rhinorims.com', NULL, NULL, NULL, '742 Beaudesert Road', 80, '4106', 'shipping_address'),
(33, 'STYLISH WHEELS', '07 32087744', 'info@stylishwheels.com.au', NULL, NULL, NULL, '36 Moss St, Slacks Creek QLD 4127', 81, '4127', 'shipping_address'),
(34, 'Nehmat', '0731334072', 'tigertyres@yahoo.com.au', NULL, NULL, NULL, '13 Herbert Street', 82, '4127', 'shipping_address'),
(35, 'ADAM MAQS', '0756796679', 'trustedtyresongoldcoast@gmail.com', NULL, NULL, NULL, '157 OLD PACIFIC HIGHWAY', 83, '4210', 'shipping_address'),
(37, 'ULTIMATE TYRE & BATTERIES SERVICES', '0481372472', 'ultimatetyreservice@gmail.com', NULL, NULL, NULL, '5 Permarig Place', 85, '4106', 'shipping_address'),
(38, 'Sunny', '0426650619', 'ultimatetyresnorth@gmail.com', NULL, NULL, NULL, '79 Linkfield Road', 86, '4036', 'shipping_address'),
(41, 'ZIMMOS TYRES', '0419924572', 'zimmostyres@gmail.com', NULL, NULL, NULL, '1/35 Cerina Circuit', 89, '4280', 'shipping_address'),
(45, 'KYOUNGRAE CHO', '0412107801', 'fervorcho@gmail.com', '4', '57', '12748', '70 Lindfield st', 93, '4115', 'shipping_address'),
(46, 'Yellowequip PTY LTD', '0731444313', 'najib@yellowequip.com', NULL, NULL, NULL, '43 Elderbury place', 94, '4116', 'shipping_address'),
(47, 'Yellowequip Pty Ltd', '0403271473', 'najib@yellowequip.com', NULL, NULL, NULL, '209 McRoyle Street', 95, NULL, 'shipping_address'),
(49, 'QUALITY TYRES AND WHEELS IPSWICH MUJI', '0476019699', 'ipswich@qualitytyresandwheels.com', '4', '57', '12510', '2 PINE STREET', 97, '4305', 'shipping_address'),
(50, 'Raju & Yaad', '0410003034', 'acc.kapstyre@gmail.com', NULL, NULL, NULL, '35 Lower King St', 98, '4510', 'shipping_address'),
(51, 'THE SECOND HAND TYRE KING SAMMY', '0481464494', 'shtk@iinet.net.au', '4', '57', '12244', '2/63 MOSS ST', 99, '4157', 'shipping_address'),
(52, 'THE SECOND HAND TYRE KING SAMMY', '0481464494', 'shtk@iinet.net.au', '4', '57', '12244', '2/63 MOSS ST', 100, '4157', 'shipping_address'),
(53, 'Aussie Tyres & Mechanical KEN', '0418732321', 'aussiedirtbikespare@bigpond.com', '4', '57', '12892', '7 Aspect Street', 101, '4350', 'shipping_address'),
(54, 'Discount Tyres Brisbane Ali', '0469681700', 'sales@tyresdiscountbrisbane.com.au', '4', '57', '12244', '1/58 Pritchard Road', 102, '4014', 'shipping_address'),
(55, 'Discount Tyres Brisbane Ali', '0469681700', 'sales@tyresdiscountbrisbane.com.au', '4', '57', '12244', '1/58 Pritchard Road', 103, '4014', 'shipping_address'),
(56, 'Discount Tyres Brisbane Ali', '0469681700', 'sales@tyresdiscountbrisbane.com.au', '4', '57', '12244', '1/58 Pritchard Road', 104, '4014', 'shipping_address'),
(57, 'Discount Tyres Brisbane Ali', '0469681700', 'sales@tyresdiscountbrisbane.com.au', '4', '57', '12244', '1/58 Pritchard Road', 105, '4014', 'shipping_address'),
(58, 'Discount Tyres Brisbane Ali', '0469681700', 'sales@tyresdiscountbrisbane.com.au', '4', '57', '12244', '1/58 Pritchard Road', 106, '4014', 'shipping_address'),
(59, 'Hackett\'s Discount Tyres Brad', '0731626895', 'accounts@hackettsdiscounttyres.com.au', '4', '57', '12244', '16 Boyland Ave', 107, '4108', 'shipping_address'),
(60, 'Queensland Car & Truck Tyre Centre ED', '0452614695', 'merzaie.hussain@yahoo.com', '4', '57', '12244', '194 Kingston Rd', 108, '4127', 'shipping_address'),
(61, 'Moss Street Tyre Company ADEL', '0424279946', 'Mossstreettyres18@gmail.com', '4', '57', '12244', '18 Moss Street', 109, '4127', 'shipping_address'),
(62, 'Aussie Tyres & Mechanical KEN', '0418732321', 'aussiedirtbikespare@bigpond.com', '4', '57', '12892', '7 Aspect Street', 110, '4350', 'shipping_address'),
(64, 'Tiger Tyres Nehmat', '0731334072', 'tigertyres@yahoo.com.au', '4', '57', '12244', '13 Herbert Street', 112, '4127', 'shipping_address'),
(65, 'BLUE NILE AUTO TYRE AND WHEELS TEDDY', '0434609834', 'takelenega@gmail.com', '4', '57', '12244', '746 Beaudesert Rd', 113, '4106', 'shipping_address'),
(66, 'CENTRAL TYRES ALI & AHMAD', '0470236432', 'ahmadmirzaie378@gmail.com', '4', '57', '12244', '2/51 Moss Street', 115, '4127', 'shipping_address'),
(67, 'Queensland Car & Truck Tyre Centre ED', '0452614695', 'merzaie.hussain@yahoo.com', '4', '57', '12244', '194 Kingston Rd', 116, '4127', 'shipping_address'),
(68, 'Cash Sale', '0000000000', 'cash@sample.com', NULL, NULL, NULL, '123 St', 118, NULL, 'shipping_address'),
(69, 'Walt Lee', '0481319599', 'waltleenb@outlook.com', NULL, NULL, NULL, '999B FAIRFIELD RD', 119, '4105', 'shipping_address'),
(70, 'Queensland Car & Truck Tyre Centre ED', '0452614695', 'merzaie.hussain@yahoo.com', '4', '57', '12244', '194 Kingston Rd', 121, '4127', 'shipping_address'),
(71, 'Babo', '0434056453', 'contact@rhinorims.com', NULL, NULL, NULL, '742 Beaudesert Road', 122, '4106', 'shipping_address'),
(72, 'Cash Sale', '0000000000', 'cash@sample.com', NULL, NULL, NULL, '123 St', 123, NULL, 'shipping_address'),
(73, 'AUTO INN MECHANICAL PHONG', '0731890989', 'AUTOINN09@GMAIL.COM', '4', '57', '12244', '39 PARTRIDGE ST', 125, '4077', 'shipping_address'),
(81, 'Queensland Car & Truck Tyre Centre ED', '0452614695', 'merzaie.hussain@yahoo.com', '4', '57', '12244', '194 Kingston Rd', 142, '4127', 'shipping_address'),
(82, 'Walt Lee', '0481319599', 'waltleenb@outlook.com', NULL, NULL, NULL, '999B FAIRFIELD RD', 144, '4105', 'shipping_address'),
(83, 'LUCKY TYRES MUJI', '0732655488', 'info@luckytyres.com.au', '4', '57', '12244', '19 Robinson Rd E', 146, '4014', 'shipping_address'),
(84, 'Brisbane Tyres Safar & Jawid', '0469851994', 'brisbanetyres01@gmail.com', '4', '57', '12244', '17 Robinson Rd E', 147, '4014', 'shipping_address'),
(85, 'Discount Tyres Brisbane Ali', '0469681700', 'sales@tyresdiscountbrisbane.com.au', '4', '57', '12244', '1/58 Pritchard Road', 148, '4014', 'shipping_address'),
(86, 'ULTIMATE TYRE NORTH SUNNY', '0426650619', 'ultimatetyresnorth@gmail.com', '4', '57', '12240', '79 Linkfield Road', 149, '4036', 'shipping_address'),
(87, 'AMIGO TYRES BELJET SING', '0735196491', 'admin@amigotyres.com.au', '4', '57', '12797', 'Building1, Warehouse B&C, 1805 IPSWICH R', 150, '4106', 'shipping_address');

-- --------------------------------------------------------

--
-- Table structure for table `ec_order_histories`
--

CREATE TABLE `ec_order_histories` (
  `id` bigint UNSIGNED NOT NULL,
  `action` varchar(120) COLLATE utf8mb4_unicode_ci NOT NULL,
  `description` varchar(400) COLLATE utf8mb4_unicode_ci DEFAULT NULL,
  `user_id` bigint UNSIGNED DEFAULT NULL,
  `order_id` bigint UNSIGNED NOT NULL,
  `extras` text COLLATE utf8mb4_unicode_ci,
  `created_at` timestamp NULL DEFAULT NULL,
  `updated_at` timestamp NULL DEFAULT NULL
) ENGINE=InnoDB DEFAULT CHARSET=utf8mb4 COLLATE=utf8mb4_unicode_ci;

--
-- Dumping data for table `ec_order_histories`
--

INSERT INTO `ec_order_histories` (`id`, `action`, `description`, `user_id`, `order_id`, `extras`, `created_at`, `updated_at`) VALUES
(1, 'create_order_from_payment_page', 'Order was created from checkout page', NULL, 88, NULL, '2025-12-01 18:42:16', '2025-12-01 18:42:16'),
(2, 'send_order_confirmation_email', 'The email confirmation was sent to customer', NULL, 88, NULL, '2025-12-01 18:42:20', '2025-12-01 18:42:20'),
(3, 'create_order', 'New order SO-0040/2025-26 from Luke Luke', NULL, 88, NULL, '2025-12-01 18:42:20', '2025-12-01 18:42:20'),
(5, 'create_order_from_payment_page', 'Order was created from checkout page', NULL, 95, NULL, '2025-12-04 20:13:38', '2025-12-04 20:13:38'),
(6, 'send_order_confirmation_email', 'The email confirmation was sent to customer', NULL, 95, NULL, '2025-12-04 20:13:52', '2025-12-04 20:13:52'),
(7, 'create_order', 'New order SO-0041/2025-26 from Najib Moheb', NULL, 95, NULL, '2025-12-04 20:13:52', '2025-12-04 20:13:52'),
(10, 'send_order_confirmation_email', 'The email confirmation was sent to customer', NULL, 97, NULL, '2025-12-07 02:59:10', '2025-12-07 02:59:10'),
(11, 'send_order_confirmation_email', 'The email confirmation was sent to customer', NULL, 98, NULL, '2025-12-07 04:01:55', '2025-12-07 04:01:55'),
(12, 'confirm_order', 'Order was verified by %user_name%', 7, 98, NULL, '2025-12-07 04:09:51', '2025-12-07 04:09:51'),
(13, 'send_order_confirmation_email', 'The email confirmation was sent to customer', NULL, 99, NULL, '2025-12-07 09:41:33', '2025-12-07 09:41:33'),
(14, 'send_order_confirmation_email', 'The email confirmation was sent to customer', NULL, 100, NULL, '2025-12-07 09:55:08', '2025-12-07 09:55:08'),
(15, 'send_order_confirmation_email', 'The email confirmation was sent to customer', NULL, 101, NULL, '2025-12-07 10:07:35', '2025-12-07 10:07:35'),
(16, 'confirm_order', 'Order was verified by %user_name%', 7, 97, NULL, '2025-12-07 10:31:09', '2025-12-07 10:31:09'),
(17, 'send_order_confirmation_email', 'The email confirmation was sent to customer', NULL, 102, NULL, '2025-12-07 10:48:24', '2025-12-07 10:48:24'),
(18, 'send_order_confirmation_email', 'The email confirmation was sent to customer', NULL, 103, NULL, '2025-12-07 10:49:58', '2025-12-07 10:49:58'),
(19, 'send_order_confirmation_email', 'The email confirmation was sent to customer', NULL, 104, NULL, '2025-12-07 10:53:47', '2025-12-07 10:53:47'),
(20, 'send_order_confirmation_email', 'The email confirmation was sent to customer', NULL, 105, NULL, '2025-12-07 10:55:43', '2025-12-07 10:55:43'),
(21, 'send_order_confirmation_email', 'The email confirmation was sent to customer', NULL, 106, NULL, '2025-12-07 10:57:14', '2025-12-07 10:57:14'),
(22, 'send_order_confirmation_email', 'The email confirmation was sent to customer', NULL, 107, NULL, '2025-12-07 11:17:34', '2025-12-07 11:17:34'),
(23, 'send_order_confirmation_email', 'The email confirmation was sent to customer', NULL, 108, NULL, '2025-12-08 02:12:21', '2025-12-08 02:12:21'),
(24, 'send_order_confirmation_email', 'The email confirmation was sent to customer', NULL, 109, NULL, '2025-12-08 02:36:50', '2025-12-08 02:36:50'),
(25, 'send_order_confirmation_email', 'The email confirmation was sent to customer', NULL, 110, NULL, '2025-12-08 03:27:42', '2025-12-08 03:27:42'),
(29, 'send_order_confirmation_email', 'The email confirmation was sent to customer', NULL, 112, NULL, '2025-12-08 04:09:03', '2025-12-08 04:09:03'),
(30, 'send_order_confirmation_email', 'The email confirmation was sent to customer', NULL, 113, NULL, '2025-12-08 04:17:54', '2025-12-08 04:17:54'),
(31, 'create_order_from_payment_page', 'Order was created from checkout page', NULL, 114, NULL, '2025-12-08 04:20:42', '2025-12-08 04:20:42'),
(32, 'send_order_confirmation_email', 'The email confirmation was sent to customer', NULL, 114, NULL, '2025-12-08 04:20:43', '2025-12-08 04:20:43'),
(33, 'create_order', 'New order SO-0059/2025-26 from THE SECOND HAND TYRE KING SAMMY', NULL, 114, NULL, '2025-12-08 04:20:43', '2025-12-08 04:20:43'),
(34, 'send_order_confirmation_email', 'The email confirmation was sent to customer', NULL, 115, NULL, '2025-12-08 04:23:43', '2025-12-08 04:23:43'),
(35, 'send_order_confirmation_email', 'The email confirmation was sent to customer', NULL, 116, NULL, '2025-12-08 04:27:52', '2025-12-08 04:27:52'),
(36, 'create_order_from_payment_page', 'Order was created from checkout page', NULL, 117, NULL, '2025-12-08 04:32:52', '2025-12-08 04:32:52'),
(37, 'send_order_confirmation_email', 'The email confirmation was sent to customer', NULL, 117, NULL, '2025-12-08 04:32:52', '2025-12-08 04:32:52'),
(38, 'create_order', 'New order SO-0062/2025-26 from STYLISH WHEELS ALI &amp; ZEE', NULL, 117, NULL, '2025-12-08 04:32:52', '2025-12-08 04:32:52'),
(39, 'send_order_confirmation_email', 'The email confirmation was sent to customer', NULL, 118, NULL, '2025-12-08 04:59:34', '2025-12-08 04:59:34'),
(40, 'send_order_confirmation_email', 'The email confirmation was sent to customer', NULL, 119, NULL, '2025-12-08 05:06:06', '2025-12-08 05:06:06'),
(41, 'confirm_order', 'Order was verified by %user_name%', 7, 117, NULL, '2025-12-08 06:08:58', '2025-12-08 06:08:58'),
(42, 'create_order_from_payment_page', 'Order was created from checkout page', NULL, 120, NULL, '2025-12-08 06:55:00', '2025-12-08 06:55:00'),
(43, 'send_order_confirmation_email', 'The email confirmation was sent to customer', NULL, 120, NULL, '2025-12-08 06:55:01', '2025-12-08 06:55:01'),
(44, 'create_order', 'New order SO-0065/2025-26 from STYLISH WHEELS ALI &amp; ZEE', NULL, 120, NULL, '2025-12-08 06:55:01', '2025-12-08 06:55:01'),
(45, 'confirm_order', 'Order was verified by %user_name%', 7, 120, NULL, '2025-12-08 07:00:53', '2025-12-08 07:00:53'),
(46, 'send_order_confirmation_email', 'The email confirmation was sent to customer', NULL, 121, NULL, '2025-12-08 07:22:02', '2025-12-08 07:22:02'),
(47, 'send_order_confirmation_email', 'The email confirmation was sent to customer', NULL, 122, NULL, '2025-12-08 07:29:22', '2025-12-08 07:29:22'),
(48, 'send_order_confirmation_email', 'The email confirmation was sent to customer', NULL, 123, NULL, '2025-12-08 08:49:23', '2025-12-08 08:49:23'),
(49, 'send_order_confirmation_email', 'The email confirmation was sent to customer', NULL, 125, NULL, '2025-12-08 08:59:50', '2025-12-08 08:59:50'),
(50, 'create_order_from_payment_page', 'Order was created from checkout page', NULL, 124, NULL, '2025-12-08 09:00:07', '2025-12-08 09:00:07'),
(51, 'send_order_confirmation_email', 'The email confirmation was sent to customer', NULL, 124, NULL, '2025-12-08 09:00:08', '2025-12-08 09:00:08'),
(52, 'create_order', 'New order SO-0070/2025-26 from Quality Tyres and Wheels Moss St KHAFAR', NULL, 124, NULL, '2025-12-08 09:00:08', '2025-12-08 09:00:08'),
(53, 'create_order_from_payment_page', 'Order was created from checkout page', NULL, 126, NULL, '2025-12-09 15:17:27', '2025-12-09 15:17:27'),
(54, 'send_order_confirmation_email', 'The email confirmation was sent to customer', NULL, 126, NULL, '2025-12-09 15:20:29', '2025-12-09 15:20:29'),
(55, 'create_order', 'New order SO-0071/2025-26 from THE SECOND HAND TYRE KING SAMMY', NULL, 126, NULL, '2025-12-09 15:20:29', '2025-12-09 15:20:29'),
(56, 'confirm_order', 'Order was verified by %user_name%', 7, 126, NULL, '2025-12-09 15:22:20', '2025-12-09 15:22:20'),
(57, 'create_order_from_payment_page', 'Order was created from checkout page', NULL, 127, NULL, '2025-12-09 15:22:26', '2025-12-09 15:22:26'),
(58, 'confirm_order', 'Order was verified by %user_name%', 7, 127, NULL, '2025-12-09 15:24:02', '2025-12-09 15:24:02'),
(59, 'send_order_confirmation_email', 'The email confirmation was sent to customer', NULL, 127, NULL, '2025-12-09 15:25:27', '2025-12-09 15:25:27'),
(60, 'create_order', 'New order SO-0072/2025-26 from THE SECOND HAND TYRE KING SAMMY', NULL, 127, NULL, '2025-12-09 15:25:27', '2025-12-09 15:25:27'),
(61, 'create_order_from_payment_page', 'Order was created from checkout page', NULL, 131, NULL, '2025-12-09 16:26:28', '2025-12-09 16:26:28'),
(62, 'send_order_confirmation_email', 'The email confirmation was sent to customer', NULL, 131, NULL, '2025-12-09 16:29:29', '2025-12-09 16:29:29'),
(63, 'create_order', 'New order SO-0073/2025-26 from THE SECOND HAND TYRE KING SAMMY', NULL, 131, NULL, '2025-12-09 16:29:29', '2025-12-09 16:29:29'),
(64, 'confirm_order', 'Order was verified by %user_name%', 7, 131, NULL, '2025-12-09 16:30:47', '2025-12-09 16:30:47'),
(68, 'create_order_from_payment_page', 'Order was created from checkout page', NULL, 139, NULL, '2025-12-09 18:00:51', '2025-12-09 18:00:51'),
(69, 'send_order_confirmation_email', 'The email confirmation was sent to customer', NULL, 139, NULL, '2025-12-09 18:03:52', '2025-12-09 18:03:52'),
(70, 'create_order', 'New order SO-0075/2025-26 from Moss Street Tyre Company ADEL', NULL, 139, NULL, '2025-12-09 18:03:52', '2025-12-09 18:03:52'),
(71, 'create_order_from_payment_page', 'Order was created from checkout page', NULL, 140, NULL, '2025-12-09 18:12:36', '2025-12-09 18:12:36'),
(72, 'send_order_confirmation_email', 'The email confirmation was sent to customer', NULL, 140, NULL, '2025-12-09 18:15:38', '2025-12-09 18:15:38'),
(73, 'create_order', 'New order SO-0076/2025-26 from KAPS QUALITY TYRES RAJU &amp; YAAD', NULL, 140, NULL, '2025-12-09 18:15:38', '2025-12-09 18:15:38'),
(74, 'send_order_confirmation_email', 'The email confirmation was sent to customer', NULL, 142, NULL, '2025-12-09 07:02:25', '2025-12-09 07:02:25'),
(75, 'create_order_from_payment_page', 'Order was created from checkout page', NULL, 143, NULL, '2025-12-09 08:00:11', '2025-12-09 08:00:11'),
(76, 'send_order_confirmation_email', 'The email confirmation was sent to customer', NULL, 143, NULL, '2025-12-09 08:00:12', '2025-12-09 08:00:12'),
(77, 'create_order', 'New order SO-0078/2025-26 from QUALITY TYRES AND WHEELS IPSWICH MUJI', NULL, 143, NULL, '2025-12-09 08:00:12', '2025-12-09 08:00:12'),
(78, 'send_order_confirmation_email', 'The email confirmation was sent to customer', NULL, 144, NULL, '2025-12-09 08:37:39', '2025-12-09 08:37:39'),
(79, 'create_order_from_payment_page', 'Order was created from checkout page', NULL, 145, NULL, '2025-12-09 09:59:18', '2025-12-09 09:59:18'),
(80, 'send_order_confirmation_email', 'The email confirmation was sent to customer', NULL, 145, NULL, '2025-12-09 09:59:19', '2025-12-09 09:59:19'),
(81, 'create_order', 'New order SO-0080/2025-26 from Moss Street Tyre Company ADEL', NULL, 145, NULL, '2025-12-09 09:59:19', '2025-12-09 09:59:19'),
(82, 'send_order_confirmation_email', 'The email confirmation was sent to customer', NULL, 146, NULL, '2025-12-09 13:04:24', '2025-12-09 13:04:24'),
(83, 'send_order_confirmation_email', 'The email confirmation was sent to customer', NULL, 147, NULL, '2025-12-09 13:06:17', '2025-12-09 13:06:17'),
(84, 'send_order_confirmation_email', 'The email confirmation was sent to customer', NULL, 148, NULL, '2025-12-09 13:07:46', '2025-12-09 13:07:46'),
(85, 'send_order_confirmation_email', 'The email confirmation was sent to customer', NULL, 149, NULL, '2025-12-09 13:09:21', '2025-12-09 13:09:21'),
(86, 'send_order_confirmation_email', 'The email confirmation was sent to customer', NULL, 150, NULL, '2025-12-09 13:15:18', '2025-12-09 13:15:18');

-- --------------------------------------------------------

--
-- Table structure for table `ec_order_product`
--

CREATE TABLE `ec_order_product` (
  `id` bigint UNSIGNED NOT NULL,
  `order_id` bigint UNSIGNED NOT NULL,
  `qty` int NOT NULL,
  `price` decimal(15,2) NOT NULL,
  `tax_percent` decimal(15,2) DEFAULT NULL,
  `tax_amount` decimal(15,2) DEFAULT '0.00',
  `sale_price` decimal(15,2) DEFAULT NULL,
  `amount` decimal(15,2) DEFAULT NULL,
  `net_amount` decimal(15,2) DEFAULT NULL,
  `options` text COLLATE utf8mb4_unicode_ci,
  `product_options` text COLLATE utf8mb4_unicode_ci COMMENT 'product option data',
  `product_id` bigint UNSIGNED DEFAULT NULL,
  `product_name` varchar(191) COLLATE utf8mb4_unicode_ci NOT NULL,
  `product_image` varchar(191) COLLATE utf8mb4_unicode_ci DEFAULT NULL,
  `weight` double DEFAULT '0',
  `restock_quantity` int UNSIGNED DEFAULT '0',
  `created_at` timestamp NULL DEFAULT NULL,
  `updated_at` timestamp NULL DEFAULT NULL,
  `product_type` varchar(60) COLLATE utf8mb4_unicode_ci NOT NULL DEFAULT 'physical',
  `times_downloaded` int NOT NULL DEFAULT '0',
  `license_code` char(36) COLLATE utf8mb4_unicode_ci DEFAULT NULL,
  `downloaded_at` timestamp NULL DEFAULT NULL,
  `created_by` bigint UNSIGNED DEFAULT NULL,
  `created_ip` varchar(20) COLLATE utf8mb4_unicode_ci DEFAULT NULL,
  `updated_by` bigint UNSIGNED DEFAULT NULL,
  `updated_ip` varchar(20) COLLATE utf8mb4_unicode_ci DEFAULT NULL
) ENGINE=InnoDB DEFAULT CHARSET=utf8mb4 COLLATE=utf8mb4_unicode_ci;

--
-- Dumping data for table `ec_order_product`
--

INSERT INTO `ec_order_product` (`id`, `order_id`, `qty`, `price`, `tax_percent`, `tax_amount`, `sale_price`, `amount`, `net_amount`, `options`, `product_options`, `product_id`, `product_name`, `product_image`, `weight`, `restock_quantity`, `created_at`, `updated_at`, `product_type`, `times_downloaded`, `license_code`, `downloaded_at`, `created_by`, `created_ip`, `updated_by`, `updated_ip`) VALUES
(111, 47, 1, 416.00, 0.00, 0.00, 416.00, 416.00, 416.00, '{\"image\":null,\"attributes\":\"(Size: 1, Width: 1, Profile: 1, Diameter: 1, Load Rating: 1, Speed Rating: 1, Pattern: 1, IsWinterTire: Yes, IsAllWeaterTire: Yes, Runflat: Yes, Length: 1, Height: 1)\",\"taxRate\":0,\"taxClasses\":{\"None\":0},\"options\":[],\"extras\":[],\"sku\":\"AG-2443-RSM3J\",\"weight\":null}', NULL, 821, '1 1 1 1 - Demo Product', NULL, NULL, 0, '2025-12-01 17:42:49', '2025-12-01 17:42:49', 'physical', 0, NULL, NULL, 1, '103.68.95.166', NULL, NULL),
(112, 51, 1, 676.00, 0.00, 0.00, 676.00, 676.00, 676.00, '{\"image\":null,\"attributes\":\"(Size: 1, Width: 1, Profile: 1, Diameter: 1, Load Rating: 1, Speed Rating: 1, Pattern: 1, IsWinterTire: Yes, IsAllWeaterTire: Yes, Runflat: Yes, Length: 1, Height: 1)\",\"taxRate\":0,\"taxClasses\":{\"None\":0},\"options\":[],\"extras\":[],\"sku\":\"AG-2443-RSM3J\",\"weight\":null}', NULL, 821, '1 1 1 1 - Demo Product', NULL, NULL, 0, '2025-12-01 17:46:39', '2025-12-01 17:46:39', 'physical', 0, NULL, NULL, 1, '103.68.95.166', NULL, NULL),
(113, 52, 1, 3595.00, 0.00, 0.00, 3595.00, 3595.00, 3595.00, '{\"image\":null,\"attributes\":\"(Size: 1, Width: 1, Profile: 1, Diameter: 1, Load Rating: 1, Speed Rating: 1, Pattern: 1, IsWinterTire: Yes, IsAllWeaterTire: Yes, Runflat: Yes, Length: 1, Height: 1)\",\"taxRate\":0,\"taxClasses\":{\"None\":0},\"options\":[],\"extras\":[],\"sku\":\"AG-2443-RSM3J\",\"weight\":null}', NULL, 821, '1 1 1 1 - Demo Product', NULL, NULL, 0, '2025-12-01 17:47:08', '2025-12-01 17:47:08', 'physical', 0, NULL, NULL, 1, '103.68.95.166', NULL, NULL),
(114, 53, 1, 118.00, 0.00, 0.00, 118.00, 118.00, 118.00, '{\"image\":null,\"attributes\":\"(Size: 1, Width: 1, Profile: 1, Diameter: 1, Load Rating: 1, Speed Rating: 1, Pattern: 1, IsWinterTire: Yes, IsAllWeaterTire: Yes, Runflat: Yes, Length: 1, Height: 1)\",\"taxRate\":0,\"taxClasses\":{\"None\":0},\"options\":[],\"extras\":[],\"sku\":\"AG-2443-RSM3J\",\"weight\":null}', NULL, 821, '1 1 1 1 - Demo Product', NULL, NULL, 0, '2025-12-01 17:48:47', '2025-12-01 17:48:47', 'physical', 0, NULL, NULL, 1, '103.68.95.166', NULL, NULL),
(115, 54, 1, 916.00, 0.00, 0.00, 916.00, 916.00, 916.00, '{\"image\":null,\"attributes\":\"(Size: 1, Width: 1, Profile: 1, Diameter: 1, Load Rating: 1, Speed Rating: 1, Pattern: 1, IsWinterTire: Yes, IsAllWeaterTire: Yes, Runflat: Yes, Length: 1, Height: 1)\",\"taxRate\":0,\"taxClasses\":{\"None\":0},\"options\":[],\"extras\":[],\"sku\":\"AG-2443-RSM3J\",\"weight\":null}', NULL, 821, '1 1 1 1 - Demo Product', NULL, NULL, 0, '2025-12-01 17:49:43', '2025-12-01 17:49:43', 'physical', 0, NULL, NULL, 1, '103.68.95.166', NULL, NULL),
(116, 55, 1, 1484.00, 0.00, 0.00, 1484.00, 1484.00, 1484.00, '{\"image\":null,\"attributes\":\"(Size: 1, Width: 1, Profile: 1, Diameter: 1, Load Rating: 1, Speed Rating: 1, Pattern: 1, IsWinterTire: Yes, IsAllWeaterTire: Yes, Runflat: Yes, Length: 1, Height: 1)\",\"taxRate\":0,\"taxClasses\":{\"None\":0},\"options\":[],\"extras\":[],\"sku\":\"AG-2443-RSM3J\",\"weight\":null}', NULL, 821, '1 1 1 1 - Demo Product', NULL, NULL, 0, '2025-12-01 17:50:01', '2025-12-01 17:50:01', 'physical', 0, NULL, NULL, 1, '103.68.95.166', NULL, NULL),
(118, 57, 1, 390.00, 0.00, 0.00, 390.00, 390.00, 390.00, '{\"image\":null,\"attributes\":\"(Size: 1, Width: 1, Profile: 1, Diameter: 1, Load Rating: 1, Speed Rating: 1, Pattern: 1, IsWinterTire: Yes, IsAllWeaterTire: Yes, Runflat: Yes, Length: 1, Height: 1)\",\"taxRate\":0,\"taxClasses\":{\"None\":0},\"options\":[],\"extras\":[],\"sku\":\"AG-2443-RSM3J\",\"weight\":null}', NULL, 821, '1 1 1 1 - Demo Product', NULL, NULL, 0, '2025-12-01 17:54:25', '2025-12-01 17:54:25', 'physical', 0, NULL, NULL, 1, '103.68.95.166', NULL, NULL),
(119, 58, 1, 693.00, 0.00, 0.00, 693.00, 693.00, 693.00, '{\"image\":null,\"attributes\":\"(Size: 1, Width: 1, Profile: 1, Diameter: 1, Load Rating: 1, Speed Rating: 1, Pattern: 1, IsWinterTire: Yes, IsAllWeaterTire: Yes, Runflat: Yes, Length: 1, Height: 1)\",\"taxRate\":0,\"taxClasses\":{\"None\":0},\"options\":[],\"extras\":[],\"sku\":\"AG-2443-RSM3J\",\"weight\":null}', NULL, 821, '1 1 1 1 - Demo Product', NULL, NULL, 0, '2025-12-01 17:54:55', '2025-12-01 17:54:55', 'physical', 0, NULL, NULL, 1, '103.68.95.166', NULL, NULL),
(120, 59, 1, 980.00, 0.00, 0.00, 980.00, 980.00, 980.00, '{\"image\":null,\"attributes\":\"(Size: 1, Width: 1, Profile: 1, Diameter: 1, Load Rating: 1, Speed Rating: 1, Pattern: 1, IsWinterTire: Yes, IsAllWeaterTire: Yes, Runflat: Yes, Length: 1, Height: 1)\",\"taxRate\":0,\"taxClasses\":{\"None\":0},\"options\":[],\"extras\":[],\"sku\":\"AG-2443-RSM3J\",\"weight\":null}', NULL, 821, '1 1 1 1 - Demo Product', NULL, NULL, 0, '2025-12-01 17:57:51', '2025-12-01 17:57:51', 'physical', 0, NULL, NULL, 1, '103.68.95.166', NULL, NULL),
(121, 60, 1, 1028.00, 0.00, 0.00, 1028.00, 1028.00, 1028.00, '{\"image\":null,\"attributes\":\"(Size: 1, Width: 1, Profile: 1, Diameter: 1, Load Rating: 1, Speed Rating: 1, Pattern: 1, IsWinterTire: Yes, IsAllWeaterTire: Yes, Runflat: Yes, Length: 1, Height: 1)\",\"taxRate\":0,\"taxClasses\":{\"None\":0},\"options\":[],\"extras\":[],\"sku\":\"AG-2443-RSM3J\",\"weight\":null}', NULL, 821, '1 1 1 1 - Demo Product', NULL, NULL, 0, '2025-12-01 17:58:16', '2025-12-01 17:58:16', 'physical', 0, NULL, NULL, 1, '103.68.95.166', NULL, NULL),
(122, 61, 1, 1436.00, 0.00, 0.00, 1436.00, 1436.00, 1436.00, '{\"image\":null,\"attributes\":\"(Size: 1, Width: 1, Profile: 1, Diameter: 1, Load Rating: 1, Speed Rating: 1, Pattern: 1, IsWinterTire: Yes, IsAllWeaterTire: Yes, Runflat: Yes, Length: 1, Height: 1)\",\"taxRate\":0,\"taxClasses\":{\"None\":0},\"options\":[],\"extras\":[],\"sku\":\"AG-2443-RSM3J\",\"weight\":null}', NULL, 821, '1 1 1 1 - Demo Product', NULL, NULL, 0, '2025-12-01 17:58:33', '2025-12-01 17:58:33', 'physical', 0, NULL, NULL, 1, '103.68.95.166', NULL, NULL),
(123, 62, 1, 245.00, 0.00, 0.00, 245.00, 245.00, 245.00, '{\"image\":null,\"attributes\":\"(Size: 1, Width: 1, Profile: 1, Diameter: 1, Load Rating: 1, Speed Rating: 1, Pattern: 1, IsWinterTire: Yes, IsAllWeaterTire: Yes, Runflat: Yes, Length: 1, Height: 1)\",\"taxRate\":0,\"taxClasses\":{\"None\":0},\"options\":[],\"extras\":[],\"sku\":\"AG-2443-RSM3J\",\"weight\":null}', NULL, 821, '1 1 1 1 - Demo Product', NULL, NULL, 0, '2025-12-01 17:59:36', '2025-12-01 17:59:36', 'physical', 0, NULL, NULL, 1, '103.68.95.166', NULL, NULL),
(124, 63, 1, 1144.00, 0.00, 0.00, 1144.00, 1144.00, 1144.00, '{\"image\":null,\"attributes\":\"(Size: 1, Width: 1, Profile: 1, Diameter: 1, Load Rating: 1, Speed Rating: 1, Pattern: 1, IsWinterTire: Yes, IsAllWeaterTire: Yes, Runflat: Yes, Length: 1, Height: 1)\",\"taxRate\":0,\"taxClasses\":{\"None\":0},\"options\":[],\"extras\":[],\"sku\":\"AG-2443-RSM3J\",\"weight\":null}', NULL, 821, '1 1 1 1 - Demo Product', NULL, NULL, 0, '2025-12-01 17:59:55', '2025-12-01 17:59:55', 'physical', 0, NULL, NULL, 1, '103.68.95.166', NULL, NULL),
(127, 66, 1, 792.00, 0.00, 0.00, 792.00, 792.00, 792.00, '{\"image\":null,\"attributes\":\"(Size: 1, Width: 1, Profile: 1, Diameter: 1, Load Rating: 1, Speed Rating: 1, Pattern: 1, IsWinterTire: Yes, IsAllWeaterTire: Yes, Runflat: Yes, Length: 1, Height: 1)\",\"taxRate\":0,\"taxClasses\":{\"None\":0},\"options\":[],\"extras\":[],\"sku\":\"AG-2443-RSM3J\",\"weight\":null}', NULL, 821, '1 1 1 1 - Demo Product', NULL, NULL, 0, '2025-12-01 18:02:10', '2025-12-01 18:02:10', 'physical', 0, NULL, NULL, 1, '103.68.95.166', NULL, NULL),
(128, 67, 1, 418.00, 0.00, 0.00, 418.00, 418.00, 418.00, '{\"image\":null,\"attributes\":\"(Size: 1, Width: 1, Profile: 1, Diameter: 1, Load Rating: 1, Speed Rating: 1, Pattern: 1, IsWinterTire: Yes, IsAllWeaterTire: Yes, Runflat: Yes, Length: 1, Height: 1)\",\"taxRate\":0,\"taxClasses\":{\"None\":0},\"options\":[],\"extras\":[],\"sku\":\"AG-2443-RSM3J\",\"weight\":null}', NULL, 821, '1 1 1 1 - Demo Product', NULL, NULL, 0, '2025-12-01 18:02:29', '2025-12-01 18:02:29', 'physical', 0, NULL, NULL, 1, '103.68.95.166', NULL, NULL),
(130, 69, 1, 5589.00, 0.00, 0.00, 5589.00, 5589.00, 5589.00, '{\"image\":null,\"attributes\":\"(Size: 1, Width: 1, Profile: 1, Diameter: 1, Load Rating: 1, Speed Rating: 1, Pattern: 1, IsWinterTire: Yes, IsAllWeaterTire: Yes, Runflat: Yes, Length: 1, Height: 1)\",\"taxRate\":0,\"taxClasses\":{\"None\":0},\"options\":[],\"extras\":[],\"sku\":\"AG-2443-RSM3J\",\"weight\":null}', NULL, 821, '1 1 1 1 - Demo Product', NULL, NULL, 0, '2025-12-01 18:03:23', '2025-12-01 18:03:23', 'physical', 0, NULL, NULL, 1, '103.68.95.166', NULL, NULL),
(131, 70, 1, 938.00, 0.00, 0.00, 938.00, 938.00, 938.00, '{\"image\":null,\"attributes\":\"(Size: 1, Width: 1, Profile: 1, Diameter: 1, Load Rating: 1, Speed Rating: 1, Pattern: 1, IsWinterTire: Yes, IsAllWeaterTire: Yes, Runflat: Yes, Length: 1, Height: 1)\",\"taxRate\":0,\"taxClasses\":{\"None\":0},\"options\":[],\"extras\":[],\"sku\":\"AG-2443-RSM3J\",\"weight\":null}', NULL, 821, '1 1 1 1 - Demo Product', NULL, NULL, 0, '2025-12-01 18:04:28', '2025-12-01 18:04:28', 'physical', 0, NULL, NULL, 1, '103.68.95.166', NULL, NULL),
(132, 71, 1, 3346.00, 0.00, 0.00, 3346.00, 3346.00, 3346.00, '{\"image\":null,\"attributes\":\"(Size: 1, Width: 1, Profile: 1, Diameter: 1, Load Rating: 1, Speed Rating: 1, Pattern: 1, IsWinterTire: Yes, IsAllWeaterTire: Yes, Runflat: Yes, Length: 1, Height: 1)\",\"taxRate\":0,\"taxClasses\":{\"None\":0},\"options\":[],\"extras\":[],\"sku\":\"AG-2443-RSM3J\",\"weight\":null}', NULL, 821, '1 1 1 1 - Demo Product', NULL, NULL, 0, '2025-12-01 18:04:47', '2025-12-01 18:04:47', 'physical', 0, NULL, NULL, 1, '103.68.95.166', NULL, NULL),
(133, 72, 1, 2798.00, 0.00, 0.00, 2798.00, 2798.00, 2798.00, '{\"image\":null,\"attributes\":\"(Size: 1, Width: 1, Profile: 1, Diameter: 1, Load Rating: 1, Speed Rating: 1, Pattern: 1, IsWinterTire: Yes, IsAllWeaterTire: Yes, Runflat: Yes, Length: 1, Height: 1)\",\"taxRate\":0,\"taxClasses\":{\"None\":0},\"options\":[],\"extras\":[],\"sku\":\"AG-2443-RSM3J\",\"weight\":null}', NULL, 821, '1 1 1 1 - Demo Product', NULL, NULL, 0, '2025-12-01 18:05:18', '2025-12-01 18:05:18', 'physical', 0, NULL, NULL, 1, '103.68.95.166', NULL, NULL),
(134, 73, 1, 1000.00, 0.00, 0.00, 1000.00, 1000.00, 1000.00, '{\"image\":null,\"attributes\":\"(Size: 1, Width: 1, Profile: 1, Diameter: 1, Load Rating: 1, Speed Rating: 1, Pattern: 1, IsWinterTire: Yes, IsAllWeaterTire: Yes, Runflat: Yes, Length: 1, Height: 1)\",\"taxRate\":0,\"taxClasses\":{\"None\":0},\"options\":[],\"extras\":[],\"sku\":\"AG-2443-RSM3J\",\"weight\":null}', NULL, 821, '1 1 1 1 - Demo Product', NULL, NULL, 0, '2025-12-01 18:06:14', '2025-12-01 18:06:14', 'physical', 0, NULL, NULL, 1, '103.68.95.166', NULL, NULL),
(135, 74, 1, 504.00, 0.00, 0.00, 504.00, 504.00, 504.00, '{\"image\":null,\"attributes\":\"(Size: 1, Width: 1, Profile: 1, Diameter: 1, Load Rating: 1, Speed Rating: 1, Pattern: 1, IsWinterTire: Yes, IsAllWeaterTire: Yes, Runflat: Yes, Length: 1, Height: 1)\",\"taxRate\":0,\"taxClasses\":{\"None\":0},\"options\":[],\"extras\":[],\"sku\":\"AG-2443-RSM3J\",\"weight\":null}', NULL, 821, '1 1 1 1 - Demo Product', NULL, NULL, 0, '2025-12-01 18:07:47', '2025-12-01 18:07:47', 'physical', 0, NULL, NULL, 1, '103.68.95.166', NULL, NULL),
(136, 75, 1, 6459.00, 0.00, 0.00, 6459.00, 6459.00, 6459.00, '{\"image\":null,\"attributes\":\"(Size: 1, Width: 1, Profile: 1, Diameter: 1, Load Rating: 1, Speed Rating: 1, Pattern: 1, IsWinterTire: Yes, IsAllWeaterTire: Yes, Runflat: Yes, Length: 1, Height: 1)\",\"taxRate\":0,\"taxClasses\":{\"None\":0},\"options\":[],\"extras\":[],\"sku\":\"AG-2443-RSM3J\",\"weight\":null}', NULL, 821, '1 1 1 1 - Demo Product', NULL, NULL, 0, '2025-12-01 18:08:16', '2025-12-01 18:08:16', 'physical', 0, NULL, NULL, 1, '103.68.95.166', NULL, NULL),
(138, 77, 1, 1261.00, 0.00, 0.00, 1261.00, 1261.00, 1261.00, '{\"image\":null,\"attributes\":\"(Size: 1, Width: 1, Profile: 1, Diameter: 1, Load Rating: 1, Speed Rating: 1, Pattern: 1, IsWinterTire: Yes, IsAllWeaterTire: Yes, Runflat: Yes, Length: 1, Height: 1)\",\"taxRate\":0,\"taxClasses\":{\"None\":0},\"options\":[],\"extras\":[],\"sku\":\"AG-2443-RSM3J\",\"weight\":null}', NULL, 821, '1 1 1 1 - Demo Product', NULL, NULL, 0, '2025-12-01 18:09:47', '2025-12-01 18:09:47', 'physical', 0, NULL, NULL, 1, '103.68.95.166', NULL, NULL),
(140, 79, 1, 934.00, 0.00, 0.00, 934.00, 934.00, 934.00, '{\"image\":null,\"attributes\":\"(Size: 1, Width: 1, Profile: 1, Diameter: 1, Load Rating: 1, Speed Rating: 1, Pattern: 1, IsWinterTire: Yes, IsAllWeaterTire: Yes, Runflat: Yes, Length: 1, Height: 1)\",\"taxRate\":0,\"taxClasses\":{\"None\":0},\"options\":[],\"extras\":[],\"sku\":\"AG-2443-RSM3J\",\"weight\":null}', NULL, 821, '1 1 1 1 - Demo Product', NULL, NULL, 0, '2025-12-01 18:14:04', '2025-12-01 18:14:04', 'physical', 0, NULL, NULL, 1, '103.68.95.166', NULL, NULL),
(141, 80, 1, 7107.00, 0.00, 0.00, 7107.00, 7107.00, 7107.00, '{\"image\":null,\"attributes\":\"(Size: 1, Width: 1, Profile: 1, Diameter: 1, Load Rating: 1, Speed Rating: 1, Pattern: 1, IsWinterTire: Yes, IsAllWeaterTire: Yes, Runflat: Yes, Length: 1, Height: 1)\",\"taxRate\":0,\"taxClasses\":{\"None\":0},\"options\":[],\"extras\":[],\"sku\":\"AG-2443-RSM3J\",\"weight\":null}', NULL, 821, '1 1 1 1 - Demo Product', NULL, NULL, 0, '2025-12-01 18:14:28', '2025-12-01 18:14:28', 'physical', 0, NULL, NULL, 1, '103.68.95.166', NULL, NULL),
(142, 81, 1, 2724.00, 0.00, 0.00, 2724.00, 2724.00, 2724.00, '{\"image\":null,\"attributes\":\"(Size: 1, Width: 1, Profile: 1, Diameter: 1, Load Rating: 1, Speed Rating: 1, Pattern: 1, IsWinterTire: Yes, IsAllWeaterTire: Yes, Runflat: Yes, Length: 1, Height: 1)\",\"taxRate\":0,\"taxClasses\":{\"None\":0},\"options\":[],\"extras\":[],\"sku\":\"AG-2443-RSM3J\",\"weight\":null}', NULL, 821, '1 1 1 1 - Demo Product', NULL, NULL, 0, '2025-12-01 18:15:48', '2025-12-01 18:15:48', 'physical', 0, NULL, NULL, 1, '103.68.95.166', NULL, NULL),
(143, 82, 1, 106.00, 0.00, 0.00, 106.00, 106.00, 106.00, '{\"image\":null,\"attributes\":\"(Size: 1, Width: 1, Profile: 1, Diameter: 1, Load Rating: 1, Speed Rating: 1, Pattern: 1, IsWinterTire: Yes, IsAllWeaterTire: Yes, Runflat: Yes, Length: 1, Height: 1)\",\"taxRate\":0,\"taxClasses\":{\"None\":0},\"options\":[],\"extras\":[],\"sku\":\"AG-2443-RSM3J\",\"weight\":null}', NULL, 821, '1 1 1 1 - Demo Product', NULL, NULL, 0, '2025-12-01 18:16:06', '2025-12-01 18:16:06', 'physical', 0, NULL, NULL, 1, '103.68.95.166', NULL, NULL),
(144, 83, 1, 1716.00, 0.00, 0.00, 1716.00, 1716.00, 1716.00, '{\"image\":null,\"attributes\":\"(Size: 1, Width: 1, Profile: 1, Diameter: 1, Load Rating: 1, Speed Rating: 1, Pattern: 1, IsWinterTire: Yes, IsAllWeaterTire: Yes, Runflat: Yes, Length: 1, Height: 1)\",\"taxRate\":0,\"taxClasses\":{\"None\":0},\"options\":[],\"extras\":[],\"sku\":\"AG-2443-RSM3J\",\"weight\":null}', NULL, 821, '1 1 1 1 - Demo Product', NULL, NULL, 0, '2025-12-01 18:17:00', '2025-12-01 18:17:00', 'physical', 0, NULL, NULL, 1, '103.68.95.166', NULL, NULL),
(146, 85, 1, 35392.00, 0.00, 0.00, 35392.00, 35392.00, 35392.00, '{\"image\":null,\"attributes\":\"(Size: 1, Width: 1, Profile: 1, Diameter: 1, Load Rating: 1, Speed Rating: 1, Pattern: 1, IsWinterTire: Yes, IsAllWeaterTire: Yes, Runflat: Yes, Length: 1, Height: 1)\",\"taxRate\":0,\"taxClasses\":{\"None\":0},\"options\":[],\"extras\":[],\"sku\":\"AG-2443-RSM3J\",\"weight\":null}', NULL, 821, '1 1 1 1 - Demo Product', NULL, NULL, 0, '2025-12-01 18:19:20', '2025-12-01 18:19:20', 'physical', 0, NULL, NULL, 1, '103.68.95.166', NULL, NULL),
(147, 86, 1, 1672.00, 0.00, 0.00, 1672.00, 1672.00, 1672.00, '{\"image\":null,\"attributes\":\"(Size: 1, Width: 1, Profile: 1, Diameter: 1, Load Rating: 1, Speed Rating: 1, Pattern: 1, IsWinterTire: Yes, IsAllWeaterTire: Yes, Runflat: Yes, Length: 1, Height: 1)\",\"taxRate\":0,\"taxClasses\":{\"None\":0},\"options\":[],\"extras\":[],\"sku\":\"AG-2443-RSM3J\",\"weight\":null}', NULL, 821, '1 1 1 1 - Demo Product', NULL, NULL, 0, '2025-12-01 18:19:44', '2025-12-01 18:19:44', 'physical', 0, NULL, NULL, 1, '103.68.95.166', NULL, NULL),
(151, 89, 1, 9.00, 10.00, 0.90, NULL, 9.00, 9.90, '{\"image\":null,\"attributes\":\"(Size: 1, Width: 1, Profile: 1, Diameter: 1, Load Rating: 1, Speed Rating: 1, Pattern: 1, IsWinterTire: Yes, IsAllWeaterTire: Yes, Runflat: Yes, Length: 1, Height: 1)\",\"taxRate\":10,\"taxClasses\":{\"GST\":10},\"options\":[],\"extras\":[],\"sku\":\"AG-2443-RSM3J\",\"weight\":null}', '[]', 821, '1 1 1 1 - Demo Product', NULL, 0.01, 0, '2025-12-01 19:11:40', '2025-12-01 19:11:40', 'physical', 0, NULL, NULL, NULL, NULL, NULL, NULL),
(155, 93, 4, 51.00, 0.00, 0.00, NULL, 204.00, 204.00, '{\"image\":null,\"attributes\":\"(Size: 185\\/55R15, Width: 185, Profile: 55, Diameter: 15, Load Rating: 82, Speed Rating: V, Pattern: FASTWAY C1, IsWinterTire: No, IsAllWeaterTire: No)\",\"taxRate\":10,\"taxClasses\":{\"GST\":10},\"options\":[],\"extras\":[],\"sku\":\"1855515FASTWAY\",\"weight\":null}', '[]', 193, '185/55R15 82 V FASTWAY C1', NULL, 0.01, 0, '2025-12-04 17:55:33', '2025-12-04 17:55:33', 'physical', 0, NULL, NULL, NULL, NULL, NULL, NULL),
(156, 94, 4, 174.00, 0.00, 0.00, 174.00, 696.00, 696.00, '{\"image\":null,\"attributes\":\"(Size: 285\\/75R16LT, Width: 285, Profile: 75, Diameter: 16, Load Rating: 126\\/123, Speed Rating: Q, Pattern: CF3000 M\\/T, IsWinterTire: No, IsAllWeaterTire: No)\",\"taxRate\":10,\"taxClasses\":{\"GST\":10},\"options\":[],\"extras\":[],\"sku\":\"COMF2857516CF3000 \",\"weight\":null}', NULL, 79, '285/75R16LT 126/123 Q CF3000 M/T', NULL, NULL, 0, '2025-12-04 18:09:06', '2025-12-04 18:09:06', 'physical', 0, NULL, NULL, 7, '14.202.22.235', NULL, NULL),
(157, 94, 9, 37.00, 0.00, 0.00, 37.00, 333.00, 333.00, '{\"image\":null,\"attributes\":\"(Size: 175\\/65R15, Width: 175, Profile: 65, Diameter: 15, Load Rating: 84, Speed Rating: H, Pattern: DH03, IsWinterTire: No, IsAllWeaterTire: No)\",\"taxRate\":10,\"taxClasses\":{\"GST\":10},\"options\":[],\"extras\":[],\"sku\":\"1756515DH03\",\"weight\":null}', NULL, 127, '175/65R15 84 H DH03', NULL, NULL, 0, '2025-12-04 18:09:06', '2025-12-04 18:09:06', 'physical', 0, NULL, NULL, 7, '14.202.22.235', NULL, NULL),
(159, 95, 8, 166.00, 0.00, 0.00, NULL, 1328.00, 1328.00, '{\"image\":\"products\\/wildwolfmt-225.jpg\",\"attributes\":\"(Size: 305\\/70R16LT, Width: 305, Profile: 70, Diameter: 16, Load Rating: 124\\/121, Speed Rating: P, Pattern: WILDWOLF M\\/T, IsWinterTire: No, IsAllWeaterTire: No)\",\"taxRate\":10,\"taxClasses\":{\"GST\":10},\"options\":[],\"extras\":[],\"sku\":\"ILK3057016WW\",\"weight\":null}', '[]', 809, '305/70R16LT 124/121 P WILDWOLF M/T', 'products/wildwolfmt-225.jpg', NULL, 0, '2025-12-04 20:13:38', '2025-12-04 20:13:38', 'physical', 0, NULL, NULL, NULL, NULL, NULL, NULL),
(160, 76, 1, 4451.00, 0.00, 0.00, 4451.00, 4451.00, 4451.00, '{\"image\":null,\"attributes\":\"(Size: 1, Width: 1, Profile: 1, Diameter: 1, Load Rating: 1, Speed Rating: 1, Pattern: 1, IsWinterTire: Yes, IsAllWeaterTire: Yes, Runflat: Yes, Length: 1, Height: 1)\",\"taxRate\":10,\"taxClasses\":{\"GST\":10},\"options\":[],\"extras\":[],\"sku\":\"AG-2443-RSM3J\",\"weight\":null}', NULL, 821, '1 1 1 1 - Demo Product', NULL, NULL, 0, '2025-12-06 02:06:03', '2025-12-06 02:06:03', 'physical', 0, NULL, NULL, 7, '14.202.22.235', NULL, NULL),
(161, 78, 1, 1215.00, 0.00, 0.00, 1215.00, 1215.00, 1215.00, '{\"image\":null,\"attributes\":\"(Size: 1, Width: 1, Profile: 1, Diameter: 1, Load Rating: 1, Speed Rating: 1, Pattern: 1, IsWinterTire: Yes, IsAllWeaterTire: Yes, Runflat: Yes, Length: 1, Height: 1)\",\"taxRate\":10,\"taxClasses\":{\"GST\":10},\"options\":[],\"extras\":[],\"sku\":\"AG-2443-RSM3J\",\"weight\":null}', NULL, 821, '1 1 1 1 - Demo Product', NULL, NULL, 0, '2025-12-06 05:16:07', '2025-12-06 05:16:07', 'physical', 0, NULL, NULL, 7, '14.202.22.235', NULL, NULL),
(163, 97, 1, 25381.00, 0.00, 0.00, 25381.00, 25381.00, 25381.00, '{\"image\":null,\"attributes\":\"(Size: 1, Width: 1, Profile: 1, Diameter: 1, Load Rating: 1, Speed Rating: 1, Pattern: 1, IsWinterTire: Yes, IsAllWeaterTire: Yes, Runflat: Yes, Length: 1, Height: 1)\",\"taxRate\":10,\"taxClasses\":{\"GST\":10},\"options\":[],\"extras\":[],\"sku\":\"AG-2443-RSM3J\",\"weight\":null}', NULL, 821, '1 1 1 1 - Demo Product', NULL, NULL, 0, '2025-12-07 02:59:09', '2025-12-07 02:59:09', 'physical', 0, NULL, NULL, 7, '14.202.22.235', NULL, NULL),
(164, 65, 1, 3238.00, 0.00, 0.00, 3238.00, 3238.00, 3238.00, '{\"image\":null,\"attributes\":\"(Size: 1, Width: 1, Profile: 1, Diameter: 1, Load Rating: 1, Speed Rating: 1, Pattern: 1, IsWinterTire: Yes, IsAllWeaterTire: Yes, Runflat: Yes, Length: 1, Height: 1)\",\"taxRate\":10,\"taxClasses\":{\"GST\":10},\"options\":[],\"extras\":[],\"sku\":\"AG-2443-RSM3J\",\"weight\":null}', NULL, 821, '1 1 1 1 - Demo Product', NULL, NULL, 0, '2025-12-07 03:42:07', '2025-12-07 03:42:07', 'physical', 0, NULL, NULL, 7, '14.202.22.235', NULL, NULL),
(165, 98, 8, 164.00, 0.00, 0.00, 164.00, 1312.00, 1312.00, '{\"image\":\"products\\/brutus_1.png\",\"attributes\":\"(Size: 265\\/65R17LT, Width: 265, Profile: 65, Diameter: 17, Load Rating: 117, Speed Rating: S XL, Pattern: BRUTUS II A\\/T, IsWinterTire: No, IsAllWeaterTire: No)\",\"taxRate\":10,\"taxClasses\":{\"GST\":10},\"options\":[],\"extras\":[],\"sku\":\"2656517BRUTUSII\",\"weight\":null}', NULL, 65, '265/65R17LT 117 S BRUTUS II A/T', 'products/brutus_1.png', NULL, 0, '2025-12-07 04:01:54', '2025-12-07 04:01:54', 'physical', 0, NULL, NULL, 7, '14.202.22.235', NULL, NULL),
(166, 98, 2, 84.00, 0.00, 0.00, 84.00, 168.00, 168.00, '{\"image\":null,\"attributes\":\"(Size: 275\\/30R20, Width: 275, Profile: 30, Diameter: 20, Load Rating: 97, Speed Rating: Y, Pattern: DSU02, IsWinterTire: No, IsAllWeaterTire: No)\",\"taxRate\":10,\"taxClasses\":{\"GST\":10},\"options\":[],\"extras\":[],\"sku\":\"2753020DSU02\",\"weight\":null}', NULL, 151, '275/30R20 97 Y DSU02', NULL, NULL, 0, '2025-12-07 04:01:54', '2025-12-07 04:01:54', 'physical', 0, NULL, NULL, 7, '14.202.22.235', NULL, NULL),
(167, 98, 1, 74.00, 0.00, 0.00, 74.00, 74.00, 74.00, '{\"image\":\"products\\/thunderu09-225.jpg\",\"attributes\":\"(Size: 235\\/45R19, Width: 235, Profile: 45, Diameter: 19, Load Rating: 99, Speed Rating: W XL, Pattern: THUNDER U09, IsWinterTire: No, IsAllWeaterTire: No)\",\"taxRate\":10,\"taxClasses\":{\"GST\":10},\"options\":[],\"extras\":[],\"sku\":\"ILK2354519TU09\",\"weight\":null}', NULL, 755, '235/45R19 99 w THUNDER U09', 'products/thunderu09-225.jpg', NULL, 0, '2025-12-07 04:01:54', '2025-12-07 04:01:54', 'physical', 0, NULL, NULL, 7, '14.202.22.235', NULL, NULL),
(168, 98, 10, 53.40, 0.00, 0.00, 53.40, 534.00, 534.00, '{\"image\":\"products\\/l-grip66-225.jpg\",\"attributes\":\"(Size: 215\\/60R16, Width: 215, Profile: 60, Diameter: 16, Load Rating: 99, Speed Rating: H XL, Pattern: L-GRIP55, IsWinterTire: No, IsAllWeaterTire: No)\",\"taxRate\":10,\"taxClasses\":{\"GST\":10},\"options\":[],\"extras\":[],\"sku\":\"ILK2156016LG55\",\"weight\":null}', NULL, 319, '215/60R16 99 H XL L-GRIP55', 'products/l-grip66-225.jpg', NULL, 0, '2025-12-07 04:01:54', '2025-12-07 04:01:54', 'physical', 0, NULL, NULL, 7, '14.202.22.235', NULL, NULL),
(169, 98, 4, 64.00, 0.00, 0.00, 64.00, 256.00, 256.00, '{\"image\":null,\"attributes\":\"(Size: 225\\/55R18, Width: 225, Profile: 55, Diameter: 18, Load Rating: 98, Speed Rating: V, Pattern: SPORTLINE C2, IsWinterTire: No, IsAllWeaterTire: No)\",\"taxRate\":10,\"taxClasses\":{\"GST\":10},\"options\":[],\"extras\":[],\"sku\":\"2255518SPORTLINE\",\"weight\":null}', NULL, 687, '225/55R18 98 V SPORTLINE C2', NULL, NULL, 0, '2025-12-07 04:01:54', '2025-12-07 04:01:54', 'physical', 0, NULL, NULL, 7, '14.202.22.235', NULL, NULL),
(170, 98, 2, 61.00, 0.00, 0.00, 61.00, 122.00, 122.00, '{\"image\":null,\"attributes\":\"(Size: 245\\/40R18, Width: 245, Profile: 40, Diameter: 18, Load Rating: 97, Speed Rating: W XL, Pattern: SETULA S-RACE RU01, IsWinterTire: No, IsAllWeaterTire: No)\",\"taxRate\":10,\"taxClasses\":{\"GST\":10},\"options\":[],\"extras\":[],\"sku\":\"2454018SETULASRACE\",\"weight\":null}', NULL, 597, '245/40R18 97 W XL SETULA S-RACE RU01', NULL, NULL, 0, '2025-12-07 04:01:54', '2025-12-07 04:01:54', 'physical', 0, NULL, NULL, 7, '14.202.22.235', NULL, NULL),
(171, 98, 4, 50.00, 0.00, 0.00, 50.00, 200.00, 200.00, '{\"image\":null,\"attributes\":\"(Size: 205\\/45R17, Width: 205, Profile: 45, Diameter: 17, Load Rating: 88, Speed Rating: W XL, Pattern: HEADWAY HU901, IsWinterTire: No, IsAllWeaterTire: No)\",\"taxRate\":10,\"taxClasses\":{\"GST\":10},\"options\":[],\"extras\":[],\"sku\":\"2054517HEADWAY\",\"weight\":null}', NULL, 283, '205/45R17 88 w HEADWAY HU901', NULL, NULL, 0, '2025-12-07 04:01:54', '2025-12-07 04:01:54', 'physical', 0, NULL, NULL, 7, '14.202.22.235', NULL, NULL),
(172, 98, 4, 184.00, 0.00, 0.00, 184.00, 736.00, 736.00, '{\"image\":\"products\\/wildwolfmt-225.jpg\",\"attributes\":\"(Size: 315\\/75R16LT, Width: 315, Profile: 75, Diameter: 16, Load Rating: 127\\/124, Speed Rating: Q, Pattern: WILDWOLF M\\/T, IsWinterTire: No, IsAllWeaterTire: No)\",\"taxRate\":10,\"taxClasses\":{\"GST\":10},\"options\":[],\"extras\":[],\"sku\":\"ILK3157516WW\",\"weight\":null}', NULL, 805, '315/75R16LT 127/124 Q WILDWOLF M/T', 'products/wildwolfmt-225.jpg', NULL, 0, '2025-12-07 04:01:54', '2025-12-07 04:01:54', 'physical', 0, NULL, NULL, 7, '14.202.22.235', NULL, NULL),
(173, 98, 5, 38.00, 0.00, 0.00, 38.00, 190.00, 190.00, '{\"image\":null,\"attributes\":\"(Size: 185\\/65R15, Width: 185, Profile: 65, Diameter: 15, Load Rating: 88, Speed Rating: H, Pattern: FASTWAY Y1, IsWinterTire: No, IsAllWeaterTire: No)\",\"taxRate\":10,\"taxClasses\":{\"GST\":10},\"options\":[],\"extras\":[],\"sku\":\"1856515FASTWAY\",\"weight\":null}', NULL, 217, '185/65R15 88 H FASTWAY Y1', NULL, NULL, 0, '2025-12-07 04:01:54', '2025-12-07 04:01:54', 'physical', 0, NULL, NULL, 7, '14.202.22.235', NULL, NULL),
(174, 98, 4, 109.00, 0.00, 0.00, 109.00, 436.00, 436.00, '{\"image\":null,\"attributes\":\"(Size: 265\\/70R17, Width: 265, Profile: 70, Diameter: 17, Load Rating: 115, Speed Rating: T, Pattern: FORZA C1 A\\/T, IsWinterTire: No, IsAllWeaterTire: No)\",\"taxRate\":10,\"taxClasses\":{\"GST\":10},\"options\":[],\"extras\":[],\"sku\":\"2657017FORZAC1\",\"weight\":null}', NULL, 229, '265/70R17 115 T FORZA C1 A/T', NULL, NULL, 0, '2025-12-07 04:01:54', '2025-12-07 04:01:54', 'physical', 0, NULL, NULL, 7, '14.202.22.235', NULL, NULL),
(175, 99, 1, 1205.00, 0.00, 0.00, 1205.00, 1205.00, 1205.00, '{\"image\":null,\"attributes\":\"(Size: 1, Width: 1, Profile: 1, Diameter: 1, Load Rating: 1, Speed Rating: 1, Pattern: 1, IsWinterTire: Yes, IsAllWeaterTire: Yes, Runflat: No, Length: 1, Height: 1)\",\"taxRate\":10,\"taxClasses\":{\"GST\":10},\"options\":[],\"extras\":[],\"sku\":\"AG-2443-RSM3J\",\"weight\":null}', NULL, 821, '1 1 1 1 - Demo Product', NULL, NULL, 0, '2025-12-07 09:41:32', '2025-12-07 09:41:32', 'physical', 0, NULL, NULL, 7, '14.202.22.235', NULL, NULL),
(176, 46, 1, 1378.00, 0.00, 0.00, 1378.00, 1378.00, 1378.00, '{\"image\":null,\"attributes\":\"(Size: 1, Width: 1, Profile: 1, Diameter: 1, Load Rating: 1, Speed Rating: 1, Pattern: 1, IsWinterTire: Yes, IsAllWeaterTire: Yes, Runflat: No, Length: 1, Height: 1)\",\"taxRate\":10,\"taxClasses\":{\"GST\":10},\"options\":[],\"extras\":[],\"sku\":\"AG-2443-RSM3J\",\"weight\":null}', NULL, 821, '1 1 1 1 - Demo Product', NULL, NULL, 0, '2025-12-07 09:47:00', '2025-12-07 09:47:00', 'physical', 0, NULL, NULL, 7, '14.202.22.235', NULL, NULL),
(177, 100, 3, 60.00, 0.00, 0.00, 60.00, 180.00, 180.00, '{\"image\":null,\"attributes\":\"(Size: 215\\/60R16, Width: 215, Profile: 60, Diameter: 16, Load Rating: 95, Speed Rating: H, Pattern: H04L KR26 ZETUM, IsWinterTire: No, IsAllWeaterTire: No)\",\"taxRate\":10,\"taxClasses\":{\"GST\":10},\"options\":[],\"extras\":[],\"sku\":\"2156016ZETUM\",\"weight\":null}', NULL, 249, '215/60R16 95 H H04L KR26 ZETUM', NULL, NULL, 0, '2025-12-07 09:55:07', '2025-12-07 09:55:07', 'physical', 0, NULL, NULL, 7, '14.202.22.235', NULL, NULL),
(178, 100, 4, 54.00, 0.00, 0.00, 54.00, 216.00, 216.00, '{\"image\":\"products\\/l-grip66-225.jpg\",\"attributes\":\"(Size: 215\\/60R16, Width: 215, Profile: 60, Diameter: 16, Load Rating: 99, Speed Rating: H XL, Pattern: L-GRIP55, IsWinterTire: No, IsAllWeaterTire: No)\",\"taxRate\":10,\"taxClasses\":{\"GST\":10},\"options\":[],\"extras\":[],\"sku\":\"ILK2156016LG55\",\"weight\":null}', NULL, 319, '215/60R16 99 H XL L-GRIP55', 'products/l-grip66-225.jpg', NULL, 0, '2025-12-07 09:55:07', '2025-12-07 09:55:07', 'physical', 0, NULL, NULL, 7, '14.202.22.235', NULL, NULL),
(179, 100, 1, 64.00, 0.00, 0.00, 64.00, 64.00, 64.00, '{\"image\":\"products\\/kr26.jpg\",\"attributes\":\"(Size: 205\\/60R16, Width: 205, Profile: 60, Diameter: 16, Load Rating: 92, Speed Rating: H, Pattern: H04L KR26 ZETUM, IsWinterTire: No, IsAllWeaterTire: No)\",\"taxRate\":10,\"taxClasses\":{\"GST\":10},\"options\":[],\"extras\":[],\"sku\":\"2056016ZETUM\",\"weight\":null}', NULL, 251, '205/60R16 92 H H04L KR26 ZETUM', 'products/kr26.jpg', NULL, 0, '2025-12-07 09:55:07', '2025-12-07 09:55:07', 'physical', 0, NULL, NULL, 7, '14.202.22.235', NULL, NULL),
(180, 100, 2, 55.00, 0.00, 0.00, 55.00, 110.00, 110.00, '{\"image\":\"products\\/l-zeal56-225.jpg\",\"attributes\":\"(Size: 205\\/50R17, Width: 205, Profile: 50, Diameter: 17, Load Rating: 93, Speed Rating: W XL, Pattern: L-ZEAL56, IsWinterTire: No, IsAllWeaterTire: No)\",\"taxRate\":10,\"taxClasses\":{\"GST\":10},\"options\":[],\"extras\":[],\"sku\":\"ILK2055017LZ56\",\"weight\":null}', NULL, 367, '205/50R17 93 w L-ZEAL56', 'products/l-zeal56-225.jpg', NULL, 0, '2025-12-07 09:55:07', '2025-12-07 09:55:07', 'physical', 0, NULL, NULL, 7, '14.202.22.235', NULL, NULL),
(181, 100, 2, 99.00, 0.00, 0.00, 99.00, 198.00, 198.00, '{\"image\":\"products\\/cf350.jpg\",\"attributes\":\"(Size: 185\\/85R16LT, Width: 185, Profile: 85, Diameter: 16, Load Rating: 111\\/109, Speed Rating: L, Pattern: CF350, IsWinterTire: No, IsAllWeaterTire: No)\",\"taxRate\":10,\"taxClasses\":{\"GST\":10},\"options\":[],\"extras\":[],\"sku\":\"1858516CF350\",\"weight\":null}', NULL, 99, '185/85R16LT 111/109 L CF350', 'products/cf350.jpg', NULL, 0, '2025-12-07 09:55:07', '2025-12-07 09:55:07', 'physical', 0, NULL, NULL, 7, '14.202.22.235', NULL, NULL),
(182, 100, 1, 49.00, 0.00, 0.00, 49.00, 49.00, 49.00, '{\"image\":null,\"attributes\":\"(Size: 215\\/65R15, Width: 215, Profile: 65, Diameter: 15, Load Rating: 96, Speed Rating: H, Pattern: SETULA E-RACE RH01, IsWinterTire: No, IsAllWeaterTire: No)\",\"taxRate\":10,\"taxClasses\":{\"GST\":10},\"options\":[],\"extras\":[],\"sku\":\"2156515RH01\",\"weight\":null}', NULL, 563, '215/65R15 96 H SETULA E-RACE RH01', NULL, NULL, 0, '2025-12-07 09:55:07', '2025-12-07 09:55:07', 'physical', 0, NULL, NULL, 7, '14.202.22.235', NULL, NULL),
(183, 100, 4, 64.00, 0.00, 0.00, 64.00, 256.00, 256.00, '{\"image\":null,\"attributes\":\"(Size: 205\\/70R15C, Width: 205, Profile: 70, Diameter: 15, Load Rating: 106\\/104, Speed Rating: R, Pattern: TRANSPORTER RF09, IsWinterTire: No, IsAllWeaterTire: No)\",\"taxRate\":10,\"taxClasses\":{\"GST\":10},\"options\":[],\"extras\":[],\"sku\":\"R2057015CRF09\",\"weight\":null}', NULL, 771, '205/70R15C 106/104 R TRANSPORTER RF09', NULL, NULL, 0, '2025-12-07 09:55:07', '2025-12-07 09:55:07', 'physical', 0, NULL, NULL, 7, '14.202.22.235', NULL, NULL),
(184, 100, 4, 34.00, 0.00, 0.00, 34.00, 136.00, 136.00, '{\"image\":\"products\\/l-grip55-225-3.png\",\"attributes\":\"(Size: 175\\/65R14, Width: 175, Profile: 65, Diameter: 14, Load Rating: 86, Speed Rating: T XL, Pattern: L-GRIP55)\",\"taxRate\":10,\"taxClasses\":{\"GST\":10},\"options\":[],\"extras\":[],\"sku\":\"1756514LGRIP55\",\"weight\":null}', NULL, 823, '175/65R14 86 T XL L-GRIP55', 'products/l-grip55-225-3.png', NULL, 0, '2025-12-07 09:55:07', '2025-12-07 09:55:07', 'physical', 0, NULL, NULL, 7, '14.202.22.235', NULL, NULL),
(185, 100, 4, 63.00, 0.00, 0.00, 63.00, 252.00, 252.00, '{\"image\":null,\"attributes\":\"(Size: 225\\/60R17, Width: 225, Profile: 60, Diameter: 17, Load Rating: 99, Speed Rating: H, Pattern: ENJOYLAND RF10, IsWinterTire: No, IsAllWeaterTire: No)\",\"taxRate\":10,\"taxClasses\":{\"GST\":10},\"options\":[],\"extras\":[],\"sku\":\"225601799HRF10\",\"weight\":null}', NULL, 169, '225/60R17 99 H ENJOYLAND RF10', NULL, NULL, 0, '2025-12-07 09:55:07', '2025-12-07 09:55:07', 'physical', 0, NULL, NULL, 7, '14.202.22.235', NULL, NULL),
(186, 100, 2, 84.00, 0.00, 0.00, 84.00, 168.00, 168.00, '{\"image\":\"products\\/l-zeal56-225.jpg\",\"attributes\":\"(Size: 235\\/55R20, Width: 235, Profile: 55, Diameter: 20, Load Rating: 105, Speed Rating: W XL, Pattern: L-ZEAL56, IsWinterTire: No, IsAllWeaterTire: No)\",\"taxRate\":10,\"taxClasses\":{\"GST\":10},\"options\":[],\"extras\":[],\"sku\":\"2355520LZEAL56\",\"weight\":null}', NULL, 389, '235/55R20 105 W XL L-ZEAL56', 'products/l-zeal56-225.jpg', NULL, 0, '2025-12-07 09:55:07', '2025-12-07 09:55:07', 'physical', 0, NULL, NULL, 7, '14.202.22.235', NULL, NULL),
(187, 100, 2, 64.00, 0.00, 0.00, 64.00, 128.00, 128.00, '{\"image\":null,\"attributes\":\"(Size: 225\\/55R18, Width: 225, Profile: 55, Diameter: 18, Load Rating: 98, Speed Rating: V, Pattern: SPORTLINE C2, IsWinterTire: No, IsAllWeaterTire: No)\",\"taxRate\":10,\"taxClasses\":{\"GST\":10},\"options\":[],\"extras\":[],\"sku\":\"2255518SPORTLINE\",\"weight\":null}', NULL, 687, '225/55R18 98 V SPORTLINE C2', NULL, NULL, 0, '2025-12-07 09:55:07', '2025-12-07 09:55:07', 'physical', 0, NULL, NULL, 7, '14.202.22.235', NULL, NULL),
(188, 101, 6, 89.00, 0.00, 0.00, 89.00, 534.00, 534.00, '{\"image\":null,\"attributes\":\"(Size: 245\\/70R16, Width: 245, Profile: 70, Diameter: 16, Load Rating: 107, Speed Rating: T, Pattern: FORZA C1 A\\/T, IsWinterTire: No, IsAllWeaterTire: No)\",\"taxRate\":10,\"taxClasses\":{\"GST\":10},\"options\":[],\"extras\":[],\"sku\":\"2457016FORZAC1\",\"weight\":null}', NULL, 231, '245/70R16 107 T FORZA C1 A/T', NULL, NULL, 0, '2025-12-07 10:07:34', '2025-12-07 10:07:34', 'physical', 0, NULL, NULL, 7, '14.202.22.235', NULL, NULL),
(189, 101, 2, 94.00, 0.00, 0.00, 94.00, 188.00, 188.00, '{\"image\":null,\"attributes\":\"(Size: 265\\/65R17, Width: 265, Profile: 65, Diameter: 17, Load Rating: 112, Speed Rating: H, Pattern: FORZA C1 A\\/T, IsWinterTire: No, IsAllWeaterTire: No)\",\"taxRate\":10,\"taxClasses\":{\"GST\":10},\"options\":[],\"extras\":[],\"sku\":\"2656517FORZAAT\",\"weight\":null}', NULL, 227, '265/65R17 112 H FORZA C1 A/T', NULL, NULL, 0, '2025-12-07 10:07:34', '2025-12-07 10:07:34', 'physical', 0, NULL, NULL, 7, '14.202.22.235', NULL, NULL),
(190, 101, 4, 164.00, 0.00, 0.00, 164.00, 656.00, 656.00, '{\"image\":\"products\\/brutus_1.png\",\"attributes\":\"(Size: 265\\/60R18LT, Width: 265, Profile: 60, Diameter: 18, Load Rating: 119\\/116, Speed Rating: S XL, Pattern: BRUTUS II A\\/T, IsWinterTire: No, IsAllWeaterTire: No)\",\"taxRate\":10,\"taxClasses\":{\"GST\":10},\"options\":[],\"extras\":[],\"sku\":\"X2656018LT\",\"weight\":null}', NULL, 59, '265/60R18LT 119/116 S BRUTUS II A/T', 'products/brutus_1.png', NULL, 0, '2025-12-07 10:07:34', '2025-12-07 10:07:34', 'physical', 0, NULL, NULL, 7, '14.202.22.235', NULL, NULL),
(191, 101, 4, 55.00, 0.00, 0.00, 55.00, 220.00, 220.00, '{\"image\":\"products\\/l-comfort68-225.jpg\",\"attributes\":\"(Size: 215\\/65R16, Width: 215, Profile: 65, Diameter: 16, Load Rating: 98, Speed Rating: H, Pattern: L-COMFORT68, IsWinterTire: No, IsAllWeaterTire: No)\",\"taxRate\":10,\"taxClasses\":{\"GST\":10},\"options\":[],\"extras\":[],\"sku\":\"ILK2156516COM68\",\"weight\":null}', NULL, 295, '215/65R16 98 H L-COMFORT68', 'products/l-comfort68-225.jpg', NULL, 0, '2025-12-07 10:07:34', '2025-12-07 10:07:34', 'physical', 0, NULL, NULL, 7, '14.202.22.235', NULL, NULL),
(192, 101, 1, 174.00, 0.00, 0.00, 174.00, 174.00, 174.00, '{\"image\":\"products\\/brutus_1.png\",\"attributes\":\"(Size: 285\\/75R16LT, Width: 285, Profile: 75, Diameter: 16, Load Rating: 126\\/123, Speed Rating: R, Pattern: BRUTUS A\\/T, IsWinterTire: No, IsAllWeaterTire: No)\",\"taxRate\":10,\"taxClasses\":{\"GST\":10},\"options\":[],\"extras\":[],\"sku\":\"X2857516LT\",\"weight\":null}', NULL, 33, '285/75R16LT 126/123 R BRUTUS A/T', 'products/brutus_1.png', NULL, 0, '2025-12-07 10:07:35', '2025-12-07 10:07:35', 'physical', 0, NULL, NULL, 7, '14.202.22.235', NULL, NULL),
(193, 101, 1, 149.00, 0.00, 0.00, 149.00, 149.00, 149.00, '{\"image\":null,\"attributes\":\"(Size: 285\\/75R16LT, Width: 285, Profile: 75, Diameter: 16, Load Rating: 126\\/123, Speed Rating: Q, Pattern: FORZA C1 M\\/T, IsWinterTire: No, IsAllWeaterTire: No)\",\"taxRate\":10,\"taxClasses\":{\"GST\":10},\"options\":[],\"extras\":[],\"sku\":\"2857516FORZAMT\",\"weight\":null}', NULL, 233, '285/75R16LT 126/123 Q FORZA C1 M/T', NULL, NULL, 0, '2025-12-07 10:07:35', '2025-12-07 10:07:35', 'physical', 0, NULL, NULL, 7, '14.202.22.235', NULL, NULL),
(194, 101, 4, 194.00, 0.00, 0.00, 194.00, 776.00, 776.00, '{\"image\":null,\"attributes\":\"(Size: 285\\/65R18LT, Width: 285, Profile: 70, Diameter: 18, Load Rating: 125\\/122, Speed Rating: Q, Pattern: ROADCRUZA RA7000 X\\/T, IsWinterTire: No, IsAllWeaterTire: No)\",\"taxRate\":10,\"taxClasses\":{\"GST\":10},\"options\":[],\"extras\":[],\"sku\":\"2856518RA7000\",\"weight\":null}', NULL, 517, '285/65R18LT 125/122 Q ROADCRUZA RA7000 X/T', NULL, NULL, 0, '2025-12-07 10:07:35', '2025-12-07 10:07:35', 'physical', 0, NULL, NULL, 7, '14.202.22.235', NULL, NULL),
(195, 101, 4, 169.00, 0.00, 0.00, 169.00, 676.00, 676.00, '{\"image\":\"products\\/brutus_1.png\",\"attributes\":\"(Size: 265\\/70R17LT, Width: 265, Profile: 70, Diameter: 17, Load Rating: 121\\/118, Speed Rating: S XL, Pattern: BRUTUS A\\/T, IsWinterTire: No, IsAllWeaterTire: No)\",\"taxRate\":10,\"taxClasses\":{\"GST\":10},\"options\":[],\"extras\":[],\"sku\":\"X2657017LT\",\"weight\":null}', NULL, 41, '265/70R17LT 121/118 S BRUTUS A/T', 'products/brutus_1.png', NULL, 0, '2025-12-07 10:07:35', '2025-12-07 10:07:35', 'physical', 0, NULL, NULL, 7, '14.202.22.235', NULL, NULL),
(196, 102, 5, 39.00, 0.00, 0.00, 39.00, 195.00, 195.00, '{\"image\":\"products\\/fastwayc2.jpg\",\"attributes\":\"(Size: 195\\/65R15, Width: 195, Profile: 65, Diameter: 15, Load Rating: 91, Speed Rating: H, Pattern: FASTWAY C2, IsWinterTire: No, IsAllWeaterTire: No)\",\"taxRate\":10,\"taxClasses\":{\"GST\":10},\"options\":[],\"extras\":[],\"sku\":\"1956515FASTWAY\",\"weight\":null}', NULL, 205, '195/65R15 91 H FASTWAY C2', 'products/fastwayc2.jpg', NULL, 0, '2025-12-07 10:48:23', '2025-12-07 10:48:23', 'physical', 0, NULL, NULL, 7, '14.202.22.235', NULL, NULL),
(197, 102, 4, 38.00, 0.00, 0.00, 38.00, 152.00, 152.00, '{\"image\":\"products\\/fastwayy1.jpg\",\"attributes\":\"(Size: 185\\/65R15, Width: 185, Profile: 65, Diameter: 15, Load Rating: 88, Speed Rating: H, Pattern: FASTWAY Y1, IsWinterTire: No, IsAllWeaterTire: No)\",\"taxRate\":10,\"taxClasses\":{\"GST\":10},\"options\":[],\"extras\":[],\"sku\":\"1856515FASTWAY\",\"weight\":null}', NULL, 217, '185/65R15 88 H FASTWAY Y1', 'products/fastwayy1.jpg', NULL, 0, '2025-12-07 10:48:23', '2025-12-07 10:48:23', 'physical', 0, NULL, NULL, 7, '14.202.22.235', NULL, NULL),
(198, 102, 4, 144.00, 0.00, 0.00, 144.00, 576.00, 576.00, '{\"image\":\"products\\/terramaxlsr2at--225wsw.jpg\",\"attributes\":\"(Size: 285\\/70R17, Width: 285, Profile: 70, Diameter: 17, Load Rating: 121\\/118, Speed Rating: Q, Pattern: TERRAMAX LSR2 A\\/T, IsWinterTire: No, IsAllWeaterTire: No)\",\"taxRate\":10,\"taxClasses\":{\"GST\":10},\"options\":[],\"extras\":[],\"sku\":\"ILK2857017TMR2\",\"weight\":null}', NULL, 709, '285/70R17 121/118 Q TERRAMAX LSR2 A/T', 'products/terramaxlsr2at--225wsw.jpg', NULL, 0, '2025-12-07 10:48:23', '2025-12-07 10:48:23', 'physical', 0, NULL, NULL, 7, '14.202.22.235', NULL, NULL),
(199, 102, 4, 64.00, 0.00, 0.00, 64.00, 256.00, 256.00, '{\"image\":\"products\\/dh03.png\",\"attributes\":\"(Size: 245\\/45R18, Width: 245, Profile: 45, Diameter: 18, Load Rating: 100, Speed Rating: W XL, Pattern: DH03, IsWinterTire: No, IsAllWeaterTire: No)\",\"taxRate\":10,\"taxClasses\":{\"GST\":10},\"options\":[],\"extras\":[],\"sku\":\"2454518DH03\",\"weight\":null}', NULL, 125, '245/45R18 100 W XL DH03', 'products/dh03.png', NULL, 0, '2025-12-07 10:48:23', '2025-12-07 10:48:23', 'physical', 0, NULL, NULL, 7, '14.202.22.235', NULL, NULL),
(200, 103, 2, 40.00, 0.00, 0.00, 40.00, 80.00, 80.00, '{\"image\":\"products\\/hu901.jpg\",\"attributes\":\"(Size: 195\\/50R16, Width: 195, Profile: 50, Diameter: 16, Load Rating: 88, Speed Rating: V, Pattern: HEADWAY HU901, IsWinterTire: No, IsAllWeaterTire: No)\",\"taxRate\":10,\"taxClasses\":{\"GST\":10},\"options\":[],\"extras\":[],\"sku\":\"1955016HU901\",\"weight\":null}', NULL, 279, '195/50R16 88 V HEADWAY HU901', 'products/hu901.jpg', NULL, 0, '2025-12-07 10:49:57', '2025-12-07 10:49:57', 'physical', 0, NULL, NULL, 7, '14.202.22.235', NULL, NULL),
(201, 103, 4, 64.00, 0.00, 0.00, 64.00, 256.00, 256.00, '{\"image\":null,\"attributes\":\"(Size: 225\\/55R18, Width: 225, Profile: 55, Diameter: 18, Load Rating: 98, Speed Rating: V, Pattern: SPORTLINE C2, IsWinterTire: No, IsAllWeaterTire: No)\",\"taxRate\":10,\"taxClasses\":{\"GST\":10},\"options\":[],\"extras\":[],\"sku\":\"2255518SPORTLINE\",\"weight\":null}', NULL, 687, '225/55R18 98 V SPORTLINE C2', NULL, NULL, 0, '2025-12-07 10:49:57', '2025-12-07 10:49:57', 'physical', 0, NULL, NULL, 7, '14.202.22.235', NULL, NULL),
(202, 104, 1, 72.00, 0.00, 0.00, 72.00, 72.00, 72.00, '{\"image\":null,\"attributes\":\"(Size: 235\\/60R18, Width: 235, Profile: 60, Diameter: 18, Load Rating: 107, Speed Rating: H, Pattern: DSS02, IsWinterTire: No, IsAllWeaterTire: No)\",\"taxRate\":10,\"taxClasses\":{\"GST\":10},\"options\":[],\"extras\":[],\"sku\":\"DS2356018\",\"weight\":null}', NULL, 143, '235/60R18 107 H DSS02', NULL, NULL, 0, '2025-12-07 10:53:47', '2025-12-07 10:53:47', 'physical', 0, NULL, NULL, 7, '14.202.22.235', NULL, NULL),
(203, 104, 2, 40.00, 0.00, 0.00, 40.00, 80.00, 80.00, '{\"image\":\"products\\/hu901.jpg\",\"attributes\":\"(Size: 195\\/50R16, Width: 195, Profile: 50, Diameter: 16, Load Rating: 88, Speed Rating: V, Pattern: HEADWAY HU901, IsWinterTire: No, IsAllWeaterTire: No)\",\"taxRate\":10,\"taxClasses\":{\"GST\":10},\"options\":[],\"extras\":[],\"sku\":\"1955016HU901\",\"weight\":null}', NULL, 279, '195/50R16 88 V HEADWAY HU901', 'products/hu901.jpg', NULL, 0, '2025-12-07 10:53:47', '2025-12-07 10:53:47', 'physical', 0, NULL, NULL, 7, '14.202.22.235', NULL, NULL),
(204, 104, 4, 64.00, 0.00, 0.00, 64.00, 256.00, 256.00, '{\"image\":null,\"attributes\":\"(Size: 225\\/55R18, Width: 225, Profile: 55, Diameter: 18, Load Rating: 98, Speed Rating: V, Pattern: SPORTLINE C2, IsWinterTire: No, IsAllWeaterTire: No)\",\"taxRate\":10,\"taxClasses\":{\"GST\":10},\"options\":[],\"extras\":[],\"sku\":\"2255518SPORTLINE\",\"weight\":null}', NULL, 687, '225/55R18 98 V SPORTLINE C2', NULL, NULL, 0, '2025-12-07 10:53:47', '2025-12-07 10:53:47', 'physical', 0, NULL, NULL, 7, '14.202.22.235', NULL, NULL),
(205, 104, 4, 69.00, 0.00, 0.00, 69.00, 276.00, 276.00, '{\"image\":null,\"attributes\":\"(Size: 225\\/55R19, Width: 225, Profile: 55, Diameter: 19, Load Rating: 99, Speed Rating: V, Pattern: HEADWAY XS01, IsWinterTire: No, IsAllWeaterTire: No)\",\"taxRate\":10,\"taxClasses\":{\"GST\":10},\"options\":[],\"extras\":[],\"sku\":\"2255519XS01\",\"weight\":null}', NULL, 287, '225/55R19 99 V HEADWAY XS01', NULL, NULL, 0, '2025-12-07 10:53:47', '2025-12-07 10:53:47', 'physical', 0, NULL, NULL, 7, '14.202.22.235', NULL, NULL),
(206, 105, 4, 48.00, 0.00, 0.00, 48.00, 192.00, 192.00, '{\"image\":null,\"attributes\":\"(Size: 215\\/45R17, Width: 215, Profile: 45, Diameter: 17, Load Rating: 91, Speed Rating: W XL, Pattern: SPORT+ C1, IsWinterTire: No, IsAllWeaterTire: No)\",\"taxRate\":10,\"taxClasses\":{\"GST\":10},\"options\":[],\"extras\":[],\"sku\":\"2154517SPORTC1\",\"weight\":null}', NULL, 673, '215/45R17 91 W XL SPORT+ C1', NULL, NULL, 0, '2025-12-07 10:55:43', '2025-12-07 10:55:43', 'physical', 0, NULL, NULL, 7, '14.202.22.235', NULL, NULL),
(207, 105, 4, 59.00, 0.00, 0.00, 59.00, 236.00, 236.00, '{\"image\":null,\"attributes\":\"(Size: 215\\/60R17, Width: 215, Profile: 60, Diameter: 17, Load Rating: 100, Speed Rating: H XL, Pattern: ENJOYLAND RF10 H\\/T, IsWinterTire: No, IsAllWeaterTire: No)\",\"taxRate\":10,\"taxClasses\":{\"GST\":10},\"options\":[],\"extras\":[],\"sku\":\"2156017ENJOYLAND\",\"weight\":null}', NULL, 171, '215/60R17 100 H XL ENJOYLAND RF10 H/T', NULL, NULL, 0, '2025-12-07 10:55:43', '2025-12-07 10:55:43', 'physical', 0, NULL, NULL, 7, '14.202.22.235', NULL, NULL),
(208, 106, 4, 34.00, 0.00, 0.00, 34.00, 136.00, 136.00, '{\"image\":\"products\\/l-grip55-225-3.png\",\"attributes\":\"(Size: 175\\/65R14, Width: 175, Profile: 65, Diameter: 14, Load Rating: 86, Speed Rating: T XL, Pattern: L-GRIP55)\",\"taxRate\":10,\"taxClasses\":{\"GST\":10},\"options\":[],\"extras\":[],\"sku\":\"1756514LGRIP55\",\"weight\":null}', NULL, 823, '175/65R14 86 T XL L-GRIP55', 'products/l-grip55-225-3.png', NULL, 0, '2025-12-07 10:57:14', '2025-12-07 10:57:14', 'physical', 0, NULL, NULL, 7, '14.202.22.235', NULL, NULL),
(209, 106, 4, 34.00, 0.00, 0.00, 34.00, 136.00, 136.00, '{\"image\":\"products\\/fastwayc1.jpg\",\"attributes\":\"(Size: 175\\/70R14, Width: 175, Profile: 70, Diameter: 14, Load Rating: 84, Speed Rating: T, Pattern: FASTWAY C1, IsWinterTire: No, IsAllWeaterTire: No)\",\"taxRate\":10,\"taxClasses\":{\"GST\":10},\"options\":[],\"extras\":[],\"sku\":\"1757014FASTWAY\",\"weight\":null}', NULL, 199, '175/70R14 84 T FASTWAY C1', 'products/fastwayc1.jpg', NULL, 0, '2025-12-07 10:57:14', '2025-12-07 10:57:14', 'physical', 0, NULL, NULL, 7, '14.202.22.235', NULL, NULL),
(210, 107, 1, 74.00, 0.00, 0.00, 74.00, 74.00, 74.00, '{\"image\":\"products\\/ru01.jpg\",\"attributes\":\"(Size: 245\\/45R19, Width: 245, Profile: 45, Diameter: 19, Load Rating: 102, Speed Rating: W XL, Pattern: SETULA S-RACE RU01, IsWinterTire: No, IsAllWeaterTire: No)\",\"taxRate\":10,\"taxClasses\":{\"GST\":10},\"options\":[],\"extras\":[],\"sku\":\"2454519RU01\",\"weight\":null}', NULL, 625, '245/45R19 102 W XL SETULA S-RACE RU01', 'products/ru01.jpg', NULL, 0, '2025-12-07 11:17:33', '2025-12-07 11:17:33', 'physical', 0, NULL, NULL, 7, '14.202.22.235', NULL, NULL),
(211, 108, 1, 3930.00, 0.00, 0.00, 3930.00, 3930.00, 3930.00, '{\"image\":null,\"attributes\":\"(Size: 1, Width: 1, Profile: 1, Diameter: 1, Load Rating: 1, Speed Rating: 1, Pattern: 1, IsWinterTire: Yes, IsAllWeaterTire: Yes, Runflat: No, Length: 1, Height: 1)\",\"taxRate\":10,\"taxClasses\":{\"GST\":10},\"options\":[],\"extras\":[],\"sku\":\"AG-2443-RSM3J\",\"weight\":null}', NULL, 821, '1 1 1 1 - Demo Product', NULL, NULL, 0, '2025-12-08 02:12:20', '2025-12-08 02:12:20', 'physical', 0, NULL, NULL, 7, '14.202.22.235', NULL, NULL),
(212, 68, 1, 9050.00, 0.00, 0.00, 9050.00, 9050.00, 9050.00, '{\"image\":null,\"attributes\":\"(Size: 1, Width: 1, Profile: 1, Diameter: 1, Load Rating: 1, Speed Rating: 1, Pattern: 1, IsWinterTire: Yes, IsAllWeaterTire: Yes, Runflat: No, Length: 1, Height: 1)\",\"taxRate\":10,\"taxClasses\":{\"GST\":10},\"options\":[],\"extras\":[],\"sku\":\"AG-2443-RSM3J\",\"weight\":null}', NULL, 821, '1 1 1 1 - Demo Product', NULL, NULL, 0, '2025-12-08 02:33:29', '2025-12-08 02:33:29', 'physical', 0, NULL, NULL, 7, '14.202.22.235', NULL, NULL),
(213, 109, 10, 174.00, 0.00, 0.00, 174.00, 1740.00, 1740.00, '{\"image\":\"products\\/brutus_1.png\",\"attributes\":\"(Size: 285\\/70R17LT, Width: 285, Profile: 70, Diameter: 17, Load Rating: 121\\/118, Speed Rating: R, Pattern: BRUTUS A\\/T, IsWinterTire: No, IsAllWeaterTire: No)\",\"taxRate\":10,\"taxClasses\":{\"GST\":10},\"options\":[],\"extras\":[],\"sku\":\"X28570R17LT\",\"weight\":null}', NULL, 35, '285/70R17LT 121/118 R BRUTUS A/T', 'products/brutus_1.png', NULL, 0, '2025-12-08 02:36:49', '2025-12-08 02:36:49', 'physical', 0, NULL, NULL, 7, '14.202.22.235', NULL, NULL),
(214, 109, 8, 169.00, 0.00, 0.00, 169.00, 1352.00, 1352.00, '{\"image\":\"products\\/brutus_1.png\",\"attributes\":\"(Size: 265\\/70R17LT, Width: 265, Profile: 70, Diameter: 17, Load Rating: 121\\/118, Speed Rating: S XL, Pattern: BRUTUS A\\/T, IsWinterTire: No, IsAllWeaterTire: No)\",\"taxRate\":10,\"taxClasses\":{\"GST\":10},\"options\":[],\"extras\":[],\"sku\":\"X2657017LT\",\"weight\":null}', NULL, 41, '265/70R17LT 121/118 S BRUTUS A/T', 'products/brutus_1.png', NULL, 0, '2025-12-08 02:36:49', '2025-12-08 02:36:49', 'physical', 0, NULL, NULL, 7, '14.202.22.235', NULL, NULL),
(215, 109, 8, 179.00, 0.00, 0.00, 179.00, 1432.00, 1432.00, '{\"image\":\"products\\/cf9000.jpg\",\"attributes\":\"(Size: 265\\/70R17LT, Width: 265, Profile: 70, Diameter: 17, Load Rating: 123\\/120, Speed Rating: Q, Pattern: CF9000 R\\/T, IsWinterTire: No, IsAllWeaterTire: No)\",\"taxRate\":10,\"taxClasses\":{\"GST\":10},\"options\":[],\"extras\":[],\"sku\":\"2657017CF9000\",\"weight\":null}', NULL, 105, '265/70R17LT 123/120 Q CF9000 R/T', 'products/cf9000.jpg', NULL, 0, '2025-12-08 02:36:49', '2025-12-08 02:36:49', 'physical', 0, NULL, NULL, 7, '14.202.22.235', NULL, NULL);
INSERT INTO `ec_order_product` (`id`, `order_id`, `qty`, `price`, `tax_percent`, `tax_amount`, `sale_price`, `amount`, `net_amount`, `options`, `product_options`, `product_id`, `product_name`, `product_image`, `weight`, `restock_quantity`, `created_at`, `updated_at`, `product_type`, `times_downloaded`, `license_code`, `downloaded_at`, `created_by`, `created_ip`, `updated_by`, `updated_ip`) VALUES
(216, 109, 8, 149.00, 0.00, 0.00, 149.00, 1192.00, 1192.00, '{\"image\":\"products\\/forzamt.jpg\",\"attributes\":\"(Size: 285\\/70R17LT, Width: 285, Profile: 70, Diameter: 17, Load Rating: 121\\/118, Speed Rating: Q, Pattern: FORZA M\\/T, IsWinterTire: No, IsAllWeaterTire: No)\",\"taxRate\":10,\"taxClasses\":{\"GST\":10},\"options\":[],\"extras\":[],\"sku\":\"2857017FORZAMT\",\"weight\":null}', NULL, 235, '285/70R17LT 121/118Q FORZA M/T', 'products/forzamt.jpg', NULL, 0, '2025-12-08 02:36:49', '2025-12-08 02:36:49', 'physical', 0, NULL, NULL, 7, '14.202.22.235', NULL, NULL),
(221, 110, 4, 164.00, 0.00, 0.00, 164.00, 656.00, 656.00, '{\"image\":\"products\\/brutus_1.png\",\"attributes\":\"(Size: 265\\/65R17LT, Width: 265, Profile: 65, Diameter: 17, Load Rating: 117, Speed Rating: S XL, Pattern: BRUTUS II A\\/T, IsWinterTire: No, IsAllWeaterTire: No)\",\"taxRate\":10,\"taxClasses\":{\"GST\":10},\"options\":[],\"extras\":[],\"sku\":\"2656517BRUTUSII\",\"weight\":null}', NULL, 65, '265/65R17LT 117 S BRUTUS II A/T', 'products/brutus_1.png', NULL, 0, '2025-12-08 03:44:15', '2025-12-08 03:44:15', 'physical', 0, NULL, NULL, 7, '14.202.22.235', NULL, NULL),
(222, 110, 4, 107.00, 0.00, 0.00, 107.00, 428.00, 428.00, '{\"image\":\"products\\/forzac1.jpg\",\"attributes\":\"(Size: 265\\/70R17, Width: 265, Profile: 70, Diameter: 17, Load Rating: 115, Speed Rating: T, Pattern: FORZA A\\/T, IsWinterTire: No, IsAllWeaterTire: No)\",\"taxRate\":10,\"taxClasses\":{\"GST\":10},\"options\":[],\"extras\":[],\"sku\":\"2657017FORZAC1\",\"weight\":null}', NULL, 229, '265/70R17 115T FORZA A/T', 'products/forzac1.jpg', NULL, 0, '2025-12-08 03:44:15', '2025-12-08 03:44:15', 'physical', 0, NULL, NULL, 7, '14.202.22.235', NULL, NULL),
(223, 112, 4, 48.00, 0.00, 0.00, 48.00, 192.00, 192.00, '{\"image\":\"products\\/sport.jpg\",\"attributes\":\"(Size: 225\\/45R17, Width: 225, Profile: 45, Diameter: 17, Load Rating: 94, Speed Rating: W XL, Pattern: SPORT+, IsWinterTire: No, IsAllWeaterTire: No)\",\"taxRate\":10,\"taxClasses\":{\"GST\":10},\"options\":[],\"extras\":[],\"sku\":\"2254517SPORTC1\",\"weight\":null}', NULL, 677, '225/45R17 94W XL SPORT+', 'products/sport.jpg', NULL, 0, '2025-12-08 04:09:03', '2025-12-08 04:09:03', 'physical', 0, NULL, NULL, 7, '14.202.22.235', NULL, NULL),
(224, 113, 4, 72.00, 0.00, 0.00, 72.00, 288.00, 288.00, '{\"image\":\"products\\/l-max9--225wsw.jpg\",\"attributes\":\"(Size: 215\\/70R16C, Width: 215, Profile: 70, Diameter: 16, Load Rating: 108\\/106, Speed Rating: R, Pattern: L-MAX9, IsWinterTire: No, IsAllWeaterTire: No)\",\"taxRate\":10,\"taxClasses\":{\"GST\":10},\"options\":[],\"extras\":[],\"sku\":\"ILK2157016LM9\",\"weight\":null}', NULL, 335, '215/70R16C 108/106 R L-MAX9', 'products/l-max9--225wsw.jpg', NULL, 0, '2025-12-08 04:17:54', '2025-12-08 04:17:54', 'physical', 0, NULL, NULL, 7, '14.202.22.235', NULL, NULL),
(226, 114, 2, 62.00, 0.00, 0.00, NULL, 124.00, 124.00, '{\"image\":\"products\\/l-zeal56-225.jpg\",\"attributes\":\"(Size: 235\\/35R19, Width: 235, Profile: 35, Diameter: 19, Load Rating: 91, Speed Rating: W XL, Pattern: L-ZEAL56, IsWinterTire: No, IsAllWeaterTire: No)\",\"taxRate\":10,\"taxClasses\":{\"GST\":10},\"options\":[],\"extras\":[],\"sku\":\"2353519ZEAL56\",\"weight\":null}', '[]', 363, '235/35R19 91 W XL L-ZEAL56', 'products/l-zeal56-225.jpg', NULL, 0, '2025-12-08 04:20:42', '2025-12-08 04:20:42', 'physical', 0, NULL, NULL, NULL, NULL, NULL, NULL),
(227, 115, 1, 60.00, 0.00, 0.00, 60.00, 60.00, 60.00, '{\"image\":\"products\\/l-zeal-56-225-3.jpg\",\"attributes\":\"(Size: 235\\/45R17, Width: 235, Profile: 45, Diameter: 17, Load Rating: 97, Speed Rating: W XL, Pattern: L-ZEAL56)\",\"taxRate\":10,\"taxClasses\":{\"GST\":10},\"options\":[],\"extras\":[],\"sku\":\"2354517LZEAL56\",\"weight\":null}', NULL, 867, '235/45R17 97 W XL L-ZEAL56', 'products/l-zeal-56-225-3.jpg', NULL, 0, '2025-12-08 04:23:42', '2025-12-08 04:23:42', 'physical', 0, NULL, NULL, 7, '14.202.22.235', NULL, NULL),
(228, 115, 2, 58.00, 0.00, 0.00, 58.00, 116.00, 116.00, '{\"image\":\"products\\/l-zeal-56-225-3.jpg\",\"attributes\":\"(Size: 215\\/50R17, Width: 215, Profile: 50, Diameter: 17, Load Rating: 95, Speed Rating: W XL, Pattern: L-ZEAL56)\",\"taxRate\":10,\"taxClasses\":{\"GST\":10},\"options\":[],\"extras\":[],\"sku\":\"2155017LZEAL56\",\"weight\":null}', NULL, 849, '215/50R17 95 W XL L-ZEAL56', 'products/l-zeal-56-225-3.jpg', NULL, 0, '2025-12-08 04:23:42', '2025-12-08 04:23:42', 'physical', 0, NULL, NULL, 7, '14.202.22.235', NULL, NULL),
(229, 115, 1, 77.00, 0.00, 0.00, 77.00, 77.00, 77.00, '{\"image\":\"products\\/l-zeal56-225.jpg\",\"attributes\":\"(Size: 235\\/50R19, Width: 235, Profile: 50, Diameter: 19, Load Rating: 103, Speed Rating: V, Pattern: L-ZEAL56, IsWinterTire: No, IsAllWeaterTire: No)\",\"taxRate\":10,\"taxClasses\":{\"GST\":10},\"options\":[],\"extras\":[],\"sku\":\"ILK2355019LZ56\",\"weight\":null}', NULL, 371, '235/50R19 103 V L-ZEAL56', 'products/l-zeal56-225.jpg', NULL, 0, '2025-12-08 04:23:42', '2025-12-08 04:23:42', 'physical', 0, NULL, NULL, 7, '14.202.22.235', NULL, NULL),
(230, 116, 8, 145.00, 0.00, 0.00, 145.00, 1160.00, 1160.00, '{\"image\":\"products\\/penterrart-225.png\",\"attributes\":\"(Size: 285\\/70R17LT, Width: 285, Profile: 70, Diameter: 17, Load Rating: 116\\/113, Speed Rating: Q, Pattern: PENTERRA R\\/T, IsWinterTire: No, IsAllWeaterTire: No)\",\"taxRate\":10,\"taxClasses\":{\"GST\":10},\"options\":[],\"extras\":[],\"sku\":\"2857017PENTERRART\",\"weight\":null}', NULL, 463, '285/70R17LT 116/113 Q PENTERRA R/T', 'products/penterrart-225.png', NULL, 0, '2025-12-08 04:27:52', '2025-12-08 04:27:52', 'physical', 0, NULL, NULL, 7, '14.202.22.235', NULL, NULL),
(232, 117, 2, 38.00, 0.00, 0.00, NULL, 76.00, 76.00, '{\"image\":\"products\\/fastwayc2.jpg\",\"attributes\":\"(Size: 195\\/65R15, Width: 195, Profile: 65, Diameter: 15, Load Rating: 91, Speed Rating: H, Pattern: FASTWAY C2, IsWinterTire: No, IsAllWeaterTire: No)\",\"taxRate\":10,\"taxClasses\":{\"GST\":10},\"options\":[],\"extras\":[],\"sku\":\"1956515FASTWAY\",\"weight\":null}', '[]', 205, '195/65R15 91 H FASTWAY C2', 'products/fastwayc2.jpg', NULL, 0, '2025-12-08 04:32:52', '2025-12-08 04:32:52', 'physical', 0, NULL, NULL, NULL, NULL, NULL, NULL),
(233, 118, 4, 95.00, 0.00, 0.00, 95.00, 380.00, 380.00, '{\"image\":\"products\\/rf10.jpg\",\"attributes\":\"(Size: 235\\/65R18, Width: 235, Profile: 65, Diameter: 18, Load Rating: 110, Speed Rating: H XL, Pattern: ENJOYLAND H\\/T RF10, IsWinterTire: No, IsAllWeaterTire: No)\",\"taxRate\":10,\"taxClasses\":{\"GST\":10},\"options\":[],\"extras\":[],\"sku\":\"2356518RF10\",\"weight\":null}', NULL, 177, '235/65R18 110H XL ENJOYLAND H/T RF10', 'products/rf10.jpg', NULL, 0, '2025-12-08 04:59:34', '2025-12-08 04:59:34', 'physical', 0, NULL, NULL, 7, '14.202.22.235', NULL, NULL),
(236, 119, 5, 47.00, 0.00, 0.00, 47.00, 235.00, 235.00, '{\"image\":\"products\\/l-power28-225.jpg\",\"attributes\":\"(Size: 165R13LT, Width: 165, Diameter: 13, Load Rating: 94\\/93, Speed Rating: R, Pattern: L-POWER28, IsWinterTire: No, IsAllWeaterTire: No)\",\"taxRate\":10,\"taxClasses\":{\"GST\":10},\"options\":[],\"extras\":[],\"sku\":\"ILK16513LT\",\"weight\":null}', NULL, 341, '165R13LT 94/93 R L-POWER28', 'products/l-power28-225.jpg', NULL, 0, '2025-12-08 05:09:15', '2025-12-08 05:09:15', 'physical', 0, NULL, NULL, 7, '14.202.22.235', NULL, NULL),
(237, 119, 5, 73.00, 0.00, 0.00, 73.00, 365.00, 365.00, '{\"image\":\"products\\/l-max-9-225-wsw-3.jpg\",\"attributes\":\"(Size: 215\\/70R16C, Width: 215, Profile: 70, Diameter: 16, Load Rating: 108\\/106, Speed Rating: R, Pattern: L-MAX9)\",\"taxRate\":10,\"taxClasses\":{\"GST\":10},\"options\":[],\"extras\":[],\"sku\":\"2157016LMAX9\",\"weight\":null}', NULL, 853, '215/70R16C 108/106 R L-MAX9', 'products/l-max-9-225-wsw-3.jpg', NULL, 0, '2025-12-08 05:09:15', '2025-12-08 05:09:15', 'physical', 0, NULL, NULL, 7, '14.202.22.235', NULL, NULL),
(239, 120, 2, 63.00, 0.00, 0.00, NULL, 126.00, 126.00, '{\"image\":null,\"attributes\":\"(Size: 215\\/65R16, Width: 215, Profile: 65, Diameter: 16, Load Rating: 109\\/107, Speed Rating: T, Pattern: VANMEJOR C30 ZMAX, IsWinterTire: No, IsAllWeaterTire: No)\",\"taxRate\":10,\"taxClasses\":{\"GST\":10},\"options\":[],\"extras\":[],\"sku\":\"2156516CZMAX\",\"weight\":null}', '[]', 783, '215/65R16 109/107 T VANMEJOR C30 ZMAX', NULL, NULL, 0, '2025-12-08 06:55:01', '2025-12-08 06:55:01', 'physical', 0, NULL, NULL, NULL, NULL, NULL, NULL),
(240, 121, 4, 74.00, 0.00, 0.00, 74.00, 296.00, 296.00, '{\"image\":\"products\\/cargoplus-m.jpg\",\"attributes\":\"(Size: 235\\/65R16, Width: 235, Profile: 65, Diameter: 16, Load Rating: 115\\/113, Speed Rating: R, Pattern: CARGO 4, IsWinterTire: No, IsAllWeaterTire: No)\",\"taxRate\":10,\"taxClasses\":{\"GST\":10},\"options\":[],\"extras\":[],\"sku\":\"2356516CARGO4\",\"weight\":null}', NULL, 71, '235/65R16 115/113 R CARGO 4', 'products/cargoplus-m.jpg', NULL, 0, '2025-12-08 07:22:01', '2025-12-08 07:22:01', 'physical', 0, NULL, NULL, 7, '14.202.22.235', NULL, NULL),
(241, 122, 1, 125.00, 0.00, 0.00, 125.00, 125.00, 125.00, '{\"image\":\"products\\/ha615-1.jpg\",\"attributes\":\"(Size: 205\\/75R17.5, Width: 205, Profile: 75, Diameter: 17.5, Load Rating: 124\\/122, Speed Rating: M, Pattern: HAULSTAR HA615, IsWinterTire: No, IsAllWeaterTire: No)\",\"taxRate\":10,\"taxClasses\":{\"GST\":10},\"options\":[],\"extras\":[],\"sku\":\"20575175HA615\",\"weight\":null}', NULL, 269, '205/75R17.5 124/122 M HAULSTAR HA615', 'products/ha615-1.jpg', NULL, 0, '2025-12-08 07:29:22', '2025-12-08 07:29:22', 'physical', 0, NULL, NULL, 7, '14.202.22.235', NULL, NULL),
(242, 123, 3, 60.00, 0.00, 0.00, 60.00, 180.00, 180.00, '{\"image\":\"products\\/dl01.png\",\"attributes\":\"(Size: 165R13, Width: 165, Diameter: 13, Load Rating: 94\\/93, Speed Rating: S XL, Pattern: DL01, IsWinterTire: No, IsAllWeaterTire: No)\",\"taxRate\":10,\"taxClasses\":{\"GST\":10},\"options\":[],\"extras\":[],\"sku\":\"16513DL01\",\"weight\":null}', NULL, 135, '165R13 94/93 S DL01', 'products/dl01.png', NULL, 0, '2025-12-08 08:49:23', '2025-12-08 08:49:23', 'physical', 0, NULL, NULL, 7, '14.202.22.235', NULL, NULL),
(246, 124, 2, 38.00, 0.00, 0.00, NULL, 76.00, 76.00, '{\"image\":\"products\\/dh03.png\",\"attributes\":\"(Size: 175\\/65R15, Width: 175, Profile: 65, Diameter: 15, Load Rating: 84, Speed Rating: H, Pattern: DH03, IsWinterTire: No, IsAllWeaterTire: No)\",\"taxRate\":10,\"taxClasses\":{\"GST\":10},\"options\":[],\"extras\":[],\"sku\":\"1756515DH03\",\"weight\":null}', '[]', 127, '175/65R15 84 H DH03', 'products/dh03.png', NULL, 0, '2025-12-08 09:00:07', '2025-12-08 09:00:07', 'physical', 0, NULL, NULL, NULL, NULL, NULL, NULL),
(247, 124, 2, 134.00, 0.00, 0.00, NULL, 268.00, 268.00, '{\"image\":\"products\\/terramaxlsr2at--225wsw.jpg\",\"attributes\":\"(Size: 285\\/60R18, Width: 285, Profile: 60, Diameter: 18, Load Rating: 120, Speed Rating: S XL, Pattern: TERRAMAX LSR2 A\\/T, IsWinterTire: No, IsAllWeaterTire: No)\",\"taxRate\":10,\"taxClasses\":{\"GST\":10},\"options\":[],\"extras\":[],\"sku\":\"ILK2856018TMR2\",\"weight\":null}', '[]', 699, '285/60R18 120 S XL TERRAMAX LSR2 A/T', 'products/terramaxlsr2at--225wsw.jpg', NULL, 0, '2025-12-08 09:00:07', '2025-12-08 09:00:07', 'physical', 0, NULL, NULL, NULL, NULL, NULL, NULL),
(248, 124, 5, 184.00, 0.00, 0.00, NULL, 920.00, 920.00, '{\"image\":\"products\\/cf9000.jpg\",\"attributes\":\"(Size: 285\\/70R17LT, Width: 285, Profile: 70, Diameter: 17, Load Rating: 126\\/123, Speed Rating: Q, Pattern: CF9000 R\\/T, IsWinterTire: No, IsAllWeaterTire: No)\",\"taxRate\":10,\"taxClasses\":{\"GST\":10},\"options\":[],\"extras\":[],\"sku\":\"2857017CF9000\",\"weight\":null}', '[]', 103, '285/70R17LT 126/123 Q CF9000 R/T', 'products/cf9000.jpg', NULL, 0, '2025-12-08 09:00:07', '2025-12-08 09:00:07', 'physical', 0, NULL, NULL, NULL, NULL, NULL, NULL),
(249, 124, 4, 179.00, 0.00, 0.00, NULL, 716.00, 716.00, '{\"image\":\"products\\/cf9000.jpg\",\"attributes\":\"(Size: 265\\/70R17LT, Width: 265, Profile: 70, Diameter: 17, Load Rating: 123\\/120, Speed Rating: Q, Pattern: CF9000 R\\/T, IsWinterTire: No, IsAllWeaterTire: No)\",\"taxRate\":10,\"taxClasses\":{\"GST\":10},\"options\":[],\"extras\":[],\"sku\":\"2657017CF9000\",\"weight\":null}', '[]', 105, '265/70R17LT 123/120 Q CF9000 R/T', 'products/cf9000.jpg', NULL, 0, '2025-12-08 09:00:07', '2025-12-08 09:00:07', 'physical', 0, NULL, NULL, NULL, NULL, NULL, NULL),
(250, 125, 4, 65.00, 0.00, 0.00, 65.00, 260.00, 260.00, '{\"image\":\"products\\/l-zeal-56-225-3.jpg\",\"attributes\":\"(Size: 215\\/55R18, Width: 215, Profile: 55, Diameter: 18, Load Rating: 99, Speed Rating: W XL, Pattern: L-ZEAL56)\",\"taxRate\":10,\"taxClasses\":{\"GST\":10},\"options\":[],\"extras\":[],\"sku\":\"2155518LZEAL56\",\"weight\":null}', NULL, 851, '215/55R18 99 W XL L-ZEAL56', 'products/l-zeal-56-225-3.jpg', NULL, 0, '2025-12-08 09:01:10', '2025-12-08 09:01:10', 'physical', 0, NULL, NULL, 7, '14.202.22.235', NULL, NULL),
(251, 125, 2, 65.00, 0.00, 0.00, 65.00, 130.00, 130.00, '{\"image\":\"products\\/rf10.jpg\",\"attributes\":\"(Size: 225\\/60R17, Width: 225, Profile: 60, Diameter: 17, Load Rating: 99, Speed Rating: H, Pattern: ENJOYLAND H\\/T RF10, IsWinterTire: No, IsAllWeaterTire: No)\",\"taxRate\":10,\"taxClasses\":{\"GST\":10},\"options\":[],\"extras\":[],\"sku\":\"225601799HRF10\",\"weight\":null}', NULL, 169, '225/60R17 99H ENJOYLAND H/T RF10', 'products/rf10.jpg', NULL, 0, '2025-12-08 09:01:10', '2025-12-08 09:01:10', 'physical', 0, NULL, NULL, 7, '14.202.22.235', NULL, NULL),
(255, 126, 5, 38.00, 0.00, 0.00, NULL, 190.00, 190.00, '{\"image\":\"products\\/l-grip16-225.png\",\"attributes\":\"(Size: 185\\/65R15, Width: 185, Profile: 65, Diameter: 15, Load Rating: 88, Speed Rating: H, Pattern: L-GRIP55, IsWinterTire: No, IsAllWeaterTire: No)\",\"taxRate\":10,\"taxClasses\":{\"GST\":10},\"options\":[],\"extras\":[],\"sku\":\"1856515LGRIP55\",\"weight\":null}', '[]', 309, '185/65R15 88 H L-GRIP55', 'products/l-grip16-225.png', NULL, 0, '2025-12-09 15:17:27', '2025-12-09 15:17:27', 'physical', 0, NULL, NULL, NULL, NULL, NULL, NULL),
(256, 126, 4, 79.00, 0.00, 0.00, NULL, 316.00, 316.00, '{\"image\":null,\"attributes\":\"(Size: 215\\/55R17, Width: 215, Profile: 55, Diameter: 17, Load Rating: 94, Speed Rating: H, Pattern: H04L KR26 ZETUM, IsWinterTire: No, IsAllWeaterTire: No)\",\"taxRate\":10,\"taxClasses\":{\"GST\":10},\"options\":[],\"extras\":[],\"sku\":\"2155517KR26\",\"weight\":null}', '[]', 257, '215/55R17 94 H H04L KR26 ZETUM', NULL, NULL, 0, '2025-12-09 15:17:27', '2025-12-09 15:17:27', 'physical', 0, NULL, NULL, NULL, NULL, NULL, NULL),
(257, 126, 4, 54.00, 0.00, 0.00, NULL, 216.00, 216.00, '{\"image\":\"products\\/kr26.jpg\",\"attributes\":\"(Size: 195\\/65R15, Width: 195, Profile: 65, Diameter: 15, Load Rating: 91, Speed Rating: H, Pattern: H04L KR26 ZETUM, IsWinterTire: No, IsAllWeaterTire: No)\",\"taxRate\":10,\"taxClasses\":{\"GST\":10},\"options\":[],\"extras\":[],\"sku\":\"1956515ZETUM\",\"weight\":null}', '[]', 247, '195/65R15 91 H H04L KR26 ZETUM', 'products/kr26.jpg', NULL, 0, '2025-12-09 15:17:27', '2025-12-09 15:17:27', 'physical', 0, NULL, NULL, NULL, NULL, NULL, NULL),
(259, 127, 4, 51.00, 0.00, 0.00, NULL, 204.00, 204.00, '{\"image\":\"products\\/l-zeal56-225.jpg\",\"attributes\":\"(Size: 225\\/45R17, Width: 225, Profile: 45, Diameter: 17, Load Rating: 94, Speed Rating: W XL, Pattern: L-ZEAL56, IsWinterTire: No, IsAllWeaterTire: No)\",\"taxRate\":10,\"taxClasses\":{\"GST\":10},\"options\":[],\"extras\":[],\"sku\":\"ILK2254517LZ56\",\"weight\":null}', '[]', 379, '225/45R17 94 W XL L-ZEAL56', 'products/l-zeal56-225.jpg', NULL, 0, '2025-12-09 15:22:26', '2025-12-09 15:22:26', 'physical', 0, NULL, NULL, NULL, NULL, NULL, NULL),
(268, 131, 1, 82.00, 0.00, 0.00, NULL, 82.00, 82.00, '{\"image\":\"products\\/l-zeal56-225.jpg\",\"attributes\":\"(Size: 235\\/55R19, Width: 235, Profile: 55, Diameter: 19, Load Rating: 105, Speed Rating: V XL, Pattern: L-ZEAL56, IsWinterTire: No, IsAllWeaterTire: No)\",\"taxRate\":10,\"taxClasses\":{\"GST\":10},\"options\":[],\"extras\":[],\"sku\":\"ILK2355519LZ56\",\"weight\":null}', '[]', 357, '235/55R19 105 V XL L-ZEAL56', 'products/l-zeal56-225.jpg', NULL, 0, '2025-12-09 16:26:28', '2025-12-09 16:26:28', 'physical', 0, NULL, NULL, NULL, NULL, NULL, NULL),
(278, 139, 4, 54.00, 0.00, 0.00, NULL, 216.00, 216.00, '{\"image\":\"products\\/ru01.jpg\",\"attributes\":\"(Size: 235\\/45R18, Width: 235, Profile: 45, Diameter: 18, Load Rating: 98, Speed Rating: W XL, Pattern: SETULA S-RACE RU01, IsWinterTire: No, IsAllWeaterTire: No)\",\"taxRate\":10,\"taxClasses\":{\"GST\":10},\"options\":[],\"extras\":[],\"sku\":\"235451898WRU01\",\"weight\":null}', '[]', 595, '235/45R18 98 w SETULA S-RACE RU01', 'products/ru01.jpg', NULL, 0, '2025-12-09 18:00:51', '2025-12-09 18:00:51', 'physical', 0, NULL, NULL, NULL, NULL, NULL, NULL),
(283, 140, 2, 54.00, 0.00, 0.00, NULL, 108.00, 108.00, '{\"image\":null,\"attributes\":\"(Size: 215\\/65R16, Width: 215, Profile: 65, Diameter: 16, Load Rating: 98, Speed Rating: H, Pattern: SETULA E-RACE RH05, IsWinterTire: No, IsAllWeaterTire: No)\",\"taxRate\":10,\"taxClasses\":{\"GST\":10},\"options\":[],\"extras\":[],\"sku\":\"215651698HRH05\",\"weight\":null}', '[]', 577, '215/65R16 98 H SETULA E-RACE RH05', NULL, NULL, 0, '2025-12-09 18:12:36', '2025-12-09 18:12:36', 'physical', 0, NULL, NULL, NULL, NULL, NULL, NULL),
(284, 140, 4, 54.00, 0.00, 0.00, NULL, 216.00, 216.00, '{\"image\":\"products\\/ru01.jpg\",\"attributes\":\"(Size: 225\\/45R18, Width: 225, Profile: 45, Diameter: 18, Load Rating: 95, Speed Rating: W XL, Pattern: SETULA S-RACE RU01, IsWinterTire: No, IsAllWeaterTire: No)\",\"taxRate\":10,\"taxClasses\":{\"GST\":10},\"options\":[],\"extras\":[],\"sku\":\"2254518STULASRACE\",\"weight\":null}', '[]', 617, '225/45R18 95 W XL SETULA S-RACE RU01', 'products/ru01.jpg', NULL, 0, '2025-12-09 18:12:36', '2025-12-09 18:12:36', 'physical', 0, NULL, NULL, NULL, NULL, NULL, NULL),
(285, 140, 4, 38.00, 0.00, 0.00, NULL, 152.00, 152.00, '{\"image\":\"products\\/fastwayc2.jpg\",\"attributes\":\"(Size: 195\\/65R15, Width: 195, Profile: 65, Diameter: 15, Load Rating: 91, Speed Rating: H, Pattern: FASTWAY C2, IsWinterTire: No, IsAllWeaterTire: No)\",\"taxRate\":10,\"taxClasses\":{\"GST\":10},\"options\":[],\"extras\":[],\"sku\":\"1956515FASTWAY\",\"weight\":null}', '[]', 205, '195/65R15 91 H FASTWAY C2', 'products/fastwayc2.jpg', NULL, 0, '2025-12-09 18:12:36', '2025-12-09 18:12:36', 'physical', 0, NULL, NULL, NULL, NULL, NULL, NULL),
(286, 140, 4, 35.00, 0.00, 0.00, NULL, 140.00, 140.00, '{\"image\":\"products\\/rh05.jpg\",\"attributes\":\"(Size: 175\\/70R14, Width: 175, Profile: 70, Diameter: 14, Load Rating: 84, Speed Rating: T, Pattern: SETULA E-RACE RH05, IsWinterTire: No, IsAllWeaterTire: No)\",\"taxRate\":10,\"taxClasses\":{\"GST\":10},\"options\":[],\"extras\":[],\"sku\":\"1757014SETULAERACE\",\"weight\":null}', '[]', 573, '175/70R14 84 T SETULA E-RACE RH05', 'products/rh05.jpg', NULL, 0, '2025-12-09 18:12:36', '2025-12-09 18:12:36', 'physical', 0, NULL, NULL, NULL, NULL, NULL, NULL),
(288, 142, 4, 72.00, 0.00, 0.00, 72.00, 288.00, 288.00, '{\"image\":\"products\\/l-max9--225wsw.jpg\",\"attributes\":\"(Size: 215\\/70R16C, Width: 215, Profile: 70, Diameter: 16, Load Rating: 108\\/106, Speed Rating: R, Pattern: L-MAX9, IsWinterTire: No, IsAllWeaterTire: No)\",\"taxRate\":10,\"taxClasses\":{\"GST\":10},\"options\":[],\"extras\":[],\"sku\":\"ILK2157016LM9\",\"weight\":null}', NULL, 335, '215/70R16C 108/106 R L-MAX9', 'products/l-max9--225wsw.jpg', NULL, 0, '2025-12-09 07:02:24', '2025-12-09 07:02:24', 'physical', 0, NULL, NULL, 7, '14.202.22.235', NULL, NULL),
(296, 143, 4, 74.00, 0.00, 0.00, NULL, 296.00, 296.00, '{\"image\":\"products\\/ru01.jpg\",\"attributes\":\"(Size: 235\\/50R19, Width: 235, Profile: 50, Diameter: 19, Load Rating: 103, Speed Rating: W XL, Pattern: SETULA S-RACE RU01, IsWinterTire: No, IsAllWeaterTire: No)\",\"taxRate\":10,\"taxClasses\":{\"GST\":10},\"options\":[],\"extras\":[],\"sku\":\"2355019RU01\",\"weight\":null}', '[]', 605, '235/50R19 103 W XL SETULA S-RACE RU01', 'products/ru01.jpg', NULL, 0, '2025-12-09 08:00:11', '2025-12-09 08:00:11', 'physical', 0, NULL, NULL, NULL, NULL, NULL, NULL),
(297, 143, 4, 44.00, 0.00, 0.00, NULL, 176.00, 176.00, '{\"image\":\"products\\/l-grip55-225-3.png\",\"attributes\":\"(Size: 205\\/55ZR16, Width: 205, Profile: 55, Diameter: 16, Load Rating: 94, Speed Rating: W XL, Pattern: L-GRIP55)\",\"taxRate\":10,\"taxClasses\":{\"GST\":10},\"options\":[],\"extras\":[],\"sku\":\"2055516LGRIP55\",\"weight\":null}', '[]', 843, '205/55ZR16 94 W XL L-GRIP55', 'products/l-grip55-225-3.png', NULL, 0, '2025-12-09 08:00:11', '2025-12-09 08:00:11', 'physical', 0, NULL, NULL, NULL, NULL, NULL, NULL),
(298, 143, 2, 39.00, 0.00, 0.00, NULL, 78.00, 78.00, '{\"image\":\"products\\/fastwayc2.jpg\",\"attributes\":\"(Size: 195\\/65R15, Width: 195, Profile: 65, Diameter: 15, Load Rating: 91, Speed Rating: H, Pattern: FASTWAY C2, IsWinterTire: No, IsAllWeaterTire: No)\",\"taxRate\":10,\"taxClasses\":{\"GST\":10},\"options\":[],\"extras\":[],\"sku\":\"1956515FASTWAY\",\"weight\":null}', '[]', 205, '195/65R15 91 H FASTWAY C2', 'products/fastwayc2.jpg', NULL, 0, '2025-12-09 08:00:11', '2025-12-09 08:00:11', 'physical', 0, NULL, NULL, NULL, NULL, NULL, NULL),
(299, 143, 2, 35.00, 0.00, 0.00, NULL, 70.00, 70.00, '{\"image\":\"products\\/fastwayc1.jpg\",\"attributes\":\"(Size: 175\\/70R13, Width: 175, Profile: 70, Diameter: 13, Load Rating: 82, Speed Rating: T, Pattern: FASTWAY C1, IsWinterTire: No, IsAllWeaterTire: No)\",\"taxRate\":10,\"taxClasses\":{\"GST\":10},\"options\":[],\"extras\":[],\"sku\":\"1757013FASTWAY\",\"weight\":null}', '[]', 197, '175/70R13 82 T FASTWAY C1', 'products/fastwayc1.jpg', NULL, 0, '2025-12-09 08:00:11', '2025-12-09 08:00:11', 'physical', 0, NULL, NULL, NULL, NULL, NULL, NULL),
(300, 143, 2, 48.00, 0.00, 0.00, NULL, 96.00, 96.00, '{\"image\":\"products\\/sport.jpg\",\"attributes\":\"(Size: 225\\/45R17, Width: 225, Profile: 45, Diameter: 17, Load Rating: 94, Speed Rating: W XL, Pattern: SPORT+, IsWinterTire: No, IsAllWeaterTire: No)\",\"taxRate\":10,\"taxClasses\":{\"GST\":10},\"options\":[],\"extras\":[],\"sku\":\"2254517SPORTC1\",\"weight\":null}', '[]', 677, '225/45R17 94W XL SPORT+', 'products/sport.jpg', NULL, 0, '2025-12-09 08:00:11', '2025-12-09 08:00:11', 'physical', 0, NULL, NULL, NULL, NULL, NULL, NULL),
(301, 143, 2, 65.00, 0.00, 0.00, NULL, 130.00, 130.00, '{\"image\":null,\"attributes\":\"(Size: 225\\/70R15, Width: 225, Profile: 70, Diameter: 15, Load Rating: 112\\/110, Speed Rating: R, Pattern: VANMEJOR C30 ZMAX, IsWinterTire: No, IsAllWeaterTire: No)\",\"taxRate\":10,\"taxClasses\":{\"GST\":10},\"options\":[],\"extras\":[],\"sku\":\"2257015ZMAX\",\"weight\":null}', '[]', 787, '225/70R15 112/110 R VANMEJOR C30 ZMAX', NULL, NULL, 0, '2025-12-09 08:00:12', '2025-12-09 08:00:12', 'physical', 0, NULL, NULL, NULL, NULL, NULL, NULL),
(302, 143, 1, 100.00, 0.00, 0.00, NULL, 100.00, 100.00, '{\"image\":\"products\\/dsu02.jpg\",\"attributes\":\"(Size: 275\\/30R20, Width: 275, Profile: 30, Diameter: 20, Load Rating: 97, Speed Rating: Y, Pattern: DSU02, IsWinterTire: No, IsAllWeaterTire: No)\",\"taxRate\":10,\"taxClasses\":{\"GST\":10},\"options\":[],\"extras\":[],\"sku\":\"2753020DSU02\",\"weight\":null}', '[]', 151, '275/30R20 97 Y DSU02', 'products/dsu02.jpg', NULL, 0, '2025-12-09 08:00:12', '2025-12-09 08:00:12', 'physical', 0, NULL, NULL, NULL, NULL, NULL, NULL),
(303, 144, 25, 47.00, 0.00, 0.00, 47.00, 1175.00, 1175.00, '{\"image\":\"products\\/dl01.png\",\"attributes\":\"(Size: 165R13, Width: 165, Diameter: 13, Load Rating: 94\\/93, Speed Rating: S XL, Pattern: DL01, IsWinterTire: No, IsAllWeaterTire: No)\",\"taxRate\":10,\"taxClasses\":{\"GST\":10},\"options\":[],\"extras\":[],\"sku\":\"16513DL01\",\"weight\":null}', NULL, 135, '165R13 94/93 S DL01', 'products/dl01.png', NULL, 0, '2025-12-09 08:37:39', '2025-12-09 08:37:39', 'physical', 0, NULL, NULL, 7, '14.202.22.235', NULL, NULL),
(305, 145, 8, 62.00, 0.00, 0.00, NULL, 496.00, 496.00, '{\"image\":\"products\\/dh03.png\",\"attributes\":\"(Size: 245\\/45R18, Width: 245, Profile: 45, Diameter: 18, Load Rating: 100, Speed Rating: W XL, Pattern: DH03, IsWinterTire: No, IsAllWeaterTire: No)\",\"taxRate\":10,\"taxClasses\":{\"GST\":10},\"options\":[],\"extras\":[],\"sku\":\"2454518DH03\",\"weight\":null}', '[]', 125, '245/45R18 100 W XL DH03', 'products/dh03.png', NULL, 0, '2025-12-09 09:59:18', '2025-12-09 09:59:18', 'physical', 0, NULL, NULL, NULL, NULL, NULL, NULL),
(306, 146, 1, 246.00, 0.00, 0.00, 246.00, 246.00, 246.00, '{\"image\":\"products\\/cf9000.jpg\",\"attributes\":\"(Size: 305\\/70R17LT, Width: 305, Profile: 70, Diameter: 17, Load Rating: 125\\/122, Speed Rating: Q, Pattern: CF9000 R\\/T, IsWinterTire: No, IsAllWeaterTire: No)\",\"taxRate\":10,\"taxClasses\":{\"GST\":10},\"options\":[],\"extras\":[],\"sku\":\"3057017CF9000\",\"weight\":null}', NULL, 107, '305/70R17LT 125/122 Q CF9000 R/T', 'products/cf9000.jpg', NULL, 0, '2025-12-09 13:04:24', '2025-12-09 13:04:24', 'physical', 0, NULL, NULL, 7, '14.202.22.235', NULL, NULL),
(307, 147, 3, 59.00, 0.00, 0.00, 59.00, 177.00, 177.00, '{\"image\":\"products\\/l-zeal56-225.jpg\",\"attributes\":\"(Size: 235\\/35R19, Width: 235, Profile: 35, Diameter: 19, Load Rating: 91, Speed Rating: W XL, Pattern: L-ZEAL56, IsWinterTire: No, IsAllWeaterTire: No)\",\"taxRate\":10,\"taxClasses\":{\"GST\":10},\"options\":[],\"extras\":[],\"sku\":\"2353519ZEAL56\",\"weight\":null}', NULL, 363, '235/35R19 91 W XL L-ZEAL56', 'products/l-zeal56-225.jpg', NULL, 0, '2025-12-09 13:06:17', '2025-12-09 13:06:17', 'physical', 0, NULL, NULL, 7, '14.202.22.235', NULL, NULL),
(308, 147, 4, 60.00, 0.00, 0.00, 60.00, 240.00, 240.00, '{\"image\":null,\"attributes\":\"(Size: 215\\/60R16, Width: 215, Profile: 60, Diameter: 16, Load Rating: 95, Speed Rating: H, Pattern: H04L KR26 ZETUM, IsWinterTire: No, IsAllWeaterTire: No)\",\"taxRate\":10,\"taxClasses\":{\"GST\":10},\"options\":[],\"extras\":[],\"sku\":\"2156016ZETUM\",\"weight\":null}', NULL, 249, '215/60R16 95 H H04L KR26 ZETUM', NULL, NULL, 0, '2025-12-09 13:06:17', '2025-12-09 13:06:17', 'physical', 0, NULL, NULL, 7, '14.202.22.235', NULL, NULL),
(309, 147, 2, 58.00, 0.00, 0.00, 58.00, 116.00, 116.00, '{\"image\":\"products\\/sh91.jpeg\",\"attributes\":\"(Size: 215\\/60R16, Width: 215, Profile: 60, Diameter: 16, Load Rating: 95, Speed Rating: H, Pattern: N\'PRIZ SH91, IsWinterTire: No, IsAllWeaterTire: No)\",\"taxRate\":10,\"taxClasses\":{\"GST\":10},\"options\":[],\"extras\":[],\"sku\":\"NPSH912156016\",\"weight\":null}', NULL, 459, '215/60R16 95 H N\'PRIZ SH91', 'products/sh91.jpeg', NULL, 0, '2025-12-09 13:06:17', '2025-12-09 13:06:17', 'physical', 0, NULL, NULL, 7, '14.202.22.235', NULL, NULL),
(310, 148, 4, 39.00, 0.00, 0.00, 39.00, 156.00, 156.00, '{\"image\":\"products\\/fastwayc2.jpg\",\"attributes\":\"(Size: 195\\/65R15, Width: 195, Profile: 65, Diameter: 15, Load Rating: 91, Speed Rating: H, Pattern: FASTWAY C2, IsWinterTire: No, IsAllWeaterTire: No)\",\"taxRate\":10,\"taxClasses\":{\"GST\":10},\"options\":[],\"extras\":[],\"sku\":\"1956515FASTWAY\",\"weight\":null}', NULL, 205, '195/65R15 91 H FASTWAY C2', 'products/fastwayc2.jpg', NULL, 0, '2025-12-09 13:07:46', '2025-12-09 13:07:46', 'physical', 0, NULL, NULL, 7, '14.202.22.235', NULL, NULL),
(311, 148, 4, 54.00, 0.00, 0.00, 54.00, 216.00, 216.00, '{\"image\":\"products\\/l-grip66-225.jpg\",\"attributes\":\"(Size: 215\\/60R16, Width: 215, Profile: 60, Diameter: 16, Load Rating: 99, Speed Rating: H XL, Pattern: L-GRIP55, IsWinterTire: No, IsAllWeaterTire: No)\",\"taxRate\":10,\"taxClasses\":{\"GST\":10},\"options\":[],\"extras\":[],\"sku\":\"ILK2156016LG55\",\"weight\":null}', NULL, 319, '215/60R16 99 H XL L-GRIP55', 'products/l-grip66-225.jpg', NULL, 0, '2025-12-09 13:07:46', '2025-12-09 13:07:46', 'physical', 0, NULL, NULL, 7, '14.202.22.235', NULL, NULL),
(312, 149, 10, 199.00, 0.00, 0.00, 199.00, 1990.00, 1990.00, '{\"image\":\"products\\/ft126-22-1.png\",\"attributes\":\"(Size: 11R22.5, Width: 11, Diameter: 22.5, Load Rating: 148\\/145, Speed Rating: M, Pattern: FT126)\",\"taxRate\":10,\"taxClasses\":{\"GST\":10},\"options\":[],\"extras\":[],\"sku\":\"11225FT126\",\"weight\":null}', NULL, 903, '11R22.5 148/145 M FT126', 'products/ft126-22-1.png', NULL, 0, '2025-12-09 13:09:21', '2025-12-09 13:09:21', 'physical', 0, NULL, NULL, 7, '14.202.22.235', NULL, NULL),
(313, 149, 3, 234.00, 0.00, 0.00, 234.00, 702.00, 702.00, '{\"image\":\"products\\/ft167-225.png\",\"attributes\":\"(Size: 295\\/80R22.5, Width: 295, Profile: 80, Diameter: 22.5, Load Rating: 152\\/149, Speed Rating: M, Pattern: FT167)\",\"taxRate\":10,\"taxClasses\":{\"GST\":10},\"options\":[],\"extras\":[],\"sku\":\"29580225FT167\",\"weight\":null}', NULL, 913, '295/80R22.5 152/149 M FT167', 'products/ft167-225.png', NULL, 0, '2025-12-09 13:09:21', '2025-12-09 13:09:21', 'physical', 0, NULL, NULL, 7, '14.202.22.235', NULL, NULL),
(314, 150, 20, 190.00, 0.00, 0.00, 190.00, 3800.00, 3800.00, '{\"image\":\"products\\/ad123-225.png\",\"attributes\":\"(Size: 11R22.5, Width: 11, Diameter: 22.5, Load Rating: 148\\/145, Speed Rating: M, Pattern: AD123)\",\"taxRate\":10,\"taxClasses\":{\"GST\":10},\"options\":[],\"extras\":[],\"sku\":\"11225AD123\",\"weight\":null}', NULL, 901, '11R22.5 148/145 M AD123', 'products/ad123-225.png', NULL, 0, '2025-12-09 13:15:17', '2025-12-09 13:15:17', 'physical', 0, NULL, NULL, 7, '14.202.22.235', NULL, NULL),
(315, 150, 8, 190.00, 0.00, 0.00, 190.00, 1520.00, 1520.00, '{\"image\":\"products\\/ft126-22-1.png\",\"attributes\":\"(Size: 11R22.5, Width: 11, Diameter: 22.5, Load Rating: 148\\/145, Speed Rating: M, Pattern: FT126)\",\"taxRate\":10,\"taxClasses\":{\"GST\":10},\"options\":[],\"extras\":[],\"sku\":\"11225FT126\",\"weight\":null}', NULL, 903, '11R22.5 148/145 M FT126', 'products/ft126-22-1.png', NULL, 0, '2025-12-09 13:15:17', '2025-12-09 13:15:17', 'physical', 0, NULL, NULL, 7, '14.202.22.235', NULL, NULL),
(316, 150, 20, 90.00, 0.00, 0.00, 90.00, 1800.00, 1800.00, '{\"image\":\"products\\/dl01.png\",\"attributes\":\"(Size: 195\\/85R16LT, Width: 195, Profile: 85, Diameter: 16, Load Rating: 114\\/112, Speed Rating: R, Pattern: DL01, IsWinterTire: No, IsAllWeaterTire: No)\",\"taxRate\":10,\"taxClasses\":{\"GST\":10},\"options\":[],\"extras\":[],\"sku\":\"1958516DL01\",\"weight\":null}', NULL, 133, '195/85R16LT 114/112 R DL01', 'products/dl01.png', NULL, 0, '2025-12-09 13:15:17', '2025-12-09 13:15:17', 'physical', 0, NULL, NULL, 7, '14.202.22.235', NULL, NULL);

-- --------------------------------------------------------

--
